
CREATE TABLE `pr_image_shop` (
  `id_image` int(11) unsigned NOT NULL,
  `id_shop` int(11) unsigned NOT NULL,
  `cover` tinyint(1) NOT NULL DEFAULT '0',
  KEY `id_shop` (`id_shop`),
  KEY `id_image` (`id_image`,`id_shop`,`cover`)
) ENGINE=InnoDB DEFAULT CHARSET=utf8;


INSERT INTO `pr_image_shop` (`id_image`, `id_shop`, `cover`)
VALUES
	(95,1,0),
	(131,1,1),
	(132,1,0),
	(133,1,1),
	(134,1,0),
	(135,1,0),
	(136,1,1),
	(137,1,1),
	(138,1,0),
	(139,1,1),
	(140,1,0),
	(141,1,0),
	(142,1,1),
	(143,1,0),
	(144,1,1),
	(145,1,0),
	(146,1,0),
	(147,1,1),
	(148,1,0),
	(149,1,1),
	(150,1,0),
	(151,1,1),
	(152,1,0),
	(153,1,0),
	(154,1,1),
	(155,1,0),
	(156,1,0),
	(157,1,1),
	(158,1,0),
	(159,1,0),
	(160,1,1),
	(161,1,0),
	(162,1,0),
	(164,1,1),
	(165,1,1),
	(166,1,0),
	(167,1,0),
	(168,1,1),
	(169,1,0),
	(170,1,0),
	(171,1,1),
	(172,1,0),
	(173,1,0),
	(174,1,1),
	(175,1,0),
	(176,1,0),
	(177,1,1),
	(178,1,0),
	(179,1,0),
	(180,1,1),
	(181,1,0),
	(182,1,0),
	(183,1,1),
	(184,1,0),
	(185,1,1),
	(186,1,0),
	(187,1,1),
	(188,1,0),
	(189,1,1),
	(190,1,0),
	(191,1,0),
	(192,1,0),
	(193,1,1),
	(194,1,0),
	(202,1,1),
	(203,1,0),
	(204,1,0),
	(205,1,1),
	(206,1,0),
	(207,1,0),
	(208,1,0),
	(209,1,1),
	(210,1,0),
	(211,1,0),
	(215,1,0),
	(216,1,1),
	(217,1,0),
	(218,1,1),
	(219,1,0),
	(220,1,0),
	(221,1,0),
	(222,1,0),
	(223,1,1),
	(224,1,0),
	(225,1,1),
	(226,1,0),
	(227,1,0),
	(228,1,0),
	(229,1,1),
	(230,1,0),
	(231,1,0),
	(232,1,1),
	(233,1,0),
	(234,1,0),
	(235,1,0),
	(236,1,1),
	(237,1,0),
	(246,1,0),
	(247,1,0),
	(248,1,1),
	(249,1,0),
	(250,1,1),
	(251,1,0),
	(252,1,0),
	(253,1,0),
	(257,1,0),
	(258,1,0),
	(259,1,1),
	(260,1,0),
	(261,1,1),
	(262,1,0),
	(263,1,1),
	(264,1,0),
	(265,1,0),
	(266,1,0),
	(267,1,1),
	(268,1,0),
	(269,1,0),
	(270,1,0),
	(271,1,0),
	(272,1,0),
	(273,1,1),
	(274,1,1),
	(275,1,0),
	(276,1,0),
	(277,1,1),
	(278,1,0),
	(279,1,0),
	(280,1,1),
	(281,1,0),
	(282,1,0),
	(283,1,1),
	(284,1,0),
	(285,1,0),
	(286,1,1),
	(287,1,0),
	(288,1,0),
	(289,1,0),
	(290,1,1),
	(291,1,0),
	(292,1,0),
	(293,1,0),
	(294,1,1),
	(295,1,0),
	(296,1,0),
	(297,1,1),
	(298,1,0),
	(299,1,0),
	(300,1,0),
	(301,1,0),
	(302,1,1),
	(303,1,0),
	(304,1,1),
	(305,1,1),
	(306,1,0),
	(307,1,0),
	(308,1,1),
	(309,1,0),
	(310,1,0),
	(311,1,1),
	(312,1,0),
	(313,1,0),
	(314,1,1),
	(315,1,1),
	(316,1,0),
	(317,1,0),
	(318,1,1),
	(319,1,0),
	(320,1,0),
	(321,1,1),
	(322,1,0),
	(323,1,0),
	(324,1,1),
	(325,1,0),
	(326,1,1),
	(327,1,0),
	(328,1,0),
	(329,1,1),
	(330,1,0),
	(331,1,0),
	(332,1,1),
	(333,1,0),
	(334,1,0),
	(335,1,1),
	(336,1,0),
	(337,1,0),
	(338,1,0),
	(339,1,1),
	(340,1,0),
	(341,1,0),
	(342,1,0),
	(343,1,1),
	(344,1,0),
	(345,1,0),
	(346,1,0),
	(347,1,1),
	(348,1,0),
	(349,1,0),
	(350,1,0),
	(351,1,1),
	(352,1,0),
	(353,1,0),
	(354,1,0),
	(355,1,0),
	(356,1,1),
	(357,1,0),
	(358,1,0),
	(360,1,1),
	(361,1,1),
	(362,1,0),
	(363,1,0),
	(364,1,0),
	(368,1,0),
	(369,1,1),
	(370,1,0);



# Dump of table pr_image_type
# ------------------------------------------------------------


CREATE TABLE `pr_image_type` (
  `id_image_type` int(10) unsigned NOT NULL AUTO_INCREMENT,
  `name` varchar(16) NOT NULL,
  `width` int(10) unsigned NOT NULL,
  `height` int(10) unsigned NOT NULL,
  `products` tinyint(1) NOT NULL DEFAULT '1',
  `categories` tinyint(1) NOT NULL DEFAULT '1',
  `manufacturers` tinyint(1) NOT NULL DEFAULT '1',
  `suppliers` tinyint(1) NOT NULL DEFAULT '1',
  `scenes` tinyint(1) NOT NULL DEFAULT '1',
  `stores` tinyint(1) NOT NULL DEFAULT '1',
  PRIMARY KEY (`id_image_type`),
  UNIQUE KEY `id_theme` (`name`),
  KEY `image_type_name` (`name`)
) ENGINE=InnoDB DEFAULT CHARSET=utf8;


INSERT INTO `pr_image_type` (`id_image_type`, `name`, `width`, `height`, `products`, `categories`, `manufacturers`, `suppliers`, `scenes`, `stores`)
VALUES
	(1,'small-default',45,45,1,1,1,1,0,0),
	(2,'medium',80,80,1,1,1,1,0,0),
	(3,'large',300,300,1,1,1,1,0,0),
	(4,'thickbox',600,600,1,0,0,0,0,0),
	(5,'category',203,138,0,1,0,0,0,0),
	(6,'home',203,138,1,0,0,0,0,0),
	(7,'large_scene',520,189,0,0,0,0,1,0),
	(8,'thumb_scene',161,58,0,0,0,0,1,0),
	(9,'home_small',100,68,1,1,1,1,0,0),
	(37,'cart_default',80,80,1,0,0,0,0,1),
	(38,'small_default',98,98,1,0,1,1,0,1),
	(39,'medium_default',125,125,1,1,1,1,0,1),
	(40,'home_default',250,250,1,1,0,0,0,1),
	(41,'large_default',458,458,1,0,1,1,0,1),
	(42,'thickbox_default',800,800,1,0,0,0,0,1),
	(43,'category_default',870,217,0,1,0,0,0,1),
	(44,'scene_default',870,270,0,0,0,0,1,1),
	(45,'m_scene_default',161,58,0,0,0,0,1,1),
	(46,'home_default_btt',217,217,1,0,0,0,0,0);



# Dump of table pr_import_match
# ------------------------------------------------------------


CREATE TABLE `pr_import_match` (
  `id_import_match` int(10) NOT NULL AUTO_INCREMENT,
  `name` varchar(32) NOT NULL,
  `match` text NOT NULL,
  `skip` int(2) NOT NULL,
  PRIMARY KEY (`id_import_match`),
  UNIQUE KEY `name` (`name`)
) ENGINE=InnoDB DEFAULT CHARSET=utf8;



# Dump of table pr_info
# ------------------------------------------------------------


CREATE TABLE `pr_info` (
  `id_info` int(10) unsigned NOT NULL AUTO_INCREMENT,
  `id_shop` int(10) unsigned NOT NULL,
  PRIMARY KEY (`id_info`)
) ENGINE=InnoDB DEFAULT CHARSET=utf8;


INSERT INTO `pr_info` (`id_info`, `id_shop`)
VALUES
	(1,1),
	(2,1);



# Dump of table pr_info_lang
# ------------------------------------------------------------


CREATE TABLE `pr_info_lang` (
  `id_info` int(10) unsigned NOT NULL AUTO_INCREMENT,
  `id_lang` int(10) unsigned NOT NULL,
  `text` text NOT NULL,
  PRIMARY KEY (`id_info`,`id_lang`)
) ENGINE=InnoDB DEFAULT CHARSET=utf8;


INSERT INTO `pr_info_lang` (`id_info`, `id_lang`, `text`)
VALUES
	(1,1,'<ul><li><em class=\"icon-truck\" id=\"icon-truck\"></em>\n<div class=\"type-text\">\n<h3>Lorem Ipsum</h3>\n<p>Lorem ipsum dolor sit amet conse ctetur voluptate velit esse cillum dolore eu</p>\n</div>\n</li>\n<li><em class=\"icon-phone\" id=\"icon-phone\"></em>\n<div class=\"type-text\">\n<h3>Dolor Sit Amet</h3>\n<p>Lorem ipsum dolor sit amet conse ctetur voluptate velit esse cillum dolore eu</p>\n</div>\n</li>\n<li><em class=\"icon-credit-card\" id=\"icon-credit-card\"></em>\n<div class=\"type-text\">\n<h3>Ctetur Voluptate</h3>\n<p>Lorem ipsum dolor sit amet conse ctetur voluptate velit esse cillum dolore eu</p>\n</div>\n</li>\n</ul>'),
	(1,2,'<ul><li><em class=\"icon-truck\" id=\"icon-truck\"></em>\n<div class=\"type-text\">\n<h3>Lorem Ipsum</h3>\n<p>Lorem ipsum dolor sit amet conse ctetur voluptate velit esse cillum dolore eu</p>\n</div>\n</li>\n<li><em class=\"icon-phone\" id=\"icon-phone\"></em>\n<div class=\"type-text\">\n<h3>Dolor Sit Amet</h3>\n<p>Lorem ipsum dolor sit amet conse ctetur voluptate velit esse cillum dolore eu</p>\n</div>\n</li>\n<li><em class=\"icon-credit-card\" id=\"icon-credit-card\"></em>\n<div class=\"type-text\">\n<h3>Ctetur Voluptate</h3>\n<p>Lorem ipsum dolor sit amet conse ctetur voluptate velit esse cillum dolore eu</p>\n</div>\n</li>\n</ul>'),
	(1,3,'<ul><li><em class=\"icon-truck\" id=\"icon-truck\"></em>\n<div class=\"type-text\">\n<h3>Lorem Ipsum</h3>\n<p>Lorem ipsum dolor sit amet conse ctetur voluptate velit esse cillum dolore eu</p>\n</div>\n</li>\n<li><em class=\"icon-phone\" id=\"icon-phone\"></em>\n<div class=\"type-text\">\n<h3>Dolor Sit Amet</h3>\n<p>Lorem ipsum dolor sit amet conse ctetur voluptate velit esse cillum dolore eu</p>\n</div>\n</li>\n<li><em class=\"icon-credit-card\" id=\"icon-credit-card\"></em>\n<div class=\"type-text\">\n<h3>Ctetur Voluptate</h3>\n<p>Lorem ipsum dolor sit amet conse ctetur voluptate velit esse cillum dolore eu</p>\n</div>\n</li>\n</ul>'),
	(1,4,'<ul><li><em class=\"icon-truck\" id=\"icon-truck\"></em>\n<div class=\"type-text\">\n<h3>Lorem Ipsum</h3>\n<p>Lorem ipsum dolor sit amet conse ctetur voluptate velit esse cillum dolore eu</p>\n</div>\n</li>\n<li><em class=\"icon-phone\" id=\"icon-phone\"></em>\n<div class=\"type-text\">\n<h3>Dolor Sit Amet</h3>\n<p>Lorem ipsum dolor sit amet conse ctetur voluptate velit esse cillum dolore eu</p>\n</div>\n</li>\n<li><em class=\"icon-credit-card\" id=\"icon-credit-card\"></em>\n<div class=\"type-text\">\n<h3>Ctetur Voluptate</h3>\n<p>Lorem ipsum dolor sit amet conse ctetur voluptate velit esse cillum dolore eu</p>\n</div>\n</li>\n</ul>'),
	(1,5,'<ul><li><em class=\"icon-truck\" id=\"icon-truck\"></em>\n<div class=\"type-text\">\n<h3>Lorem Ipsum</h3>\n<p>Lorem ipsum dolor sit amet conse ctetur voluptate velit esse cillum dolore eu</p>\n</div>\n</li>\n<li><em class=\"icon-phone\" id=\"icon-phone\"></em>\n<div class=\"type-text\">\n<h3>Dolor Sit Amet</h3>\n<p>Lorem ipsum dolor sit amet conse ctetur voluptate velit esse cillum dolore eu</p>\n</div>\n</li>\n<li><em class=\"icon-credit-card\" id=\"icon-credit-card\"></em>\n<div class=\"type-text\">\n<h3>Ctetur Voluptate</h3>\n<p>Lorem ipsum dolor sit amet conse ctetur voluptate velit esse cillum dolore eu</p>\n</div>\n</li>\n</ul>'),
	(2,1,'<h3>Custom Block</h3>\n<p><strong class=\"dark\">Lorem ipsum dolor sit amet conse ctetu</strong></p>\n<p>Sit amet conse ctetur adipisicing elit, sed do eiusmod tempor incididunt ut labore et dolore magna aliqua. Ut enim ad minim veniam, quis nostrud exercitation ullamco laboris nisi ut aliquip ex ea commodo consequat. Duis aute irure dolor in reprehenderit.</p>'),
	(2,2,'<h3>Custom Block</h3>\n<p><strong class=\"dark\">Lorem ipsum dolor sit amet conse ctetu</strong></p>\n<p>Sit amet conse ctetur adipisicing elit, sed do eiusmod tempor incididunt ut labore et dolore magna aliqua. Ut enim ad minim veniam, quis nostrud exercitation ullamco laboris nisi ut aliquip ex ea commodo consequat. Duis aute irure dolor in reprehenderit.</p>'),
	(2,3,'<h3>Custom Block</h3>\n<p><strong class=\"dark\">Lorem ipsum dolor sit amet conse ctetu</strong></p>\n<p>Sit amet conse ctetur adipisicing elit, sed do eiusmod tempor incididunt ut labore et dolore magna aliqua. Ut enim ad minim veniam, quis nostrud exercitation ullamco laboris nisi ut aliquip ex ea commodo consequat. Duis aute irure dolor in reprehenderit.</p>'),
	(2,4,'<h3>Custom Block</h3>\n<p><strong class=\"dark\">Lorem ipsum dolor sit amet conse ctetu</strong></p>\n<p>Sit amet conse ctetur adipisicing elit, sed do eiusmod tempor incididunt ut labore et dolore magna aliqua. Ut enim ad minim veniam, quis nostrud exercitation ullamco laboris nisi ut aliquip ex ea commodo consequat. Duis aute irure dolor in reprehenderit.</p>'),
	(2,5,'<h3>Custom Block</h3>\n<p><strong class=\"dark\">Lorem ipsum dolor sit amet conse ctetu</strong></p>\n<p>Sit amet conse ctetur adipisicing elit, sed do eiusmod tempor incididunt ut labore et dolore magna aliqua. Ut enim ad minim veniam, quis nostrud exercitation ullamco laboris nisi ut aliquip ex ea commodo consequat. Duis aute irure dolor in reprehenderit.</p>');



# Dump of table pr_lang
# ------------------------------------------------------------


CREATE TABLE `pr_lang` (
  `id_lang` int(10) unsigned NOT NULL AUTO_INCREMENT,
  `name` varchar(32) NOT NULL,
  `active` tinyint(3) unsigned NOT NULL DEFAULT '0',
  `iso_code` char(2) NOT NULL,
  `language_code` char(5) NOT NULL,
  `date_format_lite` char(32) NOT NULL DEFAULT 'Y-m-d',
  `date_format_full` char(32) NOT NULL DEFAULT 'Y-m-d H:i:s',
  `is_rtl` tinyint(1) NOT NULL DEFAULT '0',
  PRIMARY KEY (`id_lang`),
  KEY `lang_iso_code` (`iso_code`)
) ENGINE=InnoDB DEFAULT CHARSET=utf8;


INSERT INTO `pr_lang` (`id_lang`, `name`, `active`, `iso_code`, `language_code`, `date_format_lite`, `date_format_full`, `is_rtl`)
VALUES
	(1,'English (English)',1,'en','en-us','m/j/Y','m/j/Y H:i:s',0),
	(2,'Français (French)',0,'fr','fr-fr','d/m/Y','d/m/Y H:i:s',0),
	(3,'Español (Spanish)',0,'es','es-es','d/m/Y','d/m/Y H:i:s',0),
	(4,'Deutsch (German)',1,'de','de-de','d.m.Y','d.m.Y H:i:s',0),
	(5,'Italiano (Italian)',1,'it','it-it','d/m/Y','d/m/Y H:i:s',0);



# Dump of table pr_lang_shop
# ------------------------------------------------------------


CREATE TABLE `pr_lang_shop` (
  `id_lang` int(11) unsigned NOT NULL,
  `id_shop` int(11) unsigned NOT NULL,
  PRIMARY KEY (`id_lang`,`id_shop`),
  KEY `id_shop` (`id_shop`)
) ENGINE=InnoDB DEFAULT CHARSET=utf8;


INSERT INTO `pr_lang_shop` (`id_lang`, `id_shop`)
VALUES
	(1,1),
	(2,1),
	(3,1),
	(4,1),
	(5,1);



# Dump of table pr_layered_category
# ------------------------------------------------------------


CREATE TABLE `pr_layered_category` (
  `id_layered_category` int(10) unsigned NOT NULL AUTO_INCREMENT,
  `id_shop` int(11) unsigned NOT NULL,
  `id_category` int(10) unsigned NOT NULL,
  `id_value` int(10) unsigned DEFAULT '0',
  `type` enum('category','id_feature','id_attribute_group','quantity','condition','manufacturer','weight','price') NOT NULL,
  `position` int(10) unsigned NOT NULL,
  `filter_type` int(10) unsigned NOT NULL DEFAULT '0',
  `filter_show_limit` int(10) unsigned NOT NULL DEFAULT '0',
  PRIMARY KEY (`id_layered_category`),
  KEY `id_category` (`id_category`,`type`)
) ENGINE=InnoDB DEFAULT CHARSET=latin1;


INSERT INTO `pr_layered_category` (`id_layered_category`, `id_shop`, `id_category`, `id_value`, `type`, `position`, `filter_type`, `filter_show_limit`)
VALUES
	(1,1,1,NULL,'category',1,0,0),
	(2,1,1,NULL,'price',2,0,0),
	(3,1,1,5,'id_attribute_group',3,0,0),
	(4,1,1,8,'id_attribute_group',4,0,0),
	(5,1,1,9,'id_attribute_group',5,0,0),
	(6,1,8,NULL,'category',1,0,0),
	(7,1,8,NULL,'price',2,0,0),
	(8,1,8,5,'id_attribute_group',3,0,0),
	(9,1,8,8,'id_attribute_group',4,0,0),
	(10,1,8,9,'id_attribute_group',5,0,0),
	(11,1,9,NULL,'category',1,0,0),
	(12,1,9,NULL,'price',2,0,0),
	(13,1,9,5,'id_attribute_group',3,0,0),
	(14,1,9,8,'id_attribute_group',4,0,0),
	(15,1,9,9,'id_attribute_group',5,0,0),
	(16,1,11,NULL,'category',1,0,0),
	(17,1,11,NULL,'price',2,0,0),
	(18,1,11,5,'id_attribute_group',3,0,0),
	(19,1,11,8,'id_attribute_group',4,0,0),
	(20,1,11,9,'id_attribute_group',5,0,0),
	(21,1,12,NULL,'category',1,0,0),
	(22,1,12,NULL,'price',2,0,0),
	(23,1,12,5,'id_attribute_group',3,0,0),
	(24,1,12,8,'id_attribute_group',4,0,0),
	(25,1,12,9,'id_attribute_group',5,0,0),
	(26,1,13,NULL,'category',1,0,0),
	(27,1,13,NULL,'price',2,0,0),
	(28,1,13,5,'id_attribute_group',3,0,0),
	(29,1,13,8,'id_attribute_group',4,0,0),
	(30,1,13,9,'id_attribute_group',5,0,0),
	(31,1,23,NULL,'category',1,0,0),
	(32,1,23,NULL,'price',2,0,0),
	(33,1,23,5,'id_attribute_group',3,0,0),
	(34,1,23,8,'id_attribute_group',4,0,0),
	(35,1,23,9,'id_attribute_group',5,0,0),
	(36,1,24,NULL,'category',1,0,0),
	(37,1,24,NULL,'price',2,0,0),
	(38,1,24,5,'id_attribute_group',3,0,0),
	(39,1,24,8,'id_attribute_group',4,0,0),
	(40,1,24,9,'id_attribute_group',5,0,0),
	(41,1,25,NULL,'category',1,0,0),
	(42,1,25,NULL,'price',2,0,0),
	(43,1,25,5,'id_attribute_group',3,0,0),
	(44,1,25,8,'id_attribute_group',4,0,0),
	(45,1,25,9,'id_attribute_group',5,0,0),
	(46,1,26,NULL,'category',1,0,0),
	(47,1,26,NULL,'price',2,0,0),
	(48,1,26,5,'id_attribute_group',3,0,0),
	(49,1,26,8,'id_attribute_group',4,0,0),
	(50,1,26,9,'id_attribute_group',5,0,0),
	(51,1,19,NULL,'category',1,0,0),
	(52,1,19,NULL,'price',2,0,0),
	(53,1,19,5,'id_attribute_group',3,0,0),
	(54,1,19,8,'id_attribute_group',4,0,0),
	(55,1,19,9,'id_attribute_group',5,0,0),
	(56,1,16,NULL,'category',1,0,0),
	(57,1,16,NULL,'price',2,0,0),
	(58,1,16,5,'id_attribute_group',3,0,0),
	(59,1,16,8,'id_attribute_group',4,0,0),
	(60,1,16,9,'id_attribute_group',5,0,0),
	(61,1,17,NULL,'category',1,0,0),
	(62,1,17,NULL,'price',2,0,0),
	(63,1,17,5,'id_attribute_group',3,0,0),
	(64,1,17,8,'id_attribute_group',4,0,0),
	(65,1,17,9,'id_attribute_group',5,0,0),
	(66,1,5,NULL,'category',1,0,0),
	(67,1,5,NULL,'price',2,0,0),
	(68,1,5,5,'id_attribute_group',3,0,0),
	(69,1,5,8,'id_attribute_group',4,0,0),
	(70,1,5,9,'id_attribute_group',5,0,0),
	(71,1,7,NULL,'category',1,0,0),
	(72,1,7,NULL,'price',2,0,0),
	(73,1,7,5,'id_attribute_group',3,0,0),
	(74,1,7,8,'id_attribute_group',4,0,0),
	(75,1,7,9,'id_attribute_group',5,0,0),
	(76,1,2,NULL,'category',1,0,0),
	(77,1,2,NULL,'price',2,0,0),
	(78,1,2,5,'id_attribute_group',3,0,0),
	(79,1,2,8,'id_attribute_group',4,0,0),
	(80,1,2,9,'id_attribute_group',5,0,0),
	(81,1,15,NULL,'category',1,0,0),
	(82,1,15,NULL,'price',2,0,0),
	(83,1,15,5,'id_attribute_group',3,0,0),
	(84,1,15,8,'id_attribute_group',4,0,0),
	(85,1,15,9,'id_attribute_group',5,0,0),
	(86,1,18,NULL,'category',1,0,0),
	(87,1,18,NULL,'price',2,0,0),
	(88,1,18,5,'id_attribute_group',3,0,0),
	(89,1,18,8,'id_attribute_group',4,0,0),
	(90,1,18,9,'id_attribute_group',5,0,0),
	(91,1,20,NULL,'category',1,0,0),
	(92,1,20,NULL,'price',2,0,0),
	(93,1,20,5,'id_attribute_group',3,0,0),
	(94,1,20,8,'id_attribute_group',4,0,0),
	(95,1,20,9,'id_attribute_group',5,0,0),
	(96,1,21,NULL,'category',1,0,0),
	(97,1,21,NULL,'price',2,0,0),
	(98,1,21,5,'id_attribute_group',3,0,0),
	(99,1,21,8,'id_attribute_group',4,0,0),
	(100,1,21,9,'id_attribute_group',5,0,0),
	(101,1,22,NULL,'category',1,0,0),
	(102,1,22,NULL,'price',2,0,0),
	(103,1,22,5,'id_attribute_group',3,0,0),
	(104,1,22,8,'id_attribute_group',4,0,0),
	(105,1,22,9,'id_attribute_group',5,0,0),
	(106,1,6,NULL,'category',1,0,0),
	(107,1,6,NULL,'price',2,0,0),
	(108,1,6,5,'id_attribute_group',3,0,0),
	(109,1,6,8,'id_attribute_group',4,0,0),
	(110,1,6,9,'id_attribute_group',5,0,0),
	(111,1,27,NULL,'category',1,0,0),
	(112,1,27,NULL,'price',2,0,0),
	(113,1,27,5,'id_attribute_group',3,0,0),
	(114,1,27,8,'id_attribute_group',4,0,0),
	(115,1,27,9,'id_attribute_group',5,0,0);



# Dump of table pr_layered_filter
# ------------------------------------------------------------


CREATE TABLE `pr_layered_filter` (
  `id_layered_filter` int(10) unsigned NOT NULL AUTO_INCREMENT,
  `name` varchar(64) NOT NULL,
  `filters` text,
  `n_categories` int(10) unsigned NOT NULL,
  `date_add` datetime NOT NULL,
  PRIMARY KEY (`id_layered_filter`)
) ENGINE=InnoDB DEFAULT CHARSET=utf8;


INSERT INTO `pr_layered_filter` (`id_layered_filter`, `name`, `filters`, `n_categories`, `date_add`)
VALUES
	(2,'Il mio modello - 2015-02-04','a:7:{s:10:\"categories\";a:23:{i:0;i:1;i:1;i:8;i:2;i:9;i:3;i:11;i:4;i:12;i:5;i:13;i:6;i:23;i:7;i:24;i:8;i:25;i:9;i:26;i:10;i:19;i:11;i:16;i:12;i:17;i:13;i:5;i:14;i:7;i:15;i:2;i:16;i:15;i:17;i:18;i:18;i:20;i:19;i:21;i:20;i:22;i:21;i:6;i:22;i:27;}s:9:\"shop_list\";a:1:{i:0;i:1;}s:31:\"layered_selection_subcategories\";a:2:{s:11:\"filter_type\";i:0;s:17:\"filter_show_limit\";i:0;}s:30:\"layered_selection_price_slider\";a:2:{s:11:\"filter_type\";i:0;s:17:\"filter_show_limit\";i:0;}s:22:\"layered_selection_ag_5\";a:2:{s:11:\"filter_type\";i:0;s:17:\"filter_show_limit\";i:0;}s:22:\"layered_selection_ag_8\";a:2:{s:11:\"filter_type\";i:0;s:17:\"filter_show_limit\";i:0;}s:22:\"layered_selection_ag_9\";a:2:{s:11:\"filter_type\";i:0;s:17:\"filter_show_limit\";i:0;}}',23,'2015-02-04 11:05:50');



# Dump of table pr_layered_filter_shop
# ------------------------------------------------------------


CREATE TABLE `pr_layered_filter_shop` (
  `id_layered_filter` int(10) unsigned NOT NULL,
  `id_shop` int(11) unsigned NOT NULL,
  PRIMARY KEY (`id_layered_filter`,`id_shop`),
  KEY `id_shop` (`id_shop`)
) ENGINE=InnoDB DEFAULT CHARSET=utf8;



# Dump of table pr_layered_friendly_url
# ------------------------------------------------------------


CREATE TABLE `pr_layered_friendly_url` (
  `id_layered_friendly_url` int(11) NOT NULL AUTO_INCREMENT,
  `url_key` varchar(32) NOT NULL,
  `data` varchar(200) NOT NULL,
  `id_lang` int(11) NOT NULL,
  PRIMARY KEY (`id_layered_friendly_url`),
  KEY `id_lang` (`id_lang`),
  KEY `url_key` (`url_key`(5))
) ENGINE=InnoDB DEFAULT CHARSET=utf8;


INSERT INTO `pr_layered_friendly_url` (`id_layered_friendly_url`, `url_key`, `data`, `id_lang`)
VALUES
	(1,'3f1005f8be7881795fc5feddfdba756f','a:1:{s:8:\"category\";a:1:{i:14;s:2:\"14\";}}',1),
	(2,'e22ad4e9f8f445df1283ec3383c55ed8','a:1:{s:8:\"category\";a:1:{i:1;s:1:\"1\";}}',1),
	(3,'ada3af1476b7579c52a673d6e0685fa6','a:1:{s:8:\"category\";a:1:{i:2;s:1:\"2\";}}',1),
	(4,'d01057d783816e97c8fca500ef4b2e61','a:1:{s:8:\"category\";a:1:{i:5;s:1:\"5\";}}',1),
	(5,'99fa7653425b68102fe6b0c19028710d','a:1:{s:8:\"category\";a:1:{i:6;s:1:\"6\";}}',1),
	(6,'ce39ddc67479f09e07eeb379bcbb51e2','a:1:{s:8:\"category\";a:1:{i:7;s:1:\"7\";}}',1),
	(7,'7fbf942be9f430c47a6af061c95baed6','a:1:{s:8:\"category\";a:1:{i:8;s:1:\"8\";}}',1),
	(8,'7f447772a2cffed3c9fbf36b25e8dd85','a:1:{s:8:\"category\";a:1:{i:15;s:2:\"15\";}}',1),
	(9,'6538b4bb8797da5d786537314f9e73f4','a:1:{s:8:\"category\";a:1:{i:16;s:2:\"16\";}}',1),
	(10,'69c33e5ca9b549c2cd70f51970639712','a:1:{s:8:\"category\";a:1:{i:17;s:2:\"17\";}}',1),
	(11,'bf1356d0fa2918acc9a8f952e70aff24','a:1:{s:8:\"category\";a:1:{i:18;s:2:\"18\";}}',1),
	(12,'eecd9acb293d840a91b9bc3750431b37','a:1:{s:8:\"category\";a:1:{i:20;s:2:\"20\";}}',1),
	(13,'0903cb287c2c472ce8ee0a3c61d0b8f4','a:1:{s:8:\"category\";a:1:{i:21;s:2:\"21\";}}',1),
	(14,'e4d05c4bbbb8074bf0fd5301a7e7ea3d','a:1:{s:8:\"category\";a:1:{i:22;s:2:\"22\";}}',1),
	(15,'99c1aacf632b665cd7f781276170064f','a:1:{s:8:\"category\";a:1:{i:27;s:2:\"27\";}}',1),
	(16,'a4edf19cc64ecae05a9ada566ed4a32f','a:1:{s:8:\"category\";a:1:{i:9;s:1:\"9\";}}',1),
	(17,'95a565aa94fd734adadb5d368a745e82','a:1:{s:8:\"category\";a:1:{i:11;s:2:\"11\";}}',1),
	(18,'313f753ea6ca4d721a1c3e3bb4ebd068','a:1:{s:8:\"category\";a:1:{i:12;s:2:\"12\";}}',1),
	(19,'ad3d5a1876704bed5e4edec8834d46c8','a:1:{s:8:\"category\";a:1:{i:13;s:2:\"13\";}}',1),
	(20,'4052d99bfa3ac7d588e4af5ad360a88c','a:1:{s:8:\"category\";a:1:{i:23;s:2:\"23\";}}',1),
	(21,'976df713083425728b54ae9e5bb67cfb','a:1:{s:8:\"category\";a:1:{i:24;s:2:\"24\";}}',1),
	(22,'64e3f1431c9a482ebc1b6830489434ea','a:1:{s:8:\"category\";a:1:{i:25;s:2:\"25\";}}',1),
	(23,'da4868e28ee4c37ab86cd112d2cb15e8','a:1:{s:8:\"category\";a:1:{i:26;s:2:\"26\";}}',1),
	(24,'a560973f44c81218cba369ecaf569209','a:1:{s:18:\"id_attribute_group\";a:1:{i:23;s:4:\"5_23\";}}',1),
	(25,'d91050cc10014e306891693f0d16d779','a:1:{s:18:\"id_attribute_group\";a:1:{i:24;s:4:\"5_24\";}}',1),
	(26,'b08dce048d65da265cc3c01b68221704','a:1:{s:18:\"id_attribute_group\";a:1:{i:25;s:4:\"5_25\";}}',1),
	(27,'fb916d1c6d1599850ca1a74e45d1fcd6','a:1:{s:18:\"id_attribute_group\";a:1:{i:26;s:4:\"8_26\";}}',1),
	(28,'897b8b035f12ec4affd1b4d33cbcea47','a:1:{s:18:\"id_attribute_group\";a:1:{i:27;s:4:\"8_27\";}}',1),
	(29,'11c2881845b925423888cd329d0c4953','a:1:{s:9:\"condition\";a:1:{s:3:\"new\";s:3:\"new\";}}',1),
	(30,'074755ccbf623ca666bd866203d0dec7','a:1:{s:9:\"condition\";a:1:{s:4:\"used\";s:4:\"used\";}}',1),
	(31,'70b63b881a45f66c86ea78ace4cfb6a7','a:1:{s:9:\"condition\";a:1:{s:11:\"refurbished\";s:11:\"refurbished\";}}',1),
	(32,'3f1005f8be7881795fc5feddfdba756f','a:1:{s:8:\"category\";a:1:{i:14;s:2:\"14\";}}',2),
	(33,'36a16718f4cb2ce8d9f3b35d415e63d6','a:1:{s:8:\"category\";a:1:{i:1;s:1:\"1\";}}',2),
	(34,'ada3af1476b7579c52a673d6e0685fa6','a:1:{s:8:\"category\";a:1:{i:2;s:1:\"2\";}}',2),
	(35,'d01057d783816e97c8fca500ef4b2e61','a:1:{s:8:\"category\";a:1:{i:5;s:1:\"5\";}}',2),
	(36,'99fa7653425b68102fe6b0c19028710d','a:1:{s:8:\"category\";a:1:{i:6;s:1:\"6\";}}',2),
	(37,'ce39ddc67479f09e07eeb379bcbb51e2','a:1:{s:8:\"category\";a:1:{i:7;s:1:\"7\";}}',2),
	(38,'7fbf942be9f430c47a6af061c95baed6','a:1:{s:8:\"category\";a:1:{i:8;s:1:\"8\";}}',2),
	(39,'7f447772a2cffed3c9fbf36b25e8dd85','a:1:{s:8:\"category\";a:1:{i:15;s:2:\"15\";}}',2),
	(40,'6538b4bb8797da5d786537314f9e73f4','a:1:{s:8:\"category\";a:1:{i:16;s:2:\"16\";}}',2),
	(41,'69c33e5ca9b549c2cd70f51970639712','a:1:{s:8:\"category\";a:1:{i:17;s:2:\"17\";}}',2),
	(42,'bf1356d0fa2918acc9a8f952e70aff24','a:1:{s:8:\"category\";a:1:{i:18;s:2:\"18\";}}',2),
	(43,'eecd9acb293d840a91b9bc3750431b37','a:1:{s:8:\"category\";a:1:{i:20;s:2:\"20\";}}',2),
	(44,'0903cb287c2c472ce8ee0a3c61d0b8f4','a:1:{s:8:\"category\";a:1:{i:21;s:2:\"21\";}}',2),
	(45,'e4d05c4bbbb8074bf0fd5301a7e7ea3d','a:1:{s:8:\"category\";a:1:{i:22;s:2:\"22\";}}',2),
	(46,'99c1aacf632b665cd7f781276170064f','a:1:{s:8:\"category\";a:1:{i:27;s:2:\"27\";}}',2),
	(47,'a4edf19cc64ecae05a9ada566ed4a32f','a:1:{s:8:\"category\";a:1:{i:9;s:1:\"9\";}}',2),
	(48,'95a565aa94fd734adadb5d368a745e82','a:1:{s:8:\"category\";a:1:{i:11;s:2:\"11\";}}',2),
	(49,'313f753ea6ca4d721a1c3e3bb4ebd068','a:1:{s:8:\"category\";a:1:{i:12;s:2:\"12\";}}',2),
	(50,'ad3d5a1876704bed5e4edec8834d46c8','a:1:{s:8:\"category\";a:1:{i:13;s:2:\"13\";}}',2),
	(51,'4052d99bfa3ac7d588e4af5ad360a88c','a:1:{s:8:\"category\";a:1:{i:23;s:2:\"23\";}}',2),
	(52,'976df713083425728b54ae9e5bb67cfb','a:1:{s:8:\"category\";a:1:{i:24;s:2:\"24\";}}',2),
	(53,'64e3f1431c9a482ebc1b6830489434ea','a:1:{s:8:\"category\";a:1:{i:25;s:2:\"25\";}}',2),
	(54,'da4868e28ee4c37ab86cd112d2cb15e8','a:1:{s:8:\"category\";a:1:{i:26;s:2:\"26\";}}',2),
	(55,'a560973f44c81218cba369ecaf569209','a:1:{s:18:\"id_attribute_group\";a:1:{i:23;s:4:\"5_23\";}}',2),
	(56,'d91050cc10014e306891693f0d16d779','a:1:{s:18:\"id_attribute_group\";a:1:{i:24;s:4:\"5_24\";}}',2),
	(57,'b08dce048d65da265cc3c01b68221704','a:1:{s:18:\"id_attribute_group\";a:1:{i:25;s:4:\"5_25\";}}',2),
	(58,'fb916d1c6d1599850ca1a74e45d1fcd6','a:1:{s:18:\"id_attribute_group\";a:1:{i:26;s:4:\"8_26\";}}',2),
	(59,'897b8b035f12ec4affd1b4d33cbcea47','a:1:{s:18:\"id_attribute_group\";a:1:{i:27;s:4:\"8_27\";}}',2),
	(60,'f1f5a17a488b1f7be7911f10c3dc7956','a:1:{s:9:\"condition\";a:1:{s:3:\"new\";s:3:\"new\";}}',2),
	(61,'e67a9c5323b69dd8689bd121632c9f0d','a:1:{s:9:\"condition\";a:1:{s:4:\"used\";s:4:\"used\";}}',2),
	(62,'843057e2c505cc5164e3cb9729cad768','a:1:{s:9:\"condition\";a:1:{s:11:\"refurbished\";s:11:\"refurbished\";}}',2),
	(63,'97125b86bddbf624c7a173d48be8a42d','a:1:{s:8:\"category\";a:1:{i:14;s:2:\"14\";}}',3),
	(64,'7b850fefd113e4fc1b050b13b68c38d5','a:1:{s:8:\"category\";a:1:{i:1;s:1:\"1\";}}',3),
	(65,'54039c0cb94d95a91271642b23ce0b69','a:1:{s:8:\"category\";a:1:{i:2;s:1:\"2\";}}',3),
	(66,'7a8a5f7256bfaa55c53684f2efba356a','a:1:{s:8:\"category\";a:1:{i:5;s:1:\"5\";}}',3),
	(67,'e6f37f2c75ce788374892ac8eeea7c68','a:1:{s:8:\"category\";a:1:{i:6;s:1:\"6\";}}',3),
	(68,'50721b03d3c1f0cd48eccb64492c0b52','a:1:{s:8:\"category\";a:1:{i:7;s:1:\"7\";}}',3),
	(69,'cc3ce721d864e99a218a187be0b3d05b','a:1:{s:8:\"category\";a:1:{i:8;s:1:\"8\";}}',3),
	(70,'19d0e2bef5dd84362bcd0178a4e920d3','a:1:{s:8:\"category\";a:1:{i:15;s:2:\"15\";}}',3),
	(71,'046aa5d073e7d77e192d627caa02fd4a','a:1:{s:8:\"category\";a:1:{i:16;s:2:\"16\";}}',3),
	(72,'5c5c0f6985d1c2635445dc69ade42fa7','a:1:{s:8:\"category\";a:1:{i:17;s:2:\"17\";}}',3),
	(73,'156d5197ff0b78c74d68f763d1f49117','a:1:{s:8:\"category\";a:1:{i:18;s:2:\"18\";}}',3),
	(74,'0e0067502e47aae487d74ead5dd0cc0c','a:1:{s:8:\"category\";a:1:{i:20;s:2:\"20\";}}',3),
	(75,'adb5569c787f01f7a073ef01e9b69732','a:1:{s:8:\"category\";a:1:{i:21;s:2:\"21\";}}',3),
	(76,'8daadf1d4da72c2c8bf02c183c984e76','a:1:{s:8:\"category\";a:1:{i:22;s:2:\"22\";}}',3),
	(77,'b536f11250975429929364110f2467e6','a:1:{s:8:\"category\";a:1:{i:27;s:2:\"27\";}}',3),
	(78,'707f54cf3851d802bbb87c8dc82f2b9e','a:1:{s:8:\"category\";a:1:{i:9;s:1:\"9\";}}',3),
	(79,'822752ec5d29f148ea12925e60403312','a:1:{s:8:\"category\";a:1:{i:11;s:2:\"11\";}}',3),
	(80,'4cb3966b73d51b488c14e3ee40a5a7e9','a:1:{s:8:\"category\";a:1:{i:12;s:2:\"12\";}}',3),
	(81,'b3842472de6a35979b34130f34370c9b','a:1:{s:8:\"category\";a:1:{i:13;s:2:\"13\";}}',3),
	(82,'cd1a48e6530bb42f440746c4e829a313','a:1:{s:8:\"category\";a:1:{i:23;s:2:\"23\";}}',3),
	(83,'a791757b682d1afdfe773a47213a1fa7','a:1:{s:8:\"category\";a:1:{i:24;s:2:\"24\";}}',3),
	(84,'b3d6722578087f3eb430761366bc6b61','a:1:{s:8:\"category\";a:1:{i:25;s:2:\"25\";}}',3),
	(85,'e46e561059cdc64a96a953126958a104','a:1:{s:8:\"category\";a:1:{i:26;s:2:\"26\";}}',3),
	(86,'a560973f44c81218cba369ecaf569209','a:1:{s:18:\"id_attribute_group\";a:1:{i:23;s:4:\"5_23\";}}',3),
	(87,'d91050cc10014e306891693f0d16d779','a:1:{s:18:\"id_attribute_group\";a:1:{i:24;s:4:\"5_24\";}}',3),
	(88,'b08dce048d65da265cc3c01b68221704','a:1:{s:18:\"id_attribute_group\";a:1:{i:25;s:4:\"5_25\";}}',3),
	(89,'fb916d1c6d1599850ca1a74e45d1fcd6','a:1:{s:18:\"id_attribute_group\";a:1:{i:26;s:4:\"8_26\";}}',3),
	(90,'897b8b035f12ec4affd1b4d33cbcea47','a:1:{s:18:\"id_attribute_group\";a:1:{i:27;s:4:\"8_27\";}}',3),
	(91,'f84cffad3cf7a6b7856c8a72b8c8df90','a:1:{s:9:\"condition\";a:1:{s:3:\"new\";s:3:\"new\";}}',3),
	(92,'14c9246c3ce6dd5317ffefc0545bba2e','a:1:{s:9:\"condition\";a:1:{s:4:\"used\";s:4:\"used\";}}',3),
	(93,'9b16a88b60f3455d51212bf2dc1d3a95','a:1:{s:9:\"condition\";a:1:{s:11:\"refurbished\";s:11:\"refurbished\";}}',3),
	(94,'01099f10617173ebe3d91b6a8a151cbd','a:1:{s:8:\"category\";a:1:{i:14;s:2:\"14\";}}',4),
	(95,'11e93c5733391c1031827ac24fcd98b1','a:1:{s:8:\"category\";a:1:{i:1;s:1:\"1\";}}',4),
	(96,'bb1d866b040cc938f026ca19b53a15cf','a:1:{s:8:\"category\";a:1:{i:2;s:1:\"2\";}}',4),
	(97,'0359f545f7f4f03f09e95c02935c5367','a:1:{s:8:\"category\";a:1:{i:5;s:1:\"5\";}}',4),
	(98,'46df6cb2d5d08979a90991fbafc7686d','a:1:{s:8:\"category\";a:1:{i:6;s:1:\"6\";}}',4),
	(99,'2b00fdfa1d2e3cd96b82912f47c248cb','a:1:{s:8:\"category\";a:1:{i:7;s:1:\"7\";}}',4),
	(100,'5e1e80eede80cd618ef33fa09b77e4b4','a:1:{s:8:\"category\";a:1:{i:8;s:1:\"8\";}}',4),
	(101,'3962012cd9a79192d722f822cb936de0','a:1:{s:8:\"category\";a:1:{i:15;s:2:\"15\";}}',4),
	(102,'bd6ea8b420c3b09929088aad8cd59a69','a:1:{s:8:\"category\";a:1:{i:16;s:2:\"16\";}}',4),
	(103,'f55542d50f68b1f27b18f48e085dac78','a:1:{s:8:\"category\";a:1:{i:17;s:2:\"17\";}}',4),
	(104,'055d791bc78b8c9cc69eeaaaaaa1b631','a:1:{s:8:\"category\";a:1:{i:18;s:2:\"18\";}}',4),
	(105,'1cf708e3590d001892eae852ff7ad401','a:1:{s:8:\"category\";a:1:{i:20;s:2:\"20\";}}',4),
	(106,'790c5ccdbae81292c23e9323f93604fb','a:1:{s:8:\"category\";a:1:{i:21;s:2:\"21\";}}',4),
	(107,'addebb48c5ed0993e141822c9d380d40','a:1:{s:8:\"category\";a:1:{i:22;s:2:\"22\";}}',4),
	(108,'56f78da34a3a931cb8b22b7a6aa5ecc5','a:1:{s:8:\"category\";a:1:{i:27;s:2:\"27\";}}',4),
	(109,'5665ef10d32ff7a53e5dc5c1d8f72f92','a:1:{s:8:\"category\";a:1:{i:9;s:1:\"9\";}}',4),
	(110,'020cbab5fc0c9815498234de4ef23e7d','a:1:{s:8:\"category\";a:1:{i:11;s:2:\"11\";}}',4),
	(111,'53df6084a557c6d4a83fa73522c778e3','a:1:{s:8:\"category\";a:1:{i:12;s:2:\"12\";}}',4),
	(112,'5f2322972f00e1ca7b121b17759e1000','a:1:{s:8:\"category\";a:1:{i:13;s:2:\"13\";}}',4),
	(113,'7892a00082980b305bb22ec08c4b3be3','a:1:{s:8:\"category\";a:1:{i:23;s:2:\"23\";}}',4),
	(114,'11cb13f4239a00afaf83380fa1152b32','a:1:{s:8:\"category\";a:1:{i:24;s:2:\"24\";}}',4),
	(115,'27e130d03aa0b607b149445cc8ff72b6','a:1:{s:8:\"category\";a:1:{i:25;s:2:\"25\";}}',4),
	(116,'6e2562f0e2b9e9dde3f4c9a5c57ca62f','a:1:{s:8:\"category\";a:1:{i:26;s:2:\"26\";}}',4),
	(117,'a560973f44c81218cba369ecaf569209','a:1:{s:18:\"id_attribute_group\";a:1:{i:23;s:4:\"5_23\";}}',4),
	(118,'d91050cc10014e306891693f0d16d779','a:1:{s:18:\"id_attribute_group\";a:1:{i:24;s:4:\"5_24\";}}',4),
	(119,'b08dce048d65da265cc3c01b68221704','a:1:{s:18:\"id_attribute_group\";a:1:{i:25;s:4:\"5_25\";}}',4),
	(120,'fb916d1c6d1599850ca1a74e45d1fcd6','a:1:{s:18:\"id_attribute_group\";a:1:{i:26;s:4:\"8_26\";}}',4),
	(121,'897b8b035f12ec4affd1b4d33cbcea47','a:1:{s:18:\"id_attribute_group\";a:1:{i:27;s:4:\"8_27\";}}',4),
	(122,'8e9f51f92cd2f5c257b9e75454883afa','a:1:{s:9:\"condition\";a:1:{s:3:\"new\";s:3:\"new\";}}',4),
	(123,'41cf0d5b23afcf30aad819db5bc49a73','a:1:{s:9:\"condition\";a:1:{s:4:\"used\";s:4:\"used\";}}',4),
	(124,'83baa9b9da46eac6c3a3dcc1f4631bcb','a:1:{s:9:\"condition\";a:1:{s:11:\"refurbished\";s:11:\"refurbished\";}}',4),
	(125,'21804e082fb5931598eea11b35197e03','a:1:{s:8:\"category\";a:1:{i:14;s:2:\"14\";}}',5),
	(126,'a0b785c709a5be0b85fb8fa7d122d93d','a:1:{s:8:\"category\";a:1:{i:1;s:1:\"1\";}}',5),
	(127,'8d5f9612b3118069e3733f95af8b4bae','a:1:{s:8:\"category\";a:1:{i:2;s:1:\"2\";}}',5),
	(128,'4a3e83f655bc84bc56e76a32c9a8b39d','a:1:{s:8:\"category\";a:1:{i:5;s:1:\"5\";}}',5),
	(129,'8fbfaa37fea4a6a2b22d6ebdd89be6b1','a:1:{s:8:\"category\";a:1:{i:6;s:1:\"6\";}}',5),
	(130,'70cca3f83f2be7ed6dae19bb33afb1fc','a:1:{s:8:\"category\";a:1:{i:7;s:1:\"7\";}}',5),
	(131,'0d98d0bff06a730f5a64209e9dc35112','a:1:{s:8:\"category\";a:1:{i:8;s:1:\"8\";}}',5),
	(132,'59bda0d008dfb9202575eb513dd4f604','a:1:{s:8:\"category\";a:1:{i:15;s:2:\"15\";}}',5),
	(133,'838513052fdfb248cff32a860df03980','a:1:{s:8:\"category\";a:1:{i:16;s:2:\"16\";}}',5),
	(134,'4434e72a0b70c767d4c05149a9e6798d','a:1:{s:8:\"category\";a:1:{i:17;s:2:\"17\";}}',5),
	(135,'503d79d2a9abba8805287aa6761744dd','a:1:{s:8:\"category\";a:1:{i:18;s:2:\"18\";}}',5),
	(136,'c8dd2cf49a60b72d9fc6162e9013df12','a:1:{s:8:\"category\";a:1:{i:20;s:2:\"20\";}}',5),
	(137,'bbebed975c63264372278fe1a3c40fad','a:1:{s:8:\"category\";a:1:{i:21;s:2:\"21\";}}',5),
	(138,'81317f321c5733e2d7048ad97a54d130','a:1:{s:8:\"category\";a:1:{i:22;s:2:\"22\";}}',5),
	(139,'c2902649a3b18715f66f5d75e67d66e0','a:1:{s:8:\"category\";a:1:{i:27;s:2:\"27\";}}',5),
	(140,'5c7cacd58434632fa5d27d0463a3a91d','a:1:{s:8:\"category\";a:1:{i:9;s:1:\"9\";}}',5),
	(141,'b55438c0624e36825a8cc8acab0cd1cd','a:1:{s:8:\"category\";a:1:{i:11;s:2:\"11\";}}',5),
	(142,'cf360673c56e14f6c9c8538d7dd73d56','a:1:{s:8:\"category\";a:1:{i:12;s:2:\"12\";}}',5),
	(143,'a7c89ad8479a34382fa5879325460444','a:1:{s:8:\"category\";a:1:{i:13;s:2:\"13\";}}',5),
	(144,'f782b3c37faf4473db6fa30b5f19f63d','a:1:{s:8:\"category\";a:1:{i:23;s:2:\"23\";}}',5),
	(145,'4b07dd1c51cb9a5c7a416512ed668d6a','a:1:{s:8:\"category\";a:1:{i:24;s:2:\"24\";}}',5),
	(146,'1a791cbbf564f580073bf58a4db8ee6a','a:1:{s:8:\"category\";a:1:{i:25;s:2:\"25\";}}',5),
	(147,'9ff6de7798ca0b64e9f1c8fc58a98229','a:1:{s:8:\"category\";a:1:{i:26;s:2:\"26\";}}',5),
	(148,'a76c046882610511626aef6addddcc05','a:1:{s:18:\"id_attribute_group\";a:1:{i:23;s:4:\"5_23\";}}',5),
	(149,'386f49e3af4119527fcf16895307f4d6','a:1:{s:18:\"id_attribute_group\";a:1:{i:24;s:4:\"5_24\";}}',5),
	(150,'3e21940a06f010466a2042dec62177fa','a:1:{s:18:\"id_attribute_group\";a:1:{i:25;s:4:\"5_25\";}}',5),
	(151,'fb916d1c6d1599850ca1a74e45d1fcd6','a:1:{s:18:\"id_attribute_group\";a:1:{i:26;s:4:\"8_26\";}}',5),
	(152,'897b8b035f12ec4affd1b4d33cbcea47','a:1:{s:18:\"id_attribute_group\";a:1:{i:27;s:4:\"8_27\";}}',5),
	(153,'0ca34991dd85fc29fb5d1053ee2e1fcc','a:1:{s:9:\"condition\";a:1:{s:3:\"new\";s:3:\"new\";}}',5),
	(154,'38370e03baee834d2d53395525a4ac56','a:1:{s:9:\"condition\";a:1:{s:4:\"used\";s:4:\"used\";}}',5),
	(155,'352bd2ca0fd5068c12fd6ca458ed2698','a:1:{s:9:\"condition\";a:1:{s:11:\"refurbished\";s:11:\"refurbished\";}}',5);



# Dump of table pr_layered_indexable_attribute_group
# ------------------------------------------------------------


CREATE TABLE `pr_layered_indexable_attribute_group` (
  `id_attribute_group` int(11) NOT NULL,
  `indexable` tinyint(1) NOT NULL DEFAULT '0',
  PRIMARY KEY (`id_attribute_group`)
) ENGINE=InnoDB DEFAULT CHARSET=utf8;


INSERT INTO `pr_layered_indexable_attribute_group` (`id_attribute_group`, `indexable`)
VALUES
	(5,1),
	(8,1),
	(9,1);



# Dump of table pr_layered_indexable_attribute_group_lang_value
# ------------------------------------------------------------


CREATE TABLE `pr_layered_indexable_attribute_group_lang_value` (
  `id_attribute_group` int(11) NOT NULL,
  `id_lang` int(11) NOT NULL,
  `url_name` varchar(20) DEFAULT NULL,
  `meta_title` varchar(20) DEFAULT NULL,
  PRIMARY KEY (`id_attribute_group`,`id_lang`)
) ENGINE=InnoDB DEFAULT CHARSET=utf8;



# Dump of table pr_layered_indexable_attribute_lang_value
# ------------------------------------------------------------


CREATE TABLE `pr_layered_indexable_attribute_lang_value` (
  `id_attribute` int(11) NOT NULL,
  `id_lang` int(11) NOT NULL,
  `url_name` varchar(20) DEFAULT NULL,
  `meta_title` varchar(20) DEFAULT NULL,
  PRIMARY KEY (`id_attribute`,`id_lang`)
) ENGINE=InnoDB DEFAULT CHARSET=utf8;



# Dump of table pr_layered_indexable_feature
# ------------------------------------------------------------


CREATE TABLE `pr_layered_indexable_feature` (
  `id_feature` int(11) NOT NULL,
  `indexable` tinyint(1) NOT NULL DEFAULT '0',
  PRIMARY KEY (`id_feature`)
) ENGINE=InnoDB DEFAULT CHARSET=utf8;



# Dump of table pr_layered_indexable_feature_lang_value
# ------------------------------------------------------------


CREATE TABLE `pr_layered_indexable_feature_lang_value` (
  `id_feature` int(11) NOT NULL,
  `id_lang` int(11) NOT NULL,
  `url_name` varchar(20) NOT NULL,
  `meta_title` varchar(20) DEFAULT NULL,
  PRIMARY KEY (`id_feature`,`id_lang`)
) ENGINE=InnoDB DEFAULT CHARSET=utf8;



# Dump of table pr_layered_indexable_feature_value_lang_value
# ------------------------------------------------------------


CREATE TABLE `pr_layered_indexable_feature_value_lang_value` (
  `id_feature_value` int(11) NOT NULL,
  `id_lang` int(11) NOT NULL,
  `url_name` varchar(20) DEFAULT NULL,
  `meta_title` varchar(20) DEFAULT NULL,
  PRIMARY KEY (`id_feature_value`,`id_lang`)
) ENGINE=InnoDB DEFAULT CHARSET=utf8;



# Dump of table pr_layered_price_index
# ------------------------------------------------------------


CREATE TABLE `pr_layered_price_index` (
  `id_product` int(11) NOT NULL,
  `id_currency` int(11) NOT NULL,
  `id_shop` int(11) NOT NULL,
  `price_min` int(11) NOT NULL,
  `price_max` int(11) NOT NULL,
  PRIMARY KEY (`id_product`,`id_currency`,`id_shop`),
  KEY `id_currency` (`id_currency`),
  KEY `price_min` (`price_min`),
  KEY `price_max` (`price_max`)
) ENGINE=InnoDB DEFAULT CHARSET=utf8;


INSERT INTO `pr_layered_price_index` (`id_product`, `id_currency`, `id_shop`, `price_min`, `price_max`)
VALUES
	(12,1,1,0,0),
	(13,1,1,0,0),
	(14,1,1,0,0),
	(15,1,1,0,0),
	(17,1,1,0,0),
	(18,1,1,0,0),
	(19,1,1,0,0),
	(21,1,1,0,0),
	(23,1,1,0,0),
	(27,1,1,0,0),
	(28,1,1,0,0),
	(29,1,1,0,0),
	(36,1,1,0,0),
	(37,1,1,0,0),
	(38,1,1,0,0),
	(39,1,1,195,203),
	(40,1,1,0,0),
	(41,1,1,155,161),
	(44,1,1,0,0),
	(45,1,1,0,0),
	(46,1,1,0,0),
	(47,1,1,0,0),
	(48,1,1,0,0),
	(49,1,1,0,0),
	(50,1,1,0,0),
	(51,1,1,0,0),
	(52,1,1,0,0),
	(53,1,1,0,0),
	(54,1,1,0,0),
	(55,1,1,0,0),
	(56,1,1,0,0),
	(57,1,1,0,0),
	(58,1,1,0,0),
	(59,1,1,0,0),
	(60,1,1,0,0),
	(61,1,1,0,0),
	(62,1,1,0,0),
	(64,1,1,0,0),
	(65,1,1,0,0),
	(66,1,1,0,0),
	(67,1,1,0,0),
	(68,1,1,0,0),
	(69,1,1,0,0),
	(70,1,1,0,0),
	(71,1,1,0,0),
	(72,1,1,0,0),
	(73,1,1,0,0),
	(74,1,1,0,0),
	(75,1,1,0,0),
	(76,1,1,24,30),
	(77,1,1,0,0),
	(78,1,1,0,0),
	(79,1,1,0,0),
	(80,1,1,0,0),
	(81,1,1,0,0),
	(82,1,1,0,0),
	(83,1,1,0,0),
	(84,1,1,0,0),
	(85,1,1,0,0),
	(86,1,1,0,0),
	(87,1,1,0,0),
	(88,1,1,0,0),
	(89,1,1,0,0),
	(90,1,1,0,0),
	(91,1,1,0,0),
	(92,1,1,0,0),
	(93,1,1,0,0),
	(94,1,1,0,0),
	(95,1,1,0,0),
	(96,1,1,0,0),
	(97,1,1,0,0),
	(98,1,1,0,0),
	(99,1,1,0,0),
	(100,1,1,0,0),
	(101,1,1,0,0),
	(102,1,1,0,0),
	(103,1,1,0,0),
	(104,1,1,0,0),
	(105,1,1,0,0),
	(106,1,1,0,0),
	(107,1,1,0,0),
	(108,1,1,0,0);



# Dump of table pr_layered_product_attribute
# ------------------------------------------------------------


CREATE TABLE `pr_layered_product_attribute` (
  `id_attribute` int(10) unsigned NOT NULL,
  `id_product` int(10) unsigned NOT NULL,
  `id_attribute_group` int(10) unsigned NOT NULL DEFAULT '0',
  `id_shop` int(10) unsigned NOT NULL DEFAULT '1',
  KEY `id_attribute` (`id_attribute`)
) ENGINE=InnoDB DEFAULT CHARSET=utf8;


INSERT INTO `pr_layered_product_attribute` (`id_attribute`, `id_product`, `id_attribute_group`, `id_shop`)
VALUES
	(25,14,5,1),
	(25,19,5,1),
	(25,21,5,1),
	(25,27,5,1),
	(25,29,5,1),
	(25,36,5,1),
	(25,38,5,1),
	(25,44,5,1),
	(25,45,5,1),
	(25,46,5,1),
	(25,47,5,1),
	(25,76,5,1),
	(25,92,5,1),
	(26,14,8,1),
	(26,27,8,1),
	(26,76,8,1),
	(27,19,8,1),
	(27,21,8,1),
	(27,27,8,1),
	(27,29,8,1),
	(27,36,8,1),
	(27,37,8,1),
	(27,38,8,1),
	(27,44,8,1),
	(27,45,8,1),
	(27,46,8,1),
	(27,47,8,1),
	(27,76,8,1),
	(27,92,8,1),
	(25,13,5,1),
	(27,13,8,1),
	(25,40,5,1),
	(27,40,8,1);



# Dump of table pr_linksmenutop
# ------------------------------------------------------------


CREATE TABLE `pr_linksmenutop` (
  `id_linksmenutop` int(10) unsigned NOT NULL AUTO_INCREMENT,
  `id_shop` int(11) unsigned NOT NULL,
  `new_window` tinyint(1) NOT NULL,
  PRIMARY KEY (`id_linksmenutop`),
  KEY `id_shop` (`id_shop`)
) ENGINE=InnoDB DEFAULT CHARSET=utf8;


INSERT INTO `pr_linksmenutop` (`id_linksmenutop`, `id_shop`, `new_window`)
VALUES
	(1,1,0),
	(2,1,0);



# Dump of table pr_linksmenutop_lang
# ------------------------------------------------------------


CREATE TABLE `pr_linksmenutop_lang` (
  `id_linksmenutop` int(11) unsigned NOT NULL,
  `id_lang` int(11) unsigned NOT NULL,
  `id_shop` int(11) unsigned NOT NULL,
  `label` varchar(128) NOT NULL,
  `link` varchar(128) NOT NULL,
  KEY `id_linksmenutop` (`id_linksmenutop`,`id_lang`,`id_shop`)
) ENGINE=InnoDB DEFAULT CHARSET=utf8;


INSERT INTO `pr_linksmenutop_lang` (`id_linksmenutop`, `id_lang`, `id_shop`, `label`, `link`)
VALUES
	(1,1,1,'',''),
	(1,2,1,'',''),
	(1,3,1,'',''),
	(1,4,1,'',''),
	(1,5,1,'La nostra storia',''),
	(2,1,1,'',''),
	(2,2,1,'',''),
	(2,3,1,'',''),
	(2,4,1,'',''),
	(2,5,1,'Home','http://www.incomingfriuli.it/');



# Dump of table pr_log
# ------------------------------------------------------------


CREATE TABLE `pr_log` (
  `id_log` int(10) unsigned NOT NULL AUTO_INCREMENT,
  `severity` tinyint(1) NOT NULL,
  `error_code` int(11) DEFAULT NULL,
  `message` text NOT NULL,
  `object_type` varchar(32) DEFAULT NULL,
  `object_id` int(10) unsigned DEFAULT NULL,
  `id_employee` int(10) unsigned DEFAULT NULL,
  `date_add` datetime NOT NULL,
  `date_upd` datetime NOT NULL,
  PRIMARY KEY (`id_log`)
) ENGINE=InnoDB DEFAULT CHARSET=utf8;


INSERT INTO `pr_log` (`id_log`, `severity`, `error_code`, `message`, `object_type`, `object_id`, `id_employee`, `date_add`, `date_upd`)
VALUES
	(1,1,0,'Modifica ImageType','ImageType',40,1,'2014-08-12 17:21:34','2014-08-12 17:21:34'),
	(2,1,0,'Modifica ImageType','ImageType',1,1,'2014-08-12 17:27:26','2014-08-12 17:27:26'),
	(3,1,0,'Modifica ImageType','ImageType',2,1,'2014-08-12 17:27:46','2014-08-12 17:27:46'),
	(4,1,0,'Modifica ImageType','ImageType',1,1,'2014-08-12 17:28:11','2014-08-12 17:28:11'),
	(5,1,0,'Modifica ImageType','ImageType',1,1,'2014-08-13 12:34:52','2014-08-13 12:34:52'),
	(6,1,0,'Modifica ImageType','ImageType',2,1,'2014-08-13 12:34:59','2014-08-13 12:34:59'),
	(7,1,0,'Cancellazione Employee','Employee',2,1,'2014-08-14 11:21:12','2014-08-14 11:21:12'),
	(8,1,0,'Aggiunta Profile','Profile',5,1,'2014-08-14 11:21:30','2014-08-14 11:21:30'),
	(9,1,0,'Aggiunta Employee','Employee',4,1,'2014-08-14 11:27:03','2014-08-14 11:27:03'),
	(10,1,0,'Aggiunta Employee','Employee',5,1,'2014-08-14 11:28:09','2014-08-14 11:28:09'),
	(11,1,0,'Cancellazione Manufacturer','Manufacturer',1,1,'2014-08-14 11:30:34','2014-08-14 11:30:34'),
	(12,1,0,'Cancellazione Manufacturer','Manufacturer',2,1,'2014-08-14 11:30:34','2014-08-14 11:30:34'),
	(13,1,0,'Aggiunta Category','Category',19,4,'2014-08-25 11:20:45','2014-08-25 11:20:45'),
	(14,1,0,'Cancellazione Category','Category',19,4,'2014-08-25 11:26:10','2014-08-25 11:26:10'),
	(15,1,0,'Aggiunta Category','Category',20,4,'2014-08-25 11:29:09','2014-08-25 11:29:09'),
	(16,1,0,'Modifica Category','Category',5,4,'2014-08-25 11:30:10','2014-08-25 11:30:10'),
	(17,1,0,'Modifica Category','Category',6,4,'2014-08-25 11:30:46','2014-08-25 11:30:46'),
	(18,1,0,'Modifica Category','Category',7,4,'2014-08-25 11:31:12','2014-08-25 11:31:12'),
	(19,1,0,'Modifica Category','Category',15,4,'2014-08-25 11:31:32','2014-08-25 11:31:32'),
	(20,1,0,'Modifica Category','Category',18,4,'2014-08-25 11:31:58','2014-08-25 11:31:58'),
	(21,1,0,'Modifica Category','Category',2,4,'2014-08-25 11:32:18','2014-08-25 11:32:18'),
	(22,1,0,'Modifica Category','Category',5,4,'2014-08-25 15:56:11','2014-08-25 15:56:11'),
	(23,1,0,'Modifica Category','Category',6,4,'2014-08-25 15:56:32','2014-08-25 15:56:32'),
	(24,1,0,'Modifica Category','Category',7,4,'2014-08-25 15:56:47','2014-08-25 15:56:47'),
	(25,1,0,'Modifica Category','Category',15,4,'2014-08-25 15:57:02','2014-08-25 15:57:02'),
	(26,1,0,'Modifica Category','Category',18,4,'2014-08-25 15:57:18','2014-08-25 15:57:18'),
	(27,1,0,'Modifica Category','Category',2,4,'2014-08-25 15:57:37','2014-08-25 15:57:37'),
	(28,1,0,'Cancellazione Category','Category',20,4,'2014-08-25 15:57:52','2014-08-25 15:57:52'),
	(29,1,0,'Modifica Product','Product',12,4,'2014-08-25 16:16:24','2014-08-25 16:16:24'),
	(30,1,0,'Modifica Product','Product',12,4,'2014-08-25 16:18:26','2014-08-25 16:18:26'),
	(31,1,0,'Modifica Product','Product',12,4,'2014-08-25 16:19:02','2014-08-25 16:19:02'),
	(32,1,0,'Modifica Product','Product',12,4,'2014-08-25 16:20:49','2014-08-25 16:20:49'),
	(33,1,0,'Modifica Product','Product',12,4,'2014-08-25 16:22:42','2014-08-25 16:22:42'),
	(34,1,0,'Modifica Product','Product',12,4,'2014-08-25 16:23:20','2014-08-25 16:23:20'),
	(35,1,0,'Modifica Product','Product',12,4,'2014-08-25 16:25:11','2014-08-25 16:25:11'),
	(36,1,0,'Modifica Product','Product',13,4,'2014-08-25 16:35:32','2014-08-25 16:35:32'),
	(37,1,0,'Modifica Product','Product',13,4,'2014-08-25 16:42:52','2014-08-25 16:42:52'),
	(38,1,0,'Modifica Product','Product',13,4,'2014-08-25 16:45:14','2014-08-25 16:45:14'),
	(39,1,0,'Modifica Product','Product',14,4,'2014-08-25 16:51:58','2014-08-25 16:51:58'),
	(40,1,0,'Modifica Product','Product',15,4,'2014-08-25 17:00:51','2014-08-25 17:00:51'),
	(41,1,0,'Modifica Product','Product',14,4,'2014-08-25 17:10:56','2014-08-25 17:10:56'),
	(42,1,0,'Modifica Product','Product',17,4,'2014-08-25 17:19:13','2014-08-25 17:19:13'),
	(43,1,0,'Modifica Product','Product',18,4,'2014-08-25 17:28:46','2014-08-25 17:28:46'),
	(44,1,0,'Modifica Product','Product',19,4,'2014-08-25 17:41:59','2014-08-25 17:41:59'),
	(45,1,0,'Modifica Product','Product',19,4,'2014-09-10 10:20:19','2014-09-10 10:20:19'),
	(46,1,0,'Modifica Product','Product',21,4,'2014-09-10 10:25:24','2014-09-10 10:25:24'),
	(47,1,0,'Modifica Product','Product',23,4,'2014-09-10 10:44:00','2014-09-10 10:44:00'),
	(48,1,0,'Modifica Product','Product',12,4,'2014-09-10 10:47:04','2014-09-10 10:47:04'),
	(49,1,0,'Modifica Product','Product',12,4,'2014-09-29 15:40:45','2014-09-29 15:40:45'),
	(50,1,0,'Modifica Product','Product',13,4,'2014-09-29 15:45:19','2014-09-29 15:45:19'),
	(51,1,0,'Modifica Product','Product',14,4,'2014-09-29 15:49:38','2014-09-29 15:49:38'),
	(52,1,0,'Modifica Product','Product',12,4,'2014-09-29 15:52:24','2014-09-29 15:52:24'),
	(53,1,0,'Modifica Product','Product',15,4,'2014-09-29 15:54:41','2014-09-29 15:54:41'),
	(54,1,0,'Modifica Product','Product',17,4,'2014-09-29 15:58:10','2014-09-29 15:58:10'),
	(55,1,0,'Modifica Product','Product',18,4,'2014-09-29 16:00:23','2014-09-29 16:00:23'),
	(56,1,0,'Modifica Product','Product',19,4,'2014-09-29 16:05:16','2014-09-29 16:05:16'),
	(57,1,0,'Modifica Product','Product',21,4,'2014-09-29 16:09:48','2014-09-29 16:09:48'),
	(58,1,0,'Modifica Product','Product',23,4,'2014-09-29 16:12:31','2014-09-29 16:12:31'),
	(59,1,0,'Modifica Product','Product',23,4,'2014-09-29 16:13:13','2014-09-29 16:13:13'),
	(60,1,0,'Modifica Product','Product',23,4,'2014-09-29 16:14:00','2014-09-29 16:14:00'),
	(61,1,0,'Modifica Product','Product',27,4,'2014-09-29 16:19:50','2014-09-29 16:19:50'),
	(62,1,0,'Modifica Product','Product',27,4,'2014-09-29 16:21:04','2014-09-29 16:21:04'),
	(63,1,0,'Modifica Product','Product',23,4,'2014-09-29 16:21:36','2014-09-29 16:21:36'),
	(64,1,0,'Modifica Product','Product',28,4,'2014-09-29 16:29:29','2014-09-29 16:29:29'),
	(65,1,0,'Modifica Product','Product',28,4,'2014-09-29 16:30:11','2014-09-29 16:30:11'),
	(66,1,0,'Modifica Product','Product',29,4,'2014-09-29 16:33:15','2014-09-29 16:33:15'),
	(67,1,0,'Modifica Product','Product',36,4,'2014-09-29 16:39:21','2014-09-29 16:39:21'),
	(68,1,0,'Modifica Product','Product',36,4,'2014-09-29 16:40:09','2014-09-29 16:40:09'),
	(69,1,0,'Modifica Product','Product',37,4,'2014-10-02 16:26:41','2014-10-02 16:26:41'),
	(70,1,0,'Modifica Product','Product',37,4,'2014-10-02 16:30:50','2014-10-02 16:30:50'),
	(71,1,0,'Modifica Product','Product',38,4,'2014-10-02 16:36:25','2014-10-02 16:36:25'),
	(72,1,0,'Modifica Product','Product',38,4,'2014-10-02 16:38:12','2014-10-02 16:38:12'),
	(73,1,0,'Modifica Product','Product',29,4,'2014-10-02 16:39:47','2014-10-02 16:39:47'),
	(74,1,0,'Modifica Product','Product',36,4,'2014-10-02 16:40:41','2014-10-02 16:40:41'),
	(75,1,0,'Modifica Product','Product',40,4,'2014-10-02 16:44:27','2014-10-02 16:44:27'),
	(76,1,0,'Modifica Product','Product',44,4,'2014-10-02 16:52:28','2014-10-02 16:52:28'),
	(77,1,0,'Modifica Product','Product',45,4,'2014-10-02 16:57:13','2014-10-02 16:57:13'),
	(78,1,0,'Modifica Product','Product',45,4,'2014-10-02 16:57:18','2014-10-02 16:57:18'),
	(79,1,0,'Modifica Product','Product',46,4,'2014-10-02 17:00:41','2014-10-02 17:00:41'),
	(80,1,0,'Modifica Product','Product',47,4,'2014-10-02 17:05:20','2014-10-02 17:05:20'),
	(81,1,0,'Modifica Product','Product',48,4,'2014-10-02 17:08:59','2014-10-02 17:08:59'),
	(82,1,0,'Modifica Product','Product',48,4,'2014-10-02 17:09:44','2014-10-02 17:09:44'),
	(83,1,0,'Modifica Product','Product',49,4,'2014-10-02 17:14:03','2014-10-02 17:14:03'),
	(84,1,0,'Modifica Product','Product',50,4,'2014-10-02 17:16:24','2014-10-02 17:16:24'),
	(85,1,0,'Modifica Product','Product',51,4,'2014-10-21 16:57:50','2014-10-21 16:57:50'),
	(86,1,0,'Modifica Product','Product',52,4,'2014-10-21 17:01:18','2014-10-21 17:01:18'),
	(87,1,0,'Modifica Product','Product',52,4,'2014-10-21 17:02:44','2014-10-21 17:02:44'),
	(88,1,0,'Modifica Product','Product',53,4,'2014-10-21 17:07:36','2014-10-21 17:07:36'),
	(89,1,0,'Modifica Product','Product',53,4,'2014-10-21 17:07:38','2014-10-21 17:07:38'),
	(90,1,0,'Modifica Product','Product',53,4,'2014-10-21 17:08:34','2014-10-21 17:08:34'),
	(91,1,0,'Modifica Product','Product',53,4,'2014-10-21 17:08:36','2014-10-21 17:08:36'),
	(92,1,0,'Modifica Product','Product',54,4,'2014-10-21 17:11:47','2014-10-21 17:11:47'),
	(93,1,0,'Modifica Product','Product',55,4,'2014-10-21 17:15:55','2014-10-21 17:15:55'),
	(94,1,0,'Modifica Product','Product',56,4,'2014-10-21 17:19:18','2014-10-21 17:19:18'),
	(95,1,0,'Modifica Product','Product',57,4,'2014-10-21 17:22:22','2014-10-21 17:22:22'),
	(96,1,0,'Modifica Product','Product',56,4,'2014-10-21 17:31:56','2014-10-21 17:31:56'),
	(97,1,0,'Modifica Product','Product',56,4,'2014-10-21 17:33:19','2014-10-21 17:33:19'),
	(98,1,0,'Modifica Product','Product',58,4,'2014-10-21 17:36:06','2014-10-21 17:36:06'),
	(99,1,0,'Modifica Product','Product',59,4,'2014-10-21 17:49:40','2014-10-21 17:49:40'),
	(100,1,0,'Modifica Product','Product',60,4,'2014-10-21 17:54:11','2014-10-21 17:54:11'),
	(101,1,0,'Modifica Product','Product',61,4,'2014-10-21 17:56:11','2014-10-21 17:56:11'),
	(102,1,0,'Modifica Product','Product',62,4,'2014-10-21 17:58:34','2014-10-21 17:58:34'),
	(103,1,0,'Modifica Product','Product',64,4,'2014-10-21 18:00:56','2014-10-21 18:00:56'),
	(104,1,0,'Modifica Product','Product',64,4,'2014-10-21 18:01:04','2014-10-21 18:01:04'),
	(105,1,0,'Modifica Product','Product',65,4,'2014-10-21 18:10:49','2014-10-21 18:10:49'),
	(106,1,0,'Modifica Product','Product',66,4,'2014-10-21 18:14:25','2014-10-21 18:14:25'),
	(107,1,0,'Modifica Product','Product',67,4,'2014-10-21 18:16:37','2014-10-21 18:16:37'),
	(108,1,0,'Modifica Product','Product',68,4,'2014-10-21 18:18:47','2014-10-21 18:18:47'),
	(109,1,0,'Modifica Product','Product',69,4,'2014-10-21 18:20:18','2014-10-21 18:20:18'),
	(110,1,0,'Modifica Product','Product',70,4,'2014-10-21 18:23:15','2014-10-21 18:23:15'),
	(111,1,0,'Modifica Product','Product',71,4,'2014-10-21 18:25:04','2014-10-21 18:25:04'),
	(112,1,0,'Modifica Product','Product',72,4,'2014-10-21 18:26:39','2014-10-21 18:26:39'),
	(113,1,0,'Modifica Product','Product',72,4,'2014-10-21 18:26:43','2014-10-21 18:26:43'),
	(114,1,0,'Modifica Product','Product',73,4,'2014-10-21 18:28:40','2014-10-21 18:28:40'),
	(115,1,0,'Modifica Product','Product',74,4,'2014-10-21 18:30:44','2014-10-21 18:30:44'),
	(116,1,0,'Modifica Product','Product',75,4,'2014-10-21 18:32:43','2014-10-21 18:32:43'),
	(117,1,0,'Modifica Product','Product',76,4,'2014-10-21 18:36:30','2014-10-21 18:36:30'),
	(118,1,0,'Aggiunta Product','Product',77,4,'2014-12-01 16:51:38','2014-12-01 16:51:38'),
	(119,1,0,'Aggiunta Product','Product',78,4,'2014-12-01 16:51:46','2014-12-01 16:51:46'),
	(120,1,0,'Cancellazione Product','Product',77,4,'2014-12-01 16:52:26','2014-12-01 16:52:26'),
	(121,1,0,'Modifica Product','Product',78,4,'2014-12-01 16:56:18','2014-12-01 16:56:18'),
	(122,1,0,'Aggiunta Product','Product',79,4,'2014-12-01 17:09:53','2014-12-01 17:09:53'),
	(123,1,0,'Modifica Product','Product',78,4,'2014-12-01 17:30:25','2014-12-01 17:30:25'),
	(124,1,0,'Modifica Product','Product',79,4,'2014-12-01 17:33:03','2014-12-01 17:33:03'),
	(125,1,0,'Modifica Product','Product',79,4,'2014-12-01 17:33:54','2014-12-01 17:33:54'),
	(126,1,0,'Modifica Product','Product',78,4,'2014-12-01 17:34:24','2014-12-01 17:34:24'),
	(127,1,0,'Aggiunta Product','Product',80,4,'2014-12-01 17:42:10','2014-12-01 17:42:10'),
	(128,1,0,'Modifica Product','Product',80,4,'2014-12-01 17:45:51','2014-12-01 17:45:51'),
	(129,1,0,'Aggiunta Product','Product',81,4,'2014-12-02 15:52:08','2014-12-02 15:52:08'),
	(130,1,0,'Modifica Product','Product',81,4,'2014-12-02 15:55:59','2014-12-02 15:55:59'),
	(131,1,0,'Aggiunta Product','Product',82,4,'2014-12-02 16:01:26','2014-12-02 16:01:26'),
	(132,1,0,'Modifica Product','Product',82,4,'2014-12-02 16:04:21','2014-12-02 16:04:21'),
	(133,1,0,'Modifica Product','Product',13,4,'2014-12-02 16:17:07','2014-12-02 16:17:07'),
	(134,1,0,'Modifica Product','Product',15,4,'2014-12-02 16:20:33','2014-12-02 16:20:33'),
	(135,1,0,'Modifica Product','Product',17,4,'2014-12-02 16:23:01','2014-12-02 16:23:01'),
	(136,1,0,'Modifica Product','Product',19,4,'2014-12-02 16:24:50','2014-12-02 16:24:50'),
	(137,1,0,'Modifica Product','Product',21,4,'2014-12-02 16:28:46','2014-12-02 16:28:46'),
	(138,1,0,'Modifica Product','Product',36,4,'2014-12-02 16:48:45','2014-12-02 16:48:45'),
	(139,1,0,'Modifica Product','Product',37,4,'2014-12-02 16:51:59','2014-12-02 16:51:59'),
	(140,1,0,'Modifica Product','Product',38,4,'2014-12-02 16:53:29','2014-12-02 16:53:29'),
	(141,1,0,'Modifica Product','Product',40,4,'2014-12-02 16:55:05','2014-12-02 16:55:05'),
	(142,1,0,'Modifica Product','Product',44,4,'2014-12-02 16:56:11','2014-12-02 16:56:11'),
	(143,1,0,'Modifica Product','Product',45,4,'2014-12-02 16:57:02','2014-12-02 16:57:02'),
	(144,1,0,'Modifica Product','Product',46,4,'2014-12-02 16:58:01','2014-12-02 16:58:01'),
	(145,1,0,'Modifica Product','Product',47,4,'2014-12-02 16:59:45','2014-12-02 16:59:45'),
	(146,1,0,'Modifica Product','Product',48,4,'2014-12-02 17:01:03','2014-12-02 17:01:03'),
	(147,1,0,'Modifica Product','Product',48,4,'2014-12-02 17:06:16','2014-12-02 17:06:16'),
	(148,1,0,'Modifica Product','Product',49,4,'2014-12-02 17:08:16','2014-12-02 17:08:16'),
	(149,1,0,'Modifica Product','Product',50,4,'2014-12-02 17:10:53','2014-12-02 17:10:53'),
	(150,1,0,'Modifica Product','Product',51,4,'2014-12-02 17:13:12','2014-12-02 17:13:12'),
	(151,1,0,'Modifica Product','Product',52,4,'2014-12-02 17:14:20','2014-12-02 17:14:20'),
	(152,1,0,'Modifica Product','Product',53,4,'2014-12-02 17:15:16','2014-12-02 17:15:16'),
	(153,1,0,'Modifica Product','Product',54,4,'2014-12-02 17:17:55','2014-12-02 17:17:55'),
	(154,1,0,'Modifica Product','Product',55,4,'2014-12-02 17:20:33','2014-12-02 17:20:33'),
	(155,1,0,'Modifica Product','Product',56,4,'2014-12-02 17:22:18','2014-12-02 17:22:18'),
	(156,1,0,'Modifica Product','Product',57,4,'2014-12-11 17:26:46','2014-12-11 17:26:46'),
	(157,1,0,'Modifica Product','Product',58,4,'2014-12-11 17:29:42','2014-12-11 17:29:42'),
	(158,1,0,'Modifica Product','Product',59,4,'2014-12-11 17:31:24','2014-12-11 17:31:24'),
	(159,1,0,'Modifica Product','Product',60,4,'2014-12-11 17:33:08','2014-12-11 17:33:08'),
	(160,1,0,'Modifica Product','Product',61,4,'2014-12-11 17:35:17','2014-12-11 17:35:17'),
	(161,1,0,'Modifica Product','Product',60,4,'2014-12-11 17:35:52','2014-12-11 17:35:52'),
	(162,1,0,'Modifica Product','Product',59,4,'2014-12-11 17:36:21','2014-12-11 17:36:21'),
	(163,1,0,'Modifica Product','Product',62,4,'2014-12-11 17:38:13','2014-12-11 17:38:13'),
	(164,1,0,'Modifica Product','Product',64,4,'2014-12-11 17:50:53','2014-12-11 17:50:53'),
	(165,1,0,'Modifica Product','Product',65,4,'2014-12-11 17:53:03','2014-12-11 17:53:03'),
	(166,1,0,'Modifica Product','Product',66,4,'2014-12-12 13:33:41','2014-12-12 13:33:41'),
	(167,1,0,'Modifica Product','Product',66,4,'2014-12-12 13:33:56','2014-12-12 13:33:56'),
	(168,1,0,'Modifica Product','Product',67,4,'2014-12-12 13:35:25','2014-12-12 13:35:25'),
	(169,1,0,'Modifica Product','Product',69,4,'2014-12-12 13:36:32','2014-12-12 13:36:32'),
	(170,1,0,'Modifica Product','Product',70,4,'2014-12-12 13:37:40','2014-12-12 13:37:40'),
	(171,1,0,'Modifica Product','Product',71,4,'2014-12-12 13:41:32','2014-12-12 13:41:32'),
	(172,1,0,'Modifica Product','Product',70,4,'2014-12-12 13:42:08','2014-12-12 13:42:08'),
	(173,1,0,'Modifica Product','Product',71,4,'2014-12-12 13:42:35','2014-12-12 13:42:35'),
	(174,1,0,'Cancellazione Product','Product',71,4,'2014-12-12 13:43:07','2014-12-12 13:43:07'),
	(175,1,0,'Modifica Product','Product',75,4,'2014-12-12 13:44:35','2014-12-12 13:44:35'),
	(176,1,0,'Modifica Product','Product',72,4,'2014-12-12 13:47:27','2014-12-12 13:47:27'),
	(177,1,0,'Modifica Product','Product',69,4,'2014-12-12 13:50:28','2014-12-12 13:50:28'),
	(178,1,0,'Modifica Product','Product',70,4,'2014-12-12 13:51:46','2014-12-12 13:51:46'),
	(179,1,0,'Modifica Product','Product',72,4,'2014-12-12 13:52:28','2014-12-12 13:52:28'),
	(180,1,0,'Modifica Product','Product',73,4,'2014-12-12 13:55:10','2014-12-12 13:55:10'),
	(181,1,0,'Modifica Product','Product',74,4,'2014-12-12 13:56:40','2014-12-12 13:56:40'),
	(182,1,0,'Modifica Product','Product',74,4,'2014-12-12 13:57:10','2014-12-12 13:57:10'),
	(183,1,0,'Modifica Product','Product',75,4,'2014-12-12 13:58:39','2014-12-12 13:58:39'),
	(184,1,0,'Modifica Product','Product',54,4,'2014-12-12 14:00:13','2014-12-12 14:00:13'),
	(185,1,0,'Modifica Product','Product',83,4,'2014-12-12 14:01:33','2014-12-12 14:01:33'),
	(186,1,0,'Cancellazione Product','Product',54,4,'2014-12-12 14:01:47','2014-12-12 14:01:47'),
	(187,1,0,'Modifica Product','Product',76,4,'2014-12-12 14:03:40','2014-12-12 14:03:40'),
	(188,1,0,'Modifica Product','Product',78,4,'2014-12-12 14:05:01','2014-12-12 14:05:01'),
	(189,1,0,'Modifica Product','Product',79,4,'2014-12-12 14:06:32','2014-12-12 14:06:32'),
	(190,1,0,'Modifica Product','Product',80,4,'2014-12-12 14:07:36','2014-12-12 14:07:36'),
	(191,1,0,'Modifica Product','Product',81,4,'2014-12-12 14:09:03','2014-12-12 14:09:03'),
	(192,1,0,'Modifica Product','Product',82,4,'2014-12-12 14:10:39','2014-12-12 14:10:39'),
	(193,1,0,'Modifica Product','Product',12,4,'2014-12-12 14:11:53','2014-12-12 14:11:53'),
	(194,1,0,'Modifica Product','Product',13,4,'2014-12-12 14:12:48','2014-12-12 14:12:48'),
	(195,1,0,'Modifica Product','Product',14,4,'2014-12-12 14:13:17','2014-12-12 14:13:17'),
	(196,1,0,'Modifica Product','Product',15,4,'2014-12-12 14:13:56','2014-12-12 14:13:56'),
	(197,1,0,'Modifica Product','Product',17,4,'2014-12-12 14:14:29','2014-12-12 14:14:29'),
	(198,1,0,'Modifica Product','Product',18,4,'2014-12-12 14:14:59','2014-12-12 14:14:59'),
	(199,1,0,'Modifica Product','Product',19,4,'2014-12-12 14:15:44','2014-12-12 14:15:44'),
	(200,1,0,'Modifica Product','Product',21,4,'2014-12-12 14:17:13','2014-12-12 14:17:13'),
	(201,1,0,'Modifica Product','Product',23,4,'2014-12-12 14:18:20','2014-12-12 14:18:20'),
	(202,1,0,'Modifica Product','Product',23,4,'2014-12-12 14:18:54','2014-12-12 14:18:54'),
	(203,1,0,'Modifica Product','Product',27,4,'2014-12-12 14:22:31','2014-12-12 14:22:31'),
	(204,1,0,'Modifica Product','Product',28,4,'2014-12-12 14:25:27','2014-12-12 14:25:27'),
	(205,1,0,'Modifica Product','Product',29,4,'2014-12-12 14:26:13','2014-12-12 14:26:13'),
	(206,1,0,'Modifica Product','Product',36,4,'2014-12-12 14:26:49','2014-12-12 14:26:49'),
	(207,1,0,'Modifica Product','Product',37,4,'2014-12-12 14:27:16','2014-12-12 14:27:16'),
	(208,1,0,'Modifica Product','Product',38,4,'2014-12-12 14:27:54','2014-12-12 14:27:54'),
	(209,1,0,'Modifica Product','Product',40,4,'2014-12-12 14:28:49','2014-12-12 14:28:49'),
	(210,1,0,'Modifica Product','Product',44,4,'2014-12-12 14:31:54','2014-12-12 14:31:54'),
	(211,1,0,'Modifica Product','Product',45,4,'2014-12-12 14:32:54','2014-12-12 14:32:54'),
	(212,1,0,'Modifica Product','Product',46,4,'2014-12-12 14:39:51','2014-12-12 14:39:51'),
	(213,1,0,'Modifica Product','Product',47,4,'2014-12-12 14:40:23','2014-12-12 14:40:23'),
	(214,1,0,'Modifica Product','Product',48,4,'2014-12-12 14:40:53','2014-12-12 14:40:53'),
	(215,1,0,'Modifica Product','Product',49,4,'2014-12-12 14:45:35','2014-12-12 14:45:35'),
	(216,1,0,'Modifica Product','Product',50,4,'2014-12-12 14:49:07','2014-12-12 14:49:07'),
	(217,1,0,'Modifica Product','Product',51,4,'2014-12-12 14:49:42','2014-12-12 14:49:42'),
	(218,1,0,'Modifica Product','Product',52,4,'2014-12-12 14:50:23','2014-12-12 14:50:23'),
	(219,1,0,'Modifica Product','Product',84,4,'2014-12-12 14:52:35','2014-12-12 14:52:35'),
	(220,1,0,'Cancellazione Product','Product',53,4,'2014-12-12 14:52:45','2014-12-12 14:52:45'),
	(221,1,0,'Modifica Product','Product',73,4,'2014-12-12 14:53:19','2014-12-12 14:53:19'),
	(222,1,0,'Modifica Product','Product',55,4,'2014-12-12 14:55:39','2014-12-12 14:55:39'),
	(223,1,0,'Modifica Product','Product',56,4,'2014-12-12 14:57:34','2014-12-12 14:57:34'),
	(224,1,0,'Modifica Product','Product',56,4,'2014-12-12 15:00:24','2014-12-12 15:00:24'),
	(225,1,0,'Modifica Product','Product',57,4,'2014-12-12 15:00:57','2014-12-12 15:00:57'),
	(226,1,0,'Modifica Product','Product',57,4,'2014-12-12 15:01:24','2014-12-12 15:01:24'),
	(227,1,0,'Modifica Product','Product',57,4,'2014-12-12 15:03:46','2014-12-12 15:03:46'),
	(228,1,0,'Modifica Product','Product',58,4,'2014-12-12 15:06:06','2014-12-12 15:06:06'),
	(229,1,0,'Modifica Product','Product',59,4,'2014-12-12 15:17:47','2014-12-12 15:17:47'),
	(230,1,0,'Modifica Product','Product',60,4,'2014-12-12 15:18:42','2014-12-12 15:18:42'),
	(231,1,0,'Modifica Product','Product',61,4,'2014-12-12 15:19:27','2014-12-12 15:19:27'),
	(232,1,0,'Modifica Product','Product',62,4,'2014-12-12 15:21:00','2014-12-12 15:21:00'),
	(233,1,0,'Modifica Product','Product',64,4,'2014-12-12 15:21:40','2014-12-12 15:21:40'),
	(234,1,0,'Modifica Product','Product',65,4,'2014-12-12 15:22:50','2014-12-12 15:22:50'),
	(235,1,0,'Aggiunta Category','Category',19,4,'2014-12-15 14:16:45','2014-12-15 14:16:45'),
	(236,1,0,'Aggiunta Category','Category',20,4,'2014-12-15 14:17:45','2014-12-15 14:17:45'),
	(237,1,0,'Aggiunta Category','Category',21,4,'2014-12-15 14:18:10','2014-12-15 14:18:10'),
	(238,1,0,'Aggiunta Category','Category',22,4,'2014-12-15 14:18:36','2014-12-15 14:18:36'),
	(239,1,0,'Modifica Category','Category',18,4,'2014-12-15 14:19:36','2014-12-15 14:19:36'),
	(240,1,0,'Modifica Category','Category',8,4,'2014-12-15 14:25:40','2014-12-15 14:25:40'),
	(241,1,0,'Modifica Category','Category',8,4,'2014-12-15 14:25:59','2014-12-15 14:25:59'),
	(242,1,0,'Modifica Category','Category',5,4,'2014-12-15 14:29:05','2014-12-15 14:29:05'),
	(243,1,0,'Modifica Category','Category',5,4,'2014-12-15 14:29:33','2014-12-15 14:29:33'),
	(244,1,0,'Modifica Category','Category',8,4,'2014-12-15 14:30:09','2014-12-15 14:30:09'),
	(245,1,0,'Modifica Category','Category',9,4,'2014-12-15 14:35:37','2014-12-15 14:35:37'),
	(246,1,0,'Modifica Category','Category',9,4,'2014-12-15 14:35:49','2014-12-15 14:35:49'),
	(247,1,0,'Aggiunta Category','Category',23,4,'2014-12-15 14:36:22','2014-12-15 14:36:22'),
	(248,1,0,'Modifica Category','Category',23,4,'2014-12-15 14:36:42','2014-12-15 14:36:42'),
	(249,1,0,'Modifica Category','Category',23,4,'2014-12-15 14:37:00','2014-12-15 14:37:00'),
	(250,1,0,'Modifica Category','Category',9,4,'2014-12-15 14:37:19','2014-12-15 14:37:19'),
	(251,1,0,'Modifica Category','Category',11,4,'2014-12-15 14:37:51','2014-12-15 14:37:51'),
	(252,1,0,'Modifica Category','Category',12,4,'2014-12-15 14:38:12','2014-12-15 14:38:12'),
	(253,1,0,'Modifica Category','Category',13,4,'2014-12-15 14:38:35','2014-12-15 14:38:35'),
	(254,1,0,'Aggiunta Category','Category',24,4,'2014-12-15 14:39:04','2014-12-15 14:39:04'),
	(255,1,0,'Aggiunta Category','Category',25,4,'2014-12-15 14:39:49','2014-12-15 14:39:49'),
	(256,1,0,'Aggiunta Category','Category',26,4,'2014-12-15 14:40:22','2014-12-15 14:40:22'),
	(257,1,0,'Modifica Category','Category',19,4,'2014-12-15 14:42:23','2014-12-15 14:42:23'),
	(258,1,0,'Modifica Category','Category',19,4,'2014-12-15 14:42:41','2014-12-15 14:42:41'),
	(259,1,0,'Modifica Category','Category',6,4,'2014-12-15 14:46:23','2014-12-15 14:46:23'),
	(260,1,0,'Modifica Category','Category',6,4,'2014-12-15 14:46:36','2014-12-15 14:46:36'),
	(261,1,0,'Modifica Category','Category',7,4,'2014-12-15 14:49:27','2014-12-15 14:49:27'),
	(262,1,0,'Modifica Category','Category',7,4,'2014-12-15 14:51:52','2014-12-15 14:51:52'),
	(263,1,0,'Modifica Category','Category',15,4,'2014-12-15 14:52:55','2014-12-15 14:52:55'),
	(264,1,0,'Modifica Category','Category',18,4,'2014-12-15 14:55:55','2014-12-15 14:55:55'),
	(265,1,0,'Modifica Category','Category',20,4,'2014-12-15 14:59:52','2014-12-15 14:59:52'),
	(266,1,0,'Modifica Category','Category',21,4,'2014-12-15 15:02:49','2014-12-15 15:02:49'),
	(267,1,0,'Modifica Category','Category',21,4,'2014-12-15 15:03:23','2014-12-15 15:03:23'),
	(268,1,0,'Modifica Category','Category',22,4,'2014-12-15 15:08:26','2014-12-15 15:08:26'),
	(269,1,0,'Modifica Category','Category',2,4,'2014-12-15 15:08:58','2014-12-15 15:08:58'),
	(270,1,0,'Cancellazione Product','Product',66,4,'2014-12-15 15:11:19','2014-12-15 15:11:19'),
	(271,1,0,'Cancellazione Product','Product',67,4,'2014-12-15 15:11:28','2014-12-15 15:11:28'),
	(272,1,0,'Cancellazione Product','Product',68,4,'2014-12-15 15:11:37','2014-12-15 15:11:37'),
	(273,1,0,'Modifica Product','Product',84,4,'2014-12-15 15:12:05','2014-12-15 15:12:05'),
	(274,1,0,'Modifica Product','Product',69,4,'2014-12-15 15:12:39','2014-12-15 15:12:39'),
	(275,1,0,'Modifica Product','Product',70,4,'2014-12-15 15:13:01','2014-12-15 15:13:01'),
	(276,1,0,'Modifica Product','Product',72,4,'2014-12-15 15:13:23','2014-12-15 15:13:23'),
	(277,1,0,'Modifica Product','Product',74,4,'2014-12-15 15:13:46','2014-12-15 15:13:46'),
	(278,1,0,'Modifica Product','Product',75,4,'2014-12-15 15:14:24','2014-12-15 15:14:24'),
	(279,1,0,'Modifica Product','Product',76,4,'2014-12-15 15:15:16','2014-12-15 15:15:16'),
	(280,1,0,'Modifica Product','Product',78,4,'2014-12-15 15:15:37','2014-12-15 15:15:37'),
	(281,1,0,'Modifica Product','Product',79,4,'2014-12-15 15:16:11','2014-12-15 15:16:11'),
	(282,1,0,'Modifica Product','Product',80,4,'2014-12-15 15:16:33','2014-12-15 15:16:33'),
	(283,1,0,'Modifica Product','Product',81,4,'2014-12-15 15:17:00','2014-12-15 15:17:00'),
	(284,1,0,'Modifica Product','Product',82,4,'2014-12-15 15:17:26','2014-12-15 15:17:26'),
	(285,1,0,'Modifica Product','Product',83,4,'2014-12-15 15:17:50','2014-12-15 15:17:50'),
	(286,1,0,'Modifica Product','Product',85,4,'2014-12-15 15:18:52','2014-12-15 15:18:52'),
	(287,1,0,'Modifica Product','Product',86,4,'2014-12-15 15:19:40','2014-12-15 15:19:40'),
	(288,1,0,'Modifica Product','Product',87,4,'2014-12-15 15:21:56','2014-12-15 15:21:56'),
	(289,1,0,'Modifica Product','Product',85,4,'2014-12-15 15:22:49','2014-12-15 15:22:49'),
	(290,1,0,'Modifica Product','Product',86,4,'2014-12-15 15:24:02','2014-12-15 15:24:02'),
	(291,1,0,'Modifica Product','Product',87,4,'2014-12-15 15:24:29','2014-12-15 15:24:29'),
	(292,1,0,'Modifica Product','Product',12,4,'2014-12-15 15:28:34','2014-12-15 15:28:34'),
	(293,1,0,'Modifica Product','Product',19,4,'2014-12-15 15:30:26','2014-12-15 15:30:26'),
	(294,1,0,'Modifica Product','Product',13,4,'2014-12-15 15:33:24','2014-12-15 15:33:24'),
	(295,1,0,'Modifica Product','Product',17,4,'2014-12-15 15:35:37','2014-12-15 15:35:37'),
	(296,1,0,'Modifica Product','Product',14,4,'2014-12-15 15:37:05','2014-12-15 15:37:05'),
	(297,1,0,'Modifica Product','Product',15,4,'2014-12-15 15:39:28','2014-12-15 15:39:28'),
	(298,1,0,'Modifica Product','Product',37,4,'2014-12-15 15:41:44','2014-12-15 15:41:44'),
	(299,1,0,'Modifica Product','Product',46,4,'2014-12-15 15:43:25','2014-12-15 15:43:25'),
	(300,1,0,'Modifica Product','Product',36,4,'2014-12-15 15:44:59','2014-12-15 15:44:59'),
	(301,1,0,'Aggiunta Product','Product',88,4,'2014-12-15 16:34:25','2014-12-15 16:34:25'),
	(302,1,0,'Modifica Product','Product',88,4,'2014-12-15 16:37:53','2014-12-15 16:37:53'),
	(303,1,0,'Aggiunta Product','Product',89,4,'2014-12-15 16:46:35','2014-12-15 16:46:35'),
	(304,1,0,'Modifica Product','Product',89,4,'2014-12-15 16:49:07','2014-12-15 16:49:07'),
	(305,1,0,'Modifica Product','Product',89,4,'2014-12-15 16:51:19','2014-12-15 16:51:19'),
	(306,1,0,'Modifica Category','Category',2,4,'2014-12-15 16:52:36','2014-12-15 16:52:36'),
	(307,1,0,'Modifica Product','Product',27,4,'2014-12-15 16:55:29','2014-12-15 16:55:29'),
	(308,1,0,'Aggiunta Product','Product',90,4,'2014-12-15 16:59:19','2014-12-15 16:59:19'),
	(309,1,0,'Modifica Product','Product',90,4,'2014-12-15 17:02:28','2014-12-15 17:02:28'),
	(310,1,0,'Modifica Product','Product',19,4,'2014-12-15 17:03:12','2014-12-15 17:03:12'),
	(311,1,0,'Modifica Product','Product',81,4,'2014-12-15 17:06:07','2014-12-15 17:06:07'),
	(312,1,0,'Aggiunta Product','Product',91,4,'2014-12-15 17:08:40','2014-12-15 17:08:40'),
	(313,1,0,'Modifica Product','Product',91,4,'2014-12-15 17:10:16','2014-12-15 17:10:16'),
	(314,1,0,'Modifica Product','Product',13,4,'2014-12-16 14:32:01','2014-12-16 14:32:01'),
	(315,1,0,'Modifica Category','Category',5,4,'2014-12-16 15:56:10','2014-12-16 15:56:10'),
	(316,1,0,'Modifica Category','Category',5,4,'2014-12-16 15:58:42','2014-12-16 15:58:42'),
	(317,1,0,'Modifica Category','Category',7,4,'2014-12-16 15:59:20','2014-12-16 15:59:20'),
	(318,1,0,'Modifica Category','Category',7,4,'2014-12-16 15:59:55','2014-12-16 15:59:55'),
	(319,1,0,'Modifica Category','Category',2,4,'2014-12-16 16:00:23','2014-12-16 16:00:23'),
	(320,1,0,'Modifica Category','Category',15,4,'2014-12-16 16:00:55','2014-12-16 16:00:55'),
	(321,1,0,'Modifica Category','Category',18,4,'2014-12-16 16:01:24','2014-12-16 16:01:24'),
	(322,1,0,'Modifica Category','Category',21,4,'2014-12-16 16:05:02','2014-12-16 16:05:02'),
	(323,1,0,'Modifica Category','Category',22,4,'2014-12-16 16:05:30','2014-12-16 16:05:30'),
	(324,1,0,'Modifica Category','Category',6,4,'2014-12-16 16:05:52','2014-12-16 16:05:52'),
	(325,1,0,'Modifica Category','Category',20,4,'2014-12-16 16:06:50','2014-12-16 16:06:50'),
	(326,1,0,'Modifica Product','Product',12,4,'2015-01-15 14:36:06','2015-01-15 14:36:06'),
	(327,1,0,'Modifica Product','Product',40,4,'2015-01-15 14:40:08','2015-01-15 14:40:08'),
	(328,1,0,'Modifica Product','Product',12,4,'2015-01-15 15:04:25','2015-01-15 15:04:25'),
	(329,1,0,'Modifica Product','Product',40,4,'2015-01-15 15:10:00','2015-01-15 15:10:00'),
	(330,1,0,'Modifica Product','Product',88,4,'2015-01-15 15:12:55','2015-01-15 15:12:55'),
	(331,1,0,'Modifica Product','Product',88,4,'2015-01-15 15:40:37','2015-01-15 15:40:37'),
	(332,1,0,'Modifica Product','Product',88,4,'2015-01-15 15:42:45','2015-01-15 15:42:45'),
	(333,1,0,'Modifica Product','Product',88,4,'2015-01-15 15:43:43','2015-01-15 15:43:43'),
	(334,1,0,'Modifica Product','Product',44,4,'2015-01-15 16:02:24','2015-01-15 16:02:24'),
	(335,1,0,'Modifica Product','Product',19,4,'2015-01-15 16:06:29','2015-01-15 16:06:29'),
	(336,1,0,'Modifica Product','Product',19,4,'2015-01-15 16:06:54','2015-01-15 16:06:54'),
	(337,1,0,'Modifica Product','Product',92,4,'2015-01-15 16:10:34','2015-01-15 16:10:34'),
	(338,1,0,'Modifica Product','Product',92,4,'2015-01-15 16:10:53','2015-01-15 16:10:53'),
	(339,1,0,'Modifica Product','Product',21,4,'2015-01-15 16:14:31','2015-01-15 16:14:31'),
	(340,1,0,'Modifica Product','Product',18,4,'2015-01-15 16:17:22','2015-01-15 16:17:22'),
	(341,1,0,'Modifica Product','Product',47,4,'2015-01-15 16:27:01','2015-01-15 16:27:01'),
	(342,1,0,'Modifica Product','Product',89,4,'2015-01-15 16:30:42','2015-01-15 16:30:42'),
	(343,1,0,'Modifica Product','Product',47,4,'2015-01-15 16:37:31','2015-01-15 16:37:31'),
	(344,1,0,'Modifica Product','Product',76,4,'2015-01-15 16:48:05','2015-01-15 16:48:05'),
	(345,1,0,'Modifica Product','Product',17,4,'2015-01-15 16:50:09','2015-01-15 16:50:09'),
	(346,1,0,'Modifica Product','Product',14,4,'2015-01-15 16:52:04','2015-01-15 16:52:04'),
	(347,1,0,'Modifica Product','Product',38,4,'2015-01-15 16:58:27','2015-01-15 16:58:27'),
	(348,1,0,'Modifica Product','Product',90,4,'2015-01-15 17:01:10','2015-01-15 17:01:10'),
	(349,1,0,'Modifica Product','Product',91,4,'2015-01-15 17:04:55','2015-01-15 17:04:55'),
	(350,1,0,'Modifica Product','Product',90,4,'2015-01-15 17:05:24','2015-01-15 17:05:24'),
	(351,1,0,'Modifica Product','Product',45,4,'2015-01-15 17:07:37','2015-01-15 17:07:37'),
	(352,1,0,'Modifica Product','Product',15,4,'2015-01-15 17:10:21','2015-01-15 17:10:21'),
	(353,1,0,'Modifica Product','Product',93,4,'2015-01-15 17:13:04','2015-01-15 17:13:04'),
	(354,1,0,'Modifica Product','Product',93,4,'2015-01-15 17:13:37','2015-01-15 17:13:37'),
	(355,1,0,'Modifica Product','Product',15,4,'2015-01-15 17:14:03','2015-01-15 17:14:03'),
	(356,1,0,'Modifica Product','Product',37,4,'2015-01-15 17:17:00','2015-01-15 17:17:00'),
	(357,1,0,'Modifica Product','Product',13,4,'2015-01-19 16:12:06','2015-01-19 16:12:06'),
	(358,1,0,'Modifica Product','Product',52,4,'2015-01-19 16:12:51','2015-01-19 16:12:51'),
	(359,1,0,'Modifica Product','Product',94,4,'2015-01-19 16:15:29','2015-01-19 16:15:29'),
	(360,1,0,'Modifica Product','Product',94,4,'2015-01-19 16:15:33','2015-01-19 16:15:33'),
	(361,1,0,'Modifica Product','Product',52,4,'2015-01-19 16:20:15','2015-01-19 16:20:15'),
	(362,1,0,'Modifica Product','Product',46,4,'2015-01-19 16:22:08','2015-01-19 16:22:08'),
	(363,1,0,'Aggiunta Category','Category',27,4,'2015-01-19 16:27:32','2015-01-19 16:27:32'),
	(364,1,0,'Modifica Product','Product',36,4,'2015-01-19 17:21:23','2015-01-19 17:21:23'),
	(365,1,0,'Modifica Product','Product',64,4,'2015-01-19 17:27:11','2015-01-19 17:27:11'),
	(366,1,0,'Modifica Product','Product',46,4,'2015-01-19 17:32:42','2015-01-19 17:32:42'),
	(367,1,0,'Modifica Product','Product',92,4,'2015-01-19 17:36:46','2015-01-19 17:36:46'),
	(368,1,0,'Modifica Product','Product',18,4,'2015-01-19 17:44:28','2015-01-19 17:44:28'),
	(369,1,0,'Modifica Product','Product',18,4,'2015-01-19 17:45:48','2015-01-19 17:45:48'),
	(370,1,0,'Modifica Product','Product',95,4,'2015-01-19 17:47:44','2015-01-19 17:47:44'),
	(371,1,0,'Modifica Product','Product',95,4,'2015-01-20 14:37:16','2015-01-20 14:37:16'),
	(372,1,0,'Modifica Product','Product',96,4,'2015-01-20 14:51:37','2015-01-20 14:51:37'),
	(373,1,0,'Modifica Product','Product',97,4,'2015-01-20 15:00:19','2015-01-20 15:00:19'),
	(374,1,0,'Modifica Product','Product',92,4,'2015-01-20 15:01:57','2015-01-20 15:01:57'),
	(375,1,0,'Modifica Product','Product',96,4,'2015-01-20 15:03:01','2015-01-20 15:03:01'),
	(376,1,0,'Modifica Product','Product',18,4,'2015-01-20 15:05:09','2015-01-20 15:05:09'),
	(377,1,0,'Modifica Product','Product',98,4,'2015-01-20 15:21:30','2015-01-20 15:21:30'),
	(378,1,0,'Modifica Product','Product',99,4,'2015-01-20 15:37:30','2015-01-20 15:37:30'),
	(379,1,0,'Modifica Product','Product',99,4,'2015-01-20 15:38:36','2015-01-20 15:38:36'),
	(380,1,0,'Modifica Product','Product',100,4,'2015-01-20 15:40:42','2015-01-20 15:40:42'),
	(381,1,0,'Modifica Product','Product',100,4,'2015-01-20 15:41:11','2015-01-20 15:41:11'),
	(382,1,0,'Modifica Product','Product',101,4,'2015-01-20 15:43:14','2015-01-20 15:43:14'),
	(383,1,0,'Modifica Product','Product',102,4,'2015-01-20 15:46:15','2015-01-20 15:46:15'),
	(384,1,0,'Modifica Product','Product',103,4,'2015-01-20 15:48:30','2015-01-20 15:48:30'),
	(385,1,0,'Modifica Product','Product',104,4,'2015-01-20 16:59:59','2015-01-20 16:59:59'),
	(386,1,0,'Modifica Product','Product',104,4,'2015-01-20 17:00:51','2015-01-20 17:00:51'),
	(387,1,0,'Modifica Product','Product',105,4,'2015-01-20 17:24:20','2015-01-20 17:24:20'),
	(388,1,0,'Modifica Product','Product',105,4,'2015-01-20 17:30:19','2015-01-20 17:30:19'),
	(389,1,0,'Modifica Product','Product',82,4,'2015-01-20 17:32:39','2015-01-20 17:32:39'),
	(390,1,0,'Modifica Product','Product',106,4,'2015-01-20 17:45:59','2015-01-20 17:45:59'),
	(391,1,0,'Modifica Product','Product',106,4,'2015-01-20 17:46:31','2015-01-20 17:46:31'),
	(392,1,0,'Modifica Product','Product',107,4,'2015-01-20 18:00:25','2015-01-20 18:00:25'),
	(393,1,0,'Modifica Product','Product',107,4,'2015-01-20 18:01:14','2015-01-20 18:01:14'),
	(394,1,0,'Aggiunta CMSCategory','CMSCategory',2,1,'2015-01-30 15:51:32','2015-01-30 15:51:32'),
	(395,1,0,'Aggiunta ImageType','ImageType',46,1,'2015-02-09 16:01:25','2015-02-09 16:01:25'),
	(396,1,0,'Modifica ImageType','ImageType',46,1,'2015-02-09 16:06:14','2015-02-09 16:06:14'),
	(397,1,0,'Modifica ImageType','ImageType',46,1,'2015-02-09 16:07:53','2015-02-09 16:07:53'),
	(398,1,0,'Modifica ImageType','ImageType',46,1,'2015-02-09 16:08:16','2015-02-09 16:08:16'),
	(399,1,0,'Modifica Product','Product',12,4,'2015-02-10 16:41:41','2015-02-10 16:41:41'),
	(400,1,0,'Modifica Product','Product',12,4,'2015-02-10 16:42:59','2015-02-10 16:42:59'),
	(401,1,0,'Modifica Product','Product',12,4,'2015-02-10 16:43:51','2015-02-10 16:43:51'),
	(402,1,0,'Modifica Product','Product',12,4,'2015-02-10 17:02:10','2015-02-10 17:02:10'),
	(403,1,0,'Modifica Product','Product',12,4,'2015-02-10 17:03:26','2015-02-10 17:03:26'),
	(404,1,0,'Modifica Product','Product',12,4,'2015-02-10 17:03:44','2015-02-10 17:03:44'),
	(405,1,0,'Modifica Product','Product',12,4,'2015-02-10 17:06:14','2015-02-10 17:06:14'),
	(406,1,0,'Modifica Product','Product',12,4,'2015-02-10 17:08:58','2015-02-10 17:08:58'),
	(407,1,0,'Modifica Product','Product',12,4,'2015-02-10 17:09:26','2015-02-10 17:09:26'),
	(408,1,0,'Modifica Product','Product',12,4,'2015-02-10 17:09:52','2015-02-10 17:09:52'),
	(409,1,0,'Modifica Product','Product',12,4,'2015-02-10 17:10:01','2015-02-10 17:10:01'),
	(410,1,0,'Aggiunta Product','Product',108,4,'2015-02-10 17:10:45','2015-02-10 17:10:45'),
	(411,1,0,'Modifica Product','Product',12,4,'2015-02-10 19:00:28','2015-02-10 19:00:28'),
	(412,1,0,'Modifica Product','Product',12,4,'2015-02-10 19:01:46','2015-02-10 19:01:46'),
	(413,1,0,'Modifica Product','Product',12,4,'2015-02-10 19:02:20','2015-02-10 19:02:20'),
	(414,1,0,'Modifica Product','Product',12,4,'2015-02-10 19:03:44','2015-02-10 19:03:44'),
	(415,1,0,'Modifica Product','Product',12,1,'2015-02-10 19:05:49','2015-02-10 19:05:49'),
	(416,1,0,'Modifica Product','Product',12,1,'2015-02-10 19:06:25','2015-02-10 19:06:25'),
	(417,1,0,'Modifica Product','Product',12,1,'2015-02-10 19:06:46','2015-02-10 19:06:46'),
	(418,1,0,'Modifica Product','Product',12,4,'2015-02-10 19:09:27','2015-02-10 19:09:27'),
	(419,1,0,'Modifica Product','Product',13,4,'2015-02-10 19:10:13','2015-02-10 19:10:13'),
	(420,1,0,'Modifica Product','Product',13,4,'2015-02-10 19:10:29','2015-02-10 19:10:29'),
	(421,1,0,'Modifica Product','Product',13,4,'2015-02-10 19:10:47','2015-02-10 19:10:47'),
	(422,1,0,'Modifica Product','Product',12,4,'2015-02-10 19:17:28','2015-02-10 19:17:28'),
	(423,1,0,'Modifica Product','Product',12,1,'2015-02-10 19:35:21','2015-02-10 19:35:21'),
	(424,1,0,'Cancellazione Product','Product',108,1,'2015-02-10 19:39:07','2015-02-10 19:39:07'),
	(425,1,0,'Modifica Product','Product',12,4,'2015-02-10 19:44:35','2015-02-10 19:44:35'),
	(426,1,0,'Modifica Product','Product',12,4,'2015-02-10 19:50:51','2015-02-10 19:50:51'),
	(427,1,0,'Modifica Product','Product',12,4,'2015-02-10 19:52:00','2015-02-10 19:52:00'),
	(428,1,0,'Modifica Product','Product',13,4,'2015-02-10 19:52:17','2015-02-10 19:52:17'),
	(429,1,0,'Modifica Product','Product',12,4,'2015-02-10 19:53:57','2015-02-10 19:53:57'),
	(430,1,0,'Modifica Product','Product',13,4,'2015-02-10 19:54:24','2015-02-10 19:54:24'),
	(431,1,0,'Modifica Product','Product',13,4,'2015-02-10 20:01:23','2015-02-10 20:01:23'),
	(432,1,0,'Modifica Product','Product',12,4,'2015-02-10 20:03:46','2015-02-10 20:03:46'),
	(433,1,0,'Modifica Product','Product',12,1,'2015-02-10 20:25:44','2015-02-10 20:25:44'),
	(434,1,0,'Modifica Product','Product',12,4,'2015-02-10 20:27:51','2015-02-10 20:27:51'),
	(435,1,0,'Modifica Product','Product',12,4,'2015-02-10 20:31:50','2015-02-10 20:31:50'),
	(436,1,0,'Modifica Product','Product',12,4,'2015-02-10 20:35:25','2015-02-10 20:35:25'),
	(437,1,0,'Modifica Product','Product',12,4,'2015-02-10 20:36:43','2015-02-10 20:36:43'),
	(438,1,0,'Modifica Product','Product',12,4,'2015-02-10 20:39:14','2015-02-10 20:39:14'),
	(439,1,0,'Modifica Product','Product',12,4,'2015-02-10 20:40:22','2015-02-10 20:40:22'),
	(440,1,0,'Modifica Product','Product',12,1,'2015-02-10 20:55:58','2015-02-10 20:55:58'),
	(441,1,0,'Modifica Product','Product',12,1,'2015-02-10 20:56:18','2015-02-10 20:56:18'),
	(442,1,0,'Modifica Product','Product',12,4,'2015-02-11 15:22:34','2015-02-11 15:22:34'),
	(443,1,0,'Modifica Product','Product',12,4,'2015-02-11 15:24:52','2015-02-11 15:24:52'),
	(444,1,0,'Modifica Product','Product',12,4,'2015-02-11 15:26:54','2015-02-11 15:26:54'),
	(445,1,0,'Modifica Product','Product',12,4,'2015-02-11 16:22:19','2015-02-11 16:22:19'),
	(446,1,0,'Modifica Product','Product',12,4,'2015-02-11 16:29:46','2015-02-11 16:29:46'),
	(447,1,0,'Modifica Product','Product',12,4,'2015-02-12 16:15:47','2015-02-12 16:15:47'),
	(448,1,0,'Modifica Product','Product',12,4,'2015-02-12 16:19:40','2015-02-12 16:19:40'),
	(449,1,0,'Modifica Product','Product',12,4,'2015-02-12 16:24:19','2015-02-12 16:24:19'),
	(450,1,0,'Modifica Product','Product',12,4,'2015-02-12 16:39:37','2015-02-12 16:39:37'),
	(451,1,0,'Modifica Product','Product',40,4,'2015-02-12 16:51:25','2015-02-12 16:51:25'),
	(452,1,0,'Modifica Product','Product',12,4,'2015-02-12 16:53:35','2015-02-12 16:53:35'),
	(453,1,0,'Modifica Product','Product',12,4,'2015-02-12 17:04:56','2015-02-12 17:04:56'),
	(454,1,0,'Modifica Product','Product',12,1,'2015-02-12 17:40:35','2015-02-12 17:40:35'),
	(455,1,0,'Modifica Product','Product',12,1,'2015-02-12 17:44:01','2015-02-12 17:44:01'),
	(456,1,0,'Modifica Product','Product',12,1,'2015-02-12 17:44:59','2015-02-12 17:44:59'),
	(457,1,0,'Modifica Product','Product',12,1,'2015-02-12 17:46:09','2015-02-12 17:46:09'),
	(458,1,0,'Modifica Product','Product',12,1,'2015-02-12 17:46:44','2015-02-12 17:46:44'),
	(459,1,0,'Modifica Product','Product',12,1,'2015-02-12 17:47:40','2015-02-12 17:47:40'),
	(460,1,0,'Modifica Product','Product',12,1,'2015-02-12 17:47:41','2015-02-12 17:47:41');



# Dump of table pr_mailalert_customer_oos
# ------------------------------------------------------------


CREATE TABLE `pr_mailalert_customer_oos` (
  `id_customer` int(10) unsigned NOT NULL,
  `id_shop` int(11) NOT NULL DEFAULT '0',
  `customer_email` varchar(128) NOT NULL,
  `id_product` int(10) unsigned NOT NULL,
  `id_product_attribute` int(10) unsigned NOT NULL,
  `id_lang` int(10) unsigned NOT NULL,
  `date_add` datetime NOT NULL,
  PRIMARY KEY (`id_customer`,`customer_email`,`id_product`,`id_product_attribute`,`id_lang`),
  KEY `customer_email` (`customer_email`),
  KEY `id_product` (`id_product`,`id_product_attribute`)
) ENGINE=InnoDB DEFAULT CHARSET=utf8;



# Dump of table pr_manufacturer
# ------------------------------------------------------------


CREATE TABLE `pr_manufacturer` (
  `id_manufacturer` int(10) unsigned NOT NULL AUTO_INCREMENT,
  `name` varchar(64) NOT NULL,
  `date_add` datetime NOT NULL,
  `date_upd` datetime NOT NULL,
  `active` tinyint(1) NOT NULL DEFAULT '0',
  PRIMARY KEY (`id_manufacturer`)
) ENGINE=InnoDB DEFAULT CHARSET=utf8;



# Dump of table pr_manufacturer_lang
# ------------------------------------------------------------


CREATE TABLE `pr_manufacturer_lang` (
  `id_manufacturer` int(10) unsigned NOT NULL,
  `id_lang` int(10) unsigned NOT NULL,
  `description` text,
  `short_description` text,
  `meta_title` varchar(128) DEFAULT NULL,
  `meta_keywords` varchar(255) DEFAULT NULL,
  `meta_description` varchar(255) DEFAULT NULL,
  PRIMARY KEY (`id_manufacturer`,`id_lang`)
) ENGINE=InnoDB DEFAULT CHARSET=utf8;



# Dump of table pr_manufacturer_shop
# ------------------------------------------------------------


CREATE TABLE `pr_manufacturer_shop` (
  `id_manufacturer` int(11) unsigned NOT NULL,
  `id_shop` int(11) unsigned NOT NULL,
  PRIMARY KEY (`id_manufacturer`,`id_shop`),
  KEY `id_shop` (`id_shop`)
) ENGINE=InnoDB DEFAULT CHARSET=utf8;



# Dump of table pr_memcached_servers
# ------------------------------------------------------------


CREATE TABLE `pr_memcached_servers` (
  `id_memcached_server` int(11) unsigned NOT NULL AUTO_INCREMENT,
  `ip` varchar(254) NOT NULL,
  `port` int(11) unsigned NOT NULL,
  `weight` int(11) unsigned NOT NULL,
  PRIMARY KEY (`id_memcached_server`)
) ENGINE=InnoDB DEFAULT CHARSET=utf8;



# Dump of table pr_message
# ------------------------------------------------------------


CREATE TABLE `pr_message` (
  `id_message` int(10) unsigned NOT NULL AUTO_INCREMENT,
  `id_cart` int(10) unsigned DEFAULT NULL,
  `id_customer` int(10) unsigned NOT NULL,
  `id_employee` int(10) unsigned DEFAULT NULL,
  `id_order` int(10) unsigned NOT NULL,
  `message` text NOT NULL,
  `private` tinyint(1) unsigned NOT NULL DEFAULT '1',
  `date_add` datetime NOT NULL,
  PRIMARY KEY (`id_message`),
  KEY `message_order` (`id_order`),
  KEY `id_cart` (`id_cart`),
  KEY `id_customer` (`id_customer`),
  KEY `id_employee` (`id_employee`)
) ENGINE=InnoDB DEFAULT CHARSET=utf8;



# Dump of table pr_message_readed
# ------------------------------------------------------------


CREATE TABLE `pr_message_readed` (
  `id_message` int(10) unsigned NOT NULL,
  `id_employee` int(10) unsigned NOT NULL,
  `date_add` datetime NOT NULL,
  PRIMARY KEY (`id_message`,`id_employee`)
) ENGINE=InnoDB DEFAULT CHARSET=utf8;



# Dump of table pr_meta
# ------------------------------------------------------------


CREATE TABLE `pr_meta` (
  `id_meta` int(10) unsigned NOT NULL AUTO_INCREMENT,
  `page` varchar(64) NOT NULL,
  `configurable` tinyint(1) unsigned NOT NULL DEFAULT '1',
  PRIMARY KEY (`id_meta`),
  UNIQUE KEY `page` (`page`),
  KEY `meta_name` (`page`)
) ENGINE=InnoDB DEFAULT CHARSET=utf8;


INSERT INTO `pr_meta` (`id_meta`, `page`, `configurable`)
VALUES
	(1,'index',0),
	(2,'product',0),
	(3,'category',0),
	(4,'cms',0),
	(5,'products-comparison',1),
	(6,'module-bankwire-payment',0),
	(7,'module-bankwire-validation',0),
	(8,'module-cheque-validation',0),
	(9,'module-cheque-payment',0);



# Dump of table pr_meta_lang
# ------------------------------------------------------------


CREATE TABLE `pr_meta_lang` (
  `id_meta` int(10) unsigned NOT NULL,
  `id_shop` int(11) unsigned NOT NULL DEFAULT '1',
  `id_lang` int(10) unsigned NOT NULL,
  `title` varchar(128) DEFAULT NULL,
  `description` varchar(255) DEFAULT NULL,
  `keywords` varchar(255) DEFAULT NULL,
  `url_rewrite` varchar(254) NOT NULL,
  PRIMARY KEY (`id_meta`,`id_shop`,`id_lang`),
  KEY `id_shop` (`id_shop`),
  KEY `id_lang` (`id_lang`)
) ENGINE=InnoDB DEFAULT CHARSET=utf8;



# Dump of table pr_module
# ------------------------------------------------------------


CREATE TABLE `pr_module` (
  `id_module` int(10) unsigned NOT NULL AUTO_INCREMENT,
  `name` varchar(64) NOT NULL,
  `active` tinyint(1) unsigned NOT NULL DEFAULT '0',
  `version` varchar(8) NOT NULL,
  PRIMARY KEY (`id_module`),
  UNIQUE KEY `name` (`name`)
) ENGINE=InnoDB DEFAULT CHARSET=utf8;


INSERT INTO `pr_module` (`id_module`, `name`, `active`, `version`)
VALUES
	(1,'homefeatured',1,'1.5'),
	(2,'gsitemap',1,'1.9'),
	(3,'cheque',1,'2.5.1'),
	(4,'moneybookers',1,'1.6.4'),
	(5,'editorial',1,'2.0'),
	(6,'bankwire',1,'1.0.0'),
	(7,'blockadvertising',1,'0.5'),
	(8,'blockbestsellers',1,'1.5.5'),
	(9,'blockcart',1,'1.5.1'),
	(10,'blockcategories',1,'2.8.2'),
	(11,'blockcurrencies',1,'0.3.1'),
	(12,'blockcms',1,'2.0.1'),
	(13,'blocklanguages',1,'1.3.1'),
	(14,'blockmanufacturer',1,'1.2.1'),
	(15,'blockmyaccount',1,'1.3.1'),
	(16,'blocknewproducts',1,'1.9.2'),
	(17,'blockpaymentlogo',1,'0.3.1'),
	(18,'blockpermanentlinks',1,'0.2.1'),
	(19,'blocksearch',1,'1.5.1'),
	(20,'blockspecials',0,'1.1.1'),
	(21,'blocktags',1,'1.2.1'),
	(22,'blockuserinfo',1,'0.3.1'),
	(24,'blockviewed',1,'1.2'),
	(25,'statsdata',1,'1.3'),
	(26,'statsvisits',1,'1.4'),
	(27,'statssales',1,'1.2.1'),
	(28,'statsregistrations',1,'1.2'),
	(30,'statspersonalinfos',1,'1.2'),
	(31,'statslive',1,'1.2.1'),
	(32,'statsequipment',1,'1.2.1'),
	(33,'statscatalog',1,'1.2.2'),
	(34,'graphvisifire',1,'1'),
	(35,'graphxmlswfcharts',1,'1'),
	(36,'graphgooglechart',1,'1'),
	(37,'graphartichow',1,'1'),
	(39,'gridhtml',1,'1.2.1'),
	(40,'statsbestcustomers',1,'1.3'),
	(41,'statsorigin',1,'1.2'),
	(42,'pagesnotfound',1,'1.3.2'),
	(43,'sekeywords',1,'1.2.2'),
	(44,'statsproduct',1,'1.2'),
	(45,'statsbestproducts',1,'1.3'),
	(46,'statsbestcategories',1,'1.3'),
	(47,'statsbestvouchers',1,'1.3'),
	(48,'statsbestsuppliers',1,'1.2'),
	(49,'statscarrier',1,'1.2'),
	(50,'statsnewsletter',1,'1.2'),
	(51,'statssearch',1,'1.3.1'),
	(52,'statscheckup',1,'1.2'),
	(53,'statsstock',1,'1.3'),
	(54,'blockstore',1,'1.2.1'),
	(55,'statsforecast',1,'1.3.2'),
	(56,'carriercompare',1,'2.1.4'),
	(58,'paypal',1,'3.4.1'),
	(59,'themeinstallator',1,'2.4'),
	(60,'vatnumber',1,'1.2'),
	(61,'mailalerts',1,'2.4'),
	(62,'productpagetags',0,'1'),
	(63,'newsletter',1,'2'),
	(64,'fbtwgpack',0,'1.0'),
	(65,'blocklink',1,'1.5'),
	(66,'piscesslider',0,'1.0'),
	(67,'tmbanner1',0,'1.4'),
	(68,'tmbestsellers',0,'1.0'),
	(69,'tmcategories',0,'1.4'),
	(70,'tmfooterlinks',0,'1.4'),
	(71,'tmspecials',0,'1'),
	(72,'watermark',1,'0.9'),
	(73,'blockwishlist',1,'1.0'),
	(74,'fianetsceau',0,'1.0'),
	(75,'productscategory',1,'1.3'),
	(91,'modulesmodify',0,''),
	(92,'handlegroups',0,'3.0.5'),
	(94,'interestedinproduct',0,'1.5.1'),
	(95,'events',0,'1.7'),
	(99,'supplieralert',0,'1.4'),
	(100,'autoupgrade',1,'1.3.15'),
	(101,'graphnvd3',1,'1.3'),
	(102,'dashactivity',1,'0.2'),
	(103,'dashtrends',1,'0.6'),
	(104,'dashgoals',1,'0.5'),
	(105,'dashproducts',1,'0.3.1'),
	(106,'socialsharing',1,'1.2.6'),
	(107,'blockbanner',1,'1.3.1'),
	(108,'blocksocial',1,'1.1.3'),
	(109,'blockfacebook',1,'1.3.2'),
	(110,'blocklayered',1,'2.0.7'),
	(111,'blockcmsinfo',1,'1.5.2'),
	(112,'blockcontact',1,'1.2'),
	(113,'blockcontactinfos',1,'1.1.1'),
	(114,'blockmyaccountfooter',1,'1.5.1'),
	(115,'blocknewsletter',1,'2.1.3'),
	(116,'blocksupplier',1,'1.1.1'),
	(117,'blocktopmenu',1,'2.0.9'),
	(118,'homeslider',1,'1.4.5'),
	(119,'productpaymentlogos',1,'1.3.5'),
	(120,'themeconfigurator',1,'1.1.8'),
	(121,'productcomments',1,'3.3.6'),
	(122,'sendtoafriend',1,'1.7.2'),
	(123,'blocknewsplus',1,'1.2.2'),
	(124,'mailchimpsync',1,'2.0.3'),
	(125,'imageregenerator',1,'1.0');



# Dump of table pr_module_access
# ------------------------------------------------------------


CREATE TABLE `pr_module_access` (
  `id_profile` int(10) unsigned NOT NULL,
  `id_module` int(10) unsigned NOT NULL,
  `view` tinyint(1) NOT NULL,
  `configure` tinyint(1) NOT NULL,
  PRIMARY KEY (`id_profile`,`id_module`)
) ENGINE=InnoDB DEFAULT CHARSET=utf8;


INSERT INTO `pr_module_access` (`id_profile`, `id_module`, `view`, `configure`)
VALUES
	(1,1,1,1),
	(1,2,1,1),
	(1,3,1,1),
	(1,4,1,1),
	(1,5,1,1),
	(1,6,1,1),
	(1,7,1,1),
	(1,8,1,1),
	(1,9,1,1),
	(1,10,1,1),
	(1,11,1,1),
	(1,12,1,1),
	(1,13,1,1),
	(1,14,1,1),
	(1,15,1,1),
	(1,16,1,1),
	(1,17,1,1),
	(1,18,1,1),
	(1,19,1,1),
	(1,20,1,1),
	(1,21,1,1),
	(1,22,1,1),
	(1,24,1,1),
	(1,25,1,1),
	(1,26,1,1),
	(1,27,1,1),
	(1,28,1,1),
	(1,30,1,1),
	(1,31,1,1),
	(1,32,1,1),
	(1,33,1,1),
	(1,34,1,1),
	(1,35,1,1),
	(1,36,1,1),
	(1,37,1,1),
	(1,39,1,1),
	(1,40,1,1),
	(1,41,1,1),
	(1,42,1,1),
	(1,43,1,1),
	(1,44,1,1),
	(1,45,1,1),
	(1,46,1,1),
	(1,47,1,1),
	(1,48,1,1),
	(1,49,1,1),
	(1,50,1,1),
	(1,51,1,1),
	(1,52,1,1),
	(1,53,1,1),
	(1,54,1,1),
	(1,55,1,1),
	(1,56,1,1),
	(1,58,1,1),
	(1,59,1,1),
	(1,60,1,1),
	(1,61,1,1),
	(1,62,1,1),
	(1,63,1,1),
	(1,64,1,1),
	(1,65,1,1),
	(1,66,1,1),
	(1,67,1,1),
	(1,68,1,1),
	(1,69,1,1),
	(1,70,1,1),
	(1,71,1,1),
	(1,72,1,1),
	(1,73,1,1),
	(1,74,1,1),
	(1,75,1,1),
	(1,91,1,1),
	(1,92,1,1),
	(1,94,1,1),
	(1,95,1,1),
	(1,99,1,1),
	(1,100,1,1),
	(1,101,1,1),
	(1,102,1,1),
	(1,103,1,1),
	(1,104,1,1),
	(1,105,1,1),
	(1,106,1,1),
	(1,107,1,1),
	(1,108,1,1),
	(1,109,1,1),
	(1,110,1,1),
	(1,111,1,1),
	(1,112,1,1),
	(1,113,1,1),
	(1,114,1,1),
	(1,115,1,1),
	(1,116,1,1),
	(1,117,1,1),
	(1,118,1,1),
	(1,119,1,1),
	(1,120,1,1),
	(1,121,1,1),
	(1,122,1,1),
	(1,123,1,1),
	(1,124,1,1),
	(1,125,1,1),
	(3,1,1,0),
	(3,2,1,0),
	(3,3,1,0),
	(3,4,1,0),
	(3,5,1,0),
	(3,6,1,0),
	(3,7,1,0),
	(3,8,1,0),
	(3,9,1,0),
	(3,10,1,0),
	(3,11,1,0),
	(3,12,1,0),
	(3,13,1,0),
	(3,14,1,0),
	(3,15,1,0),
	(3,16,1,0),
	(3,17,1,0),
	(3,18,1,0),
	(3,19,1,0),
	(3,20,1,0),
	(3,21,1,0),
	(3,22,1,0),
	(3,24,1,0),
	(3,25,1,0),
	(3,26,1,0),
	(3,27,1,0),
	(3,28,1,0),
	(3,30,1,0),
	(3,31,1,0),
	(3,32,1,0),
	(3,33,1,0),
	(3,34,1,0),
	(3,35,1,0),
	(3,36,1,0),
	(3,37,1,0),
	(3,39,1,0),
	(3,40,1,0),
	(3,41,1,0),
	(3,42,1,0),
	(3,43,1,0),
	(3,44,1,0),
	(3,45,1,0),
	(3,46,1,0),
	(3,47,1,0),
	(3,48,1,0),
	(3,49,1,0),
	(3,50,1,0),
	(3,51,1,0),
	(3,52,1,0),
	(3,53,1,0),
	(3,54,1,0),
	(3,55,1,0),
	(3,56,1,0),
	(3,58,1,0),
	(3,59,1,0),
	(3,60,1,0),
	(3,61,1,0),
	(3,62,1,0),
	(3,63,1,0),
	(3,64,1,0),
	(3,65,1,0),
	(3,66,1,0),
	(3,67,1,0),
	(3,68,1,0),
	(3,69,1,0),
	(3,70,1,0),
	(3,71,1,0),
	(3,72,1,0),
	(3,73,1,0),
	(3,74,1,0),
	(3,75,1,0),
	(3,91,1,0),
	(3,92,1,0),
	(3,94,1,0),
	(3,95,1,0),
	(3,99,1,0),
	(3,100,1,0),
	(3,101,1,1),
	(3,102,1,1),
	(3,103,1,1),
	(3,104,1,1),
	(3,105,1,1),
	(3,106,1,0),
	(3,107,1,0),
	(3,108,1,0),
	(3,109,1,0),
	(3,110,1,0),
	(3,111,1,0),
	(3,112,1,0),
	(3,113,1,0),
	(3,114,1,0),
	(3,115,1,0),
	(3,116,1,0),
	(3,117,1,0),
	(3,118,1,0),
	(3,119,1,0),
	(3,120,1,0),
	(3,121,1,0),
	(3,122,1,0),
	(3,123,1,0),
	(3,124,1,0),
	(3,125,1,0),
	(4,1,1,0),
	(4,2,1,0),
	(4,3,1,0),
	(4,4,1,0),
	(4,5,1,0),
	(4,6,1,0),
	(4,7,1,0),
	(4,8,1,0),
	(4,9,1,0),
	(4,10,1,0),
	(4,11,1,0),
	(4,12,1,0),
	(4,13,1,0),
	(4,14,1,0),
	(4,15,1,0),
	(4,16,1,0),
	(4,17,1,0),
	(4,18,1,0),
	(4,19,1,0),
	(4,20,1,0),
	(4,21,1,0),
	(4,22,1,0),
	(4,24,1,0),
	(4,25,1,0),
	(4,26,1,0),
	(4,27,1,0),
	(4,28,1,0),
	(4,30,1,0),
	(4,31,1,0),
	(4,32,1,0),
	(4,33,1,0),
	(4,34,1,0),
	(4,35,1,0),
	(4,36,1,0),
	(4,37,1,0),
	(4,39,1,0),
	(4,40,1,0),
	(4,41,1,0),
	(4,42,1,0),
	(4,43,1,0),
	(4,44,1,0),
	(4,45,1,0),
	(4,46,1,0),
	(4,47,1,0),
	(4,48,1,0),
	(4,49,1,0),
	(4,50,1,0),
	(4,51,1,0),
	(4,52,1,0),
	(4,53,1,0),
	(4,54,1,0),
	(4,55,1,0),
	(4,56,1,0),
	(4,58,1,0),
	(4,59,1,0),
	(4,60,1,0),
	(4,61,1,0),
	(4,62,1,0),
	(4,63,1,0),
	(4,64,1,0),
	(4,65,1,0),
	(4,66,1,0),
	(4,67,1,0),
	(4,68,1,0),
	(4,69,1,0),
	(4,70,1,0),
	(4,71,1,0),
	(4,72,1,0),
	(4,73,1,0),
	(4,74,1,0),
	(4,75,1,0),
	(4,91,1,0),
	(4,92,1,0),
	(4,94,1,0),
	(4,95,1,0),
	(4,99,1,0),
	(4,100,1,0),
	(4,101,1,1),
	(4,102,1,1),
	(4,103,1,1),
	(4,104,1,1),
	(4,105,1,1),
	(4,106,1,0),
	(4,107,1,0),
	(4,108,1,0),
	(4,109,1,0),
	(4,110,1,0),
	(4,111,1,0),
	(4,112,1,0),
	(4,113,1,0),
	(4,114,1,0),
	(4,115,1,0),
	(4,116,1,0),
	(4,117,1,0),
	(4,118,1,0),
	(4,119,1,0),
	(4,120,1,0),
	(4,121,1,0),
	(4,122,1,0),
	(4,123,1,0),
	(4,124,1,0),
	(4,125,1,0),
	(5,1,1,0),
	(5,2,1,0),
	(5,3,1,0),
	(5,4,1,0),
	(5,5,1,0),
	(5,6,1,0),
	(5,7,1,0),
	(5,8,1,0),
	(5,9,1,0),
	(5,10,1,0),
	(5,11,1,0),
	(5,12,1,0),
	(5,13,1,0),
	(5,14,1,1),
	(5,15,1,0),
	(5,16,1,1),
	(5,17,1,0),
	(5,18,1,0),
	(5,19,1,0),
	(5,20,1,1),
	(5,21,1,1),
	(5,22,1,0),
	(5,24,1,1),
	(5,25,1,0),
	(5,26,1,0),
	(5,27,1,0),
	(5,28,1,0),
	(5,30,1,1),
	(5,31,1,0),
	(5,32,1,0),
	(5,33,1,1),
	(5,34,1,0),
	(5,35,1,0),
	(5,36,1,0),
	(5,37,1,0),
	(5,39,1,1),
	(5,40,1,0),
	(5,41,1,0),
	(5,42,1,0),
	(5,43,1,0),
	(5,44,1,1),
	(5,45,1,1),
	(5,46,1,0),
	(5,47,1,0),
	(5,48,1,0),
	(5,49,1,0),
	(5,50,1,0),
	(5,51,1,0),
	(5,52,1,0),
	(5,53,1,0),
	(5,54,1,1),
	(5,55,1,0),
	(5,56,1,0),
	(5,58,1,0),
	(5,59,1,0),
	(5,60,1,0),
	(5,61,1,0),
	(5,62,1,0),
	(5,63,1,1),
	(5,64,1,0),
	(5,65,1,0),
	(5,66,1,1),
	(5,67,1,0),
	(5,68,1,0),
	(5,69,1,0),
	(5,70,1,0),
	(5,71,1,0),
	(5,72,1,0),
	(5,73,1,0),
	(5,74,1,0),
	(5,75,1,0),
	(5,91,1,0),
	(5,92,1,0),
	(5,94,1,1),
	(5,95,1,0),
	(5,99,1,0),
	(5,100,1,0),
	(5,101,1,0),
	(5,102,1,0),
	(5,103,1,0),
	(5,104,1,0),
	(5,105,1,0),
	(5,106,1,0),
	(5,107,1,0),
	(5,108,1,0),
	(5,109,1,0),
	(5,110,1,0),
	(5,111,1,0),
	(5,112,1,0),
	(5,113,1,0),
	(5,114,1,0),
	(5,115,1,0),
	(5,116,1,1),
	(5,117,1,0),
	(5,118,1,0),
	(5,119,1,0),
	(5,120,1,0),
	(5,121,1,0),
	(5,122,1,0),
	(5,123,1,0),
	(5,124,1,0),
	(5,125,1,0);



# Dump of table pr_module_country
# ------------------------------------------------------------


CREATE TABLE `pr_module_country` (
  `id_module` int(10) unsigned NOT NULL,
  `id_shop` int(11) unsigned NOT NULL DEFAULT '1',
  `id_country` int(10) unsigned NOT NULL,
  PRIMARY KEY (`id_module`,`id_shop`,`id_country`)
) ENGINE=InnoDB DEFAULT CHARSET=utf8;


INSERT INTO `pr_module_country` (`id_module`, `id_shop`, `id_country`)
VALUES
	(3,1,1),
	(3,1,2),
	(3,1,3),
	(3,1,4),
	(3,1,5),
	(3,1,6),
	(3,1,7),
	(3,1,8),
	(3,1,9),
	(3,1,10),
	(3,1,11),
	(3,1,12),
	(3,1,13),
	(3,1,14),
	(3,1,15),
	(3,1,16),
	(3,1,17),
	(3,1,18),
	(3,1,19),
	(3,1,20),
	(3,1,21),
	(3,1,22),
	(3,1,23),
	(3,1,24),
	(3,1,25),
	(3,1,26),
	(3,1,27),
	(3,1,28),
	(3,1,29),
	(3,1,30),
	(3,1,31),
	(3,1,32),
	(3,1,33),
	(3,1,34),
	(4,1,1),
	(4,1,2),
	(4,1,3),
	(4,1,4),
	(4,1,5),
	(4,1,6),
	(4,1,7),
	(4,1,8),
	(4,1,9),
	(4,1,10),
	(4,1,11),
	(4,1,12),
	(4,1,13),
	(4,1,14),
	(4,1,15),
	(4,1,16),
	(4,1,17),
	(4,1,18),
	(4,1,19),
	(4,1,20),
	(4,1,21),
	(4,1,22),
	(4,1,23),
	(4,1,24),
	(4,1,25),
	(4,1,26),
	(4,1,27),
	(4,1,28),
	(4,1,29),
	(4,1,30),
	(4,1,31),
	(4,1,32),
	(4,1,33),
	(4,1,34),
	(6,1,1),
	(6,1,2),
	(6,1,3),
	(6,1,4),
	(6,1,5),
	(6,1,6),
	(6,1,7),
	(6,1,8),
	(6,1,9),
	(6,1,10),
	(6,1,11),
	(6,1,12),
	(6,1,13),
	(6,1,14),
	(6,1,15),
	(6,1,16),
	(6,1,17),
	(6,1,18),
	(6,1,19),
	(6,1,20),
	(6,1,21),
	(6,1,22),
	(6,1,23),
	(6,1,24),
	(6,1,25),
	(6,1,26),
	(6,1,27),
	(6,1,28),
	(6,1,29),
	(6,1,30),
	(6,1,31),
	(6,1,32),
	(6,1,33),
	(6,1,34),
	(58,1,1),
	(58,1,2),
	(58,1,3),
	(58,1,4),
	(58,1,5),
	(58,1,6),
	(58,1,7),
	(58,1,8),
	(58,1,9),
	(58,1,10),
	(58,1,11),
	(58,1,12),
	(58,1,13),
	(58,1,14),
	(58,1,15),
	(58,1,16),
	(58,1,17),
	(58,1,18),
	(58,1,19),
	(58,1,20),
	(58,1,21),
	(58,1,22),
	(58,1,23),
	(58,1,24),
	(58,1,25),
	(58,1,26),
	(58,1,27),
	(58,1,28),
	(58,1,29),
	(58,1,30),
	(58,1,31),
	(58,1,32),
	(58,1,33),
	(58,1,34),
	(58,1,35),
	(58,1,36),
	(58,1,37),
	(58,1,38),
	(58,1,39),
	(58,1,40),
	(58,1,41),
	(58,1,42),
	(58,1,43),
	(58,1,44),
	(58,1,45),
	(58,1,46),
	(58,1,47),
	(58,1,48),
	(58,1,49),
	(58,1,50),
	(58,1,51),
	(58,1,52),
	(58,1,53),
	(58,1,54),
	(58,1,55),
	(58,1,56),
	(58,1,57),
	(58,1,58),
	(58,1,59),
	(58,1,60),
	(58,1,61),
	(58,1,62),
	(58,1,63),
	(58,1,64),
	(58,1,65),
	(58,1,66),
	(58,1,67),
	(58,1,68),
	(58,1,69),
	(58,1,70),
	(58,1,71),
	(58,1,72),
	(58,1,73),
	(58,1,74),
	(58,1,75),
	(58,1,76),
	(58,1,77),
	(58,1,78),
	(58,1,79),
	(58,1,80),
	(58,1,81),
	(58,1,82),
	(58,1,83),
	(58,1,84),
	(58,1,85),
	(58,1,86),
	(58,1,87),
	(58,1,88),
	(58,1,89),
	(58,1,90),
	(58,1,91),
	(58,1,92),
	(58,1,93),
	(58,1,94),
	(58,1,95),
	(58,1,96),
	(58,1,97),
	(58,1,98),
	(58,1,99),
	(58,1,100),
	(58,1,101),
	(58,1,102),
	(58,1,103),
	(58,1,104),
	(58,1,105),
	(58,1,106),
	(58,1,107),
	(58,1,108),
	(58,1,109),
	(58,1,110),
	(58,1,111),
	(58,1,112),
	(58,1,113),
	(58,1,114),
	(58,1,115),
	(58,1,116),
	(58,1,117),
	(58,1,118),
	(58,1,119),
	(58,1,120),
	(58,1,121),
	(58,1,122),
	(58,1,123),
	(58,1,124),
	(58,1,125),
	(58,1,126),
	(58,1,127),
	(58,1,128),
	(58,1,129),
	(58,1,130),
	(58,1,131),
	(58,1,132),
	(58,1,133),
	(58,1,134),
	(58,1,135),
	(58,1,136),
	(58,1,137),
	(58,1,138),
	(58,1,139),
	(58,1,140),
	(58,1,141),
	(58,1,142),
	(58,1,143),
	(58,1,144),
	(58,1,145),
	(58,1,146),
	(58,1,147),
	(58,1,148),
	(58,1,149),
	(58,1,150),
	(58,1,151),
	(58,1,152),
	(58,1,153),
	(58,1,154),
	(58,1,155),
	(58,1,156),
	(58,1,157),
	(58,1,158),
	(58,1,159),
	(58,1,160),
	(58,1,161),
	(58,1,162),
	(58,1,163),
	(58,1,164),
	(58,1,165),
	(58,1,166),
	(58,1,167),
	(58,1,168),
	(58,1,169),
	(58,1,170),
	(58,1,171),
	(58,1,172),
	(58,1,173),
	(58,1,174),
	(58,1,175),
	(58,1,176),
	(58,1,177),
	(58,1,178),
	(58,1,179),
	(58,1,180),
	(58,1,181),
	(58,1,182),
	(58,1,183),
	(58,1,184),
	(58,1,185),
	(58,1,186),
	(58,1,187),
	(58,1,188),
	(58,1,189),
	(58,1,190),
	(58,1,191),
	(58,1,192),
	(58,1,193),
	(58,1,194),
	(58,1,195),
	(58,1,196),
	(58,1,197),
	(58,1,198),
	(58,1,199),
	(58,1,200),
	(58,1,201),
	(58,1,202),
	(58,1,203),
	(58,1,204),
	(58,1,205),
	(58,1,206),
	(58,1,207),
	(58,1,208),
	(58,1,209),
	(58,1,210),
	(58,1,211),
	(58,1,212),
	(58,1,213),
	(58,1,214),
	(58,1,215),
	(58,1,216),
	(58,1,217),
	(58,1,218),
	(58,1,219),
	(58,1,220),
	(58,1,221),
	(58,1,222),
	(58,1,223),
	(58,1,224),
	(58,1,225),
	(58,1,226),
	(58,1,227),
	(58,1,228),
	(58,1,229),
	(58,1,230),
	(58,1,231),
	(58,1,232),
	(58,1,233),
	(58,1,234),
	(58,1,235),
	(58,1,236),
	(58,1,237),
	(58,1,238),
	(58,1,239),
	(58,1,240),
	(58,1,241),
	(58,1,242),
	(58,1,243),
	(58,1,244);



# Dump of table pr_module_currency
# ------------------------------------------------------------


CREATE TABLE `pr_module_currency` (
  `id_module` int(10) unsigned NOT NULL,
  `id_shop` int(11) unsigned NOT NULL DEFAULT '1',
  `id_currency` int(11) NOT NULL,
  PRIMARY KEY (`id_module`,`id_shop`,`id_currency`),
  KEY `id_module` (`id_module`)
) ENGINE=InnoDB DEFAULT CHARSET=utf8;


INSERT INTO `pr_module_currency` (`id_module`, `id_shop`, `id_currency`)
VALUES
	(3,1,1),
	(4,1,1),
	(6,1,1),
	(58,1,1);



# Dump of table pr_module_group
# ------------------------------------------------------------


CREATE TABLE `pr_module_group` (
  `id_module` int(10) unsigned NOT NULL,
  `id_shop` int(11) unsigned NOT NULL DEFAULT '1',
  `id_group` int(11) unsigned NOT NULL,
  PRIMARY KEY (`id_module`,`id_shop`,`id_group`)
) ENGINE=InnoDB DEFAULT CHARSET=utf8;


INSERT INTO `pr_module_group` (`id_module`, `id_shop`, `id_group`)
VALUES
	(1,1,1),
	(1,1,2),
	(1,1,3),
	(1,1,4),
	(2,1,1),
	(2,1,2),
	(2,1,3),
	(2,1,4),
	(3,1,1),
	(3,1,2),
	(3,1,3),
	(3,1,4),
	(4,1,1),
	(4,1,2),
	(4,1,3),
	(4,1,4),
	(5,1,1),
	(5,1,2),
	(5,1,3),
	(5,1,4),
	(6,1,1),
	(6,1,2),
	(6,1,3),
	(6,1,4),
	(7,1,1),
	(7,1,2),
	(7,1,3),
	(7,1,4),
	(8,1,1),
	(8,1,2),
	(8,1,3),
	(8,1,4),
	(9,1,1),
	(9,1,2),
	(9,1,3),
	(9,1,4),
	(10,1,1),
	(10,1,2),
	(10,1,3),
	(10,1,4),
	(11,1,1),
	(11,1,2),
	(11,1,3),
	(11,1,4),
	(12,1,1),
	(12,1,2),
	(12,1,3),
	(12,1,4),
	(13,1,1),
	(13,1,2),
	(13,1,3),
	(13,1,4),
	(14,1,1),
	(14,1,2),
	(14,1,3),
	(14,1,4),
	(15,1,1),
	(15,1,2),
	(15,1,3),
	(15,1,4),
	(16,1,1),
	(16,1,2),
	(16,1,3),
	(16,1,4),
	(17,1,1),
	(17,1,2),
	(17,1,3),
	(17,1,4),
	(18,1,1),
	(18,1,2),
	(18,1,3),
	(18,1,4),
	(19,1,1),
	(19,1,2),
	(19,1,3),
	(19,1,4),
	(20,1,1),
	(20,1,2),
	(20,1,3),
	(20,1,4),
	(21,1,1),
	(21,1,2),
	(21,1,3),
	(21,1,4),
	(22,1,1),
	(22,1,2),
	(22,1,3),
	(22,1,4),
	(24,1,1),
	(24,1,2),
	(24,1,3),
	(24,1,4),
	(25,1,1),
	(25,1,2),
	(25,1,3),
	(25,1,4),
	(26,1,1),
	(26,1,2),
	(26,1,3),
	(26,1,4),
	(27,1,1),
	(27,1,2),
	(27,1,3),
	(27,1,4),
	(28,1,1),
	(28,1,2),
	(28,1,3),
	(28,1,4),
	(30,1,1),
	(30,1,2),
	(30,1,3),
	(30,1,4),
	(31,1,1),
	(31,1,2),
	(31,1,3),
	(31,1,4),
	(32,1,1),
	(32,1,2),
	(32,1,3),
	(32,1,4),
	(33,1,1),
	(33,1,2),
	(33,1,3),
	(33,1,4),
	(34,1,1),
	(34,1,2),
	(34,1,3),
	(34,1,4),
	(35,1,1),
	(35,1,2),
	(35,1,3),
	(35,1,4),
	(36,1,1),
	(36,1,2),
	(36,1,3),
	(36,1,4),
	(37,1,1),
	(37,1,2),
	(37,1,3),
	(37,1,4),
	(39,1,1),
	(39,1,2),
	(39,1,3),
	(39,1,4),
	(40,1,1),
	(40,1,2),
	(40,1,3),
	(40,1,4),
	(41,1,1),
	(41,1,2),
	(41,1,3),
	(41,1,4),
	(42,1,1),
	(42,1,2),
	(42,1,3),
	(42,1,4),
	(43,1,1),
	(43,1,2),
	(43,1,3),
	(43,1,4),
	(44,1,1),
	(44,1,2),
	(44,1,3),
	(44,1,4),
	(45,1,1),
	(45,1,2),
	(45,1,3),
	(45,1,4),
	(46,1,1),
	(46,1,2),
	(46,1,3),
	(46,1,4),
	(47,1,1),
	(47,1,2),
	(47,1,3),
	(47,1,4),
	(48,1,1),
	(48,1,2),
	(48,1,3),
	(48,1,4),
	(49,1,1),
	(49,1,2),
	(49,1,3),
	(49,1,4),
	(50,1,1),
	(50,1,2),
	(50,1,3),
	(50,1,4),
	(51,1,1),
	(51,1,2),
	(51,1,3),
	(51,1,4),
	(52,1,1),
	(52,1,2),
	(52,1,3),
	(52,1,4),
	(53,1,1),
	(53,1,2),
	(53,1,3),
	(53,1,4),
	(54,1,1),
	(54,1,2),
	(54,1,3),
	(54,1,4),
	(55,1,1),
	(55,1,2),
	(55,1,3),
	(55,1,4),
	(56,1,1),
	(56,1,2),
	(56,1,3),
	(56,1,4),
	(58,1,1),
	(58,1,2),
	(58,1,3),
	(58,1,4),
	(59,1,1),
	(59,1,2),
	(59,1,3),
	(59,1,4),
	(60,1,1),
	(60,1,2),
	(60,1,3),
	(60,1,4),
	(61,1,1),
	(61,1,2),
	(61,1,3),
	(61,1,4),
	(62,1,1),
	(62,1,2),
	(62,1,3),
	(62,1,4),
	(63,1,1),
	(63,1,2),
	(63,1,3),
	(63,1,4),
	(64,1,1),
	(64,1,2),
	(64,1,3),
	(64,1,4),
	(65,1,1),
	(65,1,2),
	(65,1,3),
	(65,1,4),
	(66,1,1),
	(66,1,2),
	(66,1,3),
	(66,1,4),
	(67,1,1),
	(67,1,2),
	(67,1,3),
	(67,1,4),
	(68,1,1),
	(68,1,2),
	(68,1,3),
	(68,1,4),
	(69,1,1),
	(69,1,2),
	(69,1,3),
	(69,1,4),
	(70,1,1),
	(70,1,2),
	(70,1,3),
	(70,1,4),
	(71,1,1),
	(71,1,2),
	(71,1,3),
	(71,1,4),
	(72,1,1),
	(72,1,2),
	(72,1,3),
	(72,1,4),
	(73,1,1),
	(73,1,2),
	(73,1,3),
	(73,1,4),
	(74,1,1),
	(74,1,2),
	(74,1,3),
	(74,1,4),
	(75,1,1),
	(75,1,2),
	(75,1,3),
	(75,1,4),
	(91,1,1),
	(91,1,2),
	(91,1,3),
	(91,1,4),
	(92,1,1),
	(92,1,2),
	(92,1,3),
	(92,1,4),
	(94,1,1),
	(94,1,2),
	(94,1,3),
	(94,1,4),
	(95,1,1),
	(95,1,2),
	(95,1,3),
	(95,1,4),
	(99,1,1),
	(99,1,2),
	(99,1,3),
	(99,1,4),
	(100,1,1),
	(100,1,2),
	(100,1,3),
	(100,1,4),
	(106,1,1),
	(106,1,2),
	(106,1,3),
	(106,1,4),
	(107,1,1),
	(107,1,2),
	(107,1,3),
	(107,1,4),
	(108,1,1),
	(108,1,2),
	(108,1,3),
	(108,1,4),
	(109,1,1),
	(109,1,2),
	(109,1,3),
	(109,1,4),
	(110,1,1),
	(110,1,2),
	(110,1,3),
	(110,1,4),
	(111,1,1),
	(111,1,2),
	(111,1,3),
	(111,1,4),
	(112,1,1),
	(112,1,2),
	(112,1,3),
	(112,1,4),
	(113,1,1),
	(113,1,2),
	(113,1,3),
	(113,1,4),
	(114,1,1),
	(114,1,2),
	(114,1,3),
	(114,1,4),
	(115,1,1),
	(115,1,2),
	(115,1,3),
	(115,1,4),
	(116,1,1),
	(116,1,2),
	(116,1,3),
	(116,1,4),
	(117,1,1),
	(117,1,2),
	(117,1,3),
	(117,1,4),
	(118,1,1),
	(118,1,2),
	(118,1,3),
	(118,1,4),
	(119,1,1),
	(119,1,2),
	(119,1,3),
	(119,1,4),
	(120,1,1),
	(120,1,2),
	(120,1,3),
	(120,1,4),
	(121,1,1),
	(121,1,2),
	(121,1,3),
	(121,1,4),
	(122,1,1),
	(122,1,2),
	(122,1,3),
	(122,1,4),
	(123,1,1),
	(123,1,2),
	(123,1,3),
	(123,1,4),
	(124,1,1),
	(124,1,2),
	(124,1,3),
	(124,1,4),
	(125,1,1),
	(125,1,2),
	(125,1,3),
	(125,1,4);



# Dump of table pr_module_group_imodify
# ------------------------------------------------------------


CREATE TABLE `pr_module_group_imodify` (
  `id_module` int(10) NOT NULL,
  KEY `id_module` (`id_module`)
) ENGINE=MyISAM DEFAULT CHARSET=latin1;



# Dump of table pr_module_group_modify
# ------------------------------------------------------------


CREATE TABLE `pr_module_group_modify` (
  `id_module` int(10) NOT NULL,
  `id_group` int(10) NOT NULL,
  KEY `id_group` (`id_group`),
  KEY `id_module` (`id_module`)
) ENGINE=MyISAM DEFAULT CHARSET=latin1;



# Dump of table pr_module_preference
# ------------------------------------------------------------


CREATE TABLE `pr_module_preference` (
  `id_module_preference` int(11) NOT NULL AUTO_INCREMENT,
  `id_employee` int(11) NOT NULL,
  `module` varchar(255) NOT NULL,
  `interest` tinyint(1) DEFAULT NULL,
  `favorite` tinyint(1) DEFAULT NULL,
  PRIMARY KEY (`id_module_preference`),
  UNIQUE KEY `employee_module` (`id_employee`,`module`)
) ENGINE=InnoDB DEFAULT CHARSET=utf8;


INSERT INTO `pr_module_preference` (`id_module_preference`, `id_employee`, `module`, `interest`, `favorite`)
VALUES
	(1,1,'supplieralert',NULL,1);



# Dump of table pr_module_shop
# ------------------------------------------------------------


CREATE TABLE `pr_module_shop` (
  `id_module` int(11) unsigned NOT NULL,
  `id_shop` int(11) unsigned NOT NULL,
  `enable_device` tinyint(1) NOT NULL DEFAULT '7',
  PRIMARY KEY (`id_module`,`id_shop`),
  KEY `id_shop` (`id_shop`)
) ENGINE=InnoDB DEFAULT CHARSET=utf8;


INSERT INTO `pr_module_shop` (`id_module`, `id_shop`, `enable_device`)
VALUES
	(1,1,7),
	(3,1,7),
	(4,1,7),
	(6,1,7),
	(8,1,7),
	(9,1,7),
	(10,1,7),
	(11,1,7),
	(12,1,7),
	(14,1,7),
	(15,1,7),
	(16,1,7),
	(17,1,7),
	(18,1,7),
	(19,1,7),
	(20,1,7),
	(21,1,7),
	(22,1,7),
	(24,1,7),
	(25,1,7),
	(26,1,7),
	(27,1,7),
	(28,1,7),
	(30,1,7),
	(31,1,7),
	(32,1,7),
	(33,1,7),
	(34,1,7),
	(35,1,7),
	(36,1,7),
	(37,1,7),
	(39,1,7),
	(40,1,7),
	(41,1,7),
	(42,1,7),
	(43,1,7),
	(44,1,7),
	(45,1,7),
	(46,1,7),
	(47,1,7),
	(48,1,7),
	(49,1,7),
	(50,1,7),
	(51,1,7),
	(52,1,7),
	(53,1,7),
	(54,1,7),
	(55,1,7),
	(56,1,7),
	(58,1,7),
	(59,1,7),
	(72,1,7),
	(73,1,7),
	(74,1,7),
	(94,1,7),
	(101,1,7),
	(102,1,7),
	(103,1,7),
	(104,1,7),
	(105,1,7),
	(106,1,7),
	(108,1,7),
	(110,1,7),
	(111,1,7),
	(112,1,7),
	(113,1,7),
	(114,1,7),
	(115,1,7),
	(116,1,7),
	(117,1,7),
	(118,1,3),
	(119,1,7),
	(120,1,7),
	(121,1,7),
	(122,1,7),
	(123,1,7),
	(124,1,7),
	(125,1,7);



# Dump of table pr_newsletter
# ------------------------------------------------------------


CREATE TABLE `pr_newsletter` (
  `id` int(6) NOT NULL AUTO_INCREMENT,
  `id_shop` int(10) unsigned NOT NULL DEFAULT '1',
  `id_shop_group` int(10) unsigned NOT NULL DEFAULT '1',
  `email` varchar(255) NOT NULL,
  `newsletter_date_add` datetime DEFAULT NULL,
  `ip_registration_newsletter` varchar(15) NOT NULL,
  `http_referer` varchar(255) DEFAULT NULL,
  `active` tinyint(1) NOT NULL DEFAULT '0',
  PRIMARY KEY (`id`)
) ENGINE=InnoDB DEFAULT CHARSET=utf8;


INSERT INTO `pr_newsletter` (`id`, `id_shop`, `id_shop_group`, `email`, `newsletter_date_add`, `ip_registration_newsletter`, `http_referer`, `active`)
VALUES
	(1,1,1,'sarah_valen@hotmail.com','2015-02-12 08:40:17','31.196.210.195',NULL,1);



# Dump of table pr_operating_system
# ------------------------------------------------------------


CREATE TABLE `pr_operating_system` (
  `id_operating_system` int(10) unsigned NOT NULL AUTO_INCREMENT,
  `name` varchar(64) DEFAULT NULL,
  PRIMARY KEY (`id_operating_system`)
) ENGINE=InnoDB DEFAULT CHARSET=utf8;


INSERT INTO `pr_operating_system` (`id_operating_system`, `name`)
VALUES
	(1,'Windows XP'),
	(2,'Windows Vista'),
	(3,'MacOsX'),
	(4,'Linux');



# Dump of table pr_order_carrier
# ------------------------------------------------------------


CREATE TABLE `pr_order_carrier` (
  `id_order_carrier` int(11) NOT NULL AUTO_INCREMENT,
  `id_order` int(11) unsigned NOT NULL,
  `id_carrier` int(11) unsigned NOT NULL,
  `id_order_invoice` int(11) unsigned DEFAULT NULL,
  `weight` decimal(20,6) NOT NULL DEFAULT '0.000000',
  `shipping_cost_tax_excl` decimal(20,6) DEFAULT NULL,
  `shipping_cost_tax_incl` decimal(20,6) DEFAULT NULL,
  `tracking_number` varchar(64) DEFAULT NULL,
  `date_add` datetime NOT NULL,
  PRIMARY KEY (`id_order_carrier`),
  KEY `id_order` (`id_order`),
  KEY `id_carrier` (`id_carrier`),
  KEY `id_order_invoice` (`id_order_invoice`)
) ENGINE=InnoDB DEFAULT CHARSET=utf8;


INSERT INTO `pr_order_carrier` (`id_order_carrier`, `id_order`, `id_carrier`, `id_order_invoice`, `weight`, `shipping_cost_tax_excl`, `shipping_cost_tax_incl`, `tracking_number`, `date_add`)
VALUES
	(1,1,2,NULL,0.000000,7.980000,7.980000,'','2012-02-15 09:02:49');



# Dump of table pr_order_cart_rule
# ------------------------------------------------------------


CREATE TABLE `pr_order_cart_rule` (
  `id_order_cart_rule` int(10) unsigned NOT NULL AUTO_INCREMENT,
  `id_order` int(10) unsigned NOT NULL,
  `id_cart_rule` int(10) unsigned NOT NULL,
  `id_order_invoice` int(10) unsigned NOT NULL DEFAULT '0',
  `name` varchar(254) DEFAULT NULL,
  `value` decimal(17,2) NOT NULL DEFAULT '0.00',
  `value_tax_excl` decimal(17,2) NOT NULL DEFAULT '0.00',
  PRIMARY KEY (`id_order_cart_rule`),
  KEY `order_discount_order` (`id_order`),
  KEY `id_discount` (`id_cart_rule`)
) ENGINE=InnoDB DEFAULT CHARSET=utf8;



# Dump of table pr_order_detail
# ------------------------------------------------------------


CREATE TABLE `pr_order_detail` (
  `id_order_detail` int(10) unsigned NOT NULL AUTO_INCREMENT,
  `id_order` int(10) unsigned NOT NULL,
  `id_order_invoice` int(11) NOT NULL DEFAULT '0',
  `id_warehouse` int(10) unsigned DEFAULT '0',
  `id_shop` int(11) unsigned NOT NULL,
  `product_id` int(10) unsigned NOT NULL,
  `product_attribute_id` int(10) unsigned DEFAULT NULL,
  `product_name` varchar(255) NOT NULL,
  `product_quantity` int(10) unsigned NOT NULL DEFAULT '0',
  `product_quantity_in_stock` int(10) NOT NULL DEFAULT '0',
  `product_quantity_refunded` int(10) unsigned NOT NULL DEFAULT '0',
  `product_quantity_return` int(10) unsigned NOT NULL DEFAULT '0',
  `product_quantity_reinjected` int(10) unsigned NOT NULL DEFAULT '0',
  `product_price` decimal(20,6) NOT NULL DEFAULT '0.000000',
  `reduction_percent` decimal(10,2) NOT NULL DEFAULT '0.00',
  `reduction_amount` decimal(20,6) NOT NULL DEFAULT '0.000000',
  `reduction_amount_tax_incl` decimal(20,6) NOT NULL DEFAULT '0.000000',
  `reduction_amount_tax_excl` decimal(20,6) NOT NULL DEFAULT '0.000000',
  `group_reduction` decimal(10,2) NOT NULL DEFAULT '0.00',
  `product_quantity_discount` decimal(20,6) NOT NULL DEFAULT '0.000000',
  `product_ean13` varchar(13) DEFAULT NULL,
  `product_upc` varchar(12) DEFAULT NULL,
  `product_reference` varchar(32) DEFAULT NULL,
  `product_supplier_reference` varchar(32) DEFAULT NULL,
  `product_weight` decimal(20,6) NOT NULL DEFAULT '0.000000',
  `tax_computation_method` tinyint(1) unsigned NOT NULL DEFAULT '0',
  `tax_name` varchar(16) NOT NULL,
  `tax_rate` decimal(10,3) NOT NULL DEFAULT '0.000',
  `ecotax` decimal(21,6) NOT NULL DEFAULT '0.000000',
  `ecotax_tax_rate` decimal(5,3) NOT NULL DEFAULT '0.000',
  `discount_quantity_applied` tinyint(1) NOT NULL DEFAULT '0',
  `download_hash` varchar(255) DEFAULT NULL,
  `download_nb` int(10) unsigned DEFAULT '0',
  `download_deadline` datetime DEFAULT '0000-00-00 00:00:00',
  `total_price_tax_incl` decimal(20,6) NOT NULL DEFAULT '0.000000',
  `total_price_tax_excl` decimal(20,6) NOT NULL DEFAULT '0.000000',
  `unit_price_tax_incl` decimal(20,6) NOT NULL DEFAULT '0.000000',
  `unit_price_tax_excl` decimal(20,6) NOT NULL DEFAULT '0.000000',
  `total_shipping_price_tax_incl` decimal(20,6) NOT NULL DEFAULT '0.000000',
  `total_shipping_price_tax_excl` decimal(20,6) NOT NULL DEFAULT '0.000000',
  `purchase_supplier_price` decimal(20,6) NOT NULL DEFAULT '0.000000',
  `original_product_price` decimal(20,6) NOT NULL DEFAULT '0.000000',
  PRIMARY KEY (`id_order_detail`),
  KEY `order_detail_order` (`id_order`),
  KEY `product_id` (`product_id`),
  KEY `product_attribute_id` (`product_attribute_id`),
  KEY `id_order_id_order_detail` (`id_order`,`id_order_detail`),
  KEY `id_shop` (`id_shop`)
) ENGINE=InnoDB DEFAULT CHARSET=utf8;


INSERT INTO `pr_order_detail` (`id_order_detail`, `id_order`, `id_order_invoice`, `id_warehouse`, `id_shop`, `product_id`, `product_attribute_id`, `product_name`, `product_quantity`, `product_quantity_in_stock`, `product_quantity_refunded`, `product_quantity_return`, `product_quantity_reinjected`, `product_price`, `reduction_percent`, `reduction_amount`, `reduction_amount_tax_incl`, `reduction_amount_tax_excl`, `group_reduction`, `product_quantity_discount`, `product_ean13`, `product_upc`, `product_reference`, `product_supplier_reference`, `product_weight`, `tax_computation_method`, `tax_name`, `tax_rate`, `ecotax`, `ecotax_tax_rate`, `discount_quantity_applied`, `download_hash`, `download_nb`, `download_deadline`, `total_price_tax_incl`, `total_price_tax_excl`, `unit_price_tax_incl`, `unit_price_tax_excl`, `total_shipping_price_tax_incl`, `total_shipping_price_tax_excl`, `purchase_supplier_price`, `original_product_price`)
VALUES
	(1,1,0,0,1,7,23,'iPod touch - Capacité: 32Go',1,0,0,0,0,392.140500,0.00,0.000000,0.000000,0.000000,0.00,0.000000,'','','','',0.000000,0,'TVA 19.6%',19.600,0.000000,0.000,0,'',0,'0000-00-00 00:00:00',469.000000,392.140000,469.000000,392.140000,0.000000,0.000000,0.000000,0.000000),
	(2,1,0,0,1,9,0,'Écouteurs à isolation sonore Shure SE210',1,0,0,0,0,124.581900,0.00,0.000000,0.000000,0.000000,0.00,0.000000,'','','','',0.000000,0,'TVA 19.6%',19.600,0.000000,0.000,0,'',0,'0000-00-00 00:00:00',149.000000,124.580000,149.000000,124.580000,0.000000,0.000000,0.000000,0.000000);



# Dump of table pr_order_detail_tax
# ------------------------------------------------------------


CREATE TABLE `pr_order_detail_tax` (
  `id_order_detail` int(11) NOT NULL,
  `id_tax` int(11) NOT NULL,
  `unit_amount` decimal(16,6) NOT NULL DEFAULT '0.000000',
  `total_amount` decimal(16,6) NOT NULL DEFAULT '0.000000',
  KEY `id_tax` (`id_tax`),
  KEY `id_order_detail` (`id_order_detail`)
) ENGINE=InnoDB DEFAULT CHARSET=utf8;


INSERT INTO `pr_order_detail_tax` (`id_order_detail`, `id_tax`, `unit_amount`, `total_amount`)
VALUES
	(1,56,76.860000,76.860000),
	(2,56,24.420000,24.420000);



# Dump of table pr_order_history
# ------------------------------------------------------------


CREATE TABLE `pr_order_history` (
  `id_order_history` int(10) unsigned NOT NULL AUTO_INCREMENT,
  `id_employee` int(10) unsigned NOT NULL,
  `id_order` int(10) unsigned NOT NULL,
  `id_order_state` int(10) unsigned NOT NULL,
  `date_add` datetime NOT NULL,
  PRIMARY KEY (`id_order_history`),
  KEY `order_history_order` (`id_order`),
  KEY `id_employee` (`id_employee`),
  KEY `id_order_state` (`id_order_state`)
) ENGINE=InnoDB DEFAULT CHARSET=utf8;


INSERT INTO `pr_order_history` (`id_order_history`, `id_employee`, `id_order`, `id_order_state`, `date_add`)
VALUES
	(1,0,1,1,'2012-02-15 09:02:49');



# Dump of table pr_order_invoice
# ------------------------------------------------------------


CREATE TABLE `pr_order_invoice` (
  `id_order_invoice` int(11) NOT NULL AUTO_INCREMENT,
  `id_order` int(11) NOT NULL,
  `number` int(11) NOT NULL,
  `delivery_number` int(11) NOT NULL DEFAULT '0',
  `delivery_date` datetime DEFAULT NULL,
  `total_discount_tax_excl` decimal(17,2) NOT NULL DEFAULT '0.00',
  `total_discount_tax_incl` decimal(17,2) NOT NULL DEFAULT '0.00',
  `total_paid_tax_excl` decimal(17,2) NOT NULL DEFAULT '0.00',
  `total_paid_tax_incl` decimal(17,2) NOT NULL DEFAULT '0.00',
  `total_products` decimal(17,2) NOT NULL DEFAULT '0.00',
  `total_products_wt` decimal(17,2) NOT NULL DEFAULT '0.00',
  `total_shipping_tax_excl` decimal(17,2) NOT NULL DEFAULT '0.00',
  `total_shipping_tax_incl` decimal(17,2) NOT NULL DEFAULT '0.00',
  `shipping_tax_computation_method` int(11) NOT NULL,
  `total_wrapping_tax_excl` decimal(17,2) NOT NULL DEFAULT '0.00',
  `total_wrapping_tax_incl` decimal(17,2) NOT NULL DEFAULT '0.00',
  `note` text,
  `date_add` datetime NOT NULL,
  PRIMARY KEY (`id_order_invoice`),
  KEY `id_order` (`id_order`)
) ENGINE=InnoDB DEFAULT CHARSET=utf8;



# Dump of table pr_order_invoice_payment
# ------------------------------------------------------------


CREATE TABLE `pr_order_invoice_payment` (
  `id_order_invoice` int(11) unsigned NOT NULL,
  `id_order_payment` int(11) unsigned NOT NULL,
  `id_order` int(11) unsigned NOT NULL,
  PRIMARY KEY (`id_order_invoice`,`id_order_payment`),
  KEY `order_payment` (`id_order_payment`),
  KEY `id_order` (`id_order`)
) ENGINE=InnoDB DEFAULT CHARSET=utf8;



# Dump of table pr_order_invoice_tax
# ------------------------------------------------------------


CREATE TABLE `pr_order_invoice_tax` (
  `id_order_invoice` int(11) NOT NULL,
  `type` varchar(15) NOT NULL,
  `id_tax` int(11) NOT NULL,
  `amount` decimal(10,6) NOT NULL DEFAULT '0.000000',
  KEY `id_tax` (`id_tax`)
) ENGINE=InnoDB DEFAULT CHARSET=utf8;



# Dump of table pr_order_message
# ------------------------------------------------------------


CREATE TABLE `pr_order_message` (
  `id_order_message` int(10) unsigned NOT NULL AUTO_INCREMENT,
  `date_add` datetime NOT NULL,
  PRIMARY KEY (`id_order_message`)
) ENGINE=InnoDB DEFAULT CHARSET=utf8;


INSERT INTO `pr_order_message` (`id_order_message`, `date_add`)
VALUES
	(1,'2012-02-15 09:02:49');



# Dump of table pr_order_message_lang
# ------------------------------------------------------------


CREATE TABLE `pr_order_message_lang` (
  `id_order_message` int(10) unsigned NOT NULL,
  `id_lang` int(10) unsigned NOT NULL,
  `name` varchar(128) NOT NULL,
  `message` text NOT NULL,
  PRIMARY KEY (`id_order_message`,`id_lang`)
) ENGINE=InnoDB DEFAULT CHARSET=utf8;


INSERT INTO `pr_order_message_lang` (`id_order_message`, `id_lang`, `name`, `message`)
VALUES
	(1,1,'Delay','Hi,\n\nUnfortunately, an item on your order is currently out of stock. This may cause a slight delay in delivery.\nPlease accept our apologies and rest assured that we are working hard to rectify this.\n\nBest regards,'),
	(1,2,'Délai','Bonjour,\n\nUn des éléments de votre commande est actuellement en réapprovisionnement, ce qui peut légèrement retarder son envoi.\n\nMerci de votre compréhension.\n\nCordialement,'),
	(1,3,'Plazo','Hola,\n\nUno de los elementos de su solicitud se encuentra actualmente la reposición, el cual poco puede retrasar el envío.\n\nGracias por su comprensión.\n\nSaludos cordiales,'),
	(1,4,'Frist','Hi,\n\nLeider ist einer der Artikel aus Ihrer Bestellung momentan nicht auf Lager. Dies kann zu einer leichten Lieferverzögerung führen. Wir entschuldigen uns hierfür und bemühen uns schnellstens um Abhilfe.\n\nMit freundlichen Grüßen,'),
	(1,5,'Ritardo','Salve,\n\npurtroppo un articolo che hai ordinato non è al momento in magazzino. Questo potrebbe provocare un leggero ritardo nella consegna.\nTi preghiamo di scusarci; ci stiamo organizzando per ovviare a questo inconveniente.\n\nCordialmente,');



# Dump of table pr_order_return
# ------------------------------------------------------------


CREATE TABLE `pr_order_return` (
  `id_order_return` int(10) unsigned NOT NULL AUTO_INCREMENT,
  `id_customer` int(10) unsigned NOT NULL,
  `id_order` int(10) unsigned NOT NULL,
  `state` tinyint(1) unsigned NOT NULL DEFAULT '1',
  `question` text NOT NULL,
  `date_add` datetime NOT NULL,
  `date_upd` datetime NOT NULL,
  PRIMARY KEY (`id_order_return`),
  KEY `order_return_customer` (`id_customer`),
  KEY `id_order` (`id_order`)
) ENGINE=InnoDB DEFAULT CHARSET=utf8;



# Dump of table pr_order_return_detail
# ------------------------------------------------------------


CREATE TABLE `pr_order_return_detail` (
  `id_order_return` int(10) unsigned NOT NULL,
  `id_order_detail` int(10) unsigned NOT NULL,
  `id_customization` int(10) unsigned NOT NULL DEFAULT '0',
  `product_quantity` int(10) unsigned NOT NULL DEFAULT '0',
  PRIMARY KEY (`id_order_return`,`id_order_detail`,`id_customization`)
) ENGINE=InnoDB DEFAULT CHARSET=utf8;



# Dump of table pr_order_return_state
# ------------------------------------------------------------


CREATE TABLE `pr_order_return_state` (
  `id_order_return_state` int(10) unsigned NOT NULL AUTO_INCREMENT,
  `color` varchar(32) DEFAULT NULL,
  PRIMARY KEY (`id_order_return_state`)
) ENGINE=InnoDB DEFAULT CHARSET=utf8;


INSERT INTO `pr_order_return_state` (`id_order_return_state`, `color`)
VALUES
	(1,'#ADD8E6'),
	(2,'#EEDDFF'),
	(3,'#DDFFAA'),
	(4,'#FFD3D3'),
	(5,'#FFFFBB');



# Dump of table pr_order_return_state_lang
# ------------------------------------------------------------


CREATE TABLE `pr_order_return_state_lang` (
  `id_order_return_state` int(10) unsigned NOT NULL,
  `id_lang` int(10) unsigned NOT NULL,
  `name` varchar(64) NOT NULL,
  PRIMARY KEY (`id_order_return_state`,`id_lang`)
) ENGINE=InnoDB DEFAULT CHARSET=utf8;


INSERT INTO `pr_order_return_state_lang` (`id_order_return_state`, `id_lang`, `name`)
VALUES
	(1,1,'Waiting for confirmation'),
	(1,2,'En attente de confirmation'),
	(1,3,'Pendiente de confirmación'),
	(1,4,'Bestätigung wird erwartet'),
	(1,5,'In attesa di conferma'),
	(2,1,'Waiting for package'),
	(2,2,'En attente du colis'),
	(2,3,'En espera de paquetes'),
	(2,4,'Paket wird erwartet'),
	(2,5,'In attesa del pacco'),
	(3,1,'Package received'),
	(3,2,'Colis reçu'),
	(3,3,'Paquetes recibidos'),
	(3,4,'Paket erhalten'),
	(3,5,'Pacco ricevuto'),
	(4,1,'Return denied'),
	(4,2,'Retour refusé'),
	(4,3,'Volver negó'),
	(4,4,'Rücksendung abgelehnt'),
	(4,5,'Restituzione non accettata'),
	(5,1,'Return completed'),
	(5,2,'Retour terminé'),
	(5,3,'Diligenciados'),
	(5,4,'Rücksendung beendet'),
	(5,5,'Restituzione terminata');



# Dump of table pr_order_slip
# ------------------------------------------------------------


CREATE TABLE `pr_order_slip` (
  `id_order_slip` int(10) unsigned NOT NULL AUTO_INCREMENT,
  `conversion_rate` decimal(13,6) NOT NULL DEFAULT '1.000000',
  `id_customer` int(10) unsigned NOT NULL,
  `id_order` int(10) unsigned NOT NULL,
  `shipping_cost` tinyint(3) unsigned NOT NULL DEFAULT '0',
  `amount` decimal(10,2) NOT NULL,
  `shipping_cost_amount` decimal(10,2) NOT NULL,
  `partial` tinyint(1) NOT NULL,
  `date_add` datetime NOT NULL,
  `date_upd` datetime NOT NULL,
  PRIMARY KEY (`id_order_slip`),
  KEY `order_slip_customer` (`id_customer`),
  KEY `id_order` (`id_order`)
) ENGINE=InnoDB DEFAULT CHARSET=utf8;



# Dump of table pr_order_slip_detail
# ------------------------------------------------------------


CREATE TABLE `pr_order_slip_detail` (
  `id_order_slip` int(10) unsigned NOT NULL,
  `id_order_detail` int(10) unsigned NOT NULL,
  `product_quantity` int(10) unsigned NOT NULL DEFAULT '0',
  `amount_tax_excl` decimal(10,2) DEFAULT NULL,
  `amount_tax_incl` decimal(10,2) DEFAULT NULL,
  PRIMARY KEY (`id_order_slip`,`id_order_detail`)
) ENGINE=InnoDB DEFAULT CHARSET=utf8;



# Dump of table pr_order_state
# ------------------------------------------------------------


CREATE TABLE `pr_order_state` (
  `id_order_state` int(10) unsigned NOT NULL AUTO_INCREMENT,
  `invoice` tinyint(1) unsigned DEFAULT '0',
  `send_email` tinyint(1) unsigned NOT NULL DEFAULT '0',
  `module_name` varchar(255) DEFAULT NULL,
  `color` varchar(32) DEFAULT NULL,
  `unremovable` tinyint(1) unsigned NOT NULL,
  `hidden` tinyint(1) unsigned NOT NULL DEFAULT '0',
  `logable` tinyint(1) NOT NULL DEFAULT '0',
  `delivery` tinyint(1) unsigned NOT NULL DEFAULT '0',
  `shipped` tinyint(1) unsigned NOT NULL DEFAULT '0',
  `paid` tinyint(1) unsigned NOT NULL DEFAULT '0',
  `deleted` tinyint(1) unsigned NOT NULL DEFAULT '0',
  PRIMARY KEY (`id_order_state`)
) ENGINE=InnoDB DEFAULT CHARSET=utf8;


INSERT INTO `pr_order_state` (`id_order_state`, `invoice`, `send_email`, `module_name`, `color`, `unremovable`, `hidden`, `logable`, `delivery`, `shipped`, `paid`, `deleted`)
VALUES
	(1,0,1,'cheque','lightblue',1,0,0,0,0,0,0),
	(2,1,1,NULL,'#DDEEFF',1,0,1,0,0,1,0),
	(3,1,1,NULL,'#FFDD99',1,0,1,0,0,1,0),
	(4,1,1,NULL,'#EEDDFF',1,0,1,1,1,1,0),
	(5,1,0,NULL,'#DDFFAA',1,0,1,1,1,1,0),
	(6,0,1,NULL,'#DADADA',1,0,0,0,0,0,0),
	(7,1,1,NULL,'#FFFFBB',1,0,0,0,0,0,0),
	(8,0,1,NULL,'#FFDFDF',1,0,0,0,0,0,0),
	(9,1,1,NULL,'#FFD3D3',1,0,0,0,0,1,0),
	(10,0,1,'bankwire','lightblue',1,0,0,0,0,0,0),
	(11,0,0,NULL,'lightblue',1,0,0,0,0,0,0),
	(12,1,1,NULL,'#DDEEFF',1,0,1,0,0,1,0),
	(13,1,0,NULL,'#DDEEFF',0,0,1,0,0,0,0);



# Dump of table pr_order_state_lang
# ------------------------------------------------------------


CREATE TABLE `pr_order_state_lang` (
  `id_order_state` int(10) unsigned NOT NULL,
  `id_lang` int(10) unsigned NOT NULL,
  `name` varchar(64) NOT NULL,
  `template` varchar(64) NOT NULL,
  PRIMARY KEY (`id_order_state`,`id_lang`)
) ENGINE=InnoDB DEFAULT CHARSET=utf8;


INSERT INTO `pr_order_state_lang` (`id_order_state`, `id_lang`, `name`, `template`)
VALUES
	(1,1,'Awaiting cheque payment','cheque'),
	(1,2,'En attente du paiement par chèque','cheque'),
	(1,3,'En espera de pago por cheque','cheque'),
	(1,4,'Scheckzahlung wird erwartet','cheque'),
	(1,5,'In attesa di pagamento con assegno','cheque'),
	(2,1,'Payment accepted','payment'),
	(2,2,'Paiement accepté','payment'),
	(2,3,'Pago aceptamos','payment'),
	(2,4,'Zahlung eingegangen','payment'),
	(2,5,'Pagamento accettato','payment'),
	(3,1,'Preparation in progress','preparation'),
	(3,2,'Préparation en cours','preparation'),
	(3,3,'Preparación en curso','preparation'),
	(3,4,'Bestellung eingegangen','preparation'),
	(3,5,'Preparazione in corso','preparation'),
	(4,1,'Shipped','shipped'),
	(4,2,'En cours de livraison','shipped'),
	(4,3,'Enviado','shipped'),
	(4,4,'Versendet','shipped'),
	(4,5,'Consegna in corso','shipped'),
	(5,1,'Delivered',''),
	(5,2,'Livré',''),
	(5,3,'Entregado',''),
	(5,4,'Erfolgreich abgeschlossen',''),
	(5,5,'Consegnato',''),
	(6,1,'Canceled','order_canceled'),
	(6,2,'Annulé','order_canceled'),
	(6,3,'Cancelada','order_canceled'),
	(6,4,'Storniert','order_canceled'),
	(6,5,'Annullato','order_canceled'),
	(7,1,'Refund','refund'),
	(7,2,'Remboursé','refund'),
	(7,3,'Reembolsado','refund'),
	(7,4,'Erstattet','refund'),
	(7,5,'Rimborsato','refund'),
	(8,1,'Payment error','payment_error'),
	(8,2,'Erreur de paiement','payment_error'),
	(8,3,'Error de pago','payment_error'),
	(8,4,'Fehler bei der Bezahlung','payment_error'),
	(8,5,'Errore di pagamento','payment_error'),
	(9,1,'On backorder','outofstock'),
	(9,2,'En attente de réapprovisionnement','outofstock'),
	(9,3,'Productos fuera de línea','outofstock'),
	(9,4,'Artikel erwartet','outofstock'),
	(9,5,'In attesa di rifornimento','outofstock'),
	(10,1,'Awaiting bank wire payment','bankwire'),
	(10,2,'En attente du paiement par virement bancaire','bankwire'),
	(10,3,'En espera de pago por transferencia bancaria','bankwire'),
	(10,4,'Warten auf Zahlungseingang','bankwire'),
	(10,5,'In attesa di pagamento con bonifico bancario','bankwire'),
	(11,1,'Awaiting PayPal payment',''),
	(11,2,'En attente du paiement par PayPal',''),
	(11,3,'En espera de pago por PayPal',''),
	(11,4,'Warten auf Zahlungseingang von PayPal',''),
	(11,5,'In attesa di pagamento con PayPal',''),
	(12,1,'Payment remotely accepted','payment'),
	(12,2,'Paiement à distance accepté','payment'),
	(12,3,'Payment remotely accepted','payment'),
	(12,4,'Payment Anmeldung erfolgreich','payment'),
	(12,5,'Payment remotely accepted','payment'),
	(13,1,'Authorization accepted from PayPal',''),
	(13,2,'Authorization accepted from PayPal',''),
	(13,3,'Authorization accepted from PayPal',''),
	(13,4,'Authorization accepted from PayPal',''),
	(13,5,'Authorization accepted from PayPal','');



# Dump of table pr_orders
# ------------------------------------------------------------


CREATE TABLE `pr_orders` (
  `id_order` int(10) unsigned NOT NULL AUTO_INCREMENT,
  `reference` varchar(9) DEFAULT NULL,
  `id_shop_group` int(11) unsigned NOT NULL DEFAULT '1',
  `id_shop` int(11) unsigned NOT NULL DEFAULT '1',
  `id_carrier` int(10) unsigned NOT NULL,
  `id_lang` int(10) unsigned NOT NULL,
  `id_customer` int(10) unsigned NOT NULL,
  `id_cart` int(10) unsigned NOT NULL,
  `id_currency` int(10) unsigned NOT NULL,
  `id_address_delivery` int(10) unsigned NOT NULL,
  `id_address_invoice` int(10) unsigned NOT NULL,
  `current_state` int(10) unsigned NOT NULL DEFAULT '0',
  `secure_key` varchar(32) NOT NULL DEFAULT '-1',
  `payment` varchar(255) NOT NULL,
  `conversion_rate` decimal(13,6) NOT NULL DEFAULT '1.000000',
  `module` varchar(255) DEFAULT NULL,
  `recyclable` tinyint(1) unsigned NOT NULL DEFAULT '0',
  `gift` tinyint(1) unsigned NOT NULL DEFAULT '0',
  `gift_message` text,
  `shipping_number` varchar(32) DEFAULT NULL,
  `total_discounts` decimal(17,2) NOT NULL DEFAULT '0.00',
  `total_discounts_tax_excl` decimal(17,2) NOT NULL,
  `total_discounts_tax_incl` decimal(17,2) NOT NULL,
  `total_paid` decimal(17,2) NOT NULL DEFAULT '0.00',
  `total_paid_tax_excl` decimal(17,2) NOT NULL,
  `total_paid_tax_incl` decimal(17,2) NOT NULL,
  `total_paid_real` decimal(17,2) NOT NULL DEFAULT '0.00',
  `total_products` decimal(17,2) NOT NULL DEFAULT '0.00',
  `total_products_wt` decimal(17,2) NOT NULL DEFAULT '0.00',
  `total_shipping` decimal(17,2) NOT NULL DEFAULT '0.00',
  `total_shipping_tax_excl` decimal(17,2) NOT NULL,
  `total_shipping_tax_incl` decimal(17,2) NOT NULL,
  `carrier_tax_rate` decimal(10,3) NOT NULL DEFAULT '0.000',
  `total_wrapping` decimal(17,2) NOT NULL DEFAULT '0.00',
  `total_wrapping_tax_excl` decimal(17,2) NOT NULL,
  `total_wrapping_tax_incl` decimal(17,2) NOT NULL,
  `invoice_number` int(10) unsigned NOT NULL DEFAULT '0',
  `delivery_number` int(10) unsigned NOT NULL DEFAULT '0',
  `invoice_date` datetime NOT NULL,
  `delivery_date` datetime NOT NULL,
  `valid` int(1) unsigned NOT NULL DEFAULT '0',
  `date_add` datetime NOT NULL,
  `date_upd` datetime NOT NULL,
  PRIMARY KEY (`id_order`),
  KEY `id_customer` (`id_customer`),
  KEY `id_cart` (`id_cart`),
  KEY `invoice_number` (`invoice_number`),
  KEY `id_carrier` (`id_carrier`),
  KEY `id_lang` (`id_lang`),
  KEY `id_currency` (`id_currency`),
  KEY `id_address_delivery` (`id_address_delivery`),
  KEY `id_address_invoice` (`id_address_invoice`),
  KEY `date_add` (`date_add`),
  KEY `id_group_shop` (`id_shop_group`),
  KEY `id_shop` (`id_shop`),
  KEY `current_state` (`current_state`)
) ENGINE=InnoDB DEFAULT CHARSET=utf8;


INSERT INTO `pr_orders` (`id_order`, `reference`, `id_shop_group`, `id_shop`, `id_carrier`, `id_lang`, `id_customer`, `id_cart`, `id_currency`, `id_address_delivery`, `id_address_invoice`, `current_state`, `secure_key`, `payment`, `conversion_rate`, `module`, `recyclable`, `gift`, `gift_message`, `shipping_number`, `total_discounts`, `total_discounts_tax_excl`, `total_discounts_tax_incl`, `total_paid`, `total_paid_tax_excl`, `total_paid_tax_incl`, `total_paid_real`, `total_products`, `total_products_wt`, `total_shipping`, `total_shipping_tax_excl`, `total_shipping_tax_incl`, `carrier_tax_rate`, `total_wrapping`, `total_wrapping_tax_excl`, `total_wrapping_tax_incl`, `invoice_number`, `delivery_number`, `invoice_date`, `delivery_date`, `valid`, `date_add`, `date_upd`)
VALUES
	(1,'000000001',1,1,2,2,1,1,1,2,2,1,'47ce86627c1f3c792a80773c5d2deaf8','Chèque',1.000000,'cheque',0,0,'','',0.00,0.00,0.00,625.98,524.70,625.98,625.98,516.72,618.00,7.98,7.98,7.98,0.000,0.00,0.00,0.00,0,0,'0000-00-00 00:00:00','0000-00-00 00:00:00',0,'2012-02-15 09:02:49','2012-02-15 09:02:49');



# Dump of table pr_pack
# ------------------------------------------------------------


CREATE TABLE `pr_pack` (
  `id_product_pack` int(10) unsigned NOT NULL,
  `id_product_item` int(10) unsigned NOT NULL,
  `quantity` int(10) unsigned NOT NULL DEFAULT '1',
  PRIMARY KEY (`id_product_pack`,`id_product_item`)
) ENGINE=InnoDB DEFAULT CHARSET=utf8;



# Dump of table pr_page
# ------------------------------------------------------------


CREATE TABLE `pr_page` (
  `id_page` int(10) unsigned NOT NULL AUTO_INCREMENT,
  `id_page_type` int(10) unsigned NOT NULL,
  `id_object` int(10) unsigned DEFAULT NULL,
  PRIMARY KEY (`id_page`),
  KEY `id_page_type` (`id_page_type`),
  KEY `id_object` (`id_object`)
) ENGINE=InnoDB DEFAULT CHARSET=utf8;


INSERT INTO `pr_page` (`id_page`, `id_page_type`, `id_object`)
VALUES
	(1,15,NULL),
	(2,1,2),
	(3,16,NULL),
	(4,17,NULL),
	(5,4,1),
	(6,2,4),
	(7,1,1),
	(8,18,NULL),
	(9,19,NULL),
	(10,20,NULL),
	(11,21,NULL),
	(12,22,NULL),
	(13,23,NULL),
	(14,24,NULL),
	(15,25,NULL),
	(16,26,NULL),
	(17,4,0),
	(18,3,0),
	(19,2,2),
	(20,2,0),
	(21,2,3),
	(22,27,NULL),
	(23,1,8),
	(24,1,5),
	(25,28,NULL),
	(26,1,6),
	(27,3,1),
	(28,29,NULL),
	(29,30,NULL),
	(30,31,NULL),
	(31,32,NULL),
	(32,1,7),
	(33,4,2),
	(34,33,NULL),
	(35,1,9),
	(36,1,0),
	(37,2,5),
	(38,1,12),
	(39,2,6),
	(40,1,10),
	(41,2,7),
	(42,1,11),
	(43,1,14),
	(44,1,16),
	(45,1,13),
	(46,1,21),
	(47,1,17),
	(48,1,15),
	(49,1,19),
	(50,1,18),
	(51,1,20),
	(52,34,NULL),
	(53,2,8),
	(54,1,22),
	(55,2,9),
	(56,1,23),
	(57,35,NULL),
	(58,36,NULL),
	(59,37,NULL),
	(60,1,24),
	(61,1,26),
	(62,1,27),
	(63,2,11),
	(64,1,29),
	(65,1,25),
	(66,1,28),
	(67,1,30),
	(68,1,31),
	(69,2,12),
	(70,1,32),
	(71,1,34),
	(72,2,13),
	(73,1,35),
	(74,2,20),
	(75,2,22),
	(76,4,9),
	(77,4,8),
	(78,4,6),
	(79,1,95),
	(80,1,98),
	(81,2,15),
	(82,4,5),
	(83,1,161),
	(84,1,79),
	(85,1,59),
	(86,1,142),
	(87,1,165),
	(88,1,203),
	(89,2,58),
	(90,2,41),
	(91,1,212),
	(92,2,79),
	(93,1,147),
	(94,4,14),
	(95,1,186),
	(96,2,24),
	(97,1,185),
	(98,1,794),
	(99,4,32),
	(100,1,519),
	(101,4,48),
	(102,1,896),
	(103,1,890),
	(104,2,80),
	(105,1,1004),
	(106,2,108),
	(107,1,946),
	(108,1,123),
	(109,2,28),
	(110,1,227),
	(111,2,76),
	(112,2,89),
	(113,1,332),
	(114,1,667),
	(115,2,182),
	(116,2,134),
	(117,2,150),
	(118,2,196),
	(119,2,168),
	(120,2,177),
	(121,2,156),
	(122,2,187),
	(123,2,191),
	(124,2,16),
	(125,4,4),
	(126,1,1347),
	(127,1,2909),
	(128,1,1565),
	(129,2,2118),
	(130,1,2682),
	(131,2,814),
	(132,1,4022),
	(133,1,1764),
	(134,1,4068),
	(135,1,1586),
	(136,1,1623),
	(137,1,37),
	(138,38,NULL),
	(139,39,NULL),
	(140,40,NULL),
	(141,41,NULL),
	(142,42,NULL),
	(143,43,NULL),
	(144,44,2),
	(145,44,5),
	(146,44,6),
	(147,45,15),
	(148,46,NULL),
	(149,45,11),
	(150,47,NULL),
	(151,48,0),
	(152,44,7),
	(153,45,14),
	(154,45,12),
	(155,49,NULL),
	(156,44,8),
	(157,45,21),
	(158,45,20),
	(159,45,18),
	(160,50,NULL),
	(161,45,19),
	(162,51,NULL),
	(163,45,16),
	(164,45,13),
	(165,45,17),
	(166,45,7),
	(167,48,2),
	(168,52,NULL),
	(169,53,NULL),
	(170,54,NULL),
	(171,45,0),
	(172,45,6),
	(173,55,NULL),
	(174,48,1),
	(175,45,36),
	(176,44,15),
	(177,45,2),
	(178,45,38),
	(179,45,37),
	(180,56,NULL),
	(181,45,40),
	(182,45,44),
	(183,45,43),
	(184,45,48),
	(185,45,47),
	(186,45,52),
	(187,45,45),
	(188,45,50),
	(189,45,41),
	(190,45,53),
	(191,45,39),
	(192,45,27),
	(193,45,46),
	(194,45,54),
	(195,45,57),
	(196,45,49),
	(197,45,51),
	(198,45,56),
	(199,45,59),
	(200,45,55),
	(201,45,60),
	(202,45,58),
	(203,45,28),
	(204,45,62),
	(205,44,9),
	(206,45,61),
	(207,45,65),
	(208,45,64),
	(209,45,9),
	(210,45,67),
	(211,45,29),
	(212,45,68),
	(213,45,66),
	(214,45,69),
	(215,45,70),
	(216,45,72),
	(217,45,71),
	(218,45,73),
	(219,45,74),
	(220,45,75),
	(221,57,NULL),
	(222,45,76),
	(223,45,77),
	(224,45,78),
	(225,58,NULL),
	(226,45,79),
	(227,45,80),
	(228,44,18),
	(229,45,23),
	(230,45,1),
	(231,45,8),
	(232,59,NULL),
	(233,60,NULL),
	(234,45,5);



# Dump of table pr_page_type
# ------------------------------------------------------------


CREATE TABLE `pr_page_type` (
  `id_page_type` int(10) unsigned NOT NULL AUTO_INCREMENT,
  `name` varchar(255) NOT NULL,
  PRIMARY KEY (`id_page_type`),
  KEY `name` (`name`)
) ENGINE=InnoDB DEFAULT CHARSET=utf8;






# Dump of table pr_page_viewed
# ------------------------------------------------------------


CREATE TABLE `pr_page_viewed` (
  `id_page` int(10) unsigned NOT NULL,
  `id_shop_group` int(11) unsigned NOT NULL,
  `id_shop` int(10) unsigned NOT NULL DEFAULT '1',
  `id_date_range` int(10) unsigned NOT NULL,
  `counter` int(10) unsigned NOT NULL,
  PRIMARY KEY (`id_page`,`id_date_range`,`id_shop`)
) ENGINE=InnoDB DEFAULT CHARSET=utf8;



# Dump of table pr_pagenotfound
# ------------------------------------------------------------


CREATE TABLE `pr_pagenotfound` (
  `id_pagenotfound` int(10) unsigned NOT NULL AUTO_INCREMENT,
  `id_shop` int(10) DEFAULT NULL,
  `id_shop_group` int(10) DEFAULT NULL,
  `request_uri` varchar(256) NOT NULL,
  `http_referer` varchar(256) NOT NULL,
  `date_add` datetime NOT NULL,
  PRIMARY KEY (`id_pagenotfound`)
) ENGINE=InnoDB DEFAULT CHARSET=utf8;


INSERT INTO `pr_pagenotfound` (`id_pagenotfound`, `id_shop`, `id_shop_group`, `request_uri`, `http_referer`, `date_add`)
VALUES
	(1,NULL,NULL,'/it/','http://www.armoniesaporidelfriuli.it/product.php?id_product=16','2012-05-22 18:15:22'),
	(2,NULL,NULL,'/th1s_1s_a_4o4.html','http://www.google.com/url?url=www.armoniesaporidelfriuli.it','2012-05-23 03:30:44'),
	(3,NULL,NULL,'/th1s_1s_a_4o4.html','http://www.google.com/url?url=www.armoniesaporidelfriuli.it','2012-05-24 03:43:19'),
	(4,NULL,NULL,'/it/content/category/history.php','','2012-05-24 14:14:15'),
	(5,NULL,NULL,'/it/content/category/supplier.php','','2012-05-24 17:05:04'),
	(6,NULL,NULL,'/it/content/category/identity.php','','2012-05-24 17:53:10'),
	(7,NULL,NULL,'/it/content/category/discount.php','','2012-05-24 18:22:20'),
	(8,NULL,NULL,'/it/content/category/addresses.php','','2012-05-24 19:42:06'),
	(9,NULL,NULL,'/it/content/category/best-sales.php','','2012-05-24 21:01:22'),
	(10,NULL,NULL,'/it/content/category/my-account.php','','2012-05-24 21:50:24'),
	(11,NULL,NULL,'/th1s_1s_a_4o4.html','http://www.google.com/url?url=www.armoniesaporidelfriuli.it','2012-05-25 03:38:58'),
	(12,NULL,NULL,'/it/content/category/prices-drop.php','','2012-05-25 03:47:53'),
	(13,NULL,NULL,'/it/content/category/contact-form.php','','2012-05-25 04:32:28'),
	(14,NULL,NULL,'/it/content/category/manufacturer.php','','2012-05-25 06:01:21'),
	(15,NULL,NULL,'/it/content/category/new-products.php','','2012-05-25 07:02:48'),
	(16,NULL,NULL,'/it/content/category/cms.php?id_cms=1','','2012-05-25 08:08:38'),
	(17,NULL,NULL,'/it/content/category/cms.php?id_cms=3','','2012-05-25 08:47:49'),
	(18,NULL,NULL,'/it/content/category/cms.php?id_cms=2','','2012-05-25 09:54:13'),
	(19,NULL,NULL,'/it/content/category/cms.php?id_cms=4','','2012-05-25 11:42:50'),
	(20,NULL,NULL,'/it/content/history.php','','2012-05-25 15:14:10'),
	(21,NULL,NULL,'/it/content/discount.php','','2012-05-25 15:56:33'),
	(22,NULL,NULL,'/it/content/supplier.php','','2012-05-25 16:52:03'),
	(23,NULL,NULL,'/it/content/identity.php','','2012-05-25 17:50:14'),
	(24,NULL,NULL,'/it/content/addresses.php','','2012-05-25 19:24:10'),
	(25,NULL,NULL,'/it/content/my-account.php','','2012-05-25 21:29:35'),
	(26,NULL,NULL,'/it/content/best-sales.php','','2012-05-26 02:59:18'),
	(27,NULL,NULL,'/th1s_1s_a_4o4.html','http://www.google.com/url?url=www.armoniesaporidelfriuli.it','2012-05-26 03:37:07'),
	(28,NULL,NULL,'/it/content/prices-drop.php','','2012-05-26 09:37:59'),
	(29,NULL,NULL,'/it/content/contact-form.php','','2012-05-26 13:37:59'),
	(30,NULL,NULL,'/it/content/manufacturer.php','','2012-05-26 19:19:44'),
	(31,NULL,NULL,'/th1s_1s_a_4o4.html','http://www.google.com/url?url=www.armoniesaporidelfriuli.it','2012-05-27 03:32:04'),
	(32,NULL,NULL,'/it/content/new-products.php','','2012-05-27 13:25:47'),
	(33,NULL,NULL,'/en/content/category/history.php','','2012-05-28 00:12:22'),
	(34,NULL,NULL,'/de/content/category/history.php','','2012-05-28 01:47:12'),
	(35,NULL,NULL,'/th1s_1s_a_4o4.html','http://www.google.com/url?url=www.armoniesaporidelfriuli.it','2012-05-28 03:38:44'),
	(36,NULL,NULL,'/de/content/category/supplier.php','','2012-05-28 03:52:30'),
	(37,NULL,NULL,'/en/content/category/identity.php','','2012-05-28 04:29:14'),
	(38,NULL,NULL,'/en/content/category/discount.php','','2012-05-28 04:59:48'),
	(39,NULL,NULL,'/en/content/category/supplier.php','','2012-05-28 05:50:50'),
	(40,NULL,NULL,'/de/content/category/identity.php','','2012-05-28 10:51:14'),
	(41,NULL,NULL,'/th1s_1s_a_4o4.html','http://www.google.com/url?url=www.armoniesaporidelfriuli.it','2012-05-29 03:33:15'),
	(42,NULL,NULL,'/de/content/category/discount.php','','2012-05-29 07:02:24'),
	(43,NULL,NULL,'/en/content/category/addresses.php','','2012-05-29 08:29:54'),
	(44,NULL,NULL,'/de/content/category/addresses.php','','2012-05-29 09:30:45'),
	(45,NULL,NULL,'/en/content/category/my-account.php','','2012-05-29 11:05:21'),
	(46,NULL,NULL,'/de/content/category/best-sales.php','','2012-05-29 12:24:51'),
	(47,NULL,NULL,'/de/content/category/my-account.php','','2012-05-29 14:05:00'),
	(48,NULL,NULL,'/en/content/category/best-sales.php','','2012-05-29 16:14:07'),
	(49,NULL,NULL,'/en/content/category/prices-drop.php','','2012-05-29 17:05:21'),
	(50,NULL,NULL,'/de/content/category/prices-drop.php','','2012-05-29 20:06:45'),
	(51,NULL,NULL,'/de/content/category/contact-form.php','','2012-05-30 00:40:34'),
	(52,NULL,NULL,'/de/content/category/manufacturer.php','','2012-05-30 01:46:46'),
	(53,NULL,NULL,'/en/content/category/new-products.php','','2012-05-30 02:45:34'),
	(54,NULL,NULL,'/th1s_1s_a_4o4.html','http://www.google.com/url?url=www.armoniesaporidelfriuli.it','2012-05-30 03:33:37'),
	(55,NULL,NULL,'/de/content/category/new-products.php','','2012-05-30 04:01:39'),
	(56,NULL,NULL,'/en/content/category/manufacturer.php','','2012-05-30 05:21:29'),
	(57,NULL,NULL,'/en/content/category/contact-form.php','','2012-05-30 07:43:19'),
	(58,NULL,NULL,'/it/content/cms.php?id_cms=3','','2012-05-30 08:47:28'),
	(59,NULL,NULL,'/it/content/cms.php?id_cms=2','','2012-05-30 10:59:10'),
	(60,NULL,NULL,'/it/content/cms.php?id_cms=4','','2012-05-30 13:02:37'),
	(61,NULL,NULL,'/it/content/cms.php?id_cms=1','','2012-05-30 15:10:51'),
	(62,NULL,NULL,'/de/content/category/cms.php?id_cms=3','','2012-05-30 16:07:41'),
	(63,NULL,NULL,'/en/content/category/cms.php?id_cms=1','','2012-05-30 17:38:43'),
	(64,NULL,NULL,'/de/content/category/cms.php?id_cms=4','','2012-05-30 23:35:06'),
	(65,NULL,NULL,'/de/content/category/cms.php?id_cms=2','','2012-05-31 01:21:52'),
	(66,NULL,NULL,'/en/content/category/cms.php?id_cms=3','','2012-05-31 02:18:51'),
	(67,NULL,NULL,'/th1s_1s_a_4o4.html','http://www.google.com/url?url=www.armoniesaporidelfriuli.it','2012-05-31 03:38:38'),
	(68,NULL,NULL,'/en/content/category/cms.php?id_cms=2','','2012-05-31 11:57:57'),
	(69,NULL,NULL,'/de/content/category/cms.php?id_cms=1','','2012-05-31 12:50:40'),
	(70,NULL,NULL,'/en/content/category/cms.php?id_cms=4','','2012-05-31 13:52:47'),
	(71,NULL,NULL,'/en/content/history.php','','2012-05-31 15:21:46'),
	(72,NULL,NULL,'/de/content/history.php','','2012-05-31 16:38:13'),
	(73,NULL,NULL,'/en/content/discount.php','','2012-05-31 18:43:53'),
	(74,NULL,NULL,'/en/content/identity.php','','2012-05-31 21:25:32'),
	(75,NULL,NULL,'/de/content/identity.php','','2012-05-31 22:22:14'),
	(76,NULL,NULL,'/en/content/supplier.php','','2012-05-31 23:13:45'),
	(77,NULL,NULL,'/de/content/supplier.php','','2012-06-01 00:43:11'),
	(78,NULL,NULL,'/de/content/discount.php','','2012-06-01 01:41:32'),
	(79,NULL,NULL,'/th1s_1s_a_4o4.html','http://www.google.com/url?url=www.armoniesaporidelfriuli.it','2012-06-01 03:37:51'),
	(80,NULL,NULL,'/en/content/addresses.php','','2012-06-01 07:20:46'),
	(81,NULL,NULL,'/a','','2012-06-01 08:06:00'),
	(82,NULL,NULL,'/de/content/addresses.php','','2012-06-01 09:59:46'),
	(83,NULL,NULL,'/en/content/best-sales.php','','2012-06-01 12:04:31'),
	(84,NULL,NULL,'/de/content/best-sales.php','','2012-06-01 13:36:07'),
	(85,NULL,NULL,'/en/content/my-account.php','','2012-06-01 14:39:02'),
	(86,NULL,NULL,'/de/content/my-account.php','','2012-06-01 15:31:09'),
	(87,NULL,NULL,'/de/content/prices-drop.php','','2012-06-01 17:05:57'),
	(88,NULL,NULL,'/de/content/best-sales.php','','2012-06-01 18:40:57'),
	(89,NULL,NULL,'/en/content/prices-drop.php','','2012-06-01 20:47:45'),
	(90,NULL,NULL,'/de/content/manufacturer.php','','2012-06-01 21:54:46'),
	(91,NULL,NULL,'/de/content/cms.php?id_cms=1','','2012-06-02 00:55:09'),
	(92,NULL,NULL,'/en/content/contact-form.php','','2012-06-02 03:10:34'),
	(93,NULL,NULL,'/th1s_1s_a_4o4.html','http://www.google.com/url?url=www.armoniesaporidelfriuli.it','2012-06-02 03:30:32'),
	(94,NULL,NULL,'/en/content/manufacturer.php','','2012-06-02 05:00:04'),
	(95,NULL,NULL,'/de/content/contact-form.php','','2012-06-02 07:33:19'),
	(96,NULL,NULL,'/de/content/new-products.php','','2012-06-02 09:50:50'),
	(97,NULL,NULL,'/de/content/cms.php?id_cms=2','','2012-06-02 10:00:35'),
	(98,NULL,NULL,'/en/content/new-products.php','','2012-06-02 10:31:06'),
	(99,NULL,NULL,'/en/content/cms.php?id_cms=4','','2012-06-02 12:32:26'),
	(100,NULL,NULL,'/de/content/cms.php?id_cms=3','','2012-06-02 13:31:21'),
	(101,NULL,NULL,'/de/content/cms.php?id_cms=4','','2012-06-02 14:12:52'),
	(102,NULL,NULL,'/en/content/cms.php?id_cms=1','','2012-06-02 14:59:23'),
	(103,NULL,NULL,'/en/content/cms.php?id_cms=3','','2012-06-02 17:43:56'),
	(104,NULL,NULL,'/en/content/cms.php?id_cms=2','','2012-06-02 18:35:41'),
	(105,NULL,NULL,'/th1s_1s_a_4o4.html','http://www.google.com/url?url=www.armoniesaporidelfriuli.it','2012-06-03 03:33:47'),
	(106,NULL,NULL,'/phpmyadmin/scripts/setup.php','http://ARMONIESAPORIDELFRIULI.COM/phpmyadmin/scripts/setup.php','2012-06-03 11:14:52'),
	(107,NULL,NULL,'/th1s_1s_a_4o4.html','http://www.google.com/url?url=www.armoniesaporidelfriuli.it','2012-06-04 03:30:33'),
	(108,NULL,NULL,'/th1s_1s_a_4o4.html','http://www.google.com/url?url=www.armoniesaporidelfriuli.it','2012-06-05 03:32:32'),
	(109,NULL,NULL,'/it/content/prices-drop.php','','2012-06-05 03:37:06'),
	(110,NULL,NULL,'/it/content/cms.php?id_cms=3','','2012-06-05 03:37:07'),
	(111,NULL,NULL,'/en/content/new-products.php','','2012-06-05 03:37:08'),
	(112,NULL,NULL,'/it/content/supplier.php','','2012-06-05 03:37:12'),
	(113,NULL,NULL,'/it/content/identity.php','','2012-06-05 03:37:13'),
	(114,NULL,NULL,'/it/content/my-account.php','','2012-06-05 03:37:14'),
	(115,NULL,NULL,'/en/content/cms.php?id_cms=2','','2012-06-05 03:37:14'),
	(116,NULL,NULL,'/en/content/manufacturer.php','','2012-06-05 03:37:16'),
	(117,NULL,NULL,'/it/content/history.php','','2012-06-05 03:37:16'),
	(118,NULL,NULL,'/en/content/cms.php?id_cms=4','','2012-06-05 03:37:16'),
	(119,NULL,NULL,'/de/content/contact-form.php','','2012-06-05 03:37:17'),
	(120,NULL,NULL,'/de/content/cms.php?id_cms=4','','2012-06-05 03:37:18'),
	(121,NULL,NULL,'/de/content/addresses.php','','2012-06-05 03:37:18'),
	(122,NULL,NULL,'/de/content/supplier.php','','2012-06-05 03:37:18'),
	(123,NULL,NULL,'/de/content/my-account.php','','2012-06-05 03:37:19'),
	(124,NULL,NULL,'/de/content/discount.php','','2012-06-05 03:37:19'),
	(125,NULL,NULL,'/de/content/prices-drop.php','','2012-06-05 03:37:20'),
	(126,NULL,NULL,'/de/content/new-products.php','','2012-06-05 03:37:20'),
	(127,NULL,NULL,'/de/content/cms.php?id_cms=3','','2012-06-05 03:37:21'),
	(128,NULL,NULL,'/de/content/manufacturer.php','','2012-06-05 03:37:23'),
	(129,NULL,NULL,'/de/content/identity.php','','2012-06-05 03:37:25'),
	(130,NULL,NULL,'/it/content/discount.php','','2012-06-05 03:37:26'),
	(131,NULL,NULL,'/it/content/contact-form.php','','2012-06-05 03:37:26'),
	(132,NULL,NULL,'/de/content/best-sales.php','','2012-06-05 03:37:27'),
	(133,NULL,NULL,'/it/content/new-products.php','','2012-06-05 03:37:27'),
	(134,NULL,NULL,'/en/content/addresses.php','','2012-06-05 03:37:28'),
	(135,NULL,NULL,'/en/content/contact-form.php','','2012-06-05 03:37:29'),
	(136,NULL,NULL,'/en/content/history.php','','2012-06-05 03:37:29'),
	(137,NULL,NULL,'/it/content/manufacturer.php','','2012-06-05 03:37:30'),
	(138,NULL,NULL,'/en/content/prices-drop.php','','2012-06-05 03:37:31'),
	(139,NULL,NULL,'/en/content/identity.php','','2012-06-05 03:37:31'),
	(140,NULL,NULL,'/it/content/best-sales.php','','2012-06-05 03:37:33'),
	(141,NULL,NULL,'/en/content/supplier.php','','2012-06-05 03:37:34'),
	(142,NULL,NULL,'/en/content/my-account.php','','2012-06-05 03:37:35'),
	(143,NULL,NULL,'/it/content/addresses.php','','2012-06-05 03:37:35'),
	(144,NULL,NULL,'/en/content/discount.php','','2012-06-05 03:37:35'),
	(145,NULL,NULL,'/en/content/best-sales.php','','2012-06-05 03:37:36'),
	(146,NULL,NULL,'/de/content/history.php','','2012-06-05 03:37:36'),
	(147,NULL,NULL,'/a','','2012-06-05 03:37:55'),
	(148,NULL,NULL,'/it/content/cms.php?id_cms=1','','2012-06-05 03:39:21'),
	(149,NULL,NULL,'/it/content/cms.php?id_cms=4','','2012-06-05 03:39:22'),
	(150,NULL,NULL,'/de/content/cms.php?id_cms=2','','2012-06-05 03:40:01'),
	(151,NULL,NULL,'/en/content/cms.php?id_cms=1','','2012-06-05 03:40:01'),
	(152,NULL,NULL,'/en/content/cms.php?id_cms=3','','2012-06-05 03:40:59'),
	(153,NULL,NULL,'/it/content/cms.php?id_cms=2','','2012-06-05 03:40:59'),
	(154,NULL,NULL,'/de/content/cms.php?id_cms=1','','2012-06-05 03:41:00'),
	(155,NULL,NULL,'/wp-login.php','','2012-06-06 02:26:53'),
	(156,NULL,NULL,'/th1s_1s_a_4o4.html','http://www.google.com/url?url=www.armoniesaporidelfriuli.it','2012-06-06 03:40:26'),
	(157,NULL,NULL,'/psadmin/modgo_others','http://www.armoniesaporidelfriuli.it/psadmin/index.php?tab=AdminModules&token=e45b97df07ca01e6e9b1e2aa6369990d','2012-06-06 09:09:04'),
	(158,NULL,NULL,'/psadmin/modgo_administration','http://www.armoniesaporidelfriuli.it/psadmin/index.php?tab=AdminModules&token=e45b97df07ca01e6e9b1e2aa6369990d','2012-06-06 09:09:24'),
	(159,NULL,NULL,'/psadmin/modgo_search_filter','http://www.armoniesaporidelfriuli.it/psadmin/index.php?tab=AdminModules&token=e45b97df07ca01e6e9b1e2aa6369990d','2012-06-06 09:09:44'),
	(160,NULL,NULL,'/th1s_1s_a_4o4.html','http://www.google.com/url?url=www.armoniesaporidelfriuli.it','2012-06-07 03:30:46'),
	(161,NULL,NULL,'/it/Area%20Agenzie%20e%20TO','http://www.armoniesaporidelfriuli.it/it/authentication.php?back=my-account.php','2012-06-07 05:04:37'),
	(162,NULL,NULL,'/it/Area-Agenzie-e-TO','http://www.armoniesaporidelfriuli.it/it/authentication.php?back=my-account.php','2012-06-07 05:09:18'),
	(163,NULL,NULL,'/inde.php','','2012-06-07 05:11:45'),
	(164,NULL,NULL,'/it/home','','2012-06-07 05:11:57'),
	(165,NULL,NULL,'/it/home.html','','2012-06-07 05:12:04'),
	(166,NULL,NULL,'/it/index.html','','2012-06-07 05:12:09'),
	(167,NULL,NULL,'/index.html','','2012-06-07 05:12:16'),
	(168,NULL,NULL,'/myadmin/scripts/setup.php','http://ARMONIESAPORIDELFRIULI.COM/myadmin/scripts/setup.php','2012-06-07 07:26:24'),
	(169,NULL,NULL,'/psadmin/readme.txt','','2012-06-08 02:05:58'),
	(170,NULL,NULL,'/th1s_1s_a_4o4.html','http://www.google.com/url?url=www.armoniesaporidelfriuli.it','2012-06-08 03:43:14'),
	(171,NULL,NULL,'/th1s_1s_a_4o4.html','http://www.google.com/url?url=www.armoniesaporidelfriuli.it','2012-06-09 03:35:48'),
	(172,NULL,NULL,'/public_html/modules/events/it/event_attending.html','','2012-06-09 04:49:59'),
	(173,NULL,NULL,'/th1s_1s_a_4o4.html','http://www.google.com/url?url=www.armoniesaporidelfriuli.it','2012-06-10 03:39:49'),
	(174,NULL,NULL,'/en/modules/events/history.php','','2012-06-11 02:03:08'),
	(175,NULL,NULL,'/th1s_1s_a_4o4.html','http://www.google.com/url?url=www.armoniesaporidelfriuli.it','2012-06-11 03:31:13'),
	(176,NULL,NULL,'/de/modules/events/history.php','','2012-06-11 04:25:28'),
	(177,NULL,NULL,'/it/modules/events/history.php','','2012-06-11 08:45:03'),
	(178,NULL,NULL,'/en/modules/events/supplier.php','','2012-06-11 09:53:47'),
	(179,NULL,NULL,'/de/modules/events/identity.php','','2012-06-11 11:00:20'),
	(180,NULL,NULL,'/it/modules/events/discount.php','','2012-06-11 12:58:00'),
	(181,NULL,NULL,'/en/modules/events/discount.php','','2012-06-11 14:21:54'),
	(182,NULL,NULL,'/de/modules/events/discount.php','','2012-06-11 15:14:41'),
	(183,NULL,NULL,'/en/modules/events/identity.php','','2012-06-11 16:27:03'),
	(184,NULL,NULL,'/it/modules/events/identity.php','','2012-06-11 16:50:57'),
	(185,NULL,NULL,'/de/modules/events/supplier.php','','2012-06-11 17:55:09'),
	(186,NULL,NULL,'/it/modules/events/supplier.php','','2012-06-11 21:45:09'),
	(187,NULL,NULL,'/de/modules/events/addresses.php','','2012-06-11 23:34:55'),
	(188,NULL,NULL,'/en/modules/events/addresses.php','','2012-06-12 00:15:59'),
	(189,NULL,NULL,'/crm/','','2012-06-12 01:34:55'),
	(190,NULL,NULL,'/it/modules/events/addresses.php','','2012-06-12 01:39:41'),
	(191,NULL,NULL,'/it/modules/events/my-account.php','','2012-06-12 02:40:30'),
	(192,NULL,NULL,'/th1s_1s_a_4o4.html','http://www.google.com/url?url=www.armoniesaporidelfriuli.it','2012-06-12 03:32:53'),
	(193,NULL,NULL,'/de/modules/events/best-sales.php','','2012-06-12 05:14:49'),
	(194,NULL,NULL,'/en/modules/events/best-sales.php','','2012-06-12 06:37:58'),
	(195,NULL,NULL,'/de/modules/events/my-account.php','','2012-06-12 08:41:54'),
	(196,NULL,NULL,'/en/modules/events/my-account.php','','2012-06-12 09:29:30'),
	(197,NULL,NULL,'/it/modules/events/best-sales.php','','2012-06-12 10:18:14'),
	(198,NULL,NULL,'/de/modules/events/prices-drop.php','','2012-06-12 12:18:47'),
	(199,NULL,NULL,'/en/modules/events/prices-drop.php','','2012-06-12 13:44:13'),
	(200,NULL,NULL,'/it/modules/events/prices-drop.php','','2012-06-12 14:54:28'),
	(201,NULL,NULL,'/en/modules/events/manufacturer.php','','2012-06-12 15:39:59'),
	(202,NULL,NULL,'/de/modules/events/contact-form.php','','2012-06-12 16:25:21'),
	(203,NULL,NULL,'/it/modules/events/new-products.php','','2012-06-12 17:03:41'),
	(204,NULL,NULL,'/en/modules/events/new-products.php','','2012-06-12 19:32:50'),
	(205,NULL,NULL,'/de/modules/events/manufacturer.php','','2012-06-12 20:23:20'),
	(206,NULL,NULL,'/de/modules/events/new-products.php','','2012-06-12 21:07:06'),
	(207,NULL,NULL,'/it/modules/events/contact-form.php','','2012-06-12 22:05:13'),
	(208,NULL,NULL,'/en/modules/events/contact-form.php','','2012-06-12 22:46:15'),
	(209,NULL,NULL,'/it/modules/events/manufacturer.php','','2012-06-12 23:39:54'),
	(210,NULL,NULL,'/en/modules/events/cms.php?id_cms=3','','2012-06-13 00:38:39'),
	(211,NULL,NULL,'/th1s_1s_a_4o4.html','http://www.google.com/url?url=www.armoniesaporidelfriuli.it','2012-06-13 03:35:49'),
	(212,NULL,NULL,'/en/modules/events/cms.php?id_cms=4','','2012-06-13 13:54:34'),
	(213,NULL,NULL,'/it/modules/events/cms.php?id_cms=1','','2012-06-13 14:16:39'),
	(214,NULL,NULL,'/de/modules/events/cms.php?id_cms=2','','2012-06-13 14:24:48'),
	(215,NULL,NULL,'/it/modules/events/cms.php?id_cms=2','','2012-06-13 22:12:50'),
	(216,NULL,NULL,'/th1s_1s_a_4o4.html','http://www.google.com/url?url=www.armoniesaporidelfriuli.it','2012-06-14 03:34:29'),
	(217,NULL,NULL,'/en/modules/events/cms.php?id_cms=1','','2012-06-14 07:27:34'),
	(218,NULL,NULL,'/de/modules/events/cms.php?id_cms=1','','2012-06-14 08:48:04'),
	(219,NULL,NULL,'/de/modules/events/cms.php?id_cms=4','','2012-06-14 12:48:05'),
	(220,NULL,NULL,'/it/modules/events/cms.php?id_cms=4','','2012-06-14 17:38:38'),
	(221,NULL,NULL,'/it/modules/events/cms.php?id_cms=3','','2012-06-14 22:27:26'),
	(222,NULL,NULL,'/en/modules/events/cms.php?id_cms=2','','2012-06-15 02:43:52'),
	(223,NULL,NULL,'/th1s_1s_a_4o4.html','http://www.google.com/url?url=www.armoniesaporidelfriuli.it','2012-06-15 03:33:45'),
	(224,NULL,NULL,'/de/modules/events/cms.php?id_cms=3','','2012-06-15 08:19:10'),
	(225,NULL,NULL,'/sugar/','','2012-06-15 22:44:49'),
	(226,NULL,NULL,'/th1s_1s_a_4o4.html','http://www.google.com/url?url=www.armoniesaporidelfriuli.it','2012-06-16 03:36:18'),
	(227,NULL,NULL,'/th1s_1s_a_4o4.html','http://www.google.com/url?url=www.armoniesaporidelfriuli.it','2012-06-17 03:31:03'),
	(228,NULL,NULL,'/th1s_1s_a_4o4.html','http://www.google.com/url?url=www.armoniesaporidelfriuli.it','2012-06-18 03:40:47'),
	(229,NULL,NULL,'/th1s_1s_a_4o4.html','http://www.google.com/url?url=www.armoniesaporidelfriuli.it','2012-06-19 03:43:57'),
	(230,NULL,NULL,'/sugarcrm/','','2012-06-19 19:56:34'),
	(231,NULL,NULL,'/th1s_1s_a_4o4.html','http://www.google.com/url?url=www.armoniesaporidelfriuli.it','2012-06-20 03:41:41'),
	(232,NULL,NULL,'/th1s_1s_a_4o4.html','http://www.google.com/url?url=www.armoniesaporidelfriuli.it','2012-06-21 03:35:36'),
	(233,NULL,NULL,'/th1s_1s_a_4o4.html','http://www.google.com/url?url=www.armoniesaporidelfriuli.it','2012-06-22 03:39:33'),
	(234,NULL,NULL,'/th1s_1s_a_4o4.html','http://www.google.com/url?url=www.armoniesaporidelfriuli.it','2012-06-23 03:51:46'),
	(235,NULL,NULL,'/th1s_1s_a_4o4.html','http://www.google.com/url?url=www.armoniesaporidelfriuli.it','2012-06-24 03:31:45'),
	(236,NULL,NULL,'/th1s_1s_a_4o4.html','http://www.google.com/url?url=www.armoniesaporidelfriuli.it','2012-06-25 03:30:30'),
	(237,NULL,NULL,'/th1s_1s_a_4o4.html','http://www.google.com/url?url=www.armoniesaporidelfriuli.it','2012-06-26 03:31:33'),
	(238,NULL,NULL,'/th1s_1s_a_4o4.html','http://www.google.com/url?url=www.armoniesaporidelfriuli.it','2012-06-27 03:36:50'),
	(239,NULL,NULL,'/th1s_1s_a_4o4.html','http://www.google.com/url?url=www.armoniesaporidelfriuli.it','2012-06-28 03:42:15'),
	(240,NULL,NULL,'/th1s_1s_a_4o4.html','http://www.google.com/url?url=www.armoniesaporidelfriuli.it','2012-06-29 03:43:56'),
	(241,NULL,NULL,'/th1s_1s_a_4o4.html','http://www.google.com/url?url=www.armoniesaporidelfriuli.it','2012-06-30 03:36:58'),
	(242,NULL,NULL,'/th1s_1s_a_4o4.html','http://www.google.com/url?url=www.armoniesaporidelfriuli.it','2012-07-01 03:39:31'),
	(243,NULL,NULL,'/th1s_1s_a_4o4.html','http://www.google.com/url?url=www.armoniesaporidelfriuli.it','2012-07-02 04:38:40'),
	(244,NULL,NULL,'/th1s_1s_a_4o4.html','http://www.google.com/url?url=www.armoniesaporidelfriuli.it','2012-07-03 03:38:28'),
	(245,NULL,NULL,'/th1s_1s_a_4o4.html','http://www.google.com/url?url=www.armoniesaporidelfriuli.it','2012-07-04 03:39:27'),
	(246,NULL,NULL,'/th1s_1s_a_4o4.html','http://www.google.com/url?url=www.armoniesaporidelfriuli.it','2012-07-05 03:36:05'),
	(247,NULL,NULL,'/de/content/contact-form.php','','2012-07-05 03:45:05'),
	(248,NULL,NULL,'/it/content/cms.php?id_cms=3','','2012-07-05 03:45:08'),
	(249,NULL,NULL,'/en/content/new-products.php','','2012-07-05 03:45:09'),
	(250,NULL,NULL,'/de/content/addresses.php','','2012-07-05 03:45:15'),
	(251,NULL,NULL,'/de/content/supplier.php','','2012-07-05 03:45:20'),
	(252,NULL,NULL,'/de/content/discount.php','','2012-07-05 03:45:20'),
	(253,NULL,NULL,'/de/content/prices-drop.php','','2012-07-05 03:45:21'),
	(254,NULL,NULL,'/it/content/supplier.php','','2012-07-05 03:45:21'),
	(255,NULL,NULL,'/de/content/new-products.php','','2012-07-05 03:45:22'),
	(256,NULL,NULL,'/it/content/identity.php','','2012-07-05 03:45:22'),
	(257,NULL,NULL,'/de/content/manufacturer.php','','2012-07-05 03:45:23'),
	(258,NULL,NULL,'/de/content/identity.php','','2012-07-05 03:45:23'),
	(259,NULL,NULL,'/it/content/my-account.php','','2012-07-05 03:45:24'),
	(260,NULL,NULL,'/en/content/cms.php?id_cms=2','','2012-07-05 03:45:24'),
	(261,NULL,NULL,'/en/content/manufacturer.php','','2012-07-05 03:45:25'),
	(262,NULL,NULL,'/de/content/cms.php?id_cms=2','','2012-07-05 03:45:25'),
	(263,NULL,NULL,'/en/content/cms.php?id_cms=1','','2012-07-05 03:45:26'),
	(264,NULL,NULL,'/en/content/cms.php?id_cms=3','','2012-07-05 03:45:26'),
	(265,NULL,NULL,'/it/content/new-products.php','','2012-07-05 03:45:27'),
	(266,NULL,NULL,'/it/content/manufacturer.php','','2012-07-05 03:45:30'),
	(267,NULL,NULL,'/it/content/best-sales.php','','2012-07-05 03:45:33'),
	(268,NULL,NULL,'/en/content/supplier.php','','2012-07-05 03:45:34'),
	(269,NULL,NULL,'/it/content/addresses.php','','2012-07-05 03:45:34'),
	(270,NULL,NULL,'/it/content/prices-drop.php','','2012-07-05 03:45:35'),
	(271,NULL,NULL,'/a','','2012-07-05 03:45:37'),
	(272,NULL,NULL,'/de/content/my-account.php','','2012-07-05 03:45:42'),
	(273,NULL,NULL,'/it/content/history.php','','2012-07-05 03:45:45'),
	(274,NULL,NULL,'/it/content/discount.php','','2012-07-05 03:45:45'),
	(275,NULL,NULL,'/it/content/contact-form.php','','2012-07-05 03:45:46'),
	(276,NULL,NULL,'/de/content/best-sales.php','','2012-07-05 03:45:46'),
	(277,NULL,NULL,'/en/content/addresses.php','','2012-07-05 03:45:47'),
	(278,NULL,NULL,'/en/content/contact-form.php','','2012-07-05 03:45:48'),
	(279,NULL,NULL,'/en/content/history.php','','2012-07-05 03:45:48'),
	(280,NULL,NULL,'/en/content/prices-drop.php','','2012-07-05 03:45:49'),
	(281,NULL,NULL,'/en/content/identity.php','','2012-07-05 03:45:49'),
	(282,NULL,NULL,'/en/content/my-account.php','','2012-07-05 03:45:50'),
	(283,NULL,NULL,'/en/content/discount.php','','2012-07-05 03:45:54'),
	(284,NULL,NULL,'/en/content/best-sales.php','','2012-07-05 03:45:55'),
	(285,NULL,NULL,'/de/content/history.php','','2012-07-05 03:45:55'),
	(286,NULL,NULL,'/it/modules/events/supplier.php','','2012-07-05 03:45:56'),
	(287,NULL,NULL,'/en/modules/events/manufacturer.php','','2012-07-05 03:45:56'),
	(288,NULL,NULL,'/en/modules/events/new-products.php','','2012-07-05 03:45:57'),
	(289,NULL,NULL,'/en/modules/events/history.php','','2012-07-05 03:45:57'),
	(290,NULL,NULL,'/it/modules/events/contact-form.php','','2012-07-05 03:45:58'),
	(291,NULL,NULL,'/it/modules/events/cms.php?id_cms=3','','2012-07-05 03:46:05'),
	(292,NULL,NULL,'/it/modules/events/manufacturer.php','','2012-07-05 03:46:06'),
	(293,NULL,NULL,'/it/modules/events/identity.php','','2012-07-05 03:46:07'),
	(294,NULL,NULL,'/de/modules/events/discount.php','','2012-07-05 03:46:10'),
	(295,NULL,NULL,'/de/modules/events/addresses.php','','2012-07-05 03:46:11'),
	(296,NULL,NULL,'/de/modules/events/prices-drop.php','','2012-07-05 03:46:11'),
	(297,NULL,NULL,'/de/modules/events/cms.php?id_cms=4','','2012-07-05 03:46:12'),
	(298,NULL,NULL,'/de/modules/events/contact-form.php','','2012-07-05 03:46:12'),
	(299,NULL,NULL,'/de/modules/events/my-account.php','','2012-07-05 03:46:13'),
	(300,NULL,NULL,'/de/modules/events/history.php','','2012-07-05 03:46:13'),
	(301,NULL,NULL,'/en/modules/events/prices-drop.php','','2012-07-05 03:46:13'),
	(302,NULL,NULL,'/de/modules/events/new-products.php','','2012-07-05 03:46:14'),
	(303,NULL,NULL,'/it/modules/events/addresses.php','','2012-07-05 03:46:15'),
	(304,NULL,NULL,'/it/modules/events/new-products.php','','2012-07-05 03:46:15'),
	(305,NULL,NULL,'/en/modules/events/contact-form.php','','2012-07-05 03:46:16'),
	(306,NULL,NULL,'/it/modules/events/discount.php','','2012-07-05 03:46:16'),
	(307,NULL,NULL,'/it/modules/events/history.php','','2012-07-05 03:46:17'),
	(308,NULL,NULL,'/de/modules/events/best-sales.php','','2012-07-05 03:46:17'),
	(309,NULL,NULL,'/de/modules/events/manufacturer.php','','2012-07-05 03:46:18'),
	(310,NULL,NULL,'/en/modules/events/best-sales.php','','2012-07-05 03:46:18'),
	(311,NULL,NULL,'/it/modules/events/my-account.php','','2012-07-05 03:46:19'),
	(312,NULL,NULL,'/de/modules/events/supplier.php','','2012-07-05 03:46:20'),
	(313,NULL,NULL,'/it/modules/events/prices-drop.php','','2012-07-05 03:46:23'),
	(314,NULL,NULL,'/en/modules/events/my-account.php','','2012-07-05 03:46:24'),
	(315,NULL,NULL,'/en/modules/events/cms.php?id_cms=3','','2012-07-05 03:46:25'),
	(316,NULL,NULL,'/en/modules/events/supplier.php','','2012-07-05 03:46:25'),
	(317,NULL,NULL,'/en/modules/events/cms.php?id_cms=1','','2012-07-05 03:46:26'),
	(318,NULL,NULL,'/en/modules/events/cms.php?id_cms=2','','2012-07-05 03:46:26'),
	(319,NULL,NULL,'/en/modules/events/discount.php','','2012-07-05 03:46:29'),
	(320,NULL,NULL,'/en/modules/events/addresses.php','','2012-07-05 03:46:29'),
	(321,NULL,NULL,'/de/modules/events/identity.php','','2012-07-05 03:46:30'),
	(322,NULL,NULL,'/it/modules/events/best-sales.php','','2012-07-05 03:46:30'),
	(323,NULL,NULL,'/en/modules/events/identity.php','','2012-07-05 03:46:31'),
	(324,NULL,NULL,'/it/content/cms.php?id_cms=1','','2012-07-05 03:49:51'),
	(325,NULL,NULL,'/de/content/cms.php?id_cms=4','','2012-07-05 03:49:52'),
	(326,NULL,NULL,'/de/content/cms.php?id_cms=3','','2012-07-05 03:49:52'),
	(327,NULL,NULL,'/it/modules/events/cms.php?id_cms=1','','2012-07-05 03:49:54'),
	(328,NULL,NULL,'/de/modules/events/cms.php?id_cms=1','','2012-07-05 03:49:55'),
	(329,NULL,NULL,'/it/content/cms.php?id_cms=4','','2012-07-05 03:52:03'),
	(330,NULL,NULL,'/it/content/cms.php?id_cms=2','','2012-07-05 03:52:04'),
	(331,NULL,NULL,'/it/modules/events/cms.php?id_cms=4','','2012-07-05 03:52:04'),
	(332,NULL,NULL,'/de/modules/events/cms.php?id_cms=2','','2012-07-05 03:52:05'),
	(333,NULL,NULL,'/de/modules/events/cms.php?id_cms=3','','2012-07-05 03:52:05'),
	(334,NULL,NULL,'/en/content/cms.php?id_cms=4','','2012-07-05 03:54:00'),
	(335,NULL,NULL,'/de/content/cms.php?id_cms=1','','2012-07-05 03:54:00'),
	(336,NULL,NULL,'/it/modules/events/cms.php?id_cms=2','','2012-07-05 03:54:01'),
	(337,NULL,NULL,'/en/modules/events/cms.php?id_cms=4','','2012-07-05 03:54:01'),
	(338,NULL,NULL,'/it/content/history.php','','2012-07-05 12:29:24'),
	(339,NULL,NULL,'/it/content/discount.php','','2012-07-05 13:12:19'),
	(340,NULL,NULL,'/it/content/supplier.php','','2012-07-05 16:57:10'),
	(341,NULL,NULL,'/it/content/identity.php','','2012-07-05 17:45:48'),
	(342,NULL,NULL,'/it/content/addresses.php','','2012-07-05 20:56:28'),
	(343,NULL,NULL,'/it/content/my-account.php','','2012-07-05 21:46:27'),
	(344,NULL,NULL,'/it/content/best-sales.php','','2012-07-05 22:29:07'),
	(345,NULL,NULL,'/it/content/prices-drop.php','','2012-07-06 00:02:58'),
	(346,NULL,NULL,'/it/content/contact-form.php','','2012-07-06 00:44:42'),
	(347,NULL,NULL,'/it/content/manufacturer.php','','2012-07-06 01:50:17'),
	(348,NULL,NULL,'/it/content/new-products.php','','2012-07-06 02:24:08'),
	(349,NULL,NULL,'/th1s_1s_a_4o4.html','http://www.google.com/url?url=www.armoniesaporidelfriuli.it','2012-07-06 15:00:14'),
	(350,NULL,NULL,'/MSWSMTP/Common/Authentication/Logon.aspx','','2012-07-06 15:10:31'),
	(351,NULL,NULL,'/intruvert/jsp/admin/Login.jsp','','2012-07-06 15:10:31'),
	(352,NULL,NULL,'/th1s_1s_a_4o4.html','http://www.google.com/url?url=www.armoniesaporidelfriuli.it','2012-07-07 03:35:56'),
	(353,NULL,NULL,'/th1s_1s_a_4o4.html','http://www.google.com/url?url=www.armoniesaporidelfriuli.it','2012-07-08 03:39:24'),
	(354,NULL,NULL,'/pl/best-sales.php','','2012-07-08 11:58:33'),
	(355,NULL,NULL,'/es/','','2012-07-08 14:00:35'),
	(356,NULL,NULL,'/it/content/cms.php?id_cms=3','','2012-07-08 19:42:09'),
	(357,NULL,NULL,'/it/content/cms.php?id_cms=2','','2012-07-08 20:21:16'),
	(358,NULL,NULL,'/en/stores','','2012-07-08 20:48:40'),
	(359,NULL,NULL,'/it/content/cms.php?id_cms=4','','2012-07-08 21:19:00'),
	(360,NULL,NULL,'/it/content/cms.php?id_cms=1','','2012-07-08 22:12:01'),
	(361,NULL,NULL,'/fr/order.php?step=1','','2012-07-08 22:18:09'),
	(362,NULL,NULL,'/th1s_1s_a_4o4.html','http://www.google.com/url?url=www.armoniesaporidelfriuli.it','2012-07-09 03:36:13'),
	(363,NULL,NULL,'/en/content/history.php','','2012-07-09 08:12:09'),
	(364,NULL,NULL,'/en/content/supplier.php','','2012-07-09 08:55:34'),
	(365,NULL,NULL,'/th1s_1s_a_4o4.html','http://www.google.com/url?url=www.armoniesaporidelfriuli.it','2012-07-10 03:35:47'),
	(366,NULL,NULL,'/en/content/discount.php','','2012-07-10 05:59:34'),
	(367,NULL,NULL,'/en/content/identity.php','','2012-07-10 06:52:39'),
	(368,NULL,NULL,'/en/content/addresses.php','','2012-07-10 07:33:59'),
	(369,NULL,NULL,'/en/content/best-sales.php','','2012-07-10 08:13:53'),
	(370,NULL,NULL,'/en/content/my-account.php','','2012-07-10 10:53:31'),
	(371,NULL,NULL,'/en/content/prices-drop.php','','2012-07-10 12:33:42'),
	(372,NULL,NULL,'/en/content/contact-form.php','','2012-07-10 14:29:12'),
	(373,NULL,NULL,'/th1s_1s_a_4o4.html','http://www.google.com/url?url=www.armoniesaporidelfriuli.it','2012-07-11 08:44:03'),
	(374,NULL,NULL,'/de/content/history.php','','2012-07-11 20:46:25'),
	(375,NULL,NULL,'/de/content/identity.php','','2012-07-12 00:26:51'),
	(376,NULL,NULL,'/de/content/supplier.php','','2012-07-12 02:03:32'),
	(377,NULL,NULL,'/de/content/discount.php','','2012-07-12 02:28:38'),
	(378,NULL,NULL,'/th1s_1s_a_4o4.html','http://www.google.com/url?url=www.armoniesaporidelfriuli.it','2012-07-12 03:31:04'),
	(379,NULL,NULL,'/de/content/addresses.php','','2012-07-12 03:38:47'),
	(380,NULL,NULL,'/de/content/best-sales.php','','2012-07-12 05:14:36'),
	(381,NULL,NULL,'/de/content/my-account.php','','2012-07-12 07:00:12'),
	(382,NULL,NULL,'/de/content/prices-drop.php','','2012-07-12 08:14:56'),
	(383,NULL,NULL,'/de/content/manufacturer.php','','2012-07-12 08:49:34'),
	(384,NULL,NULL,'/de/content/contact-form.php','','2012-07-12 09:19:21'),
	(385,NULL,NULL,'/de/content/new-products.php','','2012-07-12 10:09:50'),
	(386,NULL,NULL,'/de/content/cms.php?id_cms=1','','2012-07-12 11:54:39'),
	(387,NULL,NULL,'/de/content/cms.php?id_cms=4','','2012-07-12 13:25:41'),
	(388,NULL,NULL,'/de/content/cms.php?id_cms=3','','2012-07-12 13:55:15'),
	(389,NULL,NULL,'/de/content/cms.php?id_cms=2','','2012-07-12 15:19:33'),
	(390,NULL,NULL,'/th1s_1s_a_4o4.html','http://www.google.com/url?url=www.armoniesaporidelfriuli.it','2012-07-13 03:33:06'),
	(391,NULL,NULL,'/th1s_1s_a_4o4.html','http://www.google.com/url?url=www.armoniesaporidelfriuli.it','2012-07-14 03:43:49'),
	(392,NULL,NULL,'/th1s_1s_a_4o4.html','http://www.google.com/url?url=www.armoniesaporidelfriuli.it','2012-07-15 03:39:14'),
	(393,NULL,NULL,'/th1s_1s_a_4o4.html','http://www.google.com/url?url=www.armoniesaporidelfriuli.it','2012-07-16 03:37:38'),
	(394,NULL,NULL,'/th1s_1s_a_4o4.html','http://www.google.com/url?url=www.armoniesaporidelfriuli.it','2012-07-17 03:41:59'),
	(395,NULL,NULL,'/th1s_1s_a_4o4.html','http://www.google.com/url?url=www.armoniesaporidelfriuli.it','2012-07-18 03:34:13'),
	(396,NULL,NULL,'/de/modules/events/history.php','','2012-07-18 17:45:50'),
	(397,NULL,NULL,'/de/modules/events/identity.php','','2012-07-18 18:17:36'),
	(398,NULL,NULL,'/de/modules/events/discount.php','','2012-07-18 22:39:21'),
	(399,NULL,NULL,'/de/modules/events/supplier.php','','2012-07-19 00:06:46'),
	(400,NULL,NULL,'/de/modules/events/addresses.php','','2012-07-19 00:28:40'),
	(401,NULL,NULL,'/th1s_1s_a_4o4.html','http://www.google.com/url?url=www.armoniesaporidelfriuli.it','2012-07-19 03:42:49'),
	(402,NULL,NULL,'/en/modules/events/history.php','','2012-07-19 15:12:37'),
	(403,NULL,NULL,'/en/modules/events/supplier.php','','2012-07-19 15:50:51'),
	(404,NULL,NULL,'/en/modules/events/discount.php','','2012-07-19 17:15:16'),
	(405,NULL,NULL,'/en/modules/events/identity.php','','2012-07-19 18:00:38'),
	(406,NULL,NULL,'/en/modules/events/best-sales.php','','2012-07-19 19:12:26'),
	(407,NULL,NULL,'/en/modules/events/new-products.php','','2012-07-19 20:02:03'),
	(408,NULL,NULL,'/th1s_1s_a_4o4.html','http://www.google.com/url?url=www.armoniesaporidelfriuli.it','2012-07-20 03:43:23'),
	(409,NULL,NULL,'/it/content/category/history.php','','2012-07-20 15:30:27'),
	(410,NULL,NULL,'/it/content/category/supplier.php','','2012-07-20 16:10:59'),
	(411,NULL,NULL,'/it/content/category/identity.php','','2012-07-20 16:41:28'),
	(412,NULL,NULL,'/it/content/category/discount.php','','2012-07-20 18:07:49'),
	(413,NULL,NULL,'/it/content/category/addresses.php','','2012-07-20 19:04:20'),
	(414,NULL,NULL,'/it/content/category/best-sales.php','','2012-07-20 19:46:38'),
	(415,NULL,NULL,'/it/content/category/my-account.php','','2012-07-20 22:30:29'),
	(416,NULL,NULL,'/it/content/category/prices-drop.php','','2012-07-20 23:28:18'),
	(417,NULL,NULL,'/it/content/category/contact-form.php','','2012-07-20 23:55:02'),
	(418,NULL,NULL,'/it/content/category/manufacturer.php','','2012-07-21 01:03:01'),
	(419,NULL,NULL,'/it/content/category/new-products.php','','2012-07-21 01:45:24'),
	(420,NULL,NULL,'/it/content/category/cms.php?id_cms=1','','2012-07-21 03:13:48'),
	(421,NULL,NULL,'/th1s_1s_a_4o4.html','http://www.google.com/url?url=www.armoniesaporidelfriuli.it','2012-07-21 03:35:35'),
	(422,NULL,NULL,'/it/content/category/cms.php?id_cms=3','','2012-07-21 03:50:34'),
	(423,NULL,NULL,'/it/content/category/cms.php?id_cms=2','','2012-07-21 06:30:27'),
	(424,NULL,NULL,'/en/modules/events/addresses.php','','2012-07-21 14:17:50'),
	(425,NULL,NULL,'/en/modules/events/my-account.php','','2012-07-21 14:44:50'),
	(426,NULL,NULL,'/en/modules/events/prices-drop.php','','2012-07-21 16:05:40'),
	(427,NULL,NULL,'/en/modules/events/manufacturer.php','','2012-07-21 17:27:37'),
	(428,NULL,NULL,'/en/modules/events/contact-form.php','','2012-07-21 20:56:15'),
	(429,NULL,NULL,'/en/modules/events/cms.php?id_cms=3','','2012-07-21 21:39:20'),
	(430,NULL,NULL,'/en/modules/events/cms.php?id_cms=4','','2012-07-21 22:07:09'),
	(431,NULL,NULL,'/en/modules/events/cms.php?id_cms=1','','2012-07-21 22:33:02'),
	(432,NULL,NULL,'/it/content/category/cms.php?id_cms=4','','2012-07-21 23:59:04'),
	(433,NULL,NULL,'/th1s_1s_a_4o4.html','http://www.google.com/url?url=www.armoniesaporidelfriuli.it','2012-07-22 03:37:13'),
	(434,NULL,NULL,'/th1s_1s_a_4o4.html','http://www.google.com/url?url=www.armoniesaporidelfriuli.it','2012-07-23 03:34:25'),
	(435,NULL,NULL,'/th1s_1s_a_4o4.html','http://www.google.com/url?url=www.armoniesaporidelfriuli.it','2012-07-24 03:42:00'),
	(436,NULL,NULL,'/th1s_1s_a_4o4.html','http://www.google.com/url?url=www.armoniesaporidelfriuli.it','2012-07-25 03:32:33'),
	(437,NULL,NULL,'/th1s_1s_a_4o4.html','http://www.google.com/url?url=www.armoniesaporidelfriuli.it','2012-07-26 03:39:13'),
	(438,NULL,NULL,'/th1s_1s_a_4o4.html','http://www.google.com/url?url=www.armoniesaporidelfriuli.it','2012-07-27 03:42:18'),
	(439,NULL,NULL,'/en/content/category/history.php','','2012-07-27 23:06:41'),
	(440,NULL,NULL,'/en/content/category/identity.php','','2012-07-28 00:26:45'),
	(441,NULL,NULL,'/de/modules/events/best-sales.php','','2012-07-28 00:49:21'),
	(442,NULL,NULL,'/en/content/category/discount.php','','2012-07-28 02:46:41'),
	(443,NULL,NULL,'/th1s_1s_a_4o4.html','http://www.google.com/url?url=www.armoniesaporidelfriuli.it','2012-07-28 03:33:41'),
	(444,NULL,NULL,'/de/modules/events/my-account.php','','2012-07-28 03:50:30'),
	(445,NULL,NULL,'/en/content/category/supplier.php','','2012-07-28 04:27:35'),
	(446,NULL,NULL,'/en/content/category/addresses.php','','2012-07-28 05:03:52'),
	(447,NULL,NULL,'/de/modules/events/prices-drop.php','','2012-07-28 05:56:27'),
	(448,NULL,NULL,'/de/modules/events/contact-form.php','','2012-07-28 06:15:30'),
	(449,NULL,NULL,'/en/content/category/my-account.php','','2012-07-28 09:44:28'),
	(450,NULL,NULL,'/de/modules/events/manufacturer.php','','2012-07-28 10:44:59'),
	(451,NULL,NULL,'/de/modules/events/new-products.php','','2012-07-28 11:27:34'),
	(452,NULL,NULL,'/en/content/category/best-sales.php','','2012-07-28 11:55:58'),
	(453,NULL,NULL,'/en/content/category/prices-drop.php','','2012-07-28 12:26:40'),
	(454,NULL,NULL,'/en/content/category/new-products.php','','2012-07-28 15:14:49'),
	(455,NULL,NULL,'/en/content/category/manufacturer.php','','2012-07-28 16:01:41'),
	(456,NULL,NULL,'/en/content/category/contact-form.php','','2012-07-28 16:22:07'),
	(457,NULL,NULL,'/en/content/category/cms.php?id_cms=1','','2012-07-28 17:27:46'),
	(458,NULL,NULL,'/de/modules/events/cms.php?id_cms=2','','2012-07-28 18:18:10'),
	(459,NULL,NULL,'/en/content/category/cms.php?id_cms=3','','2012-07-28 19:37:41'),
	(460,NULL,NULL,'/en/content/category/cms.php?id_cms=2','','2012-07-28 21:23:24'),
	(461,NULL,NULL,'/de/modules/events/cms.php?id_cms=1','','2012-07-28 21:52:40'),
	(462,NULL,NULL,'/de/modules/events/cms.php?id_cms=4','','2012-07-28 22:11:25'),
	(463,NULL,NULL,'/en/content/category/cms.php?id_cms=4','','2012-07-28 23:01:04'),
	(464,NULL,NULL,'/de/modules/events/cms.php?id_cms=3','','2012-07-29 00:18:17'),
	(465,NULL,NULL,'/th1s_1s_a_4o4.html','http://www.google.com/url?url=www.armoniesaporidelfriuli.it','2012-07-29 03:42:30'),
	(466,NULL,NULL,'/th1s_1s_a_4o4.html','http://www.google.com/url?url=www.armoniesaporidelfriuli.it','2012-07-30 03:38:55'),
	(467,NULL,NULL,'/en/content/manufacturer.php','','2012-07-30 06:48:48'),
	(468,NULL,NULL,'/en/content/new-products.php','','2012-07-30 07:34:32'),
	(469,NULL,NULL,'/en/content/cms.php?id_cms=4','','2012-07-30 08:26:02'),
	(470,NULL,NULL,'/en/content/cms.php?id_cms=1','','2012-07-30 09:19:48'),
	(471,NULL,NULL,'/en/content/cms.php?id_cms=3','','2012-07-30 09:50:57'),
	(472,NULL,NULL,'/en/content/cms.php?id_cms=2','','2012-07-30 10:17:20'),
	(473,NULL,NULL,'/th1s_1s_a_4o4.html','http://www.google.com/url?url=www.armoniesaporidelfriuli.it','2012-07-31 03:32:40'),
	(474,NULL,NULL,'/th1s_1s_a_4o4.html','http://www.google.com/url?url=www.armoniesaporidelfriuli.it','2012-08-01 03:30:58'),
	(475,NULL,NULL,'/th1s_1s_a_4o4.html','http://www.google.com/url?url=www.armoniesaporidelfriuli.it','2012-08-02 03:42:31'),
	(476,NULL,NULL,'/event','','2012-08-02 17:54:50'),
	(477,NULL,NULL,'/js/+','','2012-08-02 17:55:06'),
	(478,NULL,NULL,'/js/+','','2012-08-02 17:55:09'),
	(479,NULL,NULL,'/js/+','','2012-08-02 17:55:10'),
	(480,NULL,NULL,'/js/changecurrency.php','','2012-08-02 17:55:13'),
	(481,NULL,NULL,'/js/jquery/)h.html(f?c(','','2012-08-02 17:56:05'),
	(482,NULL,NULL,'/modules/events/).html(','','2012-08-02 17:56:11'),
	(483,NULL,NULL,'/modules/events/+k).html(','','2012-08-02 17:56:17'),
	(484,NULL,NULL,'/ajax.php','','2012-08-02 17:56:27'),
	(485,NULL,NULL,'/modules/blockwishlist/js/cart.php','','2012-08-02 17:56:35'),
	(486,NULL,NULL,'/th1s_1s_a_4o4.html','http://www.google.com/url?url=www.armoniesaporidelfriuli.it','2012-08-03 03:40:42'),
	(487,NULL,NULL,'/th1s_1s_a_4o4.html','http://www.google.com/url?url=www.armoniesaporidelfriuli.it','2012-08-04 03:41:50'),
	(488,NULL,NULL,'/en/modules/events/cms.php?id_cms=2','','2012-08-04 22:05:17'),
	(489,NULL,NULL,'/th1s_1s_a_4o4.html','http://www.google.com/url?url=www.armoniesaporidelfriuli.it','2012-08-05 03:31:55'),
	(490,NULL,NULL,'/de/content/contact-form.php','','2012-08-05 03:40:13'),
	(491,NULL,NULL,'/it/content/cms.php?id_cms=3','','2012-08-05 03:40:13'),
	(492,NULL,NULL,'/en/content/new-products.php','','2012-08-05 03:40:14'),
	(493,NULL,NULL,'/de/content/addresses.php','','2012-08-05 03:40:20'),
	(494,NULL,NULL,'/de/content/supplier.php','','2012-08-05 03:40:20'),
	(495,NULL,NULL,'/de/content/discount.php','','2012-08-05 03:40:20'),
	(496,NULL,NULL,'/de/content/prices-drop.php','','2012-08-05 03:40:21'),
	(497,NULL,NULL,'/it/content/supplier.php','','2012-08-05 03:40:21'),
	(498,NULL,NULL,'/de/content/new-products.php','','2012-08-05 03:40:22'),
	(499,NULL,NULL,'/it/content/identity.php','','2012-08-05 03:40:22'),
	(500,NULL,NULL,'/de/content/manufacturer.php','','2012-08-05 03:40:22'),
	(501,NULL,NULL,'/de/content/identity.php','','2012-08-05 03:40:23'),
	(502,NULL,NULL,'/it/content/my-account.php','','2012-08-05 03:40:23'),
	(503,NULL,NULL,'/en/content/cms.php?id_cms=2','','2012-08-05 03:40:24'),
	(504,NULL,NULL,'/en/content/manufacturer.php','','2012-08-05 03:40:24'),
	(505,NULL,NULL,'/de/content/cms.php?id_cms=2','','2012-08-05 03:40:25'),
	(506,NULL,NULL,'/en/content/cms.php?id_cms=1','','2012-08-05 03:40:25'),
	(507,NULL,NULL,'/en/content/cms.php?id_cms=3','','2012-08-05 03:40:26'),
	(508,NULL,NULL,'/it/content/new-products.php','','2012-08-05 03:40:26'),
	(509,NULL,NULL,'/it/content/manufacturer.php','','2012-08-05 03:40:28'),
	(510,NULL,NULL,'/it/content/best-sales.php','','2012-08-05 03:40:31'),
	(511,NULL,NULL,'/en/content/supplier.php','','2012-08-05 03:40:32'),
	(512,NULL,NULL,'/it/content/addresses.php','','2012-08-05 03:40:32'),
	(513,NULL,NULL,'/it/content/prices-drop.php','','2012-08-05 03:40:33'),
	(514,NULL,NULL,'/a','','2012-08-05 03:40:33'),
	(515,NULL,NULL,'/de/content/my-account.php','','2012-08-05 03:40:38'),
	(516,NULL,NULL,'/it/content/history.php','','2012-08-05 03:40:39'),
	(517,NULL,NULL,'/it/content/discount.php','','2012-08-05 03:40:39'),
	(518,NULL,NULL,'/it/content/contact-form.php','','2012-08-05 03:40:39'),
	(519,NULL,NULL,'/de/content/best-sales.php','','2012-08-05 03:40:40'),
	(520,NULL,NULL,'/en/content/addresses.php','','2012-08-05 03:40:40'),
	(521,NULL,NULL,'/en/content/contact-form.php','','2012-08-05 03:40:41'),
	(522,NULL,NULL,'/en/content/history.php','','2012-08-05 03:40:41'),
	(523,NULL,NULL,'/en/content/prices-drop.php','','2012-08-05 03:40:41'),
	(524,NULL,NULL,'/en/content/identity.php','','2012-08-05 03:40:42'),
	(525,NULL,NULL,'/en/content/my-account.php','','2012-08-05 03:40:43'),
	(526,NULL,NULL,'/en/content/discount.php','','2012-08-05 03:40:44'),
	(527,NULL,NULL,'/en/content/best-sales.php','','2012-08-05 03:40:45'),
	(528,NULL,NULL,'/de/content/history.php','','2012-08-05 03:40:45'),
	(529,NULL,NULL,'/it/modules/events/supplier.php','','2012-08-05 03:40:45'),
	(530,NULL,NULL,'/en/modules/events/manufacturer.php','','2012-08-05 03:40:46'),
	(531,NULL,NULL,'/en/modules/events/new-products.php','','2012-08-05 03:40:46'),
	(532,NULL,NULL,'/en/modules/events/history.php','','2012-08-05 03:40:47'),
	(533,NULL,NULL,'/it/modules/events/contact-form.php','','2012-08-05 03:40:47'),
	(534,NULL,NULL,'/it/modules/events/cms.php?id_cms=3','','2012-08-05 03:40:53'),
	(535,NULL,NULL,'/it/modules/events/manufacturer.php','','2012-08-05 03:40:54'),
	(536,NULL,NULL,'/it/modules/events/identity.php','','2012-08-05 03:40:54'),
	(537,NULL,NULL,'/de/modules/events/discount.php','','2012-08-05 03:40:56'),
	(538,NULL,NULL,'/de/modules/events/addresses.php','','2012-08-05 03:40:56'),
	(539,NULL,NULL,'/de/modules/events/prices-drop.php','','2012-08-05 03:40:56'),
	(540,NULL,NULL,'/de/modules/events/cms.php?id_cms=4','','2012-08-05 03:40:57'),
	(541,NULL,NULL,'/de/modules/events/contact-form.php','','2012-08-05 03:40:58'),
	(542,NULL,NULL,'/de/modules/events/my-account.php','','2012-08-05 03:40:58'),
	(543,NULL,NULL,'/de/modules/events/history.php','','2012-08-05 03:40:58'),
	(544,NULL,NULL,'/en/modules/events/prices-drop.php','','2012-08-05 03:40:59'),
	(545,NULL,NULL,'/de/modules/events/new-products.php','','2012-08-05 03:40:59'),
	(546,NULL,NULL,'/it/modules/events/addresses.php','','2012-08-05 03:41:00'),
	(547,NULL,NULL,'/it/modules/events/new-products.php','','2012-08-05 03:41:00'),
	(548,NULL,NULL,'/en/modules/events/contact-form.php','','2012-08-05 03:41:01'),
	(549,NULL,NULL,'/it/modules/events/discount.php','','2012-08-05 03:41:01'),
	(550,NULL,NULL,'/it/modules/events/history.php','','2012-08-05 03:41:01'),
	(551,NULL,NULL,'/de/modules/events/best-sales.php','','2012-08-05 03:41:02'),
	(552,NULL,NULL,'/de/modules/events/manufacturer.php','','2012-08-05 03:41:03'),
	(553,NULL,NULL,'/en/modules/events/best-sales.php','','2012-08-05 03:41:03'),
	(554,NULL,NULL,'/it/modules/events/my-account.php','','2012-08-05 03:41:03'),
	(555,NULL,NULL,'/de/modules/events/supplier.php','','2012-08-05 03:41:04'),
	(556,NULL,NULL,'/it/modules/events/prices-drop.php','','2012-08-05 03:41:05'),
	(557,NULL,NULL,'/en/modules/events/my-account.php','','2012-08-05 03:41:06'),
	(558,NULL,NULL,'/en/modules/events/cms.php?id_cms=3','','2012-08-05 03:41:06'),
	(559,NULL,NULL,'/en/modules/events/supplier.php','','2012-08-05 03:41:06'),
	(560,NULL,NULL,'/en/modules/events/cms.php?id_cms=1','','2012-08-05 03:41:07'),
	(561,NULL,NULL,'/en/modules/events/discount.php','','2012-08-05 03:41:08'),
	(562,NULL,NULL,'/en/modules/events/addresses.php','','2012-08-05 03:41:08'),
	(563,NULL,NULL,'/de/modules/events/identity.php','','2012-08-05 03:41:08'),
	(564,NULL,NULL,'/it/modules/events/best-sales.php','','2012-08-05 03:41:09'),
	(565,NULL,NULL,'/en/modules/events/identity.php','','2012-08-05 03:41:09'),
	(566,NULL,NULL,'/it/content/cms.php?id_cms=1','','2012-08-05 03:43:44'),
	(567,NULL,NULL,'/de/content/cms.php?id_cms=4','','2012-08-05 03:43:45'),
	(568,NULL,NULL,'/de/content/cms.php?id_cms=3','','2012-08-05 03:43:45'),
	(569,NULL,NULL,'/it/modules/events/cms.php?id_cms=1','','2012-08-05 03:43:46'),
	(570,NULL,NULL,'/de/modules/events/cms.php?id_cms=1','','2012-08-05 03:43:46'),
	(571,NULL,NULL,'/de/modules/events/cms.php?id_cms=2','','2012-08-05 03:43:46'),
	(572,NULL,NULL,'/de/modules/events/cms.php?id_cms=3','','2012-08-05 03:43:47'),
	(573,NULL,NULL,'/it/content/cms.php?id_cms=4','','2012-08-05 03:45:25'),
	(574,NULL,NULL,'/it/content/cms.php?id_cms=2','','2012-08-05 03:45:25'),
	(575,NULL,NULL,'/it/modules/events/cms.php?id_cms=4','','2012-08-05 03:45:26'),
	(576,NULL,NULL,'/en/modules/events/cms.php?id_cms=2','','2012-08-05 03:45:26'),
	(577,NULL,NULL,'/en/modules/events/cms.php?id_cms=4','','2012-08-05 03:45:27'),
	(578,NULL,NULL,'/en/content/cms.php?id_cms=4','','2012-08-05 03:46:31'),
	(579,NULL,NULL,'/de/content/cms.php?id_cms=1','','2012-08-05 03:46:32'),
	(580,NULL,NULL,'/it/modules/events/cms.php?id_cms=2','','2012-08-05 03:46:32'),
	(581,NULL,NULL,'/th1s_1s_a_4o4.html','http://www.google.com/url?url=www.armoniesaporidelfriuli.it','2012-08-06 03:38:59'),
	(582,NULL,NULL,'/th1s_1s_a_4o4.html','http://www.google.com/url?url=www.armoniesaporidelfriuli.it','2012-08-07 03:40:37'),
	(583,NULL,NULL,'/th1s_1s_a_4o4.html','http://www.google.com/url?url=www.armoniesaporidelfriuli.it','2012-08-08 03:39:27'),
	(584,NULL,NULL,'/th1s_1s_a_4o4.html','http://www.google.com/url?url=www.armoniesaporidelfriuli.it','2012-08-09 03:32:42'),
	(585,NULL,NULL,'/th1s_1s_a_4o4.html','http://www.google.com/url?url=www.armoniesaporidelfriuli.it','2012-08-10 03:35:12'),
	(586,NULL,NULL,'/wp-admin/','','2012-08-10 19:14:34'),
	(587,NULL,NULL,'/th1s_1s_a_4o4.html','http://www.google.com/url?url=www.armoniesaporidelfriuli.it','2012-08-11 03:31:41'),
	(588,NULL,NULL,'/it/modules/events/history.php','','2012-08-11 15:55:11'),
	(589,NULL,NULL,'/it/modules/events/discount.php','','2012-08-11 16:31:18'),
	(590,NULL,NULL,'/it/modules/events/identity.php','','2012-08-11 17:15:05'),
	(591,NULL,NULL,'/it/modules/events/supplier.php','','2012-08-11 19:06:25'),
	(592,NULL,NULL,'/it/modules/events/addresses.php','','2012-08-11 19:54:37'),
	(593,NULL,NULL,'/it/modules/events/my-account.php','','2012-08-11 21:03:24'),
	(594,NULL,NULL,'/it/modules/events/best-sales.php','','2012-08-11 21:37:29'),
	(595,NULL,NULL,'/it/modules/events/prices-drop.php','','2012-08-11 22:11:13'),
	(596,NULL,NULL,'/it/modules/events/new-products.php','','2012-08-11 22:27:12'),
	(597,NULL,NULL,'/it/modules/events/contact-form.php','','2012-08-11 23:08:20'),
	(598,NULL,NULL,'/it/modules/events/manufacturer.php','','2012-08-12 00:33:18'),
	(599,NULL,NULL,'/it/modules/events/cms.php?id_cms=1','','2012-08-12 01:10:42'),
	(600,NULL,NULL,'/it/modules/events/cms.php?id_cms=2','','2012-08-12 03:16:22'),
	(601,NULL,NULL,'/th1s_1s_a_4o4.html','http://www.google.com/url?url=www.armoniesaporidelfriuli.it','2012-08-12 03:35:37'),
	(602,NULL,NULL,'/it/modules/events/cms.php?id_cms=4','','2012-08-12 03:42:40'),
	(603,NULL,NULL,'/it/modules/events/cms.php?id_cms=3','','2012-08-12 04:13:08'),
	(604,NULL,NULL,'/th1s_1s_a_4o4.html','http://www.google.com/url?url=www.armoniesaporidelfriuli.it','2012-08-13 03:35:52'),
	(605,NULL,NULL,'/th1s_1s_a_4o4.html','http://www.google.com/url?url=www.armoniesaporidelfriuli.it','2012-08-14 03:32:58'),
	(606,NULL,NULL,'/th1s_1s_a_4o4.html','http://www.google.com/url?url=www.armoniesaporidelfriuli.it','2012-08-15 04:37:37'),
	(607,NULL,NULL,'/it/content/history.php','','2012-08-15 13:25:03'),
	(608,NULL,NULL,'/it/content/discount.php','','2012-08-15 15:56:57'),
	(609,NULL,NULL,'/it/content/supplier.php','','2012-08-15 16:44:10'),
	(610,NULL,NULL,'/it/content/identity.php','','2012-08-15 17:59:58'),
	(611,NULL,NULL,'/it/content/addresses.php','','2012-08-15 18:24:32'),
	(612,NULL,NULL,'/it/content/my-account.php','','2012-08-15 19:10:34'),
	(613,NULL,NULL,'/it/content/best-sales.php','','2012-08-15 19:44:46'),
	(614,NULL,NULL,'/it/content/prices-drop.php','','2012-08-15 20:50:31'),
	(615,NULL,NULL,'/th1s_1s_a_4o4.html','http://www.google.com/url?url=www.armoniesaporidelfriuli.it','2012-08-16 03:34:42'),
	(616,NULL,NULL,'/th1s_1s_a_4o4.html','http://www.google.com/url?url=www.armoniesaporidelfriuli.it','2012-08-17 04:09:40'),
	(617,NULL,NULL,'/wp-trackback.php','','2012-08-17 12:54:49'),
	(618,NULL,NULL,'/blog/wp-trackback.php','','2012-08-17 12:54:55'),
	(619,NULL,NULL,'/wp/wp-trackback.php','','2012-08-17 12:55:00'),
	(620,NULL,NULL,'/wordpress/wp-trackback.php','','2012-08-17 12:55:04'),
	(621,NULL,NULL,'/news/wp-trackback.php','','2012-08-17 12:55:09'),
	(622,NULL,NULL,'/th1s_1s_a_4o4.html','http://www.google.com/url?url=www.armoniesaporidelfriuli.it','2012-08-18 03:36:16'),
	(623,NULL,NULL,'/th1s_1s_a_4o4.html','http://www.google.com/url?url=www.armoniesaporidelfriuli.it','2012-08-19 03:43:43'),
	(624,NULL,NULL,'/th1s_1s_a_4o4.html','http://www.google.com/url?url=www.armoniesaporidelfriuli.it','2012-08-20 03:44:33'),
	(625,NULL,NULL,'/th1s_1s_a_4o4.html','http://www.google.com/url?url=www.armoniesaporidelfriuli.it','2012-08-21 03:36:12'),
	(626,NULL,NULL,'//wp-login.php','','2012-08-21 15:40:41'),
	(627,NULL,NULL,'/th1s_1s_a_4o4.html','http://www.google.com/url?url=www.armoniesaporidelfriuli.it','2012-08-22 03:53:25'),
	(628,NULL,NULL,'/th1s_1s_a_4o4.html','http://www.google.com/url?url=www.armoniesaporidelfriuli.it','2012-08-23 03:32:20'),
	(629,NULL,NULL,'/th1s_1s_a_4o4.html','http://www.google.com/url?url=www.armoniesaporidelfriuli.it','2012-08-24 03:39:08'),
	(630,NULL,NULL,'/th1s_1s_a_4o4.html','http://www.google.com/url?url=www.armoniesaporidelfriuli.it','2012-08-25 03:43:20'),
	(631,NULL,NULL,'/it/content/contact-form.php','','2012-08-26 00:24:00'),
	(632,NULL,NULL,'/it/content/manufacturer.php','','2012-08-26 01:44:39'),
	(633,NULL,NULL,'/it/content/new-products.php','','2012-08-26 02:59:54'),
	(634,NULL,NULL,'/th1s_1s_a_4o4.html','http://www.google.com/url?url=www.armoniesaporidelfriuli.it','2012-08-26 03:52:57'),
	(635,NULL,NULL,'/it/content/category/history.php','','2012-08-26 03:59:50'),
	(636,NULL,NULL,'/it/content/category/supplier.php','','2012-08-26 04:45:30'),
	(637,NULL,NULL,'/it/content/category/identity.php','','2012-08-26 05:02:35'),
	(638,NULL,NULL,'/it/content/category/discount.php','','2012-08-26 05:53:59'),
	(639,NULL,NULL,'/it/content/category/addresses.php','','2012-08-26 06:38:04'),
	(640,NULL,NULL,'/en/modules/events/history.php','','2012-08-26 07:41:22'),
	(641,NULL,NULL,'/en/modules/events/supplier.php','','2012-08-26 08:08:23'),
	(642,NULL,NULL,'/en/modules/events/discount.php','','2012-08-26 10:18:37'),
	(643,NULL,NULL,'/en/modules/events/identity.php','','2012-08-26 10:58:45'),
	(644,NULL,NULL,'/en/modules/events/best-sales.php','','2012-08-26 13:15:57'),
	(645,NULL,NULL,'/en/modules/events/new-products.php','','2012-08-26 14:03:19'),
	(646,NULL,NULL,'/it/content/category/best-sales.php','','2012-08-26 16:42:04'),
	(647,NULL,NULL,'/it/content/category/my-account.php','','2012-08-26 18:31:27'),
	(648,NULL,NULL,'/it/content/category/prices-drop.php','','2012-08-26 18:57:47'),
	(649,NULL,NULL,'/it/content/category/contact-form.php','','2012-08-26 20:20:13'),
	(650,NULL,NULL,'/it/content/category/manufacturer.php','','2012-08-26 20:54:52'),
	(651,NULL,NULL,'/it/content/category/new-products.php','','2012-08-26 21:55:25'),
	(652,NULL,NULL,'/it/content/cms.php?id_cms=3','','2012-08-27 01:32:21'),
	(653,NULL,NULL,'/it/content/cms.php?id_cms=2','','2012-08-27 02:39:03'),
	(654,NULL,NULL,'/it/content/cms.php?id_cms=4','','2012-08-27 05:42:45'),
	(655,NULL,NULL,'/it/content/cms.php?id_cms=1','','2012-08-27 07:32:25'),
	(656,NULL,NULL,'/it/content/category/cms.php?id_cms=1','','2012-08-27 08:03:38'),
	(657,NULL,NULL,'/it/content/category/cms.php?id_cms=3','','2012-08-27 08:31:23'),
	(658,NULL,NULL,'/it/content/category/cms.php?id_cms=2','','2012-08-27 10:00:48'),
	(659,NULL,NULL,'/th1s_1s_a_4o4.html','http://www.google.com/url?url=www.armoniesaporidelfriuli.it','2012-08-27 11:25:07'),
	(660,NULL,NULL,'/de/modules/events/history.php','','2012-08-27 14:21:00'),
	(661,NULL,NULL,'/de/modules/events/identity.php','','2012-08-27 14:49:36'),
	(662,NULL,NULL,'/de/modules/events/discount.php','','2012-08-27 16:46:54'),
	(663,NULL,NULL,'/de/modules/events/supplier.php','','2012-08-27 17:38:12'),
	(664,NULL,NULL,'/de/modules/events/addresses.php','','2012-08-27 18:20:13'),
	(665,NULL,NULL,'/th1s_1s_a_4o4.html','http://www.google.com/url?url=www.armoniesaporidelfriuli.it','2012-08-28 03:38:45'),
	(666,NULL,NULL,'/th1s_1s_a_4o4.html','http://www.google.com/url?url=www.armoniesaporidelfriuli.it','2012-08-29 03:35:02'),
	(667,NULL,NULL,'/th1s_1s_a_4o4.html','http://www.google.com/url?url=www.armoniesaporidelfriuli.it','2012-08-30 03:30:35'),
	(668,NULL,NULL,'/th1s_1s_a_4o4.html','http://www.google.com/url?url=www.armoniesaporidelfriuli.it','2012-08-31 03:34:50'),
	(669,NULL,NULL,'/en/content/history.php','','2012-08-31 22:19:27'),
	(670,NULL,NULL,'/th1s_1s_a_4o4.html','http://www.google.com/url?url=www.armoniesaporidelfriuli.it','2012-09-01 03:38:09'),
	(671,NULL,NULL,'/en/content/discount.php','','2012-09-01 04:02:07'),
	(672,NULL,NULL,'/de/content/history.php','','2012-09-01 08:47:06'),
	(673,NULL,NULL,'/en/content/identity.php','','2012-09-01 12:18:39'),
	(674,NULL,NULL,'/th1s_1s_a_4o4.html','http://www.google.com/url?url=www.armoniesaporidelfriuli.it','2012-09-02 03:31:57'),
	(675,NULL,NULL,'/de/content/identity.php','','2012-09-02 04:22:41'),
	(676,NULL,NULL,'/en/content/supplier.php','','2012-09-02 09:24:38'),
	(677,NULL,NULL,'/de/content/supplier.php','','2012-09-02 14:49:19'),
	(678,NULL,NULL,'/th1s_1s_a_4o4.html','http://www.google.com/url?url=www.armoniesaporidelfriuli.it','2012-09-03 03:31:39'),
	(679,NULL,NULL,'/de/content/discount.php','','2012-09-03 06:04:43'),
	(680,NULL,NULL,'/en/content/addresses.php','','2012-09-03 17:33:10'),
	(681,NULL,NULL,'/de/content/addresses.php','','2012-09-03 18:26:11'),
	(682,NULL,NULL,'/en/content/best-sales.php','','2012-09-03 19:00:24'),
	(683,NULL,NULL,'/wp-login.php','','2012-09-04 03:36:45'),
	(684,NULL,NULL,'/administrator/index.php','','2012-09-04 03:36:46'),
	(685,NULL,NULL,'/admin.php','','2012-09-04 03:36:48'),
	(686,NULL,NULL,'/user/login/index.php','','2012-09-04 03:36:52'),
	(687,NULL,NULL,'/th1s_1s_a_4o4.html','http://www.google.com/url?url=www.armoniesaporidelfriuli.it','2012-09-04 03:48:08'),
	(688,NULL,NULL,'/de/content/best-sales.php','','2012-09-04 03:52:26'),
	(689,NULL,NULL,'/de/content/contact-form.php','','2012-09-04 04:01:49'),
	(690,NULL,NULL,'/it/content/cms.php?id_cms=3','','2012-09-04 04:01:50'),
	(691,NULL,NULL,'/en/content/new-products.php','','2012-09-04 04:01:51'),
	(692,NULL,NULL,'/de/content/addresses.php','','2012-09-04 04:02:00'),
	(693,NULL,NULL,'/de/content/supplier.php','','2012-09-04 04:02:01'),
	(694,NULL,NULL,'/de/content/discount.php','','2012-09-04 04:02:02'),
	(695,NULL,NULL,'/de/content/prices-drop.php','','2012-09-04 04:02:03'),
	(696,NULL,NULL,'/it/content/supplier.php','','2012-09-04 04:02:06'),
	(697,NULL,NULL,'/de/content/new-products.php','','2012-09-04 04:02:07'),
	(698,NULL,NULL,'/it/content/identity.php','','2012-09-04 04:02:08'),
	(699,NULL,NULL,'/de/content/manufacturer.php','','2012-09-04 04:02:08'),
	(700,NULL,NULL,'/de/content/identity.php','','2012-09-04 04:02:09'),
	(701,NULL,NULL,'/it/content/my-account.php','','2012-09-04 04:02:10'),
	(702,NULL,NULL,'/en/content/cms.php?id_cms=2','','2012-09-04 04:02:11'),
	(703,NULL,NULL,'/en/content/manufacturer.php','','2012-09-04 04:02:11'),
	(704,NULL,NULL,'/de/content/cms.php?id_cms=2','','2012-09-04 04:02:12'),
	(705,NULL,NULL,'/en/content/cms.php?id_cms=1','','2012-09-04 04:02:13'),
	(706,NULL,NULL,'/en/content/cms.php?id_cms=3','','2012-09-04 04:02:13'),
	(707,NULL,NULL,'/it/content/new-products.php','','2012-09-04 04:02:14'),
	(708,NULL,NULL,'/it/content/manufacturer.php','','2012-09-04 04:02:16'),
	(709,NULL,NULL,'/it/content/best-sales.php','','2012-09-04 04:02:20'),
	(710,NULL,NULL,'/en/content/supplier.php','','2012-09-04 04:02:22'),
	(711,NULL,NULL,'/it/content/addresses.php','','2012-09-04 04:02:22'),
	(712,NULL,NULL,'/it/content/prices-drop.php','','2012-09-04 04:02:23'),
	(713,NULL,NULL,'/a','','2012-09-04 04:02:27'),
	(714,NULL,NULL,'/de/content/my-account.php','','2012-09-04 04:02:32'),
	(715,NULL,NULL,'/it/content/history.php','','2012-09-04 04:02:33'),
	(716,NULL,NULL,'/it/content/discount.php','','2012-09-04 04:02:34'),
	(717,NULL,NULL,'/it/content/contact-form.php','','2012-09-04 04:02:34'),
	(718,NULL,NULL,'/de/content/best-sales.php','','2012-09-04 04:02:35'),
	(719,NULL,NULL,'/en/content/addresses.php','','2012-09-04 04:02:36'),
	(720,NULL,NULL,'/en/content/contact-form.php','','2012-09-04 04:02:37'),
	(721,NULL,NULL,'/en/content/history.php','','2012-09-04 04:02:38'),
	(722,NULL,NULL,'/en/content/prices-drop.php','','2012-09-04 04:02:38'),
	(723,NULL,NULL,'/en/content/identity.php','','2012-09-04 04:02:39'),
	(724,NULL,NULL,'/en/content/my-account.php','','2012-09-04 04:02:40'),
	(725,NULL,NULL,'/en/content/discount.php','','2012-09-04 04:02:42'),
	(726,NULL,NULL,'/en/content/best-sales.php','','2012-09-04 04:02:43'),
	(727,NULL,NULL,'/de/content/history.php','','2012-09-04 04:02:44'),
	(728,NULL,NULL,'/it/modules/events/supplier.php','','2012-09-04 04:02:44'),
	(729,NULL,NULL,'/en/modules/events/manufacturer.php','','2012-09-04 04:02:45'),
	(730,NULL,NULL,'/en/modules/events/new-products.php','','2012-09-04 04:02:46'),
	(731,NULL,NULL,'/en/modules/events/history.php','','2012-09-04 04:02:47'),
	(732,NULL,NULL,'/it/modules/events/contact-form.php','','2012-09-04 04:02:47'),
	(733,NULL,NULL,'/it/modules/events/cms.php?id_cms=3','','2012-09-04 04:02:58'),
	(734,NULL,NULL,'/it/modules/events/manufacturer.php','','2012-09-04 04:03:00'),
	(735,NULL,NULL,'/it/modules/events/identity.php','','2012-09-04 04:03:01'),
	(736,NULL,NULL,'/de/modules/events/discount.php','','2012-09-04 04:03:10'),
	(737,NULL,NULL,'/de/modules/events/addresses.php','','2012-09-04 04:03:11'),
	(738,NULL,NULL,'/de/modules/events/prices-drop.php','','2012-09-04 04:03:11'),
	(739,NULL,NULL,'/de/modules/events/cms.php?id_cms=4','','2012-09-04 04:03:12'),
	(740,NULL,NULL,'/de/modules/events/contact-form.php','','2012-09-04 04:03:13'),
	(741,NULL,NULL,'/de/modules/events/my-account.php','','2012-09-04 04:03:14'),
	(742,NULL,NULL,'/de/modules/events/history.php','','2012-09-04 04:03:14'),
	(743,NULL,NULL,'/en/modules/events/prices-drop.php','','2012-09-04 04:03:15'),
	(744,NULL,NULL,'/de/modules/events/new-products.php','','2012-09-04 04:03:16'),
	(745,NULL,NULL,'/it/modules/events/addresses.php','','2012-09-04 04:03:17'),
	(746,NULL,NULL,'/it/modules/events/new-products.php','','2012-09-04 04:03:18'),
	(747,NULL,NULL,'/en/modules/events/contact-form.php','','2012-09-04 04:03:18'),
	(748,NULL,NULL,'/it/modules/events/discount.php','','2012-09-04 04:03:19'),
	(749,NULL,NULL,'/it/modules/events/history.php','','2012-09-04 04:03:20'),
	(750,NULL,NULL,'/de/modules/events/best-sales.php','','2012-09-04 04:03:21'),
	(751,NULL,NULL,'/de/modules/events/manufacturer.php','','2012-09-04 04:03:21'),
	(752,NULL,NULL,'/en/modules/events/best-sales.php','','2012-09-04 04:03:22'),
	(753,NULL,NULL,'/it/modules/events/my-account.php','','2012-09-04 04:03:23'),
	(754,NULL,NULL,'/de/modules/events/supplier.php','','2012-09-04 04:03:23'),
	(755,NULL,NULL,'/it/modules/events/prices-drop.php','','2012-09-04 04:03:25'),
	(756,NULL,NULL,'/en/modules/events/my-account.php','','2012-09-04 04:03:26'),
	(757,NULL,NULL,'/en/modules/events/cms.php?id_cms=3','','2012-09-04 04:03:26'),
	(758,NULL,NULL,'/en/modules/events/supplier.php','','2012-09-04 04:03:27'),
	(759,NULL,NULL,'/en/modules/events/cms.php?id_cms=1','','2012-09-04 04:03:28'),
	(760,NULL,NULL,'/en/modules/events/cms.php?id_cms=2','','2012-09-04 04:03:29'),
	(761,NULL,NULL,'/en/modules/events/discount.php','','2012-09-04 04:03:30'),
	(762,NULL,NULL,'/en/modules/events/addresses.php','','2012-09-04 04:03:30'),
	(763,NULL,NULL,'/de/modules/events/identity.php','','2012-09-04 04:03:31'),
	(764,NULL,NULL,'/it/modules/events/best-sales.php','','2012-09-04 04:03:32'),
	(765,NULL,NULL,'/en/modules/events/identity.php','','2012-09-04 04:03:33'),
	(766,NULL,NULL,'/it/content/cms.php?id_cms=1','','2012-09-04 04:08:21'),
	(767,NULL,NULL,'/de/content/cms.php?id_cms=4','','2012-09-04 04:08:22'),
	(768,NULL,NULL,'/de/content/cms.php?id_cms=3','','2012-09-04 04:08:23'),
	(769,NULL,NULL,'/it/modules/events/cms.php?id_cms=1','','2012-09-04 04:08:24'),
	(770,NULL,NULL,'/de/modules/events/cms.php?id_cms=1','','2012-09-04 04:08:25'),
	(771,NULL,NULL,'/de/modules/events/cms.php?id_cms=2','','2012-09-04 04:08:26'),
	(772,NULL,NULL,'/de/modules/events/cms.php?id_cms=3','','2012-09-04 04:08:27'),
	(773,NULL,NULL,'/it/content/cms.php?id_cms=4','','2012-09-04 04:11:02'),
	(774,NULL,NULL,'/it/content/cms.php?id_cms=2','','2012-09-04 04:11:03'),
	(775,NULL,NULL,'/it/modules/events/cms.php?id_cms=4','','2012-09-04 04:11:03'),
	(776,NULL,NULL,'/en/content/cms.php?id_cms=4','','2012-09-04 04:13:02'),
	(777,NULL,NULL,'/de/content/cms.php?id_cms=1','','2012-09-04 04:13:02'),
	(778,NULL,NULL,'/it/modules/events/cms.php?id_cms=2','','2012-09-04 04:13:03'),
	(779,NULL,NULL,'/en/modules/events/cms.php?id_cms=4','','2012-09-04 04:13:04'),
	(780,NULL,NULL,'/en/content/my-account.php','','2012-09-04 07:29:01'),
	(781,NULL,NULL,'/de/content/my-account.php','','2012-09-04 09:24:09'),
	(782,NULL,NULL,'/de/content/prices-drop.php','','2012-09-04 10:28:34'),
	(783,NULL,NULL,'/en/content/prices-drop.php','','2012-09-05 00:06:16'),
	(784,NULL,NULL,'/th1s_1s_a_4o4.html','http://www.google.com/url?url=www.armoniesaporidelfriuli.it','2012-09-05 14:26:53'),
	(785,NULL,NULL,'/de/content/manufacturer.php','','2012-09-05 18:19:47'),
	(786,NULL,NULL,'/en/content/contact-form.php','','2012-09-05 23:24:58'),
	(787,NULL,NULL,'/th1s_1s_a_4o4.html','http://www.google.com/url?url=www.armoniesaporidelfriuli.it','2012-09-06 03:43:45'),
	(788,NULL,NULL,'/de/content/contact-form.php','','2012-09-06 09:40:37'),
	(789,NULL,NULL,'/de/content/new-products.php','','2012-09-06 14:19:40'),
	(790,NULL,NULL,'/en/modules/events/addresses.php','','2012-09-06 20:39:34'),
	(791,NULL,NULL,'/en/modules/events/my-account.php','','2012-09-06 21:02:38'),
	(792,NULL,NULL,'/en/modules/events/prices-drop.php','','2012-09-06 23:29:47'),
	(793,NULL,NULL,'/en/modules/events/manufacturer.php','','2012-09-07 00:12:25'),
	(794,NULL,NULL,'/en/modules/events/contact-form.php','','2012-09-07 00:42:23'),
	(795,NULL,NULL,'/de/content/cms.php?id_cms=1','','2012-09-07 02:09:35'),
	(796,NULL,NULL,'/th1s_1s_a_4o4.html','http://www.google.com/url?url=www.armoniesaporidelfriuli.it','2012-09-07 03:35:51'),
	(797,NULL,NULL,'/de/content/cms.php?id_cms=4','','2012-09-07 05:59:10'),
	(798,NULL,NULL,'/de/content/cms.php?id_cms=3','','2012-09-07 08:34:10'),
	(799,NULL,NULL,'/de/content/cms.php?id_cms=2','','2012-09-07 10:37:43'),
	(800,NULL,NULL,'/en/modules/events/cms.php?id_cms=3','','2012-09-07 11:28:55'),
	(801,NULL,NULL,'/en/modules/events/cms.php?id_cms=4','','2012-09-07 11:44:05'),
	(802,NULL,NULL,'/en/modules/events/cms.php?id_cms=1','','2012-09-07 13:00:06'),
	(803,NULL,NULL,'/it/content/category/cms.php?id_cms=4','','2012-09-07 13:17:10'),
	(804,NULL,NULL,'/th1s_1s_a_4o4.html','http://www.google.com/url?url=www.armoniesaporidelfriuli.it','2012-09-08 03:38:19'),
	(805,NULL,NULL,'/th1s_1s_a_4o4.html','http://www.google.com/url?url=www.armoniesaporidelfriuli.it','2012-09-09 03:49:32'),
	(806,NULL,NULL,'/th1s_1s_a_4o4.html','http://www.google.com/url?url=www.armoniesaporidelfriuli.it','2012-09-10 03:39:10'),
	(807,NULL,NULL,'/th1s_1s_a_4o4.html','http://www.google.com/url?url=www.armoniesaporidelfriuli.it','2012-09-11 14:09:20'),
	(808,NULL,NULL,'/th1s_1s_a_4o4.html','http://www.google.com/url?url=www.armoniesaporidelfriuli.it','2012-09-12 03:36:27'),
	(809,NULL,NULL,'/th1s_1s_a_4o4.html','http://www.google.com/url?url=www.armoniesaporidelfriuli.it','2012-09-13 05:29:33'),
	(810,NULL,NULL,'/de/modules/events/best-sales.php','','2012-09-13 16:13:16'),
	(811,NULL,NULL,'/de/modules/events/my-account.php','','2012-09-13 17:26:34'),
	(812,NULL,NULL,'/de/modules/events/prices-drop.php','','2012-09-13 17:54:19'),
	(813,NULL,NULL,'/de/modules/events/contact-form.php','','2012-09-13 18:55:26'),
	(814,NULL,NULL,'/de/modules/events/manufacturer.php','','2012-09-13 19:19:39'),
	(815,NULL,NULL,'/de/modules/events/new-products.php','','2012-09-13 19:52:50'),
	(816,NULL,NULL,'/de/modules/events/cms.php?id_cms=2','','2012-09-13 20:36:13'),
	(817,NULL,NULL,'/de/modules/events/cms.php?id_cms=1','','2012-09-13 21:06:27'),
	(818,NULL,NULL,'/de/modules/events/cms.php?id_cms=4','','2012-09-13 21:41:33'),
	(819,NULL,NULL,'/de/modules/events/cms.php?id_cms=3','','2012-09-13 22:19:26'),
	(820,NULL,NULL,'/th1s_1s_a_4o4.html','http://www.google.com/url?url=www.armoniesaporidelfriuli.it','2012-09-14 19:51:34'),
	(821,NULL,NULL,'/th1s_1s_a_4o4.html','http://www.google.com/url?url=www.armoniesaporidelfriuli.it','2012-09-15 05:38:20'),
	(822,NULL,NULL,'/th1s_1s_a_4o4.html','http://www.google.com/url?url=www.armoniesaporidelfriuli.it','2012-09-16 03:38:31'),
	(823,NULL,NULL,'/th1s_1s_a_4o4.html','http://www.google.com/url?url=www.armoniesaporidelfriuli.it','2012-09-17 03:36:22'),
	(824,NULL,NULL,'/th1s_1s_a_4o4.html','http://www.google.com/url?url=www.armoniesaporidelfriuli.it','2012-09-18 03:40:00'),
	(825,NULL,NULL,'/th1s_1s_a_4o4.html','http://www.google.com/url?url=www.armoniesaporidelfriuli.it','2012-09-19 03:33:21'),
	(826,NULL,NULL,'/th1s_1s_a_4o4.html','http://www.google.com/url?url=www.armoniesaporidelfriuli.it','2012-09-20 03:39:32'),
	(827,NULL,NULL,'/th1s_1s_a_4o4.html','http://www.google.com/url?url=www.armoniesaporidelfriuli.it','2012-09-21 03:39:39'),
	(828,NULL,NULL,'/th1s_1s_a_4o4.html','http://www.google.com/url?url=www.armoniesaporidelfriuli.it','2012-09-22 03:34:29'),
	(829,NULL,NULL,'/th1s_1s_a_4o4.html','http://www.google.com/url?url=www.armoniesaporidelfriuli.it','2012-09-23 03:46:14'),
	(830,NULL,NULL,'/th1s_1s_a_4o4.html','http://www.google.com/url?url=www.armoniesaporidelfriuli.it','2012-09-24 03:30:24'),
	(831,NULL,NULL,'/th1s_1s_a_4o4.html','http://www.google.com/url?url=www.armoniesaporidelfriuli.it','2012-09-25 03:30:22'),
	(832,NULL,NULL,'/th1s_1s_a_4o4.html','http://www.google.com/url?url=www.armoniesaporidelfriuli.it','2012-09-26 03:44:19'),
	(833,NULL,NULL,'/th1s_1s_a_4o4.html','http://www.google.com/url?url=www.armoniesaporidelfriuli.it','2012-09-27 03:37:47'),
	(834,NULL,NULL,'/th1s_1s_a_4o4.html','http://www.google.com/url?url=www.armoniesaporidelfriuli.it','2012-09-28 03:36:48'),
	(835,NULL,NULL,'/th1s_1s_a_4o4.html','http://www.google.com/url?url=www.armoniesaporidelfriuli.it','2012-09-29 03:35:53'),
	(836,NULL,NULL,'/th1s_1s_a_4o4.html','http://www.google.com/url?url=www.armoniesaporidelfriuli.it','2012-09-30 03:39:17'),
	(837,NULL,NULL,'/th1s_1s_a_4o4.html','http://www.google.com/url?url=www.armoniesaporidelfriuli.it','2012-10-01 03:30:26'),
	(838,NULL,NULL,'/th1s_1s_a_4o4.html','http://www.google.com/url?url=www.armoniesaporidelfriuli.it','2012-10-02 03:36:27'),
	(839,NULL,NULL,'/th1s_1s_a_4o4.html','http://www.google.com/url?url=www.armoniesaporidelfriuli.it','2012-10-03 03:38:31'),
	(840,NULL,NULL,'/th1s_1s_a_4o4.html','http://www.google.com/url?url=www.armoniesaporidelfriuli.it','2012-10-04 03:30:48'),
	(841,NULL,NULL,'/en/content/manufacturer.php','','2012-10-04 03:38:33'),
	(842,NULL,NULL,'/de/content/cms.php?id_cms=2','','2012-10-04 03:38:36'),
	(843,NULL,NULL,'/it/content/new-products.php','','2012-10-04 03:38:36'),
	(844,NULL,NULL,'/it/content/manufacturer.php','','2012-10-04 03:38:38'),
	(845,NULL,NULL,'/it/content/best-sales.php','','2012-10-04 03:38:41'),
	(846,NULL,NULL,'/en/content/supplier.php','','2012-10-04 03:38:43'),
	(847,NULL,NULL,'/it/content/addresses.php','','2012-10-04 03:38:43'),
	(848,NULL,NULL,'/it/content/prices-drop.php','','2012-10-04 03:38:45'),
	(849,NULL,NULL,'/de/content/my-account.php','','2012-10-04 03:38:51'),
	(850,NULL,NULL,'/it/content/history.php','','2012-10-04 03:38:54'),
	(851,NULL,NULL,'/it/content/discount.php','','2012-10-04 03:38:54'),
	(852,NULL,NULL,'/a','','2012-10-04 03:38:55'),
	(853,NULL,NULL,'/it/content/contact-form.php','','2012-10-04 03:38:56'),
	(854,NULL,NULL,'/de/content/best-sales.php','','2012-10-04 03:38:57'),
	(855,NULL,NULL,'/en/content/addresses.php','','2012-10-04 03:38:58'),
	(856,NULL,NULL,'/en/content/contact-form.php','','2012-10-04 03:38:58'),
	(857,NULL,NULL,'/en/content/history.php','','2012-10-04 03:38:59'),
	(858,NULL,NULL,'/en/content/prices-drop.php','','2012-10-04 03:38:59'),
	(859,NULL,NULL,'/en/content/identity.php','','2012-10-04 03:39:00'),
	(860,NULL,NULL,'/en/content/my-account.php','','2012-10-04 03:39:02'),
	(861,NULL,NULL,'/en/content/discount.php','','2012-10-04 03:39:06'),
	(862,NULL,NULL,'/en/content/best-sales.php','','2012-10-04 03:39:07'),
	(863,NULL,NULL,'/de/content/history.php','','2012-10-04 03:39:08'),
	(864,NULL,NULL,'/it/modules/events/supplier.php','','2012-10-04 03:39:08'),
	(865,NULL,NULL,'/en/modules/events/manufacturer.php','','2012-10-04 03:39:09'),
	(866,NULL,NULL,'/en/modules/events/new-products.php','','2012-10-04 03:39:10'),
	(867,NULL,NULL,'/en/modules/events/history.php','','2012-10-04 03:39:11'),
	(868,NULL,NULL,'/it/modules/events/contact-form.php','','2012-10-04 03:39:12'),
	(869,NULL,NULL,'/it/modules/events/cms.php?id_cms=3','','2012-10-04 03:39:18'),
	(870,NULL,NULL,'/de/modules/events/discount.php','','2012-10-04 03:39:20'),
	(871,NULL,NULL,'/de/modules/events/addresses.php','','2012-10-04 03:39:21'),
	(872,NULL,NULL,'/de/modules/events/prices-drop.php','','2012-10-04 03:39:21'),
	(873,NULL,NULL,'/de/modules/events/cms.php?id_cms=4','','2012-10-04 03:39:22'),
	(874,NULL,NULL,'/it/modules/events/manufacturer.php','','2012-10-04 03:39:22'),
	(875,NULL,NULL,'/it/modules/events/identity.php','','2012-10-04 03:39:23'),
	(876,NULL,NULL,'/de/modules/events/contact-form.php','','2012-10-04 03:39:26'),
	(877,NULL,NULL,'/de/modules/events/my-account.php','','2012-10-04 03:39:27'),
	(878,NULL,NULL,'/de/modules/events/history.php','','2012-10-04 03:39:27'),
	(879,NULL,NULL,'/en/modules/events/prices-drop.php','','2012-10-04 03:39:28'),
	(880,NULL,NULL,'/de/modules/events/new-products.php','','2012-10-04 03:39:29'),
	(881,NULL,NULL,'/it/modules/events/addresses.php','','2012-10-04 03:39:29'),
	(882,NULL,NULL,'/it/modules/events/new-products.php','','2012-10-04 03:39:30'),
	(883,NULL,NULL,'/en/modules/events/contact-form.php','','2012-10-04 03:39:31'),
	(884,NULL,NULL,'/it/modules/events/discount.php','','2012-10-04 03:39:31'),
	(885,NULL,NULL,'/it/modules/events/history.php','','2012-10-04 03:39:32'),
	(886,NULL,NULL,'/de/modules/events/best-sales.php','','2012-10-04 03:39:32'),
	(887,NULL,NULL,'/de/modules/events/manufacturer.php','','2012-10-04 03:39:33'),
	(888,NULL,NULL,'/en/modules/events/best-sales.php','','2012-10-04 03:39:34'),
	(889,NULL,NULL,'/it/modules/events/my-account.php','','2012-10-04 03:39:35'),
	(890,NULL,NULL,'/de/modules/events/supplier.php','','2012-10-04 03:39:35'),
	(891,NULL,NULL,'/it/modules/events/prices-drop.php','','2012-10-04 03:39:37'),
	(892,NULL,NULL,'/en/modules/events/my-account.php','','2012-10-04 03:39:39'),
	(893,NULL,NULL,'/en/modules/events/cms.php?id_cms=3','','2012-10-04 03:39:39'),
	(894,NULL,NULL,'/en/modules/events/supplier.php','','2012-10-04 03:39:40'),
	(895,NULL,NULL,'/en/modules/events/discount.php','','2012-10-04 03:39:41'),
	(896,NULL,NULL,'/en/modules/events/addresses.php','','2012-10-04 03:39:42'),
	(897,NULL,NULL,'/de/modules/events/identity.php','','2012-10-04 03:39:42'),
	(898,NULL,NULL,'/it/modules/events/best-sales.php','','2012-10-04 03:39:43'),
	(899,NULL,NULL,'/en/modules/events/identity.php','','2012-10-04 03:39:44'),
	(900,NULL,NULL,'/en/content/cms.php?id_cms=1','','2012-10-04 03:42:27'),
	(901,NULL,NULL,'/en/content/cms.php?id_cms=3','','2012-10-04 03:42:28'),
	(902,NULL,NULL,'/it/content/cms.php?id_cms=1','','2012-10-04 03:42:29'),
	(903,NULL,NULL,'/de/content/cms.php?id_cms=4','','2012-10-04 03:42:29'),
	(904,NULL,NULL,'/de/content/cms.php?id_cms=3','','2012-10-04 03:42:30'),
	(905,NULL,NULL,'/it/modules/events/cms.php?id_cms=1','','2012-10-04 03:42:31'),
	(906,NULL,NULL,'/de/modules/events/cms.php?id_cms=1','','2012-10-04 03:42:32'),
	(907,NULL,NULL,'/en/modules/events/cms.php?id_cms=1','','2012-10-04 03:42:32'),
	(908,NULL,NULL,'/en/modules/events/cms.php?id_cms=2','','2012-10-04 03:42:33'),
	(909,NULL,NULL,'/en/modules/events/cms.php?id_cms=4','','2012-10-04 03:42:34'),
	(910,NULL,NULL,'/it/content/cms.php?id_cms=4','','2012-10-04 03:44:41'),
	(911,NULL,NULL,'/it/content/cms.php?id_cms=2','','2012-10-04 03:44:49'),
	(912,NULL,NULL,'/it/modules/events/cms.php?id_cms=4','','2012-10-04 03:44:52'),
	(913,NULL,NULL,'/de/modules/events/cms.php?id_cms=2','','2012-10-04 03:44:53'),
	(914,NULL,NULL,'/it/modules/events/cms.php?id_cms=2','','2012-10-04 03:44:54'),
	(915,NULL,NULL,'/de/modules/events/cms.php?id_cms=3','','2012-10-04 03:44:54'),
	(916,NULL,NULL,'/en/content/cms.php?id_cms=4','','2012-10-04 03:46:02'),
	(917,NULL,NULL,'/de/content/cms.php?id_cms=1','','2012-10-04 03:46:03'),
	(918,NULL,NULL,'/en/content/manufacturer.php','','2012-10-04 04:08:15'),
	(919,NULL,NULL,'/en/content/new-products.php','','2012-10-04 04:43:13'),
	(920,NULL,NULL,'/en/content/cms.php?id_cms=4','','2012-10-04 05:39:27'),
	(921,NULL,NULL,'/en/content/cms.php?id_cms=1','','2012-10-04 06:10:54'),
	(922,NULL,NULL,'/en/content/cms.php?id_cms=3','','2012-10-04 07:03:20'),
	(923,NULL,NULL,'/en/content/cms.php?id_cms=2','','2012-10-04 07:23:41'),
	(924,NULL,NULL,'/0/16-0.jpg&','','2012-10-05 03:17:25'),
	(925,NULL,NULL,'/0/17-0.jpg&','','2012-10-05 03:20:47'),
	(926,NULL,NULL,'/th1s_1s_a_4o4.html','http://www.google.com/url?url=www.armoniesaporidelfriuli.it','2012-10-05 03:33:58'),
	(927,NULL,NULL,'/th1s_1s_a_4o4.html','http://www.google.com/url?url=www.armoniesaporidelfriuli.it','2012-10-06 07:25:50'),
	(928,NULL,NULL,'/it/content/history.php','','2012-10-06 17:14:03'),
	(929,NULL,NULL,'/it/content/discount.php','','2012-10-06 18:17:51'),
	(930,NULL,NULL,'/it/content/supplier.php','','2012-10-06 18:38:31'),
	(931,NULL,NULL,'/it/content/identity.php','','2012-10-06 19:30:10'),
	(932,NULL,NULL,'/it/content/addresses.php','','2012-10-06 19:49:50'),
	(933,NULL,NULL,'/it/content/my-account.php','','2012-10-06 20:20:24'),
	(934,NULL,NULL,'/it/content/best-sales.php','','2012-10-06 21:17:37'),
	(935,NULL,NULL,'/it/content/prices-drop.php','','2012-10-06 21:42:22'),
	(936,NULL,NULL,'/it/content/contact-form.php','','2012-10-06 22:13:18'),
	(937,NULL,NULL,'/it/content/manufacturer.php','','2012-10-06 22:53:32'),
	(938,NULL,NULL,'/it/content/new-products.php','','2012-10-06 23:22:20'),
	(939,NULL,NULL,'/it/content/cms.php?id_cms=3','','2012-10-06 23:41:43'),
	(940,NULL,NULL,'/it/content/cms.php?id_cms=2','','2012-10-07 00:16:19'),
	(941,NULL,NULL,'/it/content/cms.php?id_cms=4','','2012-10-07 00:32:19'),
	(942,NULL,NULL,'/it/content/cms.php?id_cms=1','','2012-10-07 01:15:31'),
	(943,NULL,NULL,'/th1s_1s_a_4o4.html','http://www.google.com/url?url=www.armoniesaporidelfriuli.it','2012-10-07 03:37:19'),
	(944,NULL,NULL,'/th1s_1s_a_4o4.html','http://www.google.com/url?url=www.armoniesaporidelfriuli.it','2012-10-08 03:37:56'),
	(945,NULL,NULL,'/th1s_1s_a_4o4.html','http://www.google.com/url?url=www.armoniesaporidelfriuli.it','2012-10-09 03:38:43'),
	(946,NULL,NULL,'/th1s_1s_a_4o4.html','http://www.google.com/url?url=www.armoniesaporidelfriuli.it','2012-10-10 03:40:15'),
	(947,NULL,NULL,'/th1s_1s_a_4o4.html','http://www.google.com/url?url=www.armoniesaporidelfriuli.it','2012-10-11 03:39:02'),
	(948,NULL,NULL,'/th1s_1s_a_4o4.html','http://www.google.com/url?url=www.armoniesaporidelfriuli.it','2012-10-12 03:33:45'),
	(949,NULL,NULL,'/th1s_1s_a_4o4.html','http://www.google.com/url?url=www.armoniesaporidelfriuli.it','2012-10-13 03:31:26'),
	(950,NULL,NULL,'/th1s_1s_a_4o4.html','http://www.google.com/url?url=www.armoniesaporidelfriuli.it','2012-10-14 03:30:32'),
	(951,NULL,NULL,'/th1s_1s_a_4o4.html','http://www.google.com/url?url=www.armoniesaporidelfriuli.it','2012-10-15 03:35:04'),
	(952,NULL,NULL,'/th1s_1s_a_4o4.html','http://www.google.com/url?url=www.armoniesaporidelfriuli.it','2012-10-16 03:30:27'),
	(953,NULL,NULL,'/th1s_1s_a_4o4.html','http://www.google.com/url?url=www.armoniesaporidelfriuli.it','2012-10-17 03:30:58'),
	(954,NULL,NULL,'/th1s_1s_a_4o4.html','http://www.google.com/url?url=www.armoniesaporidelfriuli.it','2012-10-18 03:30:58'),
	(955,NULL,NULL,'/th1s_1s_a_4o4.html','http://www.google.com/url?url=www.armoniesaporidelfriuli.it','2012-10-19 03:35:16'),
	(956,NULL,NULL,'/th1s_1s_a_4o4.html','http://www.google.com/url?url=www.armoniesaporidelfriuli.it','2012-10-20 03:39:04'),
	(957,NULL,NULL,'/th1s_1s_a_4o4.html','http://www.google.com/url?url=www.armoniesaporidelfriuli.it','2012-10-21 03:33:24'),
	(958,NULL,NULL,'/th1s_1s_a_4o4.html','http://www.google.com/url?url=www.armoniesaporidelfriuli.it','2012-10-22 03:31:39'),
	(959,NULL,NULL,'/th1s_1s_a_4o4.html','http://www.google.com/url?url=www.armoniesaporidelfriuli.it','2012-10-23 03:35:28'),
	(960,NULL,NULL,'/th1s_1s_a_4o4.html','http://www.google.com/url?url=www.armoniesaporidelfriuli.it','2012-10-24 03:33:21'),
	(961,NULL,NULL,'/de/content/history.php','','2012-10-24 16:29:10'),
	(962,NULL,NULL,'/de/content/identity.php','','2012-10-24 19:11:15'),
	(963,NULL,NULL,'/de/content/supplier.php','','2012-10-24 19:33:57'),
	(964,NULL,NULL,'/de/content/discount.php','','2012-10-24 20:21:21'),
	(965,NULL,NULL,'/de/content/addresses.php','','2012-10-24 20:52:27'),
	(966,NULL,NULL,'/de/content/best-sales.php','','2012-10-24 22:24:17'),
	(967,NULL,NULL,'/de/content/my-account.php','','2012-10-24 22:40:22'),
	(968,NULL,NULL,'/de/content/prices-drop.php','','2012-10-24 23:10:22'),
	(969,NULL,NULL,'/de/content/manufacturer.php','','2012-10-24 23:32:37'),
	(970,NULL,NULL,'/de/content/contact-form.php','','2012-10-25 01:13:31'),
	(971,NULL,NULL,'/de/content/new-products.php','','2012-10-25 01:25:12'),
	(972,NULL,NULL,'/it/content/category/history.php','','2012-10-25 02:56:44'),
	(973,NULL,NULL,'/it/content/category/supplier.php','','2012-10-25 03:24:11'),
	(974,NULL,NULL,'/th1s_1s_a_4o4.html','http://www.google.com/url?url=www.armoniesaporidelfriuli.it','2012-10-25 03:38:11'),
	(975,NULL,NULL,'/it/content/category/identity.php','','2012-10-25 04:08:19'),
	(976,NULL,NULL,'/it/content/category/discount.php','','2012-10-25 04:36:10'),
	(977,NULL,NULL,'/it/content/category/addresses.php','','2012-10-25 05:06:07'),
	(978,NULL,NULL,'/it/content/category/best-sales.php','','2012-10-25 06:23:15'),
	(979,NULL,NULL,'/it/content/category/my-account.php','','2012-10-25 09:21:45'),
	(980,NULL,NULL,'/it/content/category/prices-drop.php','','2012-10-25 10:27:22'),
	(981,NULL,NULL,'/it/content/category/contact-form.php','','2012-10-25 11:33:01'),
	(982,NULL,NULL,'/it/content/category/manufacturer.php','','2012-10-25 13:28:28'),
	(983,NULL,NULL,'/it/content/category/new-products.php','','2012-10-25 14:30:59'),
	(984,NULL,NULL,'/de/content/cms.php?id_cms=1','','2012-10-25 15:57:46'),
	(985,NULL,NULL,'/de/content/cms.php?id_cms=4','','2012-10-25 16:42:42'),
	(986,NULL,NULL,'/de/content/cms.php?id_cms=3','','2012-10-25 18:32:27'),
	(987,NULL,NULL,'/de/content/cms.php?id_cms=2','','2012-10-25 22:34:14'),
	(988,NULL,NULL,'/it/content/category/cms.php?id_cms=1','','2012-10-25 23:52:09'),
	(989,NULL,NULL,'/it/content/category/cms.php?id_cms=3','','2012-10-26 00:11:32'),
	(990,NULL,NULL,'/it/content/category/cms.php?id_cms=2','','2012-10-26 02:09:10'),
	(991,NULL,NULL,'/th1s_1s_a_4o4.html','http://www.google.com/url?url=www.armoniesaporidelfriuli.it','2012-10-26 03:39:09'),
	(992,NULL,NULL,'/it/content/category/cms.php?id_cms=4','','2012-10-26 04:32:44'),
	(993,NULL,NULL,'/th1s_1s_a_4o4.html','http://www.google.com/url?url=www.armoniesaporidelfriuli.it','2012-10-27 03:35:10'),
	(994,NULL,NULL,'/th1s_1s_a_4o4.html','http://www.google.com/url?url=www.armoniesaporidelfriuli.it','2012-10-28 03:39:34'),
	(995,NULL,NULL,'/th1s_1s_a_4o4.html','http://www.google.com/url?url=www.armoniesaporidelfriuli.it','2012-10-29 03:31:07'),
	(996,NULL,NULL,'/th1s_1s_a_4o4.html','http://www.google.com/url?url=www.armoniesaporidelfriuli.it','2012-10-30 03:38:53'),
	(997,NULL,NULL,'/wp-admin/','','2012-10-30 07:16:07'),
	(998,NULL,NULL,'/th1s_1s_a_4o4.html','http://www.google.com/url?url=www.armoniesaporidelfriuli.it','2012-10-31 03:39:29'),
	(999,NULL,NULL,'/th1s_1s_a_4o4.html','http://www.google.com/url?url=www.armoniesaporidelfriuli.it','2012-11-01 03:33:24'),
	(1000,NULL,NULL,'/th1s_1s_a_4o4.html','http://www.google.com/url?url=www.armoniesaporidelfriuli.it','2012-11-02 03:35:26'),
	(1001,NULL,NULL,'/th1s_1s_a_4o4.html','http://www.google.com/url?url=www.armoniesaporidelfriuli.it','2012-11-03 03:33:48'),
	(1002,NULL,NULL,'/de/content/contact-form.php','','2012-11-03 03:40:52'),
	(1003,NULL,NULL,'/it/content/cms.php?id_cms=3','','2012-11-03 03:40:53'),
	(1004,NULL,NULL,'/en/content/new-products.php','','2012-11-03 03:40:54'),
	(1005,NULL,NULL,'/de/content/addresses.php','','2012-11-03 03:40:59'),
	(1006,NULL,NULL,'/de/content/supplier.php','','2012-11-03 03:40:59'),
	(1007,NULL,NULL,'/de/content/discount.php','','2012-11-03 03:41:00'),
	(1008,NULL,NULL,'/de/content/prices-drop.php','','2012-11-03 03:41:03'),
	(1009,NULL,NULL,'/it/content/supplier.php','','2012-11-03 03:41:03'),
	(1010,NULL,NULL,'/de/content/new-products.php','','2012-11-03 03:41:04'),
	(1011,NULL,NULL,'/it/content/identity.php','','2012-11-03 03:41:04'),
	(1012,NULL,NULL,'/de/content/manufacturer.php','','2012-11-03 03:41:04'),
	(1013,NULL,NULL,'/de/content/identity.php','','2012-11-03 03:41:05'),
	(1014,NULL,NULL,'/it/content/my-account.php','','2012-11-03 03:41:05'),
	(1015,NULL,NULL,'/en/content/cms.php?id_cms=2','','2012-11-03 03:41:06'),
	(1016,NULL,NULL,'/en/content/manufacturer.php','','2012-11-03 03:41:06'),
	(1017,NULL,NULL,'/de/content/cms.php?id_cms=2','','2012-11-03 03:41:07'),
	(1018,NULL,NULL,'/en/content/cms.php?id_cms=1','','2012-11-03 03:41:07'),
	(1019,NULL,NULL,'/it/content/new-products.php','','2012-11-03 03:41:07'),
	(1020,NULL,NULL,'/it/content/manufacturer.php','','2012-11-03 03:41:08'),
	(1021,NULL,NULL,'/it/content/best-sales.php','','2012-11-03 03:41:11'),
	(1022,NULL,NULL,'/en/content/supplier.php','','2012-11-03 03:41:12'),
	(1023,NULL,NULL,'/it/content/addresses.php','','2012-11-03 03:41:12'),
	(1024,NULL,NULL,'/it/content/prices-drop.php','','2012-11-03 03:41:13'),
	(1025,NULL,NULL,'/de/content/my-account.php','','2012-11-03 03:41:18'),
	(1026,NULL,NULL,'/it/content/history.php','','2012-11-03 03:41:20'),
	(1027,NULL,NULL,'/it/content/discount.php','','2012-11-03 03:41:20'),
	(1028,NULL,NULL,'/it/content/contact-form.php','','2012-11-03 03:41:20'),
	(1029,NULL,NULL,'/a','','2012-11-03 03:41:21'),
	(1030,NULL,NULL,'/de/content/best-sales.php','','2012-11-03 03:41:21'),
	(1031,NULL,NULL,'/en/content/addresses.php','','2012-11-03 03:41:22'),
	(1032,NULL,NULL,'/en/content/contact-form.php','','2012-11-03 03:41:22'),
	(1033,NULL,NULL,'/en/content/history.php','','2012-11-03 03:41:23'),
	(1034,NULL,NULL,'/en/content/prices-drop.php','','2012-11-03 03:41:23'),
	(1035,NULL,NULL,'/en/content/identity.php','','2012-11-03 03:41:23'),
	(1036,NULL,NULL,'/en/content/my-account.php','','2012-11-03 03:41:25'),
	(1037,NULL,NULL,'/en/content/discount.php','','2012-11-03 03:41:26'),
	(1038,NULL,NULL,'/en/content/best-sales.php','','2012-11-03 03:41:27'),
	(1039,NULL,NULL,'/de/content/history.php','','2012-11-03 03:41:27'),
	(1040,NULL,NULL,'/it/modules/events/supplier.php','','2012-11-03 03:41:28'),
	(1041,NULL,NULL,'/en/modules/events/manufacturer.php','','2012-11-03 03:41:28'),
	(1042,NULL,NULL,'/en/modules/events/new-products.php','','2012-11-03 03:41:29'),
	(1043,NULL,NULL,'/en/modules/events/history.php','','2012-11-03 03:41:29'),
	(1044,NULL,NULL,'/it/modules/events/contact-form.php','','2012-11-03 03:41:30'),
	(1045,NULL,NULL,'/it/modules/events/cms.php?id_cms=3','','2012-11-03 03:41:35'),
	(1046,NULL,NULL,'/it/modules/events/manufacturer.php','','2012-11-03 03:41:36'),
	(1047,NULL,NULL,'/de/modules/events/discount.php','','2012-11-03 03:41:37'),
	(1048,NULL,NULL,'/de/modules/events/addresses.php','','2012-11-03 03:41:37'),
	(1049,NULL,NULL,'/de/modules/events/prices-drop.php','','2012-11-03 03:41:38'),
	(1050,NULL,NULL,'/de/modules/events/cms.php?id_cms=4','','2012-11-03 03:41:38'),
	(1051,NULL,NULL,'/it/modules/events/identity.php','','2012-11-03 03:41:38'),
	(1052,NULL,NULL,'/de/modules/events/contact-form.php','','2012-11-03 03:41:40'),
	(1053,NULL,NULL,'/de/modules/events/my-account.php','','2012-11-03 03:41:41'),
	(1054,NULL,NULL,'/de/modules/events/history.php','','2012-11-03 03:41:41'),
	(1055,NULL,NULL,'/en/modules/events/prices-drop.php','','2012-11-03 03:41:42'),
	(1056,NULL,NULL,'/de/modules/events/new-products.php','','2012-11-03 03:41:42'),
	(1057,NULL,NULL,'/it/modules/events/addresses.php','','2012-11-03 03:41:42'),
	(1058,NULL,NULL,'/it/modules/events/new-products.php','','2012-11-03 03:41:43'),
	(1059,NULL,NULL,'/en/modules/events/contact-form.php','','2012-11-03 03:41:43'),
	(1060,NULL,NULL,'/it/modules/events/discount.php','','2012-11-03 03:41:44'),
	(1061,NULL,NULL,'/it/modules/events/history.php','','2012-11-03 03:41:44'),
	(1062,NULL,NULL,'/de/modules/events/best-sales.php','','2012-11-03 03:41:45'),
	(1063,NULL,NULL,'/de/modules/events/manufacturer.php','','2012-11-03 03:41:45'),
	(1064,NULL,NULL,'/en/modules/events/best-sales.php','','2012-11-03 03:41:46'),
	(1065,NULL,NULL,'/it/modules/events/my-account.php','','2012-11-03 03:41:46'),
	(1066,NULL,NULL,'/de/modules/events/supplier.php','','2012-11-03 03:41:46'),
	(1067,NULL,NULL,'/it/modules/events/prices-drop.php','','2012-11-03 03:41:48'),
	(1068,NULL,NULL,'/en/modules/events/my-account.php','','2012-11-03 03:41:48'),
	(1069,NULL,NULL,'/en/modules/events/cms.php?id_cms=3','','2012-11-03 03:41:49'),
	(1070,NULL,NULL,'/en/modules/events/supplier.php','','2012-11-03 03:41:49'),
	(1071,NULL,NULL,'/en/modules/events/discount.php','','2012-11-03 03:41:50'),
	(1072,NULL,NULL,'/en/modules/events/addresses.php','','2012-11-03 03:41:50'),
	(1073,NULL,NULL,'/de/modules/events/identity.php','','2012-11-03 03:41:51'),
	(1074,NULL,NULL,'/it/modules/events/best-sales.php','','2012-11-03 03:41:51'),
	(1075,NULL,NULL,'/en/modules/events/identity.php','','2012-11-03 03:41:52'),
	(1076,NULL,NULL,'/it/content/cms.php?id_cms=1','','2012-11-03 03:44:07'),
	(1077,NULL,NULL,'/de/content/cms.php?id_cms=4','','2012-11-03 03:44:07'),
	(1078,NULL,NULL,'/de/content/cms.php?id_cms=3','','2012-11-03 03:44:07'),
	(1079,NULL,NULL,'/it/modules/events/cms.php?id_cms=1','','2012-11-03 03:44:08'),
	(1080,NULL,NULL,'/de/modules/events/cms.php?id_cms=1','','2012-11-03 03:44:08'),
	(1081,NULL,NULL,'/en/modules/events/cms.php?id_cms=1','','2012-11-03 03:44:09'),
	(1082,NULL,NULL,'/en/modules/events/cms.php?id_cms=2','','2012-11-03 03:44:09'),
	(1083,NULL,NULL,'/en/modules/events/cms.php?id_cms=4','','2012-11-03 03:44:10'),
	(1084,NULL,NULL,'/en/content/cms.php?id_cms=3','','2012-11-03 03:45:38'),
	(1085,NULL,NULL,'/it/content/cms.php?id_cms=4','','2012-11-03 03:45:39'),
	(1086,NULL,NULL,'/it/content/cms.php?id_cms=2','','2012-11-03 03:45:39'),
	(1087,NULL,NULL,'/it/modules/events/cms.php?id_cms=4','','2012-11-03 03:45:40'),
	(1088,NULL,NULL,'/de/modules/events/cms.php?id_cms=2','','2012-11-03 03:45:40'),
	(1089,NULL,NULL,'/it/modules/events/cms.php?id_cms=2','','2012-11-03 03:45:41'),
	(1090,NULL,NULL,'/de/modules/events/cms.php?id_cms=3','','2012-11-03 03:45:41'),
	(1091,NULL,NULL,'/en/content/cms.php?id_cms=4','','2012-11-03 03:47:00'),
	(1092,NULL,NULL,'/de/content/cms.php?id_cms=1','','2012-11-03 03:47:00'),
	(1093,NULL,NULL,'/th1s_1s_a_4o4.html','http://www.google.com/url?url=www.armoniesaporidelfriuli.it','2012-11-04 03:32:03'),
	(1094,NULL,NULL,'/en/content/history.php','','2012-11-04 05:35:50'),
	(1095,NULL,NULL,'/en/content/discount.php','','2012-11-04 06:00:53'),
	(1096,NULL,NULL,'/en/content/identity.php','','2012-11-04 06:12:13'),
	(1097,NULL,NULL,'/en/content/supplier.php','','2012-11-04 07:14:03'),
	(1098,NULL,NULL,'/en/content/addresses.php','','2012-11-04 08:30:08'),
	(1099,NULL,NULL,'/en/content/best-sales.php','','2012-11-04 09:02:16'),
	(1100,NULL,NULL,'/en/content/my-account.php','','2012-11-04 10:13:02'),
	(1101,NULL,NULL,'/en/content/prices-drop.php','','2012-11-04 11:12:40'),
	(1102,NULL,NULL,'/en/content/contact-form.php','','2012-11-04 11:41:12'),
	(1103,NULL,NULL,'/th1s_1s_a_4o4.html','http://www.google.com/url?url=www.armoniesaporidelfriuli.it','2012-11-05 03:32:54'),
	(1104,NULL,NULL,'/th1s_1s_a_4o4.html','http://www.google.com/url?url=www.armoniesaporidelfriuli.it','2012-11-06 03:30:45'),
	(1105,NULL,NULL,'/th1s_1s_a_4o4.html','http://www.google.com/url?url=www.armoniesaporidelfriuli.it','2012-11-07 03:30:29'),
	(1106,NULL,NULL,'/th1s_1s_a_4o4.html','http://www.google.com/url?url=www.armoniesaporidelfriuli.it','2012-11-08 03:38:19'),
	(1107,NULL,NULL,'/de/modules/events/history.php','','2012-11-09 01:08:35'),
	(1108,NULL,NULL,'/de/modules/events/identity.php','','2012-11-09 02:43:38'),
	(1109,NULL,NULL,'/th1s_1s_a_4o4.html','http://www.google.com/url?url=www.armoniesaporidelfriuli.it','2012-11-09 03:31:15'),
	(1110,NULL,NULL,'/de/modules/events/discount.php','','2012-11-09 11:35:03'),
	(1111,NULL,NULL,'/de/modules/events/supplier.php','','2012-11-09 13:04:17'),
	(1112,NULL,NULL,'/de/modules/events/addresses.php','','2012-11-09 13:41:25'),
	(1113,NULL,NULL,'/de/modules/events/best-sales.php','','2012-11-09 14:01:54'),
	(1114,NULL,NULL,'/de/modules/events/my-account.php','','2012-11-09 16:00:17'),
	(1115,NULL,NULL,'/de/modules/events/prices-drop.php','','2012-11-09 16:40:26'),
	(1116,NULL,NULL,'/de/modules/events/contact-form.php','','2012-11-09 17:21:49'),
	(1117,NULL,NULL,'/de/modules/events/manufacturer.php','','2012-11-09 17:52:02'),
	(1118,NULL,NULL,'/de/modules/events/new-products.php','','2012-11-09 18:11:42'),
	(1119,NULL,NULL,'/de/modules/events/cms.php?id_cms=2','','2012-11-09 19:21:49'),
	(1120,NULL,NULL,'/de/modules/events/cms.php?id_cms=1','','2012-11-09 19:49:19'),
	(1121,NULL,NULL,'/de/modules/events/cms.php?id_cms=4','','2012-11-09 21:02:48'),
	(1122,NULL,NULL,'/de/modules/events/cms.php?id_cms=3','','2012-11-09 21:25:43'),
	(1123,NULL,NULL,'/th1s_1s_a_4o4.html','http://www.google.com/url?url=www.armoniesaporidelfriuli.it','2012-11-10 03:34:25'),
	(1124,NULL,NULL,'/th1s_1s_a_4o4.html','http://www.google.com/url?url=www.armoniesaporidelfriuli.it','2012-11-11 03:32:06'),
	(1125,NULL,NULL,'/th1s_1s_a_4o4.html','http://www.google.com/url?url=www.armoniesaporidelfriuli.it','2012-11-12 03:34:24'),
	(1126,NULL,NULL,'/it/contact-form.phpindex.php','http://www.armoniesaporidelfriuli.it/it/contact-form.phpindex.php','2012-11-13 00:10:17'),
	(1127,NULL,NULL,'/th1s_1s_a_4o4.html','http://www.google.com/url?url=www.armoniesaporidelfriuli.it','2012-11-13 03:40:02'),
	(1128,NULL,NULL,'/th1s_1s_a_4o4.html','http://www.google.com/url?url=www.armoniesaporidelfriuli.it','2012-11-14 03:36:06'),
	(1129,NULL,NULL,'/th1s_1s_a_4o4.html','http://www.google.com/url?url=www.armoniesaporidelfriuli.it','2012-11-15 03:32:35'),
	(1130,NULL,NULL,'/de/modules/events/addresses.php','','2012-11-16 02:44:50'),
	(1131,NULL,NULL,'/de/modules/events/best-sales.php','','2012-11-16 03:21:47'),
	(1132,NULL,NULL,'/de/modules/events/cms.php?id_cms=1','','2012-11-16 03:37:39'),
	(1133,NULL,NULL,'/th1s_1s_a_4o4.html','http://www.google.com/url?url=www.armoniesaporidelfriuli.it','2012-11-16 03:40:56'),
	(1134,NULL,NULL,'/de/modules/events/cms.php?id_cms=2','','2012-11-16 04:20:09'),
	(1135,NULL,NULL,'/de/modules/events/cms.php?id_cms=4','','2012-11-16 04:21:45'),
	(1136,NULL,NULL,'/de/modules/events/discount.php','','2012-11-16 04:23:10'),
	(1137,NULL,NULL,'/th1s_1s_a_4o4.html','http://www.google.com/url?url=www.armoniesaporidelfriuli.it','2012-11-17 04:15:20'),
	(1138,NULL,NULL,'/th1s_1s_a_4o4.html','http://www.google.com/url?url=www.armoniesaporidelfriuli.it','2012-11-18 03:30:28'),
	(1139,NULL,NULL,'/th1s_1s_a_4o4.html','http://www.google.com/url?url=www.armoniesaporidelfriuli.it','2012-11-19 03:38:08'),
	(1140,NULL,NULL,'/th1s_1s_a_4o4.html','http://www.google.com/url?url=www.armoniesaporidelfriuli.it','2012-11-20 03:39:41'),
	(1141,NULL,NULL,'/it/content/history.php','','2012-11-20 05:36:54'),
	(1142,NULL,NULL,'/it/content/discount.php','','2012-11-20 07:08:27'),
	(1143,NULL,NULL,'/it/content/supplier.php','','2012-11-20 08:57:15'),
	(1144,NULL,NULL,'/it/content/identity.php','','2012-11-20 11:17:30'),
	(1145,NULL,NULL,'/it/content/addresses.php','','2012-11-20 13:15:36'),
	(1146,NULL,NULL,'/it/content/my-account.php','','2012-11-20 13:37:22'),
	(1147,NULL,NULL,'/it/content/prices-drop.php','','2012-11-20 14:46:35'),
	(1148,NULL,NULL,'/it/content/contact-form.php','','2012-11-20 16:33:41'),
	(1149,NULL,NULL,'/it/content/manufacturer.php','','2012-11-20 17:40:39'),
	(1150,NULL,NULL,'/it/content/new-products.php','','2012-11-20 17:58:10'),
	(1151,NULL,NULL,'/it/content/cms.php?id_cms=3','','2012-11-20 19:34:08'),
	(1152,NULL,NULL,'/it/content/cms.php?id_cms=4','','2012-11-20 20:06:08'),
	(1153,NULL,NULL,'/it/content/cms.php?id_cms=1','','2012-11-20 20:27:29'),
	(1154,NULL,NULL,'/it/contact-form.phpindex.php','http://www.armoniesaporidelfriuli.it/it/contact-form.phpindex.php','2012-11-21 02:42:26'),
	(1155,NULL,NULL,'/th1s_1s_a_4o4.html','http://www.google.com/url?url=www.armoniesaporidelfriuli.it','2012-11-21 03:31:32'),
	(1156,NULL,NULL,'/th1s_1s_a_4o4.html','http://www.google.com/url?url=www.armoniesaporidelfriuli.it','2012-11-22 03:35:04'),
	(1157,NULL,NULL,'/it/content/best-sales.php','','2012-11-22 10:00:42'),
	(1158,NULL,NULL,'/it/content/cms.php?id_cms=2','','2012-11-22 13:35:25'),
	(1159,NULL,NULL,'/th1s_1s_a_4o4.html','http://www.google.com/url?url=www.armoniesaporidelfriuli.it','2012-11-23 03:34:15'),
	(1160,NULL,NULL,'/en/modules/events/history.php','','2012-11-23 23:00:45'),
	(1161,NULL,NULL,'/en/modules/events/supplier.php','','2012-11-23 23:32:04'),
	(1162,NULL,NULL,'/en/modules/events/discount.php','','2012-11-24 00:51:10'),
	(1163,NULL,NULL,'/en/modules/events/identity.php','','2012-11-24 01:13:06'),
	(1164,NULL,NULL,'/en/modules/events/addresses.php','','2012-11-24 03:10:24'),
	(1165,NULL,NULL,'/th1s_1s_a_4o4.html','http://www.google.com/url?url=www.armoniesaporidelfriuli.it','2012-11-24 03:40:02'),
	(1166,NULL,NULL,'/en/modules/events/best-sales.php','','2012-11-24 06:59:59'),
	(1167,NULL,NULL,'/en/modules/events/my-account.php','','2012-11-24 08:24:27'),
	(1168,NULL,NULL,'/en/modules/events/prices-drop.php','','2012-11-24 10:25:06'),
	(1169,NULL,NULL,'/en/modules/events/manufacturer.php','','2012-11-24 11:00:16'),
	(1170,NULL,NULL,'/en/modules/events/new-products.php','','2012-11-24 11:49:14'),
	(1171,NULL,NULL,'/en/modules/events/contact-form.php','','2012-11-24 12:19:35'),
	(1172,NULL,NULL,'/en/modules/events/cms.php?id_cms=3','','2012-11-24 12:43:22'),
	(1173,NULL,NULL,'/en/modules/events/cms.php?id_cms=4','','2012-11-24 13:03:59'),
	(1174,NULL,NULL,'/en/modules/events/cms.php?id_cms=1','','2012-11-24 14:20:44'),
	(1175,NULL,NULL,'/en/modules/events/cms.php?id_cms=2','','2012-11-24 15:19:33'),
	(1176,NULL,NULL,'/th1s_1s_a_4o4.html','http://www.google.com/url?url=www.armoniesaporidelfriuli.it','2012-11-25 03:40:10'),
	(1177,NULL,NULL,'/th1s_1s_a_4o4.html','http://www.google.com/url?url=www.armoniesaporidelfriuli.it','2012-11-26 03:35:40'),
	(1178,NULL,NULL,'/th1s_1s_a_4o4.html','http://www.google.com/url?url=www.armoniesaporidelfriuli.it','2012-11-27 03:30:47'),
	(1179,NULL,NULL,'/th1s_1s_a_4o4.html','http://www.google.com/url?url=www.armoniesaporidelfriuli.it','2012-11-28 03:37:20'),
	(1180,NULL,NULL,'/th1s_1s_a_4o4.html','http://www.google.com/url?url=www.armoniesaporidelfriuli.it','2012-11-29 03:30:31'),
	(1181,NULL,NULL,'/th1s_1s_a_4o4.html','http://www.google.com/url?url=www.armoniesaporidelfriuli.it','2012-11-30 03:35:09'),
	(1182,NULL,NULL,'/th1s_1s_a_4o4.html','http://www.google.com/url?url=www.armoniesaporidelfriuli.it','2012-12-01 03:34:10'),
	(1183,NULL,NULL,'/de/content/category/history.php','','2012-12-01 23:28:28'),
	(1184,NULL,NULL,'/de/content/category/supplier.php','','2012-12-02 00:01:28'),
	(1185,NULL,NULL,'/de/content/category/identity.php','','2012-12-02 00:20:18'),
	(1186,NULL,NULL,'/de/content/category/discount.php','','2012-12-02 01:13:25'),
	(1187,NULL,NULL,'/de/content/category/addresses.php','','2012-12-02 01:49:46'),
	(1188,NULL,NULL,'/de/content/category/best-sales.php','','2012-12-02 01:59:40'),
	(1189,NULL,NULL,'/de/content/category/my-account.php','','2012-12-02 02:15:56'),
	(1190,NULL,NULL,'/de/content/category/prices-drop.php','','2012-12-02 03:19:01'),
	(1191,NULL,NULL,'/th1s_1s_a_4o4.html','http://www.google.com/url?url=www.armoniesaporidelfriuli.it','2012-12-02 03:37:26'),
	(1192,NULL,NULL,'/de/content/category/contact-form.php','','2012-12-02 04:31:59'),
	(1193,NULL,NULL,'/de/content/category/manufacturer.php','','2012-12-02 05:47:20'),
	(1194,NULL,NULL,'/de/content/category/new-products.php','','2012-12-02 06:10:03'),
	(1195,NULL,NULL,'/de/content/category/cms.php?id_cms=3','','2012-12-02 06:44:43'),
	(1196,NULL,NULL,'/de/content/category/cms.php?id_cms=4','','2012-12-02 07:14:49'),
	(1197,NULL,NULL,'/de/content/category/cms.php?id_cms=2','','2012-12-02 07:44:14'),
	(1198,NULL,NULL,'/de/content/category/cms.php?id_cms=1','','2012-12-02 08:10:07'),
	(1199,NULL,NULL,'/th1s_1s_a_4o4.html','http://www.google.com/url?url=www.armoniesaporidelfriuli.it','2012-12-03 03:31:53'),
	(1200,NULL,NULL,'/de/content/contact-form.php','','2012-12-03 03:39:02'),
	(1201,NULL,NULL,'/it/content/cms.php?id_cms=3','','2012-12-03 03:39:04'),
	(1202,NULL,NULL,'/en/content/new-products.php','','2012-12-03 03:39:05'),
	(1203,NULL,NULL,'/de/content/addresses.php','','2012-12-03 03:39:10'),
	(1204,NULL,NULL,'/de/content/supplier.php','','2012-12-03 03:39:10'),
	(1205,NULL,NULL,'/de/content/discount.php','','2012-12-03 03:39:11'),
	(1206,NULL,NULL,'/de/content/prices-drop.php','','2012-12-03 03:39:14'),
	(1207,NULL,NULL,'/it/content/supplier.php','','2012-12-03 03:39:15'),
	(1208,NULL,NULL,'/de/content/new-products.php','','2012-12-03 03:39:15'),
	(1209,NULL,NULL,'/it/content/identity.php','','2012-12-03 03:39:16'),
	(1210,NULL,NULL,'/de/content/manufacturer.php','','2012-12-03 03:39:16'),
	(1211,NULL,NULL,'/de/content/identity.php','','2012-12-03 03:39:16'),
	(1212,NULL,NULL,'/it/content/my-account.php','','2012-12-03 03:39:17'),
	(1213,NULL,NULL,'/en/content/cms.php?id_cms=2','','2012-12-03 03:39:17'),
	(1214,NULL,NULL,'/en/content/manufacturer.php','','2012-12-03 03:39:18'),
	(1215,NULL,NULL,'/de/content/cms.php?id_cms=2','','2012-12-03 03:39:20'),
	(1216,NULL,NULL,'/en/content/cms.php?id_cms=1','','2012-12-03 03:39:21'),
	(1217,NULL,NULL,'/en/content/cms.php?id_cms=3','','2012-12-03 03:39:21'),
	(1218,NULL,NULL,'/it/content/new-products.php','','2012-12-03 03:39:22'),
	(1219,NULL,NULL,'/it/content/manufacturer.php','','2012-12-03 03:39:23'),
	(1220,NULL,NULL,'/it/content/best-sales.php','','2012-12-03 03:39:26'),
	(1221,NULL,NULL,'/en/content/supplier.php','','2012-12-03 03:39:27'),
	(1222,NULL,NULL,'/it/content/addresses.php','','2012-12-03 03:39:28'),
	(1223,NULL,NULL,'/it/content/prices-drop.php','','2012-12-03 03:39:29'),
	(1224,NULL,NULL,'/de/content/my-account.php','','2012-12-03 03:39:33'),
	(1225,NULL,NULL,'/it/content/history.php','','2012-12-03 03:39:34'),
	(1226,NULL,NULL,'/it/content/discount.php','','2012-12-03 03:39:35'),
	(1227,NULL,NULL,'/it/content/contact-form.php','','2012-12-03 03:39:35'),
	(1228,NULL,NULL,'/a','','2012-12-03 03:39:36'),
	(1229,NULL,NULL,'/de/content/best-sales.php','','2012-12-03 03:39:37'),
	(1230,NULL,NULL,'/en/content/addresses.php','','2012-12-03 03:39:38'),
	(1231,NULL,NULL,'/en/content/contact-form.php','','2012-12-03 03:39:38'),
	(1232,NULL,NULL,'/en/content/history.php','','2012-12-03 03:39:39'),
	(1233,NULL,NULL,'/en/content/prices-drop.php','','2012-12-03 03:39:39'),
	(1234,NULL,NULL,'/en/content/identity.php','','2012-12-03 03:39:40'),
	(1235,NULL,NULL,'/en/content/my-account.php','','2012-12-03 03:39:41'),
	(1236,NULL,NULL,'/en/content/discount.php','','2012-12-03 03:39:42'),
	(1237,NULL,NULL,'/en/content/best-sales.php','','2012-12-03 03:39:43'),
	(1238,NULL,NULL,'/de/content/history.php','','2012-12-03 03:39:44'),
	(1239,NULL,NULL,'/it/modules/events/supplier.php','','2012-12-03 03:39:44'),
	(1240,NULL,NULL,'/en/modules/events/manufacturer.php','','2012-12-03 03:39:45'),
	(1241,NULL,NULL,'/en/modules/events/new-products.php','','2012-12-03 03:39:46'),
	(1242,NULL,NULL,'/en/modules/events/history.php','','2012-12-03 03:39:46'),
	(1243,NULL,NULL,'/it/modules/events/contact-form.php','','2012-12-03 03:39:47'),
	(1244,NULL,NULL,'/it/modules/events/cms.php?id_cms=3','','2012-12-03 03:39:53'),
	(1245,NULL,NULL,'/it/modules/events/manufacturer.php','','2012-12-03 03:39:55'),
	(1246,NULL,NULL,'/it/modules/events/identity.php','','2012-12-03 03:39:56'),
	(1247,NULL,NULL,'/de/modules/events/discount.php','','2012-12-03 03:39:57'),
	(1248,NULL,NULL,'/de/modules/events/addresses.php','','2012-12-03 03:39:57'),
	(1249,NULL,NULL,'/de/modules/events/prices-drop.php','','2012-12-03 03:39:58'),
	(1250,NULL,NULL,'/de/modules/events/cms.php?id_cms=4','','2012-12-03 03:39:59'),
	(1251,NULL,NULL,'/de/modules/events/contact-form.php','','2012-12-03 03:40:00'),
	(1252,NULL,NULL,'/de/modules/events/my-account.php','','2012-12-03 03:40:01'),
	(1253,NULL,NULL,'/de/modules/events/history.php','','2012-12-03 03:40:01'),
	(1254,NULL,NULL,'/en/modules/events/prices-drop.php','','2012-12-03 03:40:03'),
	(1255,NULL,NULL,'/de/modules/events/new-products.php','','2012-12-03 03:40:04'),
	(1256,NULL,NULL,'/it/modules/events/addresses.php','','2012-12-03 03:40:05'),
	(1257,NULL,NULL,'/it/modules/events/new-products.php','','2012-12-03 03:40:06'),
	(1258,NULL,NULL,'/en/modules/events/contact-form.php','','2012-12-03 03:40:07'),
	(1259,NULL,NULL,'/it/modules/events/discount.php','','2012-12-03 03:40:08'),
	(1260,NULL,NULL,'/it/modules/events/history.php','','2012-12-03 03:40:09'),
	(1261,NULL,NULL,'/de/modules/events/best-sales.php','','2012-12-03 03:40:09'),
	(1262,NULL,NULL,'/de/modules/events/manufacturer.php','','2012-12-03 03:40:10'),
	(1263,NULL,NULL,'/en/modules/events/best-sales.php','','2012-12-03 03:40:11'),
	(1264,NULL,NULL,'/it/modules/events/my-account.php','','2012-12-03 03:40:11'),
	(1265,NULL,NULL,'/de/modules/events/supplier.php','','2012-12-03 03:40:12'),
	(1266,NULL,NULL,'/it/modules/events/prices-drop.php','','2012-12-03 03:40:14'),
	(1267,NULL,NULL,'/en/modules/events/my-account.php','','2012-12-03 03:40:15'),
	(1268,NULL,NULL,'/en/modules/events/cms.php?id_cms=3','','2012-12-03 03:40:15'),
	(1269,NULL,NULL,'/en/modules/events/supplier.php','','2012-12-03 03:40:16'),
	(1270,NULL,NULL,'/en/modules/events/discount.php','','2012-12-03 03:40:18'),
	(1271,NULL,NULL,'/en/modules/events/addresses.php','','2012-12-03 03:40:18'),
	(1272,NULL,NULL,'/de/modules/events/identity.php','','2012-12-03 03:40:19'),
	(1273,NULL,NULL,'/it/modules/events/best-sales.php','','2012-12-03 03:40:19'),
	(1274,NULL,NULL,'/en/modules/events/identity.php','','2012-12-03 03:40:20'),
	(1275,NULL,NULL,'/it/content/cms.php?id_cms=1','','2012-12-03 03:42:47'),
	(1276,NULL,NULL,'/de/content/cms.php?id_cms=4','','2012-12-03 03:42:48'),
	(1277,NULL,NULL,'/de/content/cms.php?id_cms=3','','2012-12-03 03:42:49'),
	(1278,NULL,NULL,'/it/modules/events/cms.php?id_cms=1','','2012-12-03 03:42:50'),
	(1279,NULL,NULL,'/de/modules/events/cms.php?id_cms=1','','2012-12-03 03:42:51'),
	(1280,NULL,NULL,'/en/modules/events/cms.php?id_cms=1','','2012-12-03 03:42:52'),
	(1281,NULL,NULL,'/en/modules/events/cms.php?id_cms=2','','2012-12-03 03:42:54'),
	(1282,NULL,NULL,'/en/modules/events/cms.php?id_cms=4','','2012-12-03 03:42:55'),
	(1283,NULL,NULL,'/it/content/cms.php?id_cms=4','','2012-12-03 03:44:45'),
	(1284,NULL,NULL,'/it/content/cms.php?id_cms=2','','2012-12-03 03:44:46'),
	(1285,NULL,NULL,'/it/modules/events/cms.php?id_cms=4','','2012-12-03 03:44:47'),
	(1286,NULL,NULL,'/de/modules/events/cms.php?id_cms=2','','2012-12-03 03:44:47'),
	(1287,NULL,NULL,'/it/modules/events/cms.php?id_cms=2','','2012-12-03 03:44:48'),
	(1288,NULL,NULL,'/de/modules/events/cms.php?id_cms=3','','2012-12-03 03:44:49'),
	(1289,NULL,NULL,'/en/content/cms.php?id_cms=4','','2012-12-03 03:46:29'),
	(1290,NULL,NULL,'/de/content/cms.php?id_cms=1','','2012-12-03 03:46:29'),
	(1291,NULL,NULL,'/wp-admin/','','2012-12-03 13:05:04'),
	(1292,NULL,NULL,'/administrator/index.php','http://arminboutique.com/administrator/index.php','2012-12-03 13:05:06'),
	(1293,NULL,NULL,'/th1s_1s_a_4o4.html','http://www.google.com/url?url=www.armoniesaporidelfriuli.it','2012-12-04 03:36:07'),
	(1294,NULL,NULL,'/th1s_1s_a_4o4.html','http://www.google.com/url?url=www.armoniesaporidelfriuli.it','2012-12-05 03:37:40'),
	(1295,NULL,NULL,'/th1s_1s_a_4o4.html','http://www.google.com/url?url=www.armoniesaporidelfriuli.it','2012-12-06 04:11:31'),
	(1296,NULL,NULL,'//readme_en.txt','','2012-12-06 07:03:03'),
	(1297,NULL,NULL,'//readme_en.txt','','2012-12-06 08:02:51'),
	(1298,NULL,NULL,'/th1s_1s_a_4o4.html','http://www.google.com/url?url=www.armoniesaporidelfriuli.it','2012-12-07 03:34:50'),
	(1299,NULL,NULL,'/th1s_1s_a_4o4.html','http://www.google.com/url?url=www.armoniesaporidelfriuli.it','2012-12-08 03:40:18'),
	(1300,NULL,NULL,'/th1s_1s_a_4o4.html','http://www.google.com/url?url=www.armoniesaporidelfriuli.it','2012-12-09 03:38:34'),
	(1301,NULL,NULL,'/th1s_1s_a_4o4.html','http://www.google.com/url?url=www.armoniesaporidelfriuli.it','2012-12-10 03:37:51'),
	(1302,NULL,NULL,'/th1s_1s_a_4o4.html','http://www.google.com/url?url=www.armoniesaporidelfriuli.it','2012-12-11 03:40:26'),
	(1303,NULL,NULL,'/it/modules/events/history.php','','2012-12-11 22:33:24'),
	(1304,NULL,NULL,'/it/modules/events/discount.php','','2012-12-11 22:56:32'),
	(1305,NULL,NULL,'/it/modules/events/identity.php','','2012-12-11 23:36:51'),
	(1306,NULL,NULL,'/it/modules/events/supplier.php','','2012-12-12 00:17:37'),
	(1307,NULL,NULL,'/it/modules/events/addresses.php','','2012-12-12 00:38:30'),
	(1308,NULL,NULL,'/it/modules/events/my-account.php','','2012-12-12 01:43:48'),
	(1309,NULL,NULL,'/th1s_1s_a_4o4.html','http://www.google.com/url?url=www.armoniesaporidelfriuli.it','2012-12-12 03:34:55'),
	(1310,NULL,NULL,'/it/modules/events/best-sales.php','','2012-12-12 03:36:58'),
	(1311,NULL,NULL,'/it/modules/events/prices-drop.php','','2012-12-12 13:35:52'),
	(1312,NULL,NULL,'/it/modules/events/new-products.php','','2012-12-12 14:16:57'),
	(1313,NULL,NULL,'/it/modules/events/contact-form.php','','2012-12-12 16:20:05'),
	(1314,NULL,NULL,'/it/modules/events/manufacturer.php','','2012-12-12 22:33:53'),
	(1315,NULL,NULL,'/it/modules/events/cms.php?id_cms=1','','2012-12-13 00:58:41'),
	(1316,NULL,NULL,'/th1s_1s_a_4o4.html','http://www.google.com/url?url=www.armoniesaporidelfriuli.it','2012-12-13 03:36:32'),
	(1317,NULL,NULL,'/it/modules/events/cms.php?id_cms=2','','2012-12-13 04:48:13'),
	(1318,NULL,NULL,'/it/modules/events/cms.php?id_cms=4','','2012-12-13 05:04:33'),
	(1319,NULL,NULL,'/it/modules/events/cms.php?id_cms=3','','2012-12-13 06:33:08'),
	(1320,NULL,NULL,'/it/content/category/history.php','','2012-12-13 18:46:45'),
	(1321,NULL,NULL,'/it/content/category/supplier.php','','2012-12-13 19:15:38'),
	(1322,NULL,NULL,'/it/content/category/identity.php','','2012-12-13 20:03:27'),
	(1323,NULL,NULL,'/it/content/category/discount.php','','2012-12-13 21:23:59'),
	(1324,NULL,NULL,'/it/content/category/addresses.php','','2012-12-13 21:44:21'),
	(1325,NULL,NULL,'/it/content/category/best-sales.php','','2012-12-13 22:01:54'),
	(1326,NULL,NULL,'/it/content/category/my-account.php','','2012-12-13 22:48:01'),
	(1327,NULL,NULL,'/it/content/category/prices-drop.php','','2012-12-13 23:03:39'),
	(1328,NULL,NULL,'/it/content/category/contact-form.php','','2012-12-13 23:58:35'),
	(1329,NULL,NULL,'/th1s_1s_a_4o4.html','http://www.google.com/url?url=www.armoniesaporidelfriuli.it','2012-12-14 03:30:58'),
	(1330,NULL,NULL,'/it/content/category/manufacturer.php','','2012-12-14 03:36:17'),
	(1331,NULL,NULL,'/it/content/category/new-products.php','','2012-12-14 05:32:22'),
	(1332,NULL,NULL,'/wp-login.php','','2012-12-14 06:06:33'),
	(1333,NULL,NULL,'/it/content/category/cms.php?id_cms=1','','2012-12-14 06:32:58'),
	(1334,NULL,NULL,'/PSADMIN','','2012-12-14 06:48:33'),
	(1335,NULL,NULL,'/it/content/category/cms.php?id_cms=3','','2012-12-14 07:30:39'),
	(1336,NULL,NULL,'/it/content/category/cms.php?id_cms=2','','2012-12-14 07:51:29'),
	(1337,NULL,NULL,'/it/content/category/cms.php?id_cms=4','','2012-12-14 08:27:31'),
	(1338,NULL,NULL,'/de/content/history.php','','2012-12-14 09:17:48'),
	(1339,NULL,NULL,'/de/content/identity.php','','2012-12-14 09:43:28'),
	(1340,NULL,NULL,'/de/content/supplier.php','','2012-12-14 10:28:31'),
	(1341,NULL,NULL,'/de/content/discount.php','','2012-12-14 11:23:05'),
	(1342,NULL,NULL,'/de/content/addresses.php','','2012-12-14 13:25:24'),
	(1343,NULL,NULL,'/de/content/best-sales.php','','2012-12-14 14:56:47'),
	(1344,NULL,NULL,'/de/content/my-account.php','','2012-12-14 15:50:52'),
	(1345,NULL,NULL,'/de/content/prices-drop.php','','2012-12-14 16:50:56'),
	(1346,NULL,NULL,'/de/content/manufacturer.php','','2012-12-14 20:56:07'),
	(1347,NULL,NULL,'/de/content/contact-form.php','','2012-12-14 23:39:09'),
	(1348,NULL,NULL,'/th1s_1s_a_4o4.html','http://www.google.com/url?url=www.armoniesaporidelfriuli.it','2012-12-15 03:38:13'),
	(1349,NULL,NULL,'/de/content/new-products.php','','2012-12-15 04:58:55'),
	(1350,NULL,NULL,'/de/content/cms.php?id_cms=1','','2012-12-15 07:28:49'),
	(1351,NULL,NULL,'/de/content/cms.php?id_cms=4','','2012-12-15 08:06:15'),
	(1352,NULL,NULL,'/de/content/cms.php?id_cms=3','','2012-12-15 09:50:47'),
	(1353,NULL,NULL,'/de/content/cms.php?id_cms=2','','2012-12-15 10:10:30'),
	(1354,NULL,NULL,'/th1s_1s_a_4o4.html','http://www.google.com/url?url=www.armoniesaporidelfriuli.it','2012-12-16 03:31:05'),
	(1355,NULL,NULL,'/th1s_1s_a_4o4.html','http://www.google.com/url?url=www.armoniesaporidelfriuli.it','2012-12-17 03:36:36'),
	(1356,NULL,NULL,'/it/contact-form.phpindex.php','http://www.armoniesaporidelfriuli.it/it/contact-form.phpindex.php','2012-12-17 15:02:23'),
	(1357,NULL,NULL,'/th1s_1s_a_4o4.html','http://www.google.com/url?url=www.armoniesaporidelfriuli.it','2012-12-18 03:30:38'),
	(1358,NULL,NULL,'/de/modules/events/history.php','','2012-12-18 11:52:41'),
	(1359,NULL,NULL,'/de/modules/events/identity.php','','2012-12-18 12:44:52'),
	(1360,NULL,NULL,'/de/modules/events/discount.php','','2012-12-18 13:12:07'),
	(1361,NULL,NULL,'/de/modules/events/supplier.php','','2012-12-18 14:57:18'),
	(1362,NULL,NULL,'/de/modules/events/addresses.php','','2012-12-18 15:19:39'),
	(1363,NULL,NULL,'/de/modules/events/best-sales.php','','2012-12-18 15:51:40'),
	(1364,NULL,NULL,'/de/modules/events/my-account.php','','2012-12-18 16:05:28'),
	(1365,NULL,NULL,'/en/content/history.php','','2012-12-18 17:26:35'),
	(1366,NULL,NULL,'/en/content/discount.php','','2012-12-18 20:44:44'),
	(1367,NULL,NULL,'/en/content/identity.php','','2012-12-18 21:46:17'),
	(1368,NULL,NULL,'/en/content/supplier.php','','2012-12-18 22:31:23'),
	(1369,NULL,NULL,'/en/content/addresses.php','','2012-12-18 23:44:41'),
	(1370,NULL,NULL,'/en/content/best-sales.php','','2012-12-19 00:50:36'),
	(1371,NULL,NULL,'/th1s_1s_a_4o4.html','http://www.google.com/url?url=www.armoniesaporidelfriuli.it','2012-12-19 03:37:34'),
	(1372,NULL,NULL,'/en/content/my-account.php','','2012-12-19 04:22:57'),
	(1373,NULL,NULL,'/en/content/prices-drop.php','','2012-12-19 04:55:43'),
	(1374,NULL,NULL,'/en/content/contact-form.php','','2012-12-19 07:11:57'),
	(1375,NULL,NULL,'/en/content/manufacturer.php','','2012-12-19 08:27:31'),
	(1376,NULL,NULL,'/en/content/new-products.php','','2012-12-19 09:04:48'),
	(1377,NULL,NULL,'/de/modules/events/prices-drop.php','','2012-12-19 09:41:48'),
	(1378,NULL,NULL,'/de/modules/events/contact-form.php','','2012-12-19 10:28:45'),
	(1379,NULL,NULL,'/de/modules/events/manufacturer.php','','2012-12-19 11:12:56'),
	(1380,NULL,NULL,'/de/modules/events/new-products.php','','2012-12-19 11:42:20'),
	(1381,NULL,NULL,'/en/content/cms.php?id_cms=4','','2012-12-19 12:16:09'),
	(1382,NULL,NULL,'/en/content/cms.php?id_cms=1','','2012-12-19 12:59:59'),
	(1383,NULL,NULL,'/en/content/cms.php?id_cms=3','','2012-12-19 13:14:39'),
	(1384,NULL,NULL,'/en/content/cms.php?id_cms=2','','2012-12-19 14:15:14'),
	(1385,NULL,NULL,'/de/modules/events/cms.php?id_cms=2','','2012-12-19 14:28:21'),
	(1386,NULL,NULL,'/de/modules/events/cms.php?id_cms=1','','2012-12-19 14:47:28'),
	(1387,NULL,NULL,'/de/modules/events/cms.php?id_cms=4','','2012-12-19 14:57:04'),
	(1388,NULL,NULL,'/de/modules/events/cms.php?id_cms=3','','2012-12-19 17:22:21'),
	(1389,NULL,NULL,'/th1s_1s_a_4o4.html','http://www.google.com/url?url=www.armoniesaporidelfriuli.it','2012-12-20 03:39:56'),
	(1390,NULL,NULL,'/fpw.php','','2012-12-20 17:52:56'),
	(1391,NULL,NULL,'/components/com_content/content.php','','2012-12-20 17:52:57'),
	(1392,NULL,NULL,'/configuration.php','','2012-12-20 17:52:58'),
	(1393,NULL,NULL,'/wp-login.php','','2012-12-20 17:52:58'),
	(1394,NULL,NULL,'/xmlrpc.php','','2012-12-20 17:52:59'),
	(1395,NULL,NULL,'/wp-content','','2012-12-20 17:52:59'),
	(1396,NULL,NULL,'/blocks/','','2012-12-20 17:53:00'),
	(1397,NULL,NULL,'/engine/engine.php','','2012-12-20 17:53:00'),
	(1398,NULL,NULL,'/th1s_1s_a_4o4.html','http://www.google.com/url?url=www.armoniesaporidelfriuli.it','2012-12-21 03:34:59'),
	(1399,NULL,NULL,'/th1s_1s_a_4o4.html','http://www.google.com/url?url=www.armoniesaporidelfriuli.it','2012-12-22 03:30:38'),
	(1400,NULL,NULL,'/th1s_1s_a_4o4.html','http://www.google.com/url?url=www.armoniesaporidelfriuli.it','2012-12-23 03:30:41'),
	(1401,NULL,NULL,'/th1s_1s_a_4o4.html','http://www.google.com/url?url=www.armoniesaporidelfriuli.it','2012-12-24 03:40:59'),
	(1402,NULL,NULL,'/th1s_1s_a_4o4.html','http://www.google.com/url?url=www.armoniesaporidelfriuli.it','2012-12-25 03:30:21'),
	(1403,NULL,NULL,'/th1s_1s_a_4o4.html','http://www.google.com/url?url=www.armoniesaporidelfriuli.it','2012-12-26 03:30:45'),
	(1404,NULL,NULL,'/th1s_1s_a_4o4.html','http://www.google.com/url?url=www.armoniesaporidelfriuli.it','2012-12-27 03:35:50'),
	(1405,NULL,NULL,'/th1s_1s_a_4o4.html','http://www.google.com/url?url=www.armoniesaporidelfriuli.it','2012-12-28 03:34:22'),
	(1406,NULL,NULL,'/th1s_1s_a_4o4.html','http://www.google.com/url?url=www.armoniesaporidelfriuli.it','2012-12-29 03:30:57'),
	(1407,NULL,NULL,'/th1s_1s_a_4o4.html','http://www.google.com/url?url=www.armoniesaporidelfriuli.it','2012-12-30 03:38:21'),
	(1408,NULL,NULL,'/en/modules/events/history.php','','2012-12-30 19:27:17'),
	(1409,NULL,NULL,'/en/modules/events/supplier.php','','2012-12-30 20:17:51'),
	(1410,NULL,NULL,'/en/modules/events/discount.php','','2012-12-30 22:02:15'),
	(1411,NULL,NULL,'/en/modules/events/identity.php','','2012-12-31 00:19:42'),
	(1412,NULL,NULL,'/en/modules/events/addresses.php','','2012-12-31 01:21:05'),
	(1413,NULL,NULL,'/th1s_1s_a_4o4.html','http://www.google.com/url?url=www.armoniesaporidelfriuli.it','2012-12-31 03:35:49'),
	(1414,NULL,NULL,'/en/modules/events/best-sales.php','','2012-12-31 04:45:38'),
	(1415,NULL,NULL,'/en/modules/events/my-account.php','','2012-12-31 05:09:09'),
	(1416,NULL,NULL,'/en/modules/events/prices-drop.php','','2012-12-31 05:32:28'),
	(1417,NULL,NULL,'/en/modules/events/manufacturer.php','','2012-12-31 07:12:30'),
	(1418,NULL,NULL,'/en/modules/events/new-products.php','','2012-12-31 09:32:39'),
	(1419,NULL,NULL,'/en/modules/events/contact-form.php','','2012-12-31 10:17:35'),
	(1420,NULL,NULL,'/en/modules/events/cms.php?id_cms=3','','2012-12-31 10:48:41'),
	(1421,NULL,NULL,'/en/modules/events/cms.php?id_cms=4','','2012-12-31 11:13:35'),
	(1422,NULL,NULL,'/en/modules/events/cms.php?id_cms=1','','2012-12-31 11:49:29'),
	(1423,NULL,NULL,'/en/modules/events/cms.php?id_cms=2','','2012-12-31 12:10:11'),
	(1424,NULL,NULL,'/th1s_1s_a_4o4.html','http://www.google.com/url?url=www.armoniesaporidelfriuli.it','2013-01-01 03:36:32'),
	(1425,NULL,NULL,'/th1s_1s_a_4o4.html','http://www.google.com/url?url=www.armoniesaporidelfriuli.it','2013-01-02 03:40:05'),
	(1426,NULL,NULL,'/de/content/contact-form.php','','2013-01-02 03:42:47'),
	(1427,NULL,NULL,'/it/content/cms.php?id_cms=3','','2013-01-02 03:42:49'),
	(1428,NULL,NULL,'/en/content/new-products.php','','2013-01-02 03:42:49'),
	(1429,NULL,NULL,'/de/content/addresses.php','','2013-01-02 03:42:52'),
	(1430,NULL,NULL,'/de/content/supplier.php','','2013-01-02 03:42:54'),
	(1431,NULL,NULL,'/de/content/discount.php','','2013-01-02 03:42:55'),
	(1432,NULL,NULL,'/de/content/prices-drop.php','','2013-01-02 03:42:55'),
	(1433,NULL,NULL,'/it/content/supplier.php','','2013-01-02 03:42:56'),
	(1434,NULL,NULL,'/de/content/new-products.php','','2013-01-02 03:42:56'),
	(1435,NULL,NULL,'/it/content/identity.php','','2013-01-02 03:42:57'),
	(1436,NULL,NULL,'/de/content/manufacturer.php','','2013-01-02 03:42:57'),
	(1437,NULL,NULL,'/de/content/identity.php','','2013-01-02 03:42:58'),
	(1438,NULL,NULL,'/it/content/my-account.php','','2013-01-02 03:42:58'),
	(1439,NULL,NULL,'/en/content/cms.php?id_cms=2','','2013-01-02 03:42:59'),
	(1440,NULL,NULL,'/en/content/manufacturer.php','','2013-01-02 03:42:59'),
	(1441,NULL,NULL,'/de/content/cms.php?id_cms=2','','2013-01-02 03:43:00'),
	(1442,NULL,NULL,'/en/content/cms.php?id_cms=1','','2013-01-02 03:43:01'),
	(1443,NULL,NULL,'/en/content/cms.php?id_cms=3','','2013-01-02 03:43:02'),
	(1444,NULL,NULL,'/it/content/new-products.php','','2013-01-02 03:43:03'),
	(1445,NULL,NULL,'/it/content/manufacturer.php','','2013-01-02 03:43:04'),
	(1446,NULL,NULL,'/it/content/best-sales.php','','2013-01-02 03:43:05'),
	(1447,NULL,NULL,'/en/content/supplier.php','','2013-01-02 03:43:06'),
	(1448,NULL,NULL,'/it/content/addresses.php','','2013-01-02 03:43:07'),
	(1449,NULL,NULL,'/it/content/prices-drop.php','','2013-01-02 03:43:08'),
	(1450,NULL,NULL,'/a','','2013-01-02 03:43:09'),
	(1451,NULL,NULL,'/de/content/my-account.php','','2013-01-02 03:43:10'),
	(1452,NULL,NULL,'/it/content/history.php','','2013-01-02 03:43:11'),
	(1453,NULL,NULL,'/it/content/discount.php','','2013-01-02 03:43:11'),
	(1454,NULL,NULL,'/it/content/contact-form.php','','2013-01-02 03:43:12'),
	(1455,NULL,NULL,'/de/content/best-sales.php','','2013-01-02 03:43:12'),
	(1456,NULL,NULL,'/en/content/addresses.php','','2013-01-02 03:43:13'),
	(1457,NULL,NULL,'/en/content/contact-form.php','','2013-01-02 03:43:13'),
	(1458,NULL,NULL,'/en/content/history.php','','2013-01-02 03:43:14'),
	(1459,NULL,NULL,'/en/content/prices-drop.php','','2013-01-02 03:43:14'),
	(1460,NULL,NULL,'/en/content/identity.php','','2013-01-02 03:43:15'),
	(1461,NULL,NULL,'/en/content/my-account.php','','2013-01-02 03:43:16'),
	(1462,NULL,NULL,'/en/content/discount.php','','2013-01-02 03:43:17'),
	(1463,NULL,NULL,'/en/content/best-sales.php','','2013-01-02 03:43:18'),
	(1464,NULL,NULL,'/de/content/history.php','','2013-01-02 03:43:18'),
	(1465,NULL,NULL,'/it/modules/events/supplier.php','','2013-01-02 03:43:19'),
	(1466,NULL,NULL,'/en/modules/events/manufacturer.php','','2013-01-02 03:43:19'),
	(1467,NULL,NULL,'/en/modules/events/new-products.php','','2013-01-02 03:43:20'),
	(1468,NULL,NULL,'/en/modules/events/history.php','','2013-01-02 03:43:20'),
	(1469,NULL,NULL,'/it/modules/events/contact-form.php','','2013-01-02 03:43:21'),
	(1470,NULL,NULL,'/it/modules/events/cms.php?id_cms=3','','2013-01-02 03:43:25'),
	(1471,NULL,NULL,'/it/modules/events/manufacturer.php','','2013-01-02 03:43:26'),
	(1472,NULL,NULL,'/it/modules/events/identity.php','','2013-01-02 03:43:27'),
	(1473,NULL,NULL,'/it/modules/events/cms.php?id_cms=1','','2013-01-02 03:43:29'),
	(1474,NULL,NULL,'/de/modules/events/discount.php','','2013-01-02 03:43:29'),
	(1475,NULL,NULL,'/de/modules/events/addresses.php','','2013-01-02 03:43:30'),
	(1476,NULL,NULL,'/de/modules/events/prices-drop.php','','2013-01-02 03:43:30'),
	(1477,NULL,NULL,'/de/modules/events/cms.php?id_cms=4','','2013-01-02 03:43:30'),
	(1478,NULL,NULL,'/de/modules/events/contact-form.php','','2013-01-02 03:43:31'),
	(1479,NULL,NULL,'/de/modules/events/my-account.php','','2013-01-02 03:43:31'),
	(1480,NULL,NULL,'/de/modules/events/history.php','','2013-01-02 03:43:32'),
	(1481,NULL,NULL,'/en/modules/events/prices-drop.php','','2013-01-02 03:43:32'),
	(1482,NULL,NULL,'/de/modules/events/new-products.php','','2013-01-02 03:43:33'),
	(1483,NULL,NULL,'/it/modules/events/addresses.php','','2013-01-02 03:43:34'),
	(1484,NULL,NULL,'/it/modules/events/new-products.php','','2013-01-02 03:43:34'),
	(1485,NULL,NULL,'/en/modules/events/contact-form.php','','2013-01-02 03:43:35'),
	(1486,NULL,NULL,'/it/modules/events/discount.php','','2013-01-02 03:43:35'),
	(1487,NULL,NULL,'/it/modules/events/history.php','','2013-01-02 03:43:36'),
	(1488,NULL,NULL,'/de/modules/events/best-sales.php','','2013-01-02 03:43:36'),
	(1489,NULL,NULL,'/de/modules/events/manufacturer.php','','2013-01-02 03:43:37'),
	(1490,NULL,NULL,'/en/modules/events/best-sales.php','','2013-01-02 03:43:38'),
	(1491,NULL,NULL,'/it/modules/events/my-account.php','','2013-01-02 03:43:38'),
	(1492,NULL,NULL,'/de/modules/events/supplier.php','','2013-01-02 03:43:39'),
	(1493,NULL,NULL,'/it/modules/events/prices-drop.php','','2013-01-02 03:43:40'),
	(1494,NULL,NULL,'/en/modules/events/my-account.php','','2013-01-02 03:43:41'),
	(1495,NULL,NULL,'/en/modules/events/cms.php?id_cms=3','','2013-01-02 03:43:41'),
	(1496,NULL,NULL,'/en/modules/events/supplier.php','','2013-01-02 03:43:42'),
	(1497,NULL,NULL,'/en/modules/events/cms.php?id_cms=1','','2013-01-02 03:43:42'),
	(1498,NULL,NULL,'/en/modules/events/cms.php?id_cms=2','','2013-01-02 03:43:43'),
	(1499,NULL,NULL,'/en/modules/events/discount.php','','2013-01-02 03:43:44'),
	(1500,NULL,NULL,'/en/modules/events/addresses.php','','2013-01-02 03:43:44'),
	(1501,NULL,NULL,'/de/modules/events/identity.php','','2013-01-02 03:43:45'),
	(1502,NULL,NULL,'/it/modules/events/best-sales.php','','2013-01-02 03:43:45'),
	(1503,NULL,NULL,'/en/modules/events/identity.php','','2013-01-02 03:43:46'),
	(1504,NULL,NULL,'/it/content/cms.php?id_cms=1','','2013-01-02 03:45:45'),
	(1505,NULL,NULL,'/it/content/cms.php?id_cms=4','','2013-01-02 03:45:46'),
	(1506,NULL,NULL,'/de/content/cms.php?id_cms=4','','2013-01-02 03:45:47'),
	(1507,NULL,NULL,'/de/content/cms.php?id_cms=3','','2013-01-02 03:45:48'),
	(1508,NULL,NULL,'/de/modules/events/cms.php?id_cms=1','','2013-01-02 03:45:50'),
	(1509,NULL,NULL,'/de/modules/events/cms.php?id_cms=2','','2013-01-02 03:45:50'),
	(1510,NULL,NULL,'/de/modules/events/cms.php?id_cms=3','','2013-01-02 03:45:51'),
	(1511,NULL,NULL,'/it/modules/events/cms.php?id_cms=4','','2013-01-02 03:46:59'),
	(1512,NULL,NULL,'/it/modules/events/cms.php?id_cms=2','','2013-01-02 03:46:59'),
	(1513,NULL,NULL,'/it/content/cms.php?id_cms=2','','2013-01-02 03:47:51'),
	(1514,NULL,NULL,'/en/content/cms.php?id_cms=4','','2013-01-02 03:47:51'),
	(1515,NULL,NULL,'/de/content/cms.php?id_cms=1','','2013-01-02 03:47:52'),
	(1516,NULL,NULL,'/en/modules/events/cms.php?id_cms=4','','2013-01-02 03:47:53'),
	(1517,NULL,NULL,'/th1s_1s_a_4o4.html','http://www.google.com/url?url=www.armoniesaporidelfriuli.it','2013-01-03 03:33:48'),
	(1518,NULL,NULL,'/th1s_1s_a_4o4.html','http://www.google.com/url?url=www.armoniesaporidelfriuli.it','2013-01-04 03:37:15'),
	(1519,NULL,NULL,'/th1s_1s_a_4o4.html','http://www.google.com/url?url=www.armoniesaporidelfriuli.it','2013-01-05 03:39:08'),
	(1520,NULL,NULL,'/th1s_1s_a_4o4.html','http://www.google.com/url?url=www.armoniesaporidelfriuli.it','2013-01-06 03:37:21'),
	(1521,NULL,NULL,'/it/content/history.php','','2013-01-06 03:46:09'),
	(1522,NULL,NULL,'/it/content/discount.php','','2013-01-06 06:23:50'),
	(1523,NULL,NULL,'/it/content/supplier.php','','2013-01-06 06:48:07'),
	(1524,NULL,NULL,'/it/content/identity.php','','2013-01-06 08:11:50'),
	(1525,NULL,NULL,'/it/content/addresses.php','','2013-01-06 10:26:31'),
	(1526,NULL,NULL,'/it/content/my-account.php','','2013-01-06 10:59:09'),
	(1527,NULL,NULL,'/it/content/best-sales.php','','2013-01-06 14:42:08'),
	(1528,NULL,NULL,'/it/content/prices-drop.php','','2013-01-06 20:30:34'),
	(1529,NULL,NULL,'/it/content/contact-form.php','','2013-01-06 21:26:46'),
	(1530,NULL,NULL,'/it/content/manufacturer.php','','2013-01-06 21:47:36'),
	(1531,NULL,NULL,'/it/content/new-products.php','','2013-01-06 22:51:39'),
	(1532,NULL,NULL,'/it/content/cms.php?id_cms=3','','2013-01-07 00:38:13'),
	(1533,NULL,NULL,'/it/content/cms.php?id_cms=2','','2013-01-07 02:13:17'),
	(1534,NULL,NULL,'/it/content/cms.php?id_cms=4','','2013-01-07 02:37:39'),
	(1535,NULL,NULL,'/it/content/cms.php?id_cms=1','','2013-01-07 03:12:37'),
	(1536,NULL,NULL,'/th1s_1s_a_4o4.html','http://www.google.com/url?url=www.armoniesaporidelfriuli.it','2013-01-07 03:34:00'),
	(1537,NULL,NULL,'/en/modules/events/cms.php?id_cms=1','','2013-01-08 01:28:40'),
	(1538,NULL,NULL,'/en/modules/events/best-sales.php','','2013-01-08 01:29:06'),
	(1539,NULL,NULL,'/en/modules/events/discount.php','','2013-01-08 01:32:27'),
	(1540,NULL,NULL,'/en/modules/events/supplier.php','','2013-01-08 01:32:28'),
	(1541,NULL,NULL,'/en/modules/events/addresses.php','','2013-01-08 01:33:41'),
	(1542,NULL,NULL,'/en/modules/events/identity.php','','2013-01-08 01:33:43'),
	(1543,NULL,NULL,'/en/modules/events/cms.php?id_cms=3','','2013-01-08 01:48:38'),
	(1544,NULL,NULL,'/en/modules/events/cms.php?id_cms=2','','2013-01-08 02:06:35'),
	(1545,NULL,NULL,'/en/modules/events/prices-drop.php','','2013-01-08 02:06:36'),
	(1546,NULL,NULL,'/en/modules/events/cms.php?id_cms=4','','2013-01-08 02:08:29'),
	(1547,NULL,NULL,'/en/modules/events/contact-form.php','','2013-01-08 02:10:38'),
	(1548,NULL,NULL,'/en/modules/events/manufacturer.php','','2013-01-08 02:10:39'),
	(1549,NULL,NULL,'/en/modules/events/my-account.php','','2013-01-08 02:10:40'),
	(1550,NULL,NULL,'/en/modules/events/new-products.php','','2013-01-08 02:10:41'),
	(1551,NULL,NULL,'/th1s_1s_a_4o4.html','http://www.google.com/url?url=www.armoniesaporidelfriuli.it','2013-01-08 03:38:13'),
	(1552,NULL,NULL,'/th1s_1s_a_4o4.html','http://www.google.com/url?url=www.armoniesaporidelfriuli.it','2013-01-09 03:39:28'),
	(1553,NULL,NULL,'/de/content/category/history.php','','2013-01-09 20:27:13'),
	(1554,NULL,NULL,'/de/content/category/supplier.php','','2013-01-09 21:09:49'),
	(1555,NULL,NULL,'/admin/categories.php/login.php','','2013-01-09 23:23:00'),
	(1556,NULL,NULL,'/de/admin/categories.php/login.php','','2013-01-09 23:23:02'),
	(1557,NULL,NULL,'/de/content/category/identity.php','','2013-01-09 23:47:53'),
	(1558,NULL,NULL,'/de/content/category/discount.php','','2013-01-10 01:30:28'),
	(1559,NULL,NULL,'/de/content/category/addresses.php','','2013-01-10 02:11:12'),
	(1560,NULL,NULL,'/de/content/category/best-sales.php','','2013-01-10 03:09:06'),
	(1561,NULL,NULL,'/th1s_1s_a_4o4.html','http://www.google.com/url?url=www.armoniesaporidelfriuli.it','2013-01-10 03:33:41'),
	(1562,NULL,NULL,'/de/content/category/my-account.php','','2013-01-10 03:52:24'),
	(1563,NULL,NULL,'/de/content/category/prices-drop.php','','2013-01-10 04:13:58'),
	(1564,NULL,NULL,'/de/content/category/contact-form.php','','2013-01-10 04:56:06'),
	(1565,NULL,NULL,'/de/content/category/manufacturer.php','','2013-01-10 05:17:50'),
	(1566,NULL,NULL,'/de/content/category/new-products.php','','2013-01-10 05:29:39'),
	(1567,NULL,NULL,'/de/content/category/cms.php?id_cms=3','','2013-01-10 08:17:41'),
	(1568,NULL,NULL,'/de/content/category/cms.php?id_cms=4','','2013-01-10 09:07:59'),
	(1569,NULL,NULL,'/de/content/category/cms.php?id_cms=2','','2013-01-10 09:42:16'),
	(1570,NULL,NULL,'/de/content/category/cms.php?id_cms=1','','2013-01-10 10:19:37'),
	(1571,NULL,NULL,'/th1s_1s_a_4o4.html','http://www.google.com/url?url=www.armoniesaporidelfriuli.it','2013-01-11 03:39:04'),
	(1572,NULL,NULL,'/th1s_1s_a_4o4.html','http://www.google.com/url?url=www.armoniesaporidelfriuli.it','2013-01-12 03:38:49'),
	(1573,NULL,NULL,'/wp-admin/','','2013-01-12 21:40:04'),
	(1574,NULL,NULL,'/administrator/index.php','http://armonie-thalasso.com/administrator/index.php','2013-01-12 21:40:06'),
	(1575,NULL,NULL,'/th1s_1s_a_4o4.html','http://www.google.com/url?url=www.armoniesaporidelfriuli.it','2013-01-13 03:39:38'),
	(1576,NULL,NULL,'/th1s_1s_a_4o4.html','http://www.google.com/url?url=www.armoniesaporidelfriuli.it','2013-01-14 03:36:06'),
	(1577,NULL,NULL,'/th1s_1s_a_4o4.html','http://www.google.com/url?url=www.armoniesaporidelfriuli.it','2013-01-15 03:40:07'),
	(1578,NULL,NULL,'/th1s_1s_a_4o4.html','http://www.google.com/url?url=www.armoniesaporidelfriuli.it','2013-01-16 03:40:20'),
	(1579,NULL,NULL,'/~armonies/psadmin','','2013-01-16 16:57:56');



# Dump of table pr_paypal_order
# ------------------------------------------------------------

