
CREATE TABLE `pr_product_supplier` (
  `id_product_supplier` int(11) unsigned NOT NULL AUTO_INCREMENT,
  `id_product` int(11) unsigned NOT NULL,
  `id_product_attribute` int(11) unsigned NOT NULL DEFAULT '0',
  `id_supplier` int(11) unsigned NOT NULL,
  `product_supplier_reference` varchar(32) DEFAULT NULL,
  `product_supplier_price_te` decimal(20,6) NOT NULL DEFAULT '0.000000',
  `id_currency` int(11) unsigned NOT NULL,
  PRIMARY KEY (`id_product_supplier`),
  UNIQUE KEY `id_product` (`id_product`,`id_product_attribute`,`id_supplier`)
) ENGINE=InnoDB DEFAULT CHARSET=utf8;



# Dump of table pr_product_tag
# ------------------------------------------------------------


CREATE TABLE `pr_product_tag` (
  `id_product` int(10) unsigned NOT NULL,
  `id_tag` int(10) unsigned NOT NULL,
  PRIMARY KEY (`id_product`,`id_tag`),
  KEY `id_tag` (`id_tag`)
) ENGINE=InnoDB DEFAULT CHARSET=utf8;


INSERT INTO `pr_product_tag` (`id_product`, `id_tag`)
VALUES
	(60,44),
	(76,44),
	(99,44),
	(100,44),
	(101,44),
	(102,44),
	(103,44),
	(107,44),
	(76,45),
	(12,46),
	(13,46),
	(17,46),
	(21,46),
	(27,46),
	(28,46),
	(76,46),
	(106,46),
	(12,47),
	(13,47),
	(14,47),
	(15,47),
	(17,47),
	(18,47),
	(19,47),
	(21,47),
	(23,47),
	(27,47),
	(28,47),
	(29,47),
	(36,47),
	(37,47),
	(38,47),
	(40,47),
	(44,47),
	(45,47),
	(47,47),
	(62,47),
	(76,47),
	(92,47),
	(93,47),
	(95,47),
	(106,47),
	(12,48),
	(13,48),
	(15,48),
	(17,48),
	(18,48),
	(19,48),
	(21,48),
	(23,48),
	(27,48),
	(28,48),
	(29,48),
	(76,48),
	(92,48),
	(93,48),
	(95,48),
	(106,48),
	(12,49),
	(17,49),
	(12,50),
	(13,50),
	(14,50),
	(17,50),
	(21,50),
	(12,51),
	(17,51),
	(29,51),
	(51,51),
	(56,51),
	(58,51),
	(104,51),
	(13,52),
	(14,52),
	(18,52),
	(21,52),
	(23,52),
	(27,52),
	(95,52),
	(13,53),
	(21,53),
	(27,53),
	(13,54),
	(19,54),
	(21,54),
	(27,54),
	(92,54),
	(14,55),
	(15,56),
	(18,56),
	(19,56),
	(23,56),
	(92,56),
	(93,56),
	(95,56),
	(15,57),
	(57,57),
	(72,57),
	(83,57),
	(86,57),
	(87,57),
	(93,57),
	(15,58),
	(93,58),
	(15,59),
	(18,59),
	(19,59),
	(44,59),
	(46,59),
	(65,59),
	(92,59),
	(93,59),
	(95,59),
	(96,59),
	(97,59),
	(29,60),
	(41,60),
	(44,60),
	(57,60),
	(70,60),
	(72,60),
	(73,60),
	(74,60),
	(75,60),
	(17,61),
	(18,61),
	(95,61),
	(18,62),
	(41,62),
	(95,62),
	(19,63),
	(57,63),
	(61,63),
	(83,63),
	(92,63),
	(19,64),
	(92,64),
	(28,65),
	(44,65),
	(57,65),
	(106,65),
	(21,66),
	(21,67),
	(23,70),
	(27,70),
	(28,70),
	(106,70),
	(18,71),
	(23,71),
	(39,71),
	(41,71),
	(56,71),
	(58,71),
	(64,71),
	(95,71),
	(18,72),
	(23,72),
	(39,72),
	(41,72),
	(56,72),
	(65,72),
	(95,72),
	(96,72),
	(97,72),
	(23,73),
	(27,73),
	(28,73),
	(29,73),
	(106,73),
	(23,74),
	(28,74),
	(29,74),
	(49,74),
	(106,74),
	(29,75),
	(28,78),
	(106,78),
	(29,79),
	(29,80),
	(29,81),
	(29,82),
	(29,83),
	(69,83),
	(41,88),
	(51,88),
	(104,88),
	(47,91),
	(48,91),
	(49,92),
	(49,93),
	(49,94),
	(49,95),
	(50,96),
	(105,96),
	(50,97),
	(105,97),
	(45,98),
	(48,98),
	(50,98),
	(62,98),
	(105,98),
	(45,99),
	(50,99),
	(105,99),
	(29,100),
	(51,100),
	(104,100),
	(51,101),
	(62,101),
	(104,101),
	(51,102),
	(104,102),
	(52,103),
	(94,103),
	(52,104),
	(94,104),
	(38,105),
	(40,105),
	(47,105),
	(52,105),
	(59,105),
	(69,105),
	(94,105),
	(98,105),
	(37,106),
	(52,106),
	(94,106),
	(44,107),
	(44,108),
	(29,109),
	(37,109),
	(38,109),
	(40,109),
	(44,109),
	(59,109),
	(69,109),
	(98,109),
	(57,110),
	(69,110),
	(70,110),
	(72,110),
	(73,110),
	(74,110),
	(75,110),
	(83,110),
	(85,110),
	(87,110),
	(83,111),
	(85,111),
	(83,112),
	(58,113),
	(61,113),
	(83,113),
	(41,114),
	(56,114),
	(57,115),
	(70,115),
	(75,115),
	(58,116),
	(58,117),
	(41,118),
	(58,118),
	(58,119),
	(46,120),
	(59,120),
	(64,120),
	(98,120),
	(46,121),
	(59,121),
	(98,121),
	(46,122),
	(59,122),
	(64,122),
	(98,122),
	(59,123),
	(98,123),
	(59,124),
	(98,124),
	(60,125),
	(99,125),
	(100,125),
	(101,125),
	(102,125),
	(103,125),
	(107,125),
	(60,126),
	(99,126),
	(100,126),
	(101,126),
	(102,126),
	(103,126),
	(107,126),
	(60,127),
	(99,127),
	(100,127),
	(101,127),
	(102,127),
	(103,127),
	(107,127),
	(60,128),
	(99,128),
	(100,128),
	(101,128),
	(102,128),
	(103,128),
	(107,128),
	(61,129),
	(61,130),
	(62,131),
	(62,132),
	(70,132),
	(75,132),
	(46,133),
	(64,133),
	(39,134),
	(64,134),
	(18,135),
	(39,135),
	(48,135),
	(65,135),
	(95,135),
	(96,135),
	(97,135),
	(65,136),
	(96,136),
	(97,136),
	(40,137),
	(69,137),
	(38,138),
	(40,138),
	(40,139),
	(46,140),
	(62,141),
	(62,142),
	(44,143),
	(62,143),
	(85,143),
	(86,143),
	(62,144),
	(86,144),
	(62,145),
	(19,146),
	(92,146),
	(27,147),
	(64,148),
	(65,148),
	(96,148),
	(97,148),
	(18,149),
	(41,149),
	(65,149),
	(95,149),
	(96,149),
	(97,149),
	(65,150),
	(96,150),
	(97,150),
	(14,151),
	(46,152),
	(37,153),
	(46,153),
	(59,153),
	(98,153),
	(21,154),
	(29,154),
	(37,154),
	(45,154),
	(48,155),
	(48,156),
	(48,157),
	(37,158),
	(37,159),
	(44,159),
	(37,160),
	(38,161),
	(38,162),
	(38,163),
	(38,164),
	(41,165),
	(41,166),
	(41,167),
	(21,168),
	(21,169),
	(44,170),
	(45,171),
	(45,172),
	(45,173),
	(45,174),
	(45,175),
	(47,176),
	(47,177),
	(47,178),
	(47,179),
	(47,180),
	(47,181),
	(85,182),
	(86,182),
	(85,183),
	(75,184),
	(85,184),
	(86,184),
	(85,185),
	(86,185),
	(87,185),
	(85,186),
	(86,187),
	(69,188),
	(86,188),
	(69,189),
	(73,189),
	(87,189),
	(69,190),
	(73,190),
	(87,190),
	(69,191),
	(70,191),
	(73,191),
	(74,191),
	(75,191),
	(69,192),
	(70,192),
	(73,192),
	(74,192),
	(75,192),
	(69,193),
	(73,193),
	(70,194),
	(72,194),
	(73,194),
	(74,194);



# Dump of table pr_profile
# ------------------------------------------------------------


CREATE TABLE `pr_profile` (
  `id_profile` int(10) unsigned NOT NULL AUTO_INCREMENT,
  PRIMARY KEY (`id_profile`)
) ENGINE=InnoDB DEFAULT CHARSET=utf8;


INSERT INTO `pr_profile` (`id_profile`)
VALUES
	(1),
	(3),
	(4),
	(5);



# Dump of table pr_profile_lang
# ------------------------------------------------------------


CREATE TABLE `pr_profile_lang` (
  `id_lang` int(10) unsigned NOT NULL,
  `id_profile` int(10) unsigned NOT NULL,
  `name` varchar(128) NOT NULL,
  PRIMARY KEY (`id_profile`,`id_lang`)
) ENGINE=InnoDB DEFAULT CHARSET=utf8;


INSERT INTO `pr_profile_lang` (`id_lang`, `id_profile`, `name`)
VALUES
	(1,1,'SuperAdmin'),
	(2,1,'SuperAdmin'),
	(3,1,'SuperAdmin'),
	(4,1,'SuperAdmin'),
	(5,1,'SuperAdmin'),
	(1,3,'Translator'),
	(2,3,'Traducteur'),
	(3,3,'Translator'),
	(4,3,'Übersetzer'),
	(5,3,'Traduttore'),
	(1,4,'Salesman'),
	(2,4,'Commercial'),
	(3,4,'Salesman'),
	(4,4,'Verkäufer'),
	(5,4,'Venditore'),
	(1,5,'Data Entry'),
	(2,5,'Data Entry'),
	(3,5,'Data Entry'),
	(4,5,'Data Entry'),
	(5,5,'Data Entry');



# Dump of table pr_quick_access
# ------------------------------------------------------------


CREATE TABLE `pr_quick_access` (
  `id_quick_access` int(10) unsigned NOT NULL AUTO_INCREMENT,
  `new_window` tinyint(1) NOT NULL DEFAULT '0',
  `link` varchar(128) NOT NULL,
  PRIMARY KEY (`id_quick_access`)
) ENGINE=InnoDB DEFAULT CHARSET=utf8;


INSERT INTO `pr_quick_access` (`id_quick_access`, `new_window`, `link`)
VALUES
	(1,0,'index.php'),
	(2,1,'../'),
	(3,0,'index.php?controller=AdminCategories&addcategory'),
	(4,0,'index.php?controller=AdminProducts&addproduct'),
	(5,0,'index.php?tab=AdminDiscounts&adddiscount');



# Dump of table pr_quick_access_lang
# ------------------------------------------------------------


CREATE TABLE `pr_quick_access_lang` (
  `id_quick_access` int(10) unsigned NOT NULL,
  `id_lang` int(10) unsigned NOT NULL,
  `name` varchar(32) NOT NULL,
  PRIMARY KEY (`id_quick_access`,`id_lang`)
) ENGINE=InnoDB DEFAULT CHARSET=utf8;


INSERT INTO `pr_quick_access_lang` (`id_quick_access`, `id_lang`, `name`)
VALUES
	(1,1,'Home'),
	(1,2,'Accueil'),
	(1,3,'Inicio'),
	(1,4,'Start'),
	(1,5,'Home page'),
	(2,1,'My Shop'),
	(2,2,'Ma boutique'),
	(2,3,'Mi tienda'),
	(2,4,'Mein Shop'),
	(2,5,'Il mio negozio'),
	(3,1,'New category'),
	(3,2,'Nouvelle catégorie'),
	(3,3,'Nueva categoría'),
	(3,4,'Neue Kategorie'),
	(3,5,'Nuova categoria'),
	(4,1,'New product'),
	(4,2,'Nouveau produit'),
	(4,3,'Nuevo producto'),
	(4,4,'Neues Produkt'),
	(4,5,'Nuovo prodotto'),
	(5,1,'New voucher'),
	(5,2,'Nouveau bon de réduction'),
	(5,3,'Nuevo cupón'),
	(5,4,'Neuer Ermäßigungsgutschein'),
	(5,5,'Nuovo buono sconto');



# Dump of table pr_range_price
# ------------------------------------------------------------


CREATE TABLE `pr_range_price` (
  `id_range_price` int(10) unsigned NOT NULL AUTO_INCREMENT,
  `id_carrier` int(10) unsigned NOT NULL,
  `delimiter1` decimal(20,6) NOT NULL,
  `delimiter2` decimal(20,6) NOT NULL,
  PRIMARY KEY (`id_range_price`),
  UNIQUE KEY `id_carrier` (`id_carrier`,`delimiter1`,`delimiter2`)
) ENGINE=InnoDB DEFAULT CHARSET=utf8;


INSERT INTO `pr_range_price` (`id_range_price`, `id_carrier`, `delimiter1`, `delimiter2`)
VALUES
	(1,2,0.000000,10000.000000);



# Dump of table pr_range_weight
# ------------------------------------------------------------


CREATE TABLE `pr_range_weight` (
  `id_range_weight` int(10) unsigned NOT NULL AUTO_INCREMENT,
  `id_carrier` int(10) unsigned NOT NULL,
  `delimiter1` decimal(20,6) NOT NULL,
  `delimiter2` decimal(20,6) NOT NULL,
  PRIMARY KEY (`id_range_weight`),
  UNIQUE KEY `id_carrier` (`id_carrier`,`delimiter1`,`delimiter2`)
) ENGINE=InnoDB DEFAULT CHARSET=utf8;


INSERT INTO `pr_range_weight` (`id_range_weight`, `id_carrier`, `delimiter1`, `delimiter2`)
VALUES
	(1,2,0.000000,10000.000000);



# Dump of table pr_referrer
# ------------------------------------------------------------


CREATE TABLE `pr_referrer` (
  `id_referrer` int(10) unsigned NOT NULL AUTO_INCREMENT,
  `name` varchar(64) NOT NULL,
  `passwd` varchar(32) DEFAULT NULL,
  `http_referer_regexp` varchar(64) DEFAULT NULL,
  `http_referer_like` varchar(64) DEFAULT NULL,
  `request_uri_regexp` varchar(64) DEFAULT NULL,
  `request_uri_like` varchar(64) DEFAULT NULL,
  `http_referer_regexp_not` varchar(64) DEFAULT NULL,
  `http_referer_like_not` varchar(64) DEFAULT NULL,
  `request_uri_regexp_not` varchar(64) DEFAULT NULL,
  `request_uri_like_not` varchar(64) DEFAULT NULL,
  `base_fee` decimal(5,2) NOT NULL DEFAULT '0.00',
  `percent_fee` decimal(5,2) NOT NULL DEFAULT '0.00',
  `click_fee` decimal(5,2) NOT NULL DEFAULT '0.00',
  `date_add` datetime NOT NULL,
  PRIMARY KEY (`id_referrer`)
) ENGINE=InnoDB DEFAULT CHARSET=utf8;



# Dump of table pr_referrer_cache
# ------------------------------------------------------------


CREATE TABLE `pr_referrer_cache` (
  `id_connections_source` int(11) unsigned NOT NULL,
  `id_referrer` int(11) unsigned NOT NULL,
  PRIMARY KEY (`id_connections_source`,`id_referrer`)
) ENGINE=InnoDB DEFAULT CHARSET=utf8;



# Dump of table pr_referrer_shop
# ------------------------------------------------------------


CREATE TABLE `pr_referrer_shop` (
  `id_referrer` int(10) unsigned NOT NULL AUTO_INCREMENT,
  `id_shop` int(10) unsigned NOT NULL DEFAULT '1',
  `cache_visitors` int(11) DEFAULT NULL,
  `cache_visits` int(11) DEFAULT NULL,
  `cache_pages` int(11) DEFAULT NULL,
  `cache_registrations` int(11) DEFAULT NULL,
  `cache_orders` int(11) DEFAULT NULL,
  `cache_sales` decimal(17,2) DEFAULT NULL,
  `cache_reg_rate` decimal(5,4) DEFAULT NULL,
  `cache_order_rate` decimal(5,4) DEFAULT NULL,
  PRIMARY KEY (`id_referrer`,`id_shop`)
) ENGINE=InnoDB DEFAULT CHARSET=utf8;



# Dump of table pr_reinsurance
# ------------------------------------------------------------


CREATE TABLE `pr_reinsurance` (
  `id_reinsurance` int(10) unsigned NOT NULL AUTO_INCREMENT,
  `id_shop` int(10) unsigned NOT NULL,
  `file_name` varchar(100) NOT NULL,
  PRIMARY KEY (`id_reinsurance`)
) ENGINE=InnoDB DEFAULT CHARSET=utf8;


INSERT INTO `pr_reinsurance` (`id_reinsurance`, `id_shop`, `file_name`)
VALUES
	(1,1,'reinsurance-1-1.jpg'),
	(2,1,'reinsurance-2-1.jpg'),
	(3,1,'reinsurance-3-1.jpg'),
	(4,1,'reinsurance-4-1.jpg'),
	(5,1,'reinsurance-5-1.jpg');



# Dump of table pr_reinsurance_lang
# ------------------------------------------------------------


CREATE TABLE `pr_reinsurance_lang` (
  `id_reinsurance` int(10) unsigned NOT NULL AUTO_INCREMENT,
  `id_lang` int(10) unsigned NOT NULL,
  `text` varchar(300) NOT NULL,
  PRIMARY KEY (`id_reinsurance`,`id_lang`)
) ENGINE=InnoDB DEFAULT CHARSET=utf8;


INSERT INTO `pr_reinsurance_lang` (`id_reinsurance`, `id_lang`, `text`)
VALUES
	(1,1,'Rimborso'),
	(2,1,'Scambio in negozio'),
	(3,1,'Pagamento alla consegna.'),
	(4,1,'È gratis'),
	(5,1,'Pagamento 100% sicuro');



# Dump of table pr_request_sql
# ------------------------------------------------------------


CREATE TABLE `pr_request_sql` (
  `id_request_sql` int(11) NOT NULL AUTO_INCREMENT,
  `name` varchar(200) NOT NULL,
  `sql` text NOT NULL,
  PRIMARY KEY (`id_request_sql`)
) ENGINE=InnoDB DEFAULT CHARSET=utf8;



# Dump of table pr_required_field
# ------------------------------------------------------------


CREATE TABLE `pr_required_field` (
  `id_required_field` int(11) NOT NULL AUTO_INCREMENT,
  `object_name` varchar(32) NOT NULL,
  `field_name` varchar(32) NOT NULL,
  PRIMARY KEY (`id_required_field`),
  KEY `object_name` (`object_name`)
) ENGINE=InnoDB DEFAULT CHARSET=utf8;



# Dump of table pr_risk
# ------------------------------------------------------------


CREATE TABLE `pr_risk` (
  `id_risk` int(11) NOT NULL AUTO_INCREMENT,
  `percent` tinyint(3) NOT NULL,
  `color` varchar(32) DEFAULT NULL,
  PRIMARY KEY (`id_risk`)
) ENGINE=InnoDB DEFAULT CHARSET=utf8;



# Dump of table pr_risk_lang
# ------------------------------------------------------------


CREATE TABLE `pr_risk_lang` (
  `id_risk` int(10) unsigned NOT NULL,
  `id_lang` int(10) unsigned NOT NULL,
  `name` varchar(20) NOT NULL,
  PRIMARY KEY (`id_risk`,`id_lang`),
  KEY `id_risk` (`id_risk`)
) ENGINE=InnoDB DEFAULT CHARSET=utf8;



# Dump of table pr_scene
# ------------------------------------------------------------


CREATE TABLE `pr_scene` (
  `id_scene` int(10) unsigned NOT NULL AUTO_INCREMENT,
  `active` tinyint(1) NOT NULL DEFAULT '1',
  PRIMARY KEY (`id_scene`)
) ENGINE=InnoDB DEFAULT CHARSET=utf8;



# Dump of table pr_scene_category
# ------------------------------------------------------------


CREATE TABLE `pr_scene_category` (
  `id_scene` int(10) unsigned NOT NULL,
  `id_category` int(10) unsigned NOT NULL,
  PRIMARY KEY (`id_scene`,`id_category`)
) ENGINE=InnoDB DEFAULT CHARSET=utf8;



# Dump of table pr_scene_lang
# ------------------------------------------------------------


CREATE TABLE `pr_scene_lang` (
  `id_scene` int(10) unsigned NOT NULL,
  `id_lang` int(10) unsigned NOT NULL,
  `name` varchar(100) NOT NULL,
  PRIMARY KEY (`id_scene`,`id_lang`)
) ENGINE=InnoDB DEFAULT CHARSET=utf8;



# Dump of table pr_scene_products
# ------------------------------------------------------------


CREATE TABLE `pr_scene_products` (
  `id_scene` int(10) unsigned NOT NULL,
  `id_product` int(10) unsigned NOT NULL,
  `x_axis` int(4) NOT NULL,
  `y_axis` int(4) NOT NULL,
  `zone_width` int(3) NOT NULL,
  `zone_height` int(3) NOT NULL,
  PRIMARY KEY (`id_scene`,`id_product`,`x_axis`,`y_axis`)
) ENGINE=InnoDB DEFAULT CHARSET=utf8;



# Dump of table pr_scene_shop
# ------------------------------------------------------------


CREATE TABLE `pr_scene_shop` (
  `id_scene` int(11) unsigned NOT NULL,
  `id_shop` int(11) unsigned NOT NULL,
  PRIMARY KEY (`id_scene`,`id_shop`),
  KEY `id_shop` (`id_shop`)
) ENGINE=InnoDB DEFAULT CHARSET=utf8;



# Dump of table pr_search_engine
# ------------------------------------------------------------


CREATE TABLE `pr_search_engine` (
  `id_search_engine` int(10) unsigned NOT NULL AUTO_INCREMENT,
  `server` varchar(64) NOT NULL,
  `getvar` varchar(16) NOT NULL,
  PRIMARY KEY (`id_search_engine`)
) ENGINE=InnoDB DEFAULT CHARSET=utf8;


INSERT INTO `pr_search_engine` (`id_search_engine`, `server`, `getvar`)
VALUES
	(1,'google','q'),
	(2,'aol','q'),
	(3,'yandex','text'),
	(4,'ask.com','q'),
	(5,'nhl.com','q'),
	(6,'yahoo','p'),
	(7,'baidu','wd'),
	(8,'lycos','query'),
	(9,'exalead','q'),
	(10,'search.live','q'),
	(11,'voila','rdata'),
	(12,'altavista','q'),
	(13,'bing','q'),
	(14,'daum','q'),
	(15,'eniro','search_word'),
	(16,'naver','query'),
	(17,'msn','q'),
	(18,'netscape','query'),
	(19,'cnn','query'),
	(20,'about','terms'),
	(21,'mamma','query'),
	(22,'alltheweb','q'),
	(23,'virgilio','qs'),
	(24,'alice','qs'),
	(25,'najdi','q'),
	(26,'mama','query'),
	(27,'seznam','q'),
	(28,'onet','qt'),
	(29,'szukacz','q'),
	(30,'yam','k'),
	(31,'pchome','q'),
	(32,'kvasir','q'),
	(33,'sesam','q'),
	(34,'ozu','q'),
	(35,'terra','query'),
	(36,'mynet','q'),
	(37,'ekolay','q'),
	(38,'rambler','words');



# Dump of table pr_search_index
# ------------------------------------------------------------


CREATE TABLE `pr_search_index` (
  `id_product` int(11) unsigned NOT NULL,
  `id_word` int(11) unsigned NOT NULL,
  `weight` smallint(4) unsigned NOT NULL DEFAULT '1',
  PRIMARY KEY (`id_word`,`id_product`)
) ENGINE=InnoDB DEFAULT CHARSET=utf8;


INSERT INTO `pr_search_index` (`id_product`, `id_word`, `weight`)
VALUES
	(13,67,3),
	(17,67,3),
	(36,67,3),
	(37,67,3),
	(44,67,3),
	(52,67,3),
	(76,67,6),
	(13,145,3),
	(17,145,3),
	(36,145,3),
	(37,145,3),
	(44,145,3),
	(52,145,3),
	(76,145,6),
	(13,222,3),
	(17,222,3),
	(36,222,3),
	(37,222,3),
	(44,222,3),
	(52,222,3),
	(76,222,6),
	(27,845,6),
	(27,1030,6),
	(28,1862,6),
	(106,1862,6),
	(17,1867,12),
	(21,1867,6),
	(36,1867,6),
	(38,1867,6),
	(40,1867,6),
	(44,1867,6),
	(46,1867,6),
	(52,1867,6),
	(55,1867,6),
	(62,1867,6),
	(64,1867,6),
	(65,1867,6),
	(82,1867,6),
	(94,1867,6),
	(96,1867,6),
	(97,1867,6),
	(27,1966,6),
	(13,1968,3),
	(17,1968,3),
	(36,1968,3),
	(37,1968,3),
	(44,1968,3),
	(52,1968,3),
	(76,1968,6),
	(12,1980,1),
	(40,1980,1),
	(49,2001,6),
	(12,2006,1),
	(13,2006,2),
	(14,2006,2),
	(15,2006,2),
	(17,2006,2),
	(18,2006,1),
	(19,2006,2),
	(21,2006,2),
	(23,2006,1),
	(27,2006,6),
	(28,2006,10),
	(29,2006,4),
	(36,2006,2),
	(37,2006,2),
	(39,2006,1),
	(40,2006,3),
	(41,2006,2),
	(44,2006,3),
	(45,2006,4),
	(46,2006,2),
	(47,2006,2),
	(49,2006,2),
	(50,2006,2),
	(51,2006,1),
	(52,2006,3),
	(55,2006,3),
	(56,2006,5),
	(57,2006,1),
	(58,2006,9),
	(59,2006,4),
	(60,2006,2),
	(61,2006,4),
	(62,2006,1),
	(64,2006,4),
	(65,2006,2),
	(69,2006,5),
	(70,2006,7),
	(72,2006,9),
	(73,2006,7),
	(74,2006,11),
	(75,2006,7),
	(76,2006,6),
	(79,2006,1),
	(80,2006,1),
	(82,2006,2),
	(83,2006,5),
	(84,2006,1),
	(85,2006,5),
	(86,2006,9),
	(87,2006,9),
	(89,2006,3),
	(90,2006,1),
	(94,2006,4),
	(95,2006,1),
	(96,2006,1),
	(97,2006,3),
	(99,2006,2),
	(100,2006,2),
	(101,2006,2),
	(102,2006,2),
	(103,2006,2),
	(105,2006,1),
	(106,2006,9),
	(107,2006,2),
	(50,2015,1),
	(55,2015,1),
	(56,2015,1),
	(57,2015,1),
	(58,2015,2),
	(61,2015,1),
	(62,2015,1),
	(65,2015,3),
	(70,2015,3),
	(72,2015,2),
	(73,2015,2),
	(74,2015,2),
	(75,2015,3),
	(78,2015,2),
	(80,2015,2),
	(83,2015,1),
	(84,2015,1),
	(85,2015,1),
	(86,2015,1),
	(97,2015,1),
	(29,2017,1),
	(50,2017,1),
	(59,2017,1),
	(60,2017,1),
	(62,2017,2),
	(78,2017,2),
	(79,2017,1),
	(81,2017,2),
	(91,2017,1),
	(99,2017,1),
	(100,2017,1),
	(101,2017,1),
	(102,2017,1),
	(103,2017,1),
	(50,2025,1),
	(51,2025,1),
	(81,2025,1),
	(14,2043,1),
	(27,2043,2),
	(37,2043,1),
	(49,2043,2),
	(50,2043,2),
	(51,2043,1),
	(62,2043,2),
	(65,2043,1),
	(69,2043,1),
	(70,2043,1),
	(72,2043,1),
	(73,2043,1),
	(75,2043,1),
	(81,2043,1),
	(82,2043,1),
	(84,2043,1),
	(85,2043,1),
	(86,2043,1),
	(87,2043,1),
	(94,2043,1),
	(12,2044,1),
	(18,2044,2),
	(19,2044,1),
	(27,2044,4),
	(36,2044,1),
	(41,2044,1),
	(72,2044,1),
	(74,2044,1),
	(86,2044,1),
	(87,2044,1),
	(90,2044,1),
	(92,2044,1),
	(95,2044,2),
	(28,2046,2),
	(106,2046,1),
	(12,2051,1),
	(13,2051,1),
	(14,2051,1),
	(15,2051,1),
	(17,2051,1),
	(18,2051,1),
	(19,2051,1),
	(21,2051,1),
	(23,2051,1),
	(27,2051,14),
	(28,2051,1),
	(29,2051,4),
	(36,2051,2),
	(37,2051,1),
	(38,2051,1),
	(39,2051,1),
	(40,2051,3),
	(41,2051,1),
	(44,2051,7),
	(45,2051,16),
	(46,2051,1),
	(47,2051,3),
	(50,2051,10),
	(52,2051,2),
	(55,2051,2),
	(58,2051,1),
	(59,2051,4),
	(60,2051,5),
	(61,2051,1),
	(62,2051,2),
	(64,2051,3),
	(65,2051,2),
	(69,2051,5),
	(70,2051,4),
	(72,2051,4),
	(73,2051,5),
	(74,2051,3),
	(75,2051,4),
	(76,2051,2),
	(79,2051,8),
	(80,2051,1),
	(81,2051,1),
	(82,2051,2),
	(85,2051,4),
	(86,2051,3),
	(87,2051,4),
	(88,2051,2),
	(89,2051,1),
	(90,2051,1),
	(91,2051,1),
	(92,2051,1),
	(93,2051,1),
	(94,2051,1),
	(95,2051,1),
	(96,2051,1),
	(97,2051,1),
	(98,2051,1),
	(99,2051,1),
	(100,2051,1),
	(101,2051,1),
	(102,2051,1),
	(103,2051,1),
	(104,2051,1),
	(105,2051,7),
	(106,2051,1),
	(107,2051,1),
	(12,2055,2),
	(13,2055,3),
	(14,2055,3),
	(15,2055,3),
	(17,2055,3),
	(18,2055,3),
	(19,2055,2),
	(21,2055,2),
	(23,2055,2),
	(27,2055,4),
	(28,2055,2),
	(29,2055,6),
	(36,2055,2),
	(37,2055,10),
	(38,2055,1),
	(39,2055,3),
	(40,2055,1),
	(41,2055,3),
	(44,2055,5),
	(45,2055,3),
	(46,2055,3),
	(47,2055,4),
	(49,2055,6),
	(50,2055,4),
	(51,2055,3),
	(52,2055,5),
	(55,2055,15),
	(56,2055,5),
	(57,2055,2),
	(58,2055,9),
	(59,2055,6),
	(60,2055,1),
	(61,2055,1),
	(62,2055,9),
	(64,2055,4),
	(65,2055,3),
	(69,2055,5),
	(70,2055,11),
	(72,2055,6),
	(73,2055,9),
	(74,2055,8),
	(75,2055,11),
	(76,2055,4),
	(78,2055,7),
	(79,2055,9),
	(80,2055,3),
	(81,2055,2),
	(82,2055,3),
	(83,2055,5),
	(84,2055,5),
	(85,2055,6),
	(86,2055,4),
	(87,2055,3),
	(88,2055,1),
	(89,2055,2),
	(90,2055,1),
	(91,2055,1),
	(92,2055,1),
	(93,2055,2),
	(94,2055,3),
	(95,2055,2),
	(96,2055,2),
	(97,2055,3),
	(98,2055,1),
	(99,2055,3),
	(100,2055,3),
	(101,2055,3),
	(102,2055,3),
	(103,2055,3),
	(104,2055,1),
	(105,2055,1),
	(106,2055,2),
	(107,2055,2),
	(23,2068,1),
	(28,2068,1),
	(29,2068,1),
	(56,2068,1),
	(58,2068,2),
	(61,2068,1),
	(62,2068,1),
	(64,2068,2),
	(65,2068,1),
	(69,2068,2),
	(70,2068,4),
	(72,2068,2),
	(73,2068,2),
	(74,2068,3),
	(75,2068,4),
	(80,2068,1),
	(81,2068,1),
	(83,2068,1),
	(84,2068,1),
	(85,2068,3),
	(86,2068,3),
	(87,2068,2),
	(12,2071,4),
	(13,2071,5),
	(14,2071,4),
	(15,2071,4),
	(17,2071,4),
	(18,2071,4),
	(19,2071,4),
	(21,2071,4),
	(23,2071,4),
	(27,2071,8),
	(28,2071,4),
	(29,2071,4),
	(36,2071,4),
	(37,2071,4),
	(38,2071,4),
	(40,2071,4),
	(44,2071,4),
	(45,2071,4),
	(47,2071,4),
	(60,2071,1),
	(62,2071,4),
	(76,2071,8),
	(79,2071,6),
	(92,2071,4),
	(93,2071,4),
	(95,2071,4),
	(99,2071,1),
	(100,2071,1),
	(101,2071,1),
	(102,2071,1),
	(103,2071,1),
	(106,2071,4),
	(76,2164,12),
	(76,2165,12),
	(17,2166,6),
	(69,2166,6),
	(72,2166,6),
	(73,2166,6),
	(76,2166,12),
	(82,2166,6),
	(87,2166,6),
	(15,2167,6),
	(36,2167,6),
	(55,2167,6),
	(93,2167,6),
	(76,2168,12),
	(76,2169,12),
	(17,2170,6),
	(69,2170,6),
	(72,2170,6),
	(73,2170,6),
	(76,2170,12),
	(82,2170,6),
	(87,2170,6),
	(15,2171,6),
	(36,2171,6),
	(55,2171,6),
	(93,2171,6),
	(27,2172,6),
	(76,2173,12),
	(76,2174,12),
	(17,2175,6),
	(69,2175,6),
	(72,2175,6),
	(73,2175,6),
	(76,2175,12),
	(82,2175,6),
	(87,2175,6),
	(15,2176,6),
	(36,2176,6),
	(55,2176,6),
	(93,2176,6),
	(76,2177,12),
	(76,2178,12),
	(17,2179,6),
	(69,2179,6),
	(72,2179,6),
	(73,2179,6),
	(76,2179,12),
	(82,2179,6),
	(87,2179,6),
	(15,2180,6),
	(36,2180,6),
	(55,2180,6),
	(93,2180,6),
	(76,2181,24),
	(12,2182,1),
	(76,2182,14),
	(12,2183,3),
	(13,2183,1),
	(14,2183,1),
	(15,2183,1),
	(17,2183,11),
	(18,2183,1),
	(19,2183,1),
	(21,2183,1),
	(23,2183,5),
	(28,2183,1),
	(29,2183,6),
	(36,2183,2),
	(37,2183,1),
	(38,2183,2),
	(40,2183,1),
	(41,2183,1),
	(44,2183,1),
	(45,2183,3),
	(46,2183,1),
	(47,2183,2),
	(48,2183,4),
	(50,2183,3),
	(51,2183,2),
	(52,2183,1),
	(55,2183,3),
	(56,2183,2),
	(58,2183,2),
	(59,2183,1),
	(60,2183,1),
	(61,2183,2),
	(62,2183,1),
	(64,2183,3),
	(65,2183,2),
	(69,2183,7),
	(70,2183,4),
	(72,2183,6),
	(73,2183,10),
	(74,2183,6),
	(75,2183,4),
	(76,2183,14),
	(79,2183,3),
	(80,2183,2),
	(81,2183,3),
	(82,2183,9),
	(83,2183,3),
	(84,2183,1),
	(85,2183,2),
	(86,2183,3),
	(87,2183,3),
	(88,2183,1),
	(89,2183,2),
	(90,2183,1),
	(91,2183,1),
	(92,2183,1),
	(93,2183,1),
	(94,2183,2),
	(95,2183,1),
	(96,2183,1),
	(97,2183,1),
	(98,2183,1),
	(99,2183,1),
	(100,2183,1),
	(101,2183,1),
	(102,2183,1),
	(103,2183,2),
	(104,2183,1),
	(105,2183,3),
	(106,2183,1),
	(107,2183,1),
	(12,2184,2),
	(13,2184,4),
	(14,2184,1),
	(15,2184,8),
	(17,2184,4),
	(18,2184,7),
	(19,2184,1),
	(21,2184,1),
	(23,2184,1),
	(36,2184,10),
	(37,2184,4),
	(38,2184,1),
	(40,2184,2),
	(44,2184,4),
	(45,2184,2),
	(46,2184,1),
	(47,2184,2),
	(52,2184,4),
	(55,2184,6),
	(76,2184,22),
	(88,2184,2),
	(89,2184,1),
	(90,2184,1),
	(91,2184,1),
	(92,2184,1),
	(93,2184,8),
	(95,2184,1),
	(96,2184,1),
	(97,2184,1),
	(98,2184,1),
	(99,2184,7),
	(100,2184,7),
	(101,2184,7),
	(102,2184,7),
	(103,2184,7),
	(104,2184,1),
	(105,2184,1),
	(106,2184,1),
	(107,2184,1),
	(60,2185,12),
	(76,2185,10),
	(99,2185,5),
	(100,2185,5),
	(101,2185,5),
	(102,2185,5),
	(103,2185,5),
	(107,2185,4),
	(14,2186,2),
	(17,2186,1),
	(19,2186,1),
	(21,2186,2),
	(23,2186,5),
	(27,2186,2),
	(29,2186,7),
	(37,2186,1),
	(39,2186,1),
	(41,2186,1),
	(44,2186,1),
	(45,2186,1),
	(48,2186,6),
	(50,2186,7),
	(51,2186,6),
	(52,2186,1),
	(55,2186,1),
	(56,2186,1),
	(58,2186,2),
	(59,2186,8),
	(60,2186,6),
	(62,2186,3),
	(64,2186,3),
	(69,2186,7),
	(70,2186,8),
	(72,2186,6),
	(73,2186,8),
	(74,2186,5),
	(75,2186,8),
	(76,2186,2),
	(78,2186,12),
	(79,2186,6),
	(80,2186,5),
	(81,2186,2),
	(83,2186,1),
	(84,2186,3),
	(85,2186,6),
	(86,2186,5),
	(87,2186,6),
	(88,2186,8),
	(92,2186,1),
	(94,2186,1),
	(98,2186,6),
	(104,2186,6),
	(105,2186,6),
	(107,2186,3),
	(76,2187,2),
	(28,2188,1),
	(29,2188,1),
	(38,2188,1),
	(48,2188,1),
	(50,2188,2),
	(55,2188,3),
	(58,2188,2),
	(61,2188,2),
	(62,2188,1),
	(69,2188,3),
	(70,2188,1),
	(72,2188,3),
	(73,2188,3),
	(75,2188,1),
	(76,2188,2),
	(78,2188,2),
	(79,2188,1),
	(81,2188,3),
	(82,2188,4),
	(85,2188,1),
	(86,2188,1),
	(87,2188,3),
	(91,2188,1),
	(94,2188,2),
	(107,2188,1),
	(76,2189,2),
	(107,2189,1),
	(76,2190,2),
	(76,2191,2),
	(76,2192,2),
	(23,2193,2),
	(27,2193,2),
	(28,2193,1),
	(47,2193,1),
	(50,2193,2),
	(55,2193,1),
	(56,2193,2),
	(60,2193,1),
	(70,2193,1),
	(75,2193,1),
	(76,2193,2),
	(81,2193,1),
	(82,2193,1),
	(85,2193,1),
	(86,2193,1),
	(105,2193,2),
	(50,2194,1),
	(56,2194,1),
	(69,2194,1),
	(72,2194,1),
	(73,2194,1),
	(76,2194,2),
	(81,2194,1),
	(82,2194,1),
	(87,2194,1),
	(105,2194,1),
	(76,2195,2),
	(76,2196,2),
	(13,2197,1),
	(23,2197,5),
	(27,2197,8),
	(29,2197,6),
	(38,2197,2),
	(39,2197,2),
	(44,2197,2),
	(45,2197,1),
	(46,2197,2),
	(47,2197,2),
	(48,2197,4),
	(49,2197,2),
	(50,2197,1),
	(51,2197,1),
	(55,2197,3),
	(56,2197,1),
	(57,2197,2),
	(58,2197,1),
	(59,2197,1),
	(60,2197,1),
	(61,2197,1),
	(62,2197,12),
	(64,2197,11),
	(65,2197,2),
	(69,2197,3),
	(70,2197,6),
	(72,2197,6),
	(73,2197,7),
	(74,2197,5),
	(75,2197,6),
	(76,2197,2),
	(78,2197,2),
	(79,2197,1),
	(80,2197,3),
	(81,2197,5),
	(82,2197,4),
	(84,2197,3),
	(85,2197,2),
	(86,2197,2),
	(87,2197,3),
	(89,2197,1),
	(90,2197,1),
	(91,2197,1),
	(104,2197,1),
	(15,2198,1),
	(17,2198,1),
	(58,2198,1),
	(76,2198,2),
	(93,2198,1),
	(29,2199,1),
	(55,2199,2),
	(58,2199,2),
	(60,2199,1),
	(64,2199,1),
	(76,2199,2),
	(80,2199,1),
	(99,2199,1),
	(100,2199,1),
	(101,2199,1),
	(102,2199,1),
	(103,2199,1),
	(12,2200,1),
	(13,2200,1),
	(14,2200,1),
	(15,2200,1),
	(17,2200,1),
	(18,2200,1),
	(19,2200,1),
	(21,2200,1),
	(29,2200,2),
	(36,2200,1),
	(37,2200,1),
	(38,2200,1),
	(40,2200,1),
	(44,2200,1),
	(45,2200,1),
	(46,2200,1),
	(47,2200,1),
	(52,2200,1),
	(76,2200,4),
	(79,2200,1),
	(84,2200,2),
	(88,2200,1),
	(89,2200,1),
	(90,2200,1),
	(91,2200,1),
	(92,2200,1),
	(93,2200,1),
	(95,2200,1),
	(96,2200,1),
	(97,2200,1),
	(98,2200,1),
	(99,2200,1),
	(100,2200,1),
	(101,2200,1),
	(102,2200,1),
	(103,2200,1),
	(104,2200,1),
	(105,2200,1),
	(106,2200,1),
	(107,2200,1),
	(23,2201,1),
	(29,2201,1),
	(40,2201,1),
	(56,2201,1),
	(58,2201,1),
	(59,2201,2),
	(65,2201,1),
	(69,2201,1),
	(70,2201,1),
	(72,2201,1),
	(73,2201,1),
	(74,2201,1),
	(75,2201,1),
	(76,2201,4),
	(79,2201,2),
	(80,2201,1),
	(85,2201,1),
	(86,2201,1),
	(87,2201,1),
	(98,2201,1),
	(37,2202,1),
	(55,2202,1),
	(65,2202,1),
	(69,2202,1),
	(70,2202,1),
	(72,2202,1),
	(73,2202,1),
	(74,2202,1),
	(75,2202,1),
	(76,2202,2),
	(80,2202,1),
	(85,2202,1),
	(86,2202,1),
	(87,2202,1),
	(96,2202,1),
	(97,2202,1),
	(17,2203,7),
	(29,2203,7),
	(47,2203,1),
	(51,2203,6),
	(56,2203,1),
	(62,2203,5),
	(70,2203,3),
	(72,2203,2),
	(73,2203,2),
	(74,2203,2),
	(75,2203,3),
	(76,2203,2),
	(82,2203,10),
	(104,2203,4),
	(76,2204,2),
	(76,2205,2),
	(12,2206,1),
	(29,2206,2),
	(50,2206,1),
	(55,2206,2),
	(70,2206,2),
	(72,2206,2),
	(73,2206,2),
	(74,2206,2),
	(75,2206,2),
	(76,2206,2),
	(78,2206,2),
	(87,2206,1),
	(21,2207,6),
	(76,2207,2),
	(99,2207,6),
	(100,2207,6),
	(101,2207,6),
	(102,2207,6),
	(103,2207,6),
	(76,2208,2),
	(27,2209,6),
	(28,2209,1),
	(29,2209,1),
	(50,2209,1),
	(51,2209,1),
	(57,2209,1),
	(62,2209,1),
	(64,2209,1),
	(65,2209,1),
	(69,2209,3),
	(70,2209,3),
	(73,2209,3),
	(74,2209,3),
	(75,2209,3),
	(76,2209,2),
	(81,2209,2),
	(82,2209,1),
	(83,2209,3),
	(84,2209,1),
	(85,2209,3),
	(90,2209,1),
	(91,2209,1),
	(94,2209,2),
	(76,2210,2),
	(76,2211,2),
	(12,2212,1),
	(13,2212,1),
	(14,2212,1),
	(15,2212,1),
	(17,2212,1),
	(18,2212,1),
	(19,2212,1),
	(21,2212,1),
	(27,2212,2),
	(36,2212,1),
	(37,2212,1),
	(38,2212,1),
	(40,2212,1),
	(44,2212,1),
	(45,2212,1),
	(46,2212,1),
	(47,2212,1),
	(48,2212,1),
	(51,2212,1),
	(52,2212,1),
	(76,2212,4),
	(88,2212,1),
	(89,2212,1),
	(90,2212,1),
	(91,2212,1),
	(92,2212,1),
	(93,2212,1),
	(95,2212,1),
	(96,2212,1),
	(97,2212,1),
	(98,2212,1),
	(99,2212,1),
	(100,2212,1),
	(101,2212,1),
	(102,2212,1),
	(103,2212,1),
	(104,2212,2),
	(105,2212,1),
	(106,2212,1),
	(107,2212,1),
	(76,2213,2),
	(12,2214,3),
	(15,2214,4),
	(18,2214,6),
	(19,2214,5),
	(23,2214,7),
	(28,2214,5),
	(29,2214,4),
	(39,2214,9),
	(41,2214,3),
	(44,2214,4),
	(46,2214,17),
	(49,2214,10),
	(65,2214,5),
	(76,2214,2),
	(79,2214,6),
	(88,2214,1),
	(89,2214,3),
	(92,2214,5),
	(93,2214,4),
	(95,2214,12),
	(96,2214,5),
	(97,2214,8),
	(106,2214,4),
	(76,2215,2),
	(37,2216,2),
	(45,2216,1),
	(76,2216,2),
	(107,2216,6),
	(12,2217,3),
	(13,2217,6),
	(14,2217,6),
	(15,2217,4),
	(17,2217,4),
	(18,2217,4),
	(19,2217,6),
	(21,2217,6),
	(27,2217,8),
	(29,2217,2),
	(36,2217,6),
	(37,2217,4),
	(38,2217,6),
	(39,2217,5),
	(40,2217,5),
	(41,2217,5),
	(44,2217,6),
	(45,2217,6),
	(46,2217,6),
	(47,2217,6),
	(52,2217,4),
	(55,2217,1),
	(56,2217,1),
	(58,2217,1),
	(76,2217,16),
	(83,2217,1),
	(88,2217,4),
	(89,2217,4),
	(90,2217,4),
	(91,2217,4),
	(92,2217,6),
	(93,2217,4),
	(95,2217,4),
	(96,2217,4),
	(97,2217,4),
	(98,2217,4),
	(99,2217,4),
	(100,2217,4),
	(101,2217,4),
	(102,2217,4),
	(103,2217,4),
	(104,2217,4),
	(105,2217,4),
	(106,2217,4),
	(107,2217,4),
	(12,2218,1),
	(13,2218,2),
	(14,2218,2),
	(15,2218,1),
	(17,2218,1),
	(18,2218,1),
	(19,2218,1),
	(21,2218,1),
	(36,2218,1),
	(37,2218,1),
	(38,2218,1),
	(39,2218,1),
	(40,2218,1),
	(41,2218,1),
	(44,2218,1),
	(45,2218,1),
	(46,2218,1),
	(47,2218,1),
	(52,2218,1),
	(55,2218,1),
	(56,2218,1),
	(58,2218,1),
	(76,2218,2),
	(83,2218,1),
	(88,2218,1),
	(89,2218,1),
	(90,2218,1),
	(91,2218,1),
	(92,2218,1),
	(93,2218,1),
	(95,2218,1),
	(96,2218,1),
	(97,2218,1),
	(98,2218,1),
	(99,2218,1),
	(100,2218,1),
	(101,2218,1),
	(102,2218,1),
	(103,2218,1),
	(104,2218,1),
	(105,2218,1),
	(106,2218,1),
	(107,2218,1),
	(12,2219,1),
	(13,2219,1),
	(14,2219,1),
	(15,2219,1),
	(17,2219,1),
	(19,2219,1),
	(21,2219,1),
	(36,2219,2),
	(37,2219,1),
	(39,2219,2),
	(40,2219,1),
	(41,2219,1),
	(44,2219,1),
	(45,2219,1),
	(46,2219,1),
	(47,2219,1),
	(52,2219,1),
	(55,2219,2),
	(56,2219,1),
	(58,2219,1),
	(70,2219,2),
	(72,2219,2),
	(73,2219,2),
	(74,2219,2),
	(75,2219,2),
	(76,2219,2),
	(83,2219,1),
	(89,2219,2),
	(97,2219,1),
	(99,2219,1),
	(100,2219,1),
	(101,2219,1),
	(102,2219,1),
	(103,2219,1),
	(104,2219,1),
	(106,2219,1),
	(107,2219,1),
	(12,2220,2),
	(13,2220,2),
	(14,2220,2),
	(15,2220,2),
	(17,2220,2),
	(19,2220,2),
	(21,2220,2),
	(37,2220,2),
	(39,2220,1),
	(40,2220,2),
	(41,2220,1),
	(44,2220,2),
	(45,2220,2),
	(46,2220,2),
	(47,2220,2),
	(52,2220,2),
	(56,2220,1),
	(76,2220,4),
	(83,2220,1),
	(89,2220,2),
	(97,2220,2),
	(99,2220,2),
	(100,2220,2),
	(101,2220,2),
	(102,2220,2),
	(103,2220,1),
	(104,2220,1),
	(106,2220,2),
	(107,2220,2),
	(13,2221,1),
	(14,2221,1),
	(15,2221,1),
	(17,2221,1),
	(18,2221,1),
	(19,2221,1),
	(21,2221,1),
	(36,2221,1),
	(37,2221,1),
	(38,2221,1),
	(39,2221,1),
	(41,2221,1),
	(44,2221,1),
	(45,2221,1),
	(46,2221,1),
	(47,2221,1),
	(52,2221,1),
	(55,2221,1),
	(56,2221,1),
	(76,2221,2),
	(88,2221,1),
	(89,2221,1),
	(90,2221,1),
	(91,2221,1),
	(92,2221,1),
	(93,2221,1),
	(95,2221,1),
	(96,2221,1),
	(97,2221,1),
	(98,2221,1),
	(99,2221,1),
	(100,2221,1),
	(101,2221,1),
	(102,2221,1),
	(103,2221,1),
	(104,2221,1),
	(105,2221,1),
	(106,2221,1),
	(107,2221,1),
	(12,2222,1),
	(13,2222,2),
	(14,2222,2),
	(15,2222,2),
	(17,2222,2),
	(19,2222,2),
	(21,2222,2),
	(36,2222,2),
	(37,2222,2),
	(39,2222,3),
	(40,2222,1),
	(41,2222,3),
	(44,2222,2),
	(45,2222,2),
	(46,2222,2),
	(47,2222,2),
	(52,2222,2),
	(55,2222,3),
	(56,2222,3),
	(58,2222,2),
	(69,2222,2),
	(70,2222,2),
	(72,2222,2),
	(73,2222,2),
	(74,2222,2),
	(75,2222,2),
	(76,2222,4),
	(83,2222,2),
	(85,2222,2),
	(86,2222,2),
	(87,2222,2),
	(89,2222,2),
	(95,2222,1),
	(97,2222,2),
	(99,2222,2),
	(100,2222,2),
	(101,2222,2),
	(102,2222,2),
	(103,2222,2),
	(106,2222,2),
	(107,2222,2),
	(12,2223,1),
	(13,2223,5),
	(14,2223,5),
	(15,2223,3),
	(17,2223,3),
	(19,2223,5),
	(21,2223,5),
	(27,2223,8),
	(29,2223,2),
	(36,2223,5),
	(37,2223,5),
	(38,2223,2),
	(39,2223,7),
	(40,2223,3),
	(41,2223,7),
	(44,2223,5),
	(45,2223,5),
	(46,2223,5),
	(47,2223,5),
	(52,2223,3),
	(55,2223,2),
	(56,2223,2),
	(58,2223,2),
	(69,2223,1),
	(70,2223,1),
	(72,2223,1),
	(73,2223,1),
	(74,2223,1),
	(75,2223,1),
	(76,2223,14),
	(83,2223,2),
	(85,2223,1),
	(86,2223,1),
	(87,2223,1),
	(89,2223,3),
	(92,2223,2),
	(95,2223,1),
	(97,2223,3),
	(99,2223,3),
	(100,2223,3),
	(101,2223,3),
	(102,2223,3),
	(103,2223,3),
	(104,2223,1),
	(106,2223,3),
	(107,2223,3),
	(12,2224,1),
	(13,2224,2),
	(14,2224,2),
	(15,2224,2),
	(17,2224,2),
	(19,2224,2),
	(21,2224,2),
	(36,2224,2),
	(37,2224,2),
	(39,2224,2),
	(40,2224,1),
	(41,2224,2),
	(44,2224,2),
	(45,2224,2),
	(46,2224,2),
	(47,2224,2),
	(52,2224,2),
	(55,2224,1),
	(56,2224,1),
	(58,2224,1),
	(69,2224,1),
	(70,2224,1),
	(72,2224,1),
	(73,2224,1),
	(74,2224,1),
	(75,2224,1),
	(76,2224,4),
	(83,2224,1),
	(85,2224,1),
	(86,2224,1),
	(87,2224,1),
	(89,2224,2),
	(97,2224,2),
	(99,2224,2),
	(100,2224,2),
	(101,2224,2),
	(102,2224,2),
	(103,2224,2),
	(104,2224,1),
	(106,2224,2),
	(107,2224,2),
	(13,2225,1),
	(14,2225,1),
	(15,2225,1),
	(17,2225,1),
	(19,2225,1),
	(21,2225,1),
	(36,2225,1),
	(37,2225,1),
	(39,2225,1),
	(41,2225,1),
	(44,2225,1),
	(45,2225,1),
	(46,2225,1),
	(47,2225,1),
	(52,2225,1),
	(55,2225,1),
	(56,2225,1),
	(58,2225,1),
	(76,2225,2),
	(83,2225,1),
	(89,2225,1),
	(95,2225,1),
	(97,2225,1),
	(99,2225,1),
	(100,2225,1),
	(101,2225,1),
	(102,2225,1),
	(103,2225,1),
	(106,2225,1),
	(107,2225,1),
	(13,2226,1),
	(14,2226,1),
	(15,2226,1),
	(17,2226,1),
	(19,2226,1),
	(21,2226,1),
	(36,2226,1),
	(37,2226,1),
	(39,2226,1),
	(41,2226,1),
	(44,2226,1),
	(45,2226,1),
	(46,2226,1),
	(47,2226,1),
	(52,2226,1),
	(55,2226,1),
	(56,2226,1),
	(58,2226,1),
	(76,2226,2),
	(83,2226,1),
	(89,2226,1),
	(95,2226,1),
	(97,2226,1),
	(99,2226,1),
	(100,2226,1),
	(101,2226,1),
	(102,2226,1),
	(103,2226,1),
	(106,2226,1),
	(107,2226,1),
	(13,2227,2),
	(14,2227,2),
	(15,2227,2),
	(17,2227,2),
	(18,2227,1),
	(19,2227,2),
	(21,2227,2),
	(29,2227,1),
	(36,2227,2),
	(37,2227,2),
	(38,2227,1),
	(39,2227,1),
	(41,2227,1),
	(44,2227,2),
	(45,2227,2),
	(46,2227,2),
	(47,2227,2),
	(52,2227,2),
	(55,2227,2),
	(56,2227,1),
	(58,2227,2),
	(76,2227,4),
	(83,2227,2),
	(88,2227,1),
	(89,2227,2),
	(90,2227,1),
	(91,2227,1),
	(92,2227,1),
	(93,2227,1),
	(95,2227,2),
	(96,2227,1),
	(97,2227,2),
	(98,2227,1),
	(99,2227,2),
	(100,2227,2),
	(101,2227,2),
	(102,2227,2),
	(103,2227,2),
	(104,2227,1),
	(105,2227,1),
	(106,2227,2),
	(107,2227,2),
	(12,2228,4),
	(13,2228,4),
	(14,2228,4),
	(15,2228,4),
	(17,2228,4),
	(18,2228,4),
	(19,2228,4),
	(21,2228,4),
	(36,2228,4),
	(37,2228,4),
	(38,2228,4),
	(39,2228,2),
	(40,2228,4),
	(41,2228,2),
	(44,2228,4),
	(45,2228,4),
	(46,2228,4),
	(47,2228,4),
	(52,2228,4),
	(69,2228,3),
	(70,2228,3),
	(72,2228,3),
	(73,2228,3),
	(74,2228,3),
	(75,2228,3),
	(76,2228,8),
	(80,2228,1),
	(85,2228,3),
	(86,2228,3),
	(87,2228,3),
	(88,2228,4),
	(89,2228,4),
	(90,2228,4),
	(91,2228,4),
	(92,2228,4),
	(93,2228,4),
	(95,2228,4),
	(96,2228,4),
	(97,2228,4),
	(98,2228,4),
	(99,2228,4),
	(100,2228,4),
	(101,2228,4),
	(102,2228,4),
	(103,2228,4),
	(104,2228,4),
	(105,2228,4),
	(106,2228,4),
	(107,2228,4),
	(29,2229,1),
	(55,2229,3),
	(56,2229,1),
	(57,2229,2),
	(58,2229,2),
	(69,2229,1),
	(70,2229,2),
	(72,2229,1),
	(73,2229,2),
	(74,2229,2),
	(75,2229,2),
	(83,2229,1),
	(85,2229,1),
	(86,2229,1),
	(87,2229,1),
	(12,2230,2),
	(13,2230,2),
	(14,2230,2),
	(15,2230,2),
	(17,2230,2),
	(19,2230,2),
	(21,2230,2),
	(29,2230,2),
	(36,2230,2),
	(37,2230,2),
	(39,2230,3),
	(40,2230,2),
	(41,2230,3),
	(44,2230,2),
	(45,2230,2),
	(46,2230,2),
	(47,2230,2),
	(48,2230,2),
	(50,2230,1),
	(52,2230,2),
	(55,2230,3),
	(57,2230,1),
	(62,2230,2),
	(64,2230,2),
	(69,2230,1),
	(70,2230,5),
	(72,2230,3),
	(73,2230,3),
	(74,2230,3),
	(75,2230,5),
	(76,2230,4),
	(80,2230,1),
	(81,2230,2),
	(82,2230,1),
	(83,2230,1),
	(85,2230,3),
	(86,2230,3),
	(87,2230,1),
	(89,2230,2),
	(97,2230,2),
	(99,2230,2),
	(100,2230,2),
	(101,2230,2),
	(102,2230,2),
	(103,2230,2),
	(106,2230,2),
	(107,2230,2),
	(12,2231,2),
	(13,2231,2),
	(14,2231,2),
	(15,2231,2),
	(17,2231,2),
	(18,2231,1),
	(19,2231,2),
	(21,2231,2),
	(36,2231,2),
	(37,2231,2),
	(38,2231,1),
	(39,2231,1),
	(40,2231,2),
	(41,2231,1),
	(44,2231,2),
	(45,2231,3),
	(46,2231,2),
	(47,2231,2),
	(52,2231,2),
	(55,2231,1),
	(62,2231,1),
	(64,2231,1),
	(69,2231,1),
	(70,2231,2),
	(72,2231,1),
	(73,2231,1),
	(74,2231,1),
	(75,2231,2),
	(76,2231,4),
	(81,2231,1),
	(82,2231,3),
	(84,2231,1),
	(85,2231,2),
	(86,2231,2),
	(87,2231,1),
	(88,2231,1),
	(89,2231,2),
	(90,2231,1),
	(91,2231,1),
	(92,2231,1),
	(93,2231,1),
	(95,2231,1),
	(96,2231,1),
	(97,2231,2),
	(98,2231,1),
	(99,2231,2),
	(100,2231,2),
	(101,2231,2),
	(102,2231,2),
	(103,2231,2),
	(104,2231,1),
	(105,2231,1),
	(106,2231,2),
	(107,2231,2),
	(12,2232,1),
	(13,2232,1),
	(14,2232,3),
	(15,2232,1),
	(17,2232,1),
	(19,2232,1),
	(21,2232,1),
	(27,2232,4),
	(29,2232,1),
	(36,2232,1),
	(37,2232,1),
	(39,2232,3),
	(40,2232,1),
	(41,2232,4),
	(44,2232,1),
	(45,2232,1),
	(46,2232,1),
	(47,2232,1),
	(52,2232,1),
	(55,2232,6),
	(56,2232,1),
	(57,2232,2),
	(58,2232,4),
	(69,2232,3),
	(70,2232,5),
	(72,2232,4),
	(73,2232,5),
	(74,2232,5),
	(75,2232,5),
	(76,2232,6),
	(85,2232,3),
	(86,2232,3),
	(87,2232,3),
	(89,2232,1),
	(97,2232,1),
	(99,2232,1),
	(100,2232,1),
	(101,2232,1),
	(102,2232,1),
	(103,2232,1),
	(106,2232,1),
	(107,2232,1),
	(39,2233,1),
	(41,2233,1),
	(69,2233,1),
	(70,2233,1),
	(72,2233,1),
	(73,2233,1),
	(74,2233,1),
	(75,2233,1),
	(85,2233,1),
	(86,2233,1),
	(87,2233,1),
	(39,2234,1),
	(41,2234,1),
	(69,2234,1),
	(70,2234,1),
	(72,2234,1),
	(73,2234,1),
	(74,2234,1),
	(75,2234,1),
	(85,2234,1),
	(86,2234,1),
	(87,2234,1),
	(39,2235,1),
	(41,2235,1),
	(18,2236,1),
	(23,2236,1),
	(27,2236,2),
	(28,2236,1),
	(29,2236,2),
	(38,2236,1),
	(39,2236,1),
	(41,2236,1),
	(50,2236,1),
	(51,2236,1),
	(55,2236,4),
	(56,2236,2),
	(57,2236,3),
	(58,2236,3),
	(60,2236,1),
	(61,2236,1),
	(62,2236,1),
	(64,2236,1),
	(65,2236,1),
	(69,2236,2),
	(70,2236,3),
	(72,2236,3),
	(73,2236,3),
	(74,2236,3),
	(75,2236,3),
	(78,2236,1),
	(79,2236,1),
	(80,2236,1),
	(81,2236,1),
	(82,2236,1),
	(83,2236,1),
	(84,2236,1),
	(85,2236,2),
	(86,2236,2),
	(87,2236,2),
	(88,2236,1),
	(90,2236,1),
	(91,2236,1),
	(92,2236,1),
	(93,2236,1),
	(95,2236,1),
	(96,2236,1),
	(98,2236,1),
	(104,2236,1),
	(105,2236,1),
	(12,2237,3),
	(13,2237,3),
	(14,2237,5),
	(15,2237,4),
	(17,2237,17),
	(18,2237,7),
	(19,2237,4),
	(21,2237,10),
	(23,2237,4),
	(27,2237,8),
	(28,2237,7),
	(29,2237,11),
	(36,2237,13),
	(37,2237,5),
	(38,2237,10),
	(39,2237,7),
	(40,2237,10),
	(41,2237,3),
	(44,2237,16),
	(45,2237,4),
	(46,2237,11),
	(47,2237,5),
	(48,2237,3),
	(49,2237,2),
	(50,2237,5),
	(51,2237,8),
	(52,2237,9),
	(55,2237,20),
	(56,2237,7),
	(57,2237,16),
	(58,2237,14),
	(59,2237,7),
	(61,2237,5),
	(62,2237,26),
	(64,2237,9),
	(65,2237,20),
	(69,2237,15),
	(70,2237,22),
	(72,2237,16),
	(73,2237,20),
	(74,2237,10),
	(75,2237,23),
	(76,2237,6),
	(78,2237,2),
	(79,2237,7),
	(80,2237,1),
	(81,2237,1),
	(82,2237,14),
	(83,2237,2),
	(84,2237,5),
	(85,2237,16),
	(86,2237,11),
	(87,2237,10),
	(88,2237,4),
	(89,2237,5),
	(90,2237,3),
	(91,2237,3),
	(92,2237,4),
	(93,2237,4),
	(94,2237,12),
	(95,2237,5),
	(96,2237,11),
	(97,2237,12),
	(98,2237,3),
	(99,2237,3),
	(100,2237,3),
	(101,2237,3),
	(102,2237,3),
	(103,2237,4),
	(104,2237,5),
	(105,2237,7),
	(106,2237,5),
	(107,2237,4),
	(39,2238,1),
	(41,2238,1),
	(69,2238,1),
	(70,2238,2),
	(72,2238,2),
	(73,2238,2),
	(74,2238,2),
	(75,2238,2),
	(78,2238,1),
	(85,2238,1),
	(86,2238,1),
	(87,2238,1),
	(94,2238,1),
	(18,2239,1),
	(29,2239,2),
	(38,2239,1),
	(39,2239,1),
	(41,2239,1),
	(55,2239,4),
	(56,2239,3),
	(57,2239,3),
	(58,2239,3),
	(69,2239,2),
	(70,2239,3),
	(72,2239,3),
	(73,2239,3),
	(74,2239,3),
	(75,2239,3),
	(82,2239,2),
	(83,2239,2),
	(85,2239,2),
	(86,2239,2),
	(87,2239,2),
	(88,2239,1),
	(90,2239,1),
	(91,2239,1),
	(92,2239,1),
	(93,2239,1),
	(95,2239,1),
	(96,2239,1),
	(98,2239,1),
	(105,2239,1),
	(13,2240,1),
	(23,2240,3),
	(27,2240,2),
	(28,2240,1),
	(29,2240,2),
	(39,2240,1),
	(41,2240,2),
	(44,2240,1),
	(46,2240,1),
	(47,2240,2),
	(48,2240,5),
	(50,2240,2),
	(51,2240,1),
	(55,2240,1),
	(56,2240,1),
	(57,2240,1),
	(58,2240,3),
	(59,2240,2),
	(62,2240,3),
	(65,2240,1),
	(70,2240,5),
	(72,2240,5),
	(73,2240,4),
	(74,2240,5),
	(75,2240,3),
	(78,2240,2),
	(80,2240,3),
	(82,2240,3),
	(89,2240,2),
	(96,2240,1),
	(97,2240,1),
	(29,2241,1),
	(39,2241,1),
	(41,2241,1),
	(46,2241,1),
	(48,2241,1),
	(50,2241,1),
	(55,2241,1),
	(62,2241,1),
	(12,2242,1),
	(13,2242,1),
	(14,2242,1),
	(15,2242,1),
	(17,2242,1),
	(19,2242,1),
	(21,2242,1),
	(36,2242,1),
	(37,2242,1),
	(40,2242,1),
	(44,2242,1),
	(45,2242,1),
	(46,2242,1),
	(47,2242,1),
	(52,2242,1),
	(69,2242,1),
	(70,2242,1),
	(72,2242,1),
	(73,2242,1),
	(74,2242,1),
	(75,2242,1),
	(76,2242,2),
	(85,2242,1),
	(86,2242,1),
	(87,2242,1),
	(89,2242,1),
	(97,2242,1),
	(99,2242,1),
	(100,2242,1),
	(101,2242,1),
	(102,2242,1),
	(103,2242,1),
	(106,2242,1),
	(107,2242,1),
	(28,2243,1),
	(39,2243,1),
	(41,2243,1),
	(12,2244,1),
	(13,2244,1),
	(14,2244,1),
	(15,2244,1),
	(17,2244,2),
	(19,2244,1),
	(21,2244,1),
	(36,2244,1),
	(37,2244,1),
	(39,2244,1),
	(40,2244,1),
	(41,2244,1),
	(44,2244,1),
	(45,2244,6),
	(46,2244,1),
	(47,2244,1),
	(52,2244,1),
	(55,2244,1),
	(62,2244,1),
	(69,2244,1),
	(70,2244,2),
	(72,2244,1),
	(73,2244,1),
	(74,2244,1),
	(75,2244,2),
	(76,2244,2),
	(81,2244,1),
	(85,2244,2),
	(86,2244,2),
	(87,2244,1),
	(88,2244,1),
	(89,2244,1),
	(97,2244,1),
	(99,2244,1),
	(100,2244,1),
	(101,2244,1),
	(102,2244,1),
	(103,2244,1),
	(106,2244,1),
	(107,2244,1),
	(21,2245,4),
	(29,2245,4),
	(37,2245,4),
	(45,2245,4),
	(23,2246,1),
	(27,2246,2),
	(28,2246,1),
	(29,2246,5),
	(38,2246,2),
	(39,2246,3),
	(40,2246,1),
	(41,2246,2),
	(48,2246,4),
	(50,2246,4),
	(51,2246,3),
	(55,2246,9),
	(56,2246,4),
	(57,2246,8),
	(58,2246,6),
	(59,2246,2),
	(60,2246,3),
	(61,2246,3),
	(62,2246,5),
	(65,2246,2),
	(69,2246,3),
	(70,2246,2),
	(72,2246,4),
	(73,2246,3),
	(74,2246,3),
	(75,2246,2),
	(79,2246,5),
	(80,2246,1),
	(81,2246,4),
	(82,2246,5),
	(83,2246,3),
	(85,2246,2),
	(86,2246,3),
	(87,2246,4),
	(91,2246,1),
	(29,2247,2),
	(51,2247,5),
	(62,2247,5),
	(70,2247,2),
	(72,2247,1),
	(73,2247,1),
	(74,2247,1),
	(75,2247,2),
	(82,2247,1),
	(104,2247,4),
	(27,2248,6),
	(27,2249,6),
	(12,2250,4),
	(13,2250,8),
	(14,2250,4),
	(15,2250,4),
	(17,2250,4),
	(18,2250,4),
	(19,2250,4),
	(21,2250,8),
	(23,2250,4),
	(27,2250,16),
	(28,2250,4),
	(50,2250,1),
	(65,2250,2),
	(76,2250,8),
	(92,2250,4),
	(93,2250,4),
	(94,2250,1),
	(95,2250,4),
	(106,2250,4),
	(12,2251,6),
	(13,2251,4),
	(17,2251,5),
	(21,2251,5),
	(27,2251,10),
	(28,2251,4),
	(29,2251,6),
	(36,2251,1),
	(41,2251,5),
	(44,2251,12),
	(47,2251,1),
	(50,2251,1),
	(55,2251,3),
	(57,2251,5),
	(70,2251,6),
	(72,2251,6),
	(73,2251,6),
	(74,2251,6),
	(75,2251,6),
	(76,2251,8),
	(106,2251,4),
	(12,2252,11),
	(13,2252,10),
	(14,2252,8),
	(15,2252,5),
	(17,2252,17),
	(18,2252,8),
	(19,2252,8),
	(21,2252,10),
	(23,2252,4),
	(27,2252,8),
	(28,2252,4),
	(29,2252,16),
	(36,2252,10),
	(37,2252,2),
	(38,2252,1),
	(40,2252,1),
	(44,2252,8),
	(45,2252,2),
	(46,2252,1),
	(47,2252,1),
	(50,2252,1),
	(51,2252,1),
	(52,2252,2),
	(55,2252,10),
	(56,2252,1),
	(57,2252,6),
	(58,2252,2),
	(59,2252,2),
	(62,2252,17),
	(65,2252,2),
	(69,2252,1),
	(70,2252,9),
	(72,2252,2),
	(73,2252,2),
	(74,2252,2),
	(75,2252,9),
	(76,2252,10),
	(79,2252,6),
	(81,2252,1),
	(82,2252,3),
	(84,2252,1),
	(85,2252,6),
	(86,2252,6),
	(87,2252,1),
	(88,2252,1),
	(89,2252,7),
	(90,2252,1),
	(91,2252,1),
	(92,2252,5),
	(93,2252,5),
	(94,2252,2),
	(95,2252,6),
	(96,2252,2),
	(97,2252,2),
	(98,2252,1),
	(99,2252,1),
	(100,2252,1),
	(101,2252,1),
	(102,2252,1),
	(103,2252,2),
	(104,2252,3),
	(105,2252,2),
	(106,2252,5),
	(107,2252,2),
	(12,2253,5),
	(13,2253,4),
	(15,2253,4),
	(17,2253,4),
	(18,2253,4),
	(19,2253,4),
	(21,2253,4),
	(23,2253,4),
	(27,2253,10),
	(28,2253,4),
	(29,2253,5),
	(56,2253,2),
	(58,2253,1),
	(60,2253,1),
	(62,2253,1),
	(69,2253,1),
	(70,2253,1),
	(72,2253,1),
	(73,2253,1),
	(74,2253,1),
	(75,2253,1),
	(76,2253,8),
	(85,2253,1),
	(86,2253,2),
	(87,2253,2),
	(92,2253,4),
	(93,2253,4),
	(95,2253,4),
	(106,2253,4),
	(12,2254,6),
	(41,2254,6),
	(12,2255,6),
	(12,2256,6),
	(50,2256,6),
	(59,2256,6),
	(88,2256,6),
	(98,2256,6),
	(105,2256,6),
	(12,2257,6),
	(12,2258,6),
	(41,2258,6),
	(12,2259,6),
	(12,2260,6),
	(50,2260,6),
	(59,2260,6),
	(88,2260,6),
	(98,2260,6),
	(105,2260,6),
	(12,2261,6),
	(12,2262,6),
	(41,2262,6),
	(12,2263,6),
	(12,2264,6),
	(50,2264,6),
	(59,2264,6),
	(88,2264,6),
	(98,2264,6),
	(105,2264,6),
	(12,2265,6),
	(12,2266,6),
	(41,2266,6),
	(12,2267,6),
	(12,2268,6),
	(50,2268,6),
	(59,2268,6),
	(88,2268,6),
	(98,2268,6),
	(105,2268,6),
	(12,2269,6),
	(12,2270,6),
	(29,2270,1),
	(41,2270,6),
	(56,2270,1),
	(12,2271,6),
	(12,2272,8),
	(23,2272,3),
	(27,2272,2),
	(28,2272,4),
	(29,2272,1),
	(37,2272,1),
	(40,2272,1),
	(41,2272,1),
	(50,2272,7),
	(55,2272,7),
	(56,2272,5),
	(57,2272,4),
	(58,2272,5),
	(59,2272,7),
	(60,2272,2),
	(62,2272,2),
	(64,2272,1),
	(69,2272,4),
	(70,2272,4),
	(72,2272,4),
	(73,2272,5),
	(74,2272,4),
	(75,2272,4),
	(78,2272,1),
	(80,2272,1),
	(81,2272,1),
	(83,2272,1),
	(84,2272,2),
	(85,2272,3),
	(86,2272,1),
	(87,2272,2),
	(88,2272,6),
	(94,2272,3),
	(98,2272,6),
	(99,2272,1),
	(100,2272,1),
	(101,2272,1),
	(102,2272,1),
	(103,2272,1),
	(105,2272,6),
	(106,2272,1),
	(12,2273,7),
	(12,2274,1),
	(12,2275,1),
	(23,2275,4),
	(27,2275,4),
	(28,2275,1),
	(29,2275,7),
	(50,2275,4),
	(52,2275,1),
	(55,2275,1),
	(56,2275,1),
	(57,2275,2),
	(59,2275,3),
	(60,2275,1),
	(62,2275,1),
	(64,2275,2),
	(65,2275,1),
	(79,2275,1),
	(80,2275,1),
	(81,2275,2),
	(82,2275,1),
	(89,2275,1),
	(94,2275,1),
	(105,2275,2),
	(12,2276,1),
	(12,2277,1),
	(12,2278,1),
	(37,2278,1),
	(12,2279,2),
	(13,2279,1),
	(14,2279,1),
	(15,2279,2),
	(17,2279,1),
	(18,2279,1),
	(19,2279,2),
	(21,2279,1),
	(23,2279,2),
	(27,2279,2),
	(29,2279,1),
	(36,2279,1),
	(37,2279,1),
	(38,2279,1),
	(40,2279,7),
	(44,2279,1),
	(45,2279,1),
	(46,2279,1),
	(47,2279,1),
	(49,2279,4),
	(52,2279,2),
	(62,2279,1),
	(70,2279,1),
	(75,2279,1),
	(76,2279,2),
	(81,2279,2),
	(82,2279,3),
	(84,2279,1),
	(85,2279,1),
	(86,2279,1),
	(88,2279,1),
	(89,2279,1),
	(90,2279,1),
	(91,2279,2),
	(92,2279,2),
	(93,2279,2),
	(94,2279,3),
	(95,2279,1),
	(96,2279,1),
	(97,2279,1),
	(98,2279,1),
	(99,2279,1),
	(100,2279,1),
	(101,2279,1),
	(102,2279,1),
	(103,2279,1),
	(104,2279,1),
	(105,2279,1),
	(106,2279,1),
	(107,2279,1),
	(12,2280,1),
	(17,2280,1),
	(50,2280,1),
	(65,2280,1),
	(79,2280,1),
	(94,2280,1),
	(12,2281,1),
	(27,2281,2),
	(29,2281,1),
	(44,2281,1),
	(49,2281,2),
	(50,2281,1),
	(55,2281,1),
	(58,2281,2),
	(59,2281,1),
	(62,2281,1),
	(64,2281,1),
	(65,2281,1),
	(69,2281,1),
	(70,2281,1),
	(72,2281,1),
	(73,2281,1),
	(74,2281,1),
	(75,2281,1),
	(82,2281,1),
	(83,2281,1),
	(84,2281,1),
	(85,2281,1),
	(86,2281,1),
	(87,2281,1),
	(89,2281,1),
	(94,2281,2),
	(12,2282,1),
	(12,2283,1),
	(12,2284,1),
	(23,2285,1),
	(28,2285,7),
	(29,2285,3),
	(39,2285,1),
	(44,2285,1),
	(46,2285,1),
	(51,2285,3),
	(55,2285,1),
	(56,2285,1),
	(57,2285,2),
	(58,2285,2),
	(59,2285,2),
	(60,2285,1),
	(62,2285,2),
	(64,2285,1),
	(65,2285,2),
	(70,2285,3),
	(72,2285,1),
	(73,2285,1),
	(74,2285,1),
	(75,2285,3),
	(79,2285,2),
	(81,2285,1),
	(85,2285,1),
	(86,2285,1),
	(94,2285,2),
	(96,2285,1),
	(97,2285,1),
	(98,2285,1),
	(104,2285,1),
	(106,2285,2),
	(28,2286,1),
	(62,2286,1),
	(12,2287,2),
	(13,2287,1),
	(14,2287,1),
	(15,2287,1),
	(17,2287,1),
	(18,2287,1),
	(19,2287,1),
	(21,2287,1),
	(36,2287,1),
	(37,2287,1),
	(38,2287,1),
	(40,2287,1),
	(41,2287,1),
	(44,2287,1),
	(45,2287,1),
	(46,2287,1),
	(47,2287,1),
	(52,2287,1),
	(55,2287,1),
	(58,2287,1),
	(62,2287,1),
	(64,2287,1),
	(69,2287,2),
	(70,2287,1),
	(72,2287,2),
	(73,2287,3),
	(74,2287,2),
	(75,2287,1),
	(76,2287,2),
	(81,2287,1),
	(82,2287,1),
	(83,2287,1),
	(85,2287,1),
	(87,2287,1),
	(88,2287,1),
	(89,2287,1),
	(90,2287,1),
	(91,2287,1),
	(92,2287,1),
	(93,2287,1),
	(94,2287,1),
	(95,2287,1),
	(96,2287,1),
	(97,2287,1),
	(98,2287,1),
	(99,2287,1),
	(100,2287,1),
	(101,2287,1),
	(102,2287,1),
	(103,2287,1),
	(104,2287,1),
	(105,2287,1),
	(106,2287,1),
	(107,2287,1),
	(12,2288,1),
	(62,2288,2),
	(64,2288,1),
	(65,2288,1),
	(84,2288,2),
	(96,2288,1),
	(97,2288,1),
	(12,2289,1),
	(21,2289,1),
	(29,2289,1),
	(37,2289,2),
	(52,2289,1),
	(55,2289,1),
	(57,2289,2),
	(59,2289,2),
	(60,2289,1),
	(62,2289,2),
	(69,2289,1),
	(70,2289,2),
	(72,2289,1),
	(73,2289,1),
	(74,2289,1),
	(75,2289,2),
	(79,2289,1),
	(82,2289,1),
	(85,2289,2),
	(86,2289,2),
	(87,2289,1),
	(89,2289,1),
	(94,2289,1),
	(12,2290,6),
	(14,2290,1),
	(17,2290,12),
	(18,2290,2),
	(19,2290,1),
	(21,2290,1),
	(29,2290,7),
	(37,2290,1),
	(45,2290,7),
	(46,2290,6),
	(50,2290,1),
	(51,2290,6),
	(52,2290,2),
	(55,2290,2),
	(56,2290,5),
	(58,2290,5),
	(59,2290,6),
	(61,2290,6),
	(62,2290,9),
	(64,2290,7),
	(70,2290,7),
	(72,2290,1),
	(73,2290,1),
	(74,2290,1),
	(75,2290,7),
	(80,2290,1),
	(82,2290,3),
	(84,2290,2),
	(88,2290,2),
	(92,2290,1),
	(98,2290,6),
	(104,2290,6),
	(105,2290,1),
	(12,2291,6),
	(14,2291,1),
	(17,2291,12),
	(18,2291,2),
	(21,2291,1),
	(29,2291,7),
	(37,2291,1),
	(45,2291,1),
	(51,2291,8),
	(55,2291,2),
	(56,2291,5),
	(58,2291,5),
	(62,2291,9),
	(70,2291,6),
	(75,2291,6),
	(82,2291,3),
	(104,2291,6),
	(12,2292,1),
	(15,2292,16),
	(36,2292,1),
	(40,2292,2),
	(55,2292,2),
	(57,2292,6),
	(72,2292,7),
	(74,2292,3),
	(83,2292,6),
	(84,2292,2),
	(86,2292,7),
	(87,2292,7),
	(93,2292,17),
	(12,2293,2),
	(44,2293,6),
	(55,2293,2),
	(81,2293,9),
	(91,2293,8),
	(12,2294,1),
	(14,2294,1),
	(27,2294,2),
	(48,2294,10),
	(59,2294,1),
	(98,2294,1),
	(12,2295,1),
	(12,2296,1),
	(13,2296,1),
	(14,2296,1),
	(15,2296,1),
	(17,2296,1),
	(19,2296,1),
	(21,2296,1),
	(29,2296,1),
	(36,2296,1),
	(37,2296,1),
	(39,2296,1),
	(40,2296,1),
	(41,2296,1),
	(44,2296,1),
	(45,2296,1),
	(46,2296,1),
	(47,2296,1),
	(52,2296,1),
	(55,2296,3),
	(56,2296,1),
	(57,2296,2),
	(58,2296,2),
	(69,2296,1),
	(70,2296,2),
	(72,2296,1),
	(73,2296,2),
	(74,2296,2),
	(75,2296,2),
	(76,2296,2),
	(83,2296,1),
	(85,2296,1),
	(86,2296,1),
	(87,2296,1),
	(89,2296,1),
	(97,2296,1),
	(99,2296,1),
	(100,2296,1),
	(101,2296,1),
	(102,2296,1),
	(103,2296,1),
	(106,2296,1),
	(107,2296,1),
	(29,2297,1),
	(44,2297,1),
	(48,2297,2),
	(12,2298,4),
	(17,2298,4),
	(51,2298,6),
	(84,2298,1),
	(104,2298,6),
	(12,2299,4),
	(13,2299,4),
	(14,2299,6),
	(17,2299,4),
	(21,2299,4),
	(13,2300,6),
	(15,2300,6),
	(93,2300,6),
	(13,2301,6),
	(13,2302,6),
	(27,2302,12),
	(37,2302,6),
	(90,2302,6),
	(13,2303,6),
	(27,2303,12),
	(37,2303,6),
	(90,2303,6),
	(13,2304,6),
	(27,2304,12),
	(37,2304,6),
	(90,2304,6),
	(13,2305,6),
	(47,2305,6),
	(13,2306,6),
	(15,2306,6),
	(93,2306,6),
	(13,2307,6),
	(13,2308,6),
	(27,2308,12),
	(37,2308,6),
	(90,2308,6),
	(13,2309,6),
	(27,2309,12),
	(37,2309,6),
	(90,2309,6),
	(13,2310,6),
	(27,2310,12),
	(37,2310,6),
	(90,2310,6),
	(13,2311,6),
	(47,2311,6),
	(13,2312,6),
	(15,2312,6),
	(93,2312,6),
	(13,2313,6),
	(13,2314,6),
	(27,2314,12),
	(37,2314,6),
	(90,2314,6),
	(13,2315,6),
	(27,2315,12),
	(37,2315,6),
	(90,2315,6),
	(13,2316,6),
	(27,2316,12),
	(37,2316,6),
	(90,2316,6),
	(13,2317,6),
	(47,2317,6),
	(13,2318,6),
	(15,2318,6),
	(93,2318,6),
	(13,2319,6),
	(13,2320,6),
	(27,2320,12),
	(37,2320,6),
	(90,2320,6),
	(13,2321,6),
	(27,2321,12),
	(37,2321,6),
	(90,2321,6),
	(13,2322,6),
	(27,2322,12),
	(37,2322,6),
	(90,2322,6),
	(13,2323,6),
	(47,2323,6),
	(13,2324,6),
	(15,2324,6),
	(93,2324,6),
	(13,2325,6),
	(29,2325,2),
	(12,2326,1),
	(13,2326,8),
	(14,2326,1),
	(15,2326,1),
	(17,2326,1),
	(18,2326,1),
	(19,2326,1),
	(21,2326,1),
	(29,2326,2),
	(36,2326,1),
	(37,2326,8),
	(38,2326,1),
	(39,2326,1),
	(40,2326,1),
	(44,2326,1),
	(45,2326,1),
	(46,2326,1),
	(47,2326,1),
	(52,2326,1),
	(55,2326,1),
	(59,2326,1),
	(76,2326,2),
	(88,2326,1),
	(89,2326,1),
	(90,2326,7),
	(91,2326,1),
	(92,2326,1),
	(93,2326,1),
	(94,2326,1),
	(95,2326,1),
	(96,2326,1),
	(97,2326,1),
	(98,2326,1),
	(99,2326,1),
	(100,2326,1),
	(101,2326,1),
	(102,2326,1),
	(103,2326,1),
	(104,2326,1),
	(105,2326,1),
	(106,2326,1),
	(107,2326,1),
	(13,2327,11),
	(18,2327,6),
	(21,2327,5),
	(27,2327,24),
	(28,2327,1),
	(37,2327,6),
	(47,2327,1),
	(50,2327,1),
	(90,2327,7),
	(13,2328,11),
	(21,2328,5),
	(27,2328,24),
	(37,2328,6),
	(48,2328,4),
	(70,2328,1),
	(72,2328,1),
	(73,2328,1),
	(74,2328,1),
	(75,2328,1),
	(90,2328,7),
	(13,2329,6),
	(27,2329,18),
	(47,2329,6),
	(62,2329,2),
	(79,2329,2),
	(82,2329,2),
	(90,2329,1),
	(13,2330,1),
	(55,2330,1),
	(13,2331,1),
	(15,2331,1),
	(17,2331,1),
	(27,2331,2),
	(28,2331,7),
	(29,2331,1),
	(37,2331,1),
	(39,2331,2),
	(41,2331,1),
	(50,2331,1),
	(51,2331,1),
	(55,2331,1),
	(58,2331,1),
	(59,2331,1),
	(60,2331,1),
	(61,2331,1),
	(62,2331,1),
	(69,2331,1),
	(72,2331,1),
	(73,2331,1),
	(84,2331,1),
	(87,2331,1),
	(93,2331,1),
	(94,2331,1),
	(99,2331,1),
	(100,2331,1),
	(101,2331,1),
	(102,2331,1),
	(103,2331,1),
	(106,2331,6),
	(13,2332,1),
	(27,2332,2),
	(37,2332,1),
	(57,2332,1),
	(13,2333,1),
	(17,2333,1),
	(37,2333,1),
	(57,2333,1),
	(58,2333,1),
	(72,2333,2),
	(73,2333,1),
	(74,2333,2),
	(86,2333,1),
	(87,2333,1),
	(13,2334,1),
	(37,2334,1),
	(58,2334,1),
	(61,2334,1),
	(13,2335,1),
	(37,2335,1),
	(51,2335,1),
	(13,2336,1),
	(28,2336,1),
	(37,2336,1),
	(55,2336,1),
	(70,2336,1),
	(75,2336,1),
	(79,2336,2),
	(84,2336,1),
	(85,2336,1),
	(86,2336,1),
	(13,2337,1),
	(18,2337,1),
	(37,2337,1),
	(78,2337,1),
	(13,2338,1),
	(29,2338,2),
	(13,2339,2),
	(15,2339,8),
	(17,2339,2),
	(23,2339,1),
	(27,2339,12),
	(28,2339,8),
	(29,2339,8),
	(37,2339,2),
	(38,2339,1),
	(39,2339,1),
	(41,2339,1),
	(44,2339,1),
	(46,2339,5),
	(48,2339,2),
	(49,2339,2),
	(50,2339,5),
	(51,2339,4),
	(52,2339,2),
	(55,2339,9),
	(56,2339,2),
	(57,2339,6),
	(58,2339,3),
	(59,2339,9),
	(60,2339,4),
	(61,2339,1),
	(62,2339,5),
	(65,2339,3),
	(69,2339,14),
	(70,2339,10),
	(72,2339,13),
	(73,2339,18),
	(74,2339,11),
	(75,2339,14),
	(79,2339,3),
	(80,2339,15),
	(81,2339,2),
	(82,2339,3),
	(83,2339,3),
	(84,2339,4),
	(85,2339,15),
	(86,2339,15),
	(87,2339,17),
	(89,2339,1),
	(90,2339,3),
	(93,2339,8),
	(94,2339,4),
	(98,2339,5),
	(99,2339,8),
	(100,2339,8),
	(101,2339,8),
	(102,2339,8),
	(103,2339,8),
	(105,2339,1),
	(106,2339,3),
	(13,2340,1),
	(50,2340,1),
	(52,2340,1),
	(59,2340,1),
	(62,2340,1),
	(70,2340,1),
	(75,2340,1),
	(79,2340,2),
	(85,2340,1),
	(94,2340,1),
	(13,2341,1),
	(50,2341,1),
	(105,2341,1),
	(13,2342,1),
	(50,2342,1),
	(59,2342,2),
	(64,2342,1),
	(98,2342,1),
	(12,2343,2),
	(13,2343,3),
	(14,2343,2),
	(15,2343,2),
	(17,2343,2),
	(18,2343,2),
	(19,2343,2),
	(21,2343,2),
	(27,2343,2),
	(29,2343,2),
	(36,2343,2),
	(37,2343,2),
	(38,2343,2),
	(39,2343,1),
	(40,2343,2),
	(41,2343,1),
	(44,2343,2),
	(45,2343,2),
	(46,2343,2),
	(47,2343,2),
	(52,2343,2),
	(61,2343,1),
	(65,2343,1),
	(69,2343,3),
	(70,2343,2),
	(72,2343,2),
	(73,2343,2),
	(74,2343,2),
	(75,2343,3),
	(76,2343,4),
	(82,2343,1),
	(85,2343,3),
	(86,2343,2),
	(87,2343,2),
	(88,2343,2),
	(89,2343,2),
	(90,2343,2),
	(91,2343,2),
	(92,2343,2),
	(93,2343,2),
	(95,2343,2),
	(96,2343,2),
	(97,2343,2),
	(98,2343,2),
	(99,2343,2),
	(100,2343,2),
	(101,2343,2),
	(102,2343,2),
	(103,2343,2),
	(104,2343,2),
	(105,2343,2),
	(106,2343,2),
	(107,2343,2),
	(13,2344,1),
	(13,2345,1),
	(37,2345,1),
	(81,2345,2),
	(91,2345,1),
	(13,2346,1),
	(21,2346,6),
	(37,2346,1),
	(40,2346,1),
	(81,2346,2),
	(91,2346,1),
	(13,2347,1),
	(13,2348,1),
	(27,2348,2),
	(48,2348,1),
	(62,2348,1),
	(64,2348,1),
	(65,2348,1),
	(72,2348,1),
	(73,2348,1),
	(74,2348,1),
	(81,2348,2),
	(91,2348,1),
	(94,2348,1),
	(13,2349,1),
	(37,2349,1),
	(13,2350,1),
	(37,2350,1),
	(13,2351,1),
	(19,2351,1),
	(37,2351,1),
	(92,2351,1),
	(12,2352,1),
	(13,2352,2),
	(14,2352,1),
	(15,2352,2),
	(17,2352,1),
	(18,2352,1),
	(19,2352,1),
	(21,2352,1),
	(36,2352,1),
	(37,2352,2),
	(38,2352,1),
	(39,2352,1),
	(40,2352,2),
	(41,2352,1),
	(44,2352,1),
	(45,2352,1),
	(46,2352,1),
	(47,2352,1),
	(50,2352,1),
	(52,2352,1),
	(55,2352,1),
	(57,2352,1),
	(58,2352,2),
	(61,2352,1),
	(62,2352,2),
	(65,2352,1),
	(69,2352,2),
	(70,2352,3),
	(72,2352,3),
	(73,2352,3),
	(74,2352,4),
	(75,2352,3),
	(76,2352,2),
	(81,2352,2),
	(82,2352,1),
	(83,2352,1),
	(85,2352,2),
	(86,2352,2),
	(87,2352,2),
	(88,2352,1),
	(89,2352,1),
	(90,2352,1),
	(91,2352,2),
	(92,2352,1),
	(93,2352,2),
	(95,2352,1),
	(96,2352,1),
	(97,2352,1),
	(98,2352,1),
	(99,2352,1),
	(100,2352,1),
	(101,2352,1),
	(102,2352,1),
	(103,2352,1),
	(104,2352,1),
	(105,2352,1),
	(106,2352,1),
	(107,2352,1),
	(13,2353,1),
	(27,2353,6),
	(37,2353,1),
	(50,2353,1),
	(58,2353,1),
	(90,2353,1),
	(13,2354,1),
	(27,2354,6),
	(37,2354,5),
	(46,2354,4),
	(52,2354,4),
	(59,2354,7),
	(90,2354,1),
	(94,2354,7),
	(98,2354,5),
	(13,2355,1),
	(41,2355,1),
	(13,2356,1),
	(13,2357,1),
	(13,2358,1),
	(23,2358,1),
	(29,2358,2),
	(55,2358,1),
	(57,2358,1),
	(13,2359,1),
	(13,2360,1),
	(27,2361,4),
	(29,2361,2),
	(50,2361,1),
	(90,2361,1),
	(13,2362,1),
	(37,2362,1),
	(13,2363,1),
	(36,2363,1),
	(37,2363,11),
	(52,2363,4),
	(94,2363,4),
	(27,2364,6),
	(37,2364,1),
	(58,2364,1),
	(90,2364,1),
	(27,2365,2),
	(37,2365,1),
	(27,2366,2),
	(37,2366,1),
	(46,2366,1),
	(49,2366,2),
	(50,2366,1),
	(55,2366,1),
	(64,2366,3),
	(27,2367,6),
	(37,2367,1),
	(90,2367,1),
	(27,2368,4),
	(50,2368,1),
	(82,2368,1),
	(90,2368,1),
	(27,2369,4),
	(50,2369,1),
	(58,2369,1),
	(82,2369,2),
	(90,2369,2),
	(104,2369,1),
	(27,2370,4),
	(37,2370,5),
	(46,2370,4),
	(59,2370,7),
	(94,2370,1),
	(98,2370,5),
	(27,2371,4),
	(37,2371,5),
	(46,2371,4),
	(56,2371,1),
	(59,2371,7),
	(94,2371,1),
	(98,2371,5),
	(37,2372,1),
	(55,2374,1),
	(58,2374,1),
	(18,2375,1),
	(48,2375,1),
	(50,2375,2),
	(55,2375,2),
	(59,2375,1),
	(62,2375,1),
	(64,2375,1),
	(78,2375,1),
	(79,2375,6),
	(89,2375,6),
	(95,2375,1),
	(105,2375,1),
	(107,2375,1),
	(18,2376,1),
	(50,2376,1),
	(55,2376,1),
	(59,2376,1),
	(79,2376,6),
	(89,2376,6),
	(95,2376,1),
	(105,2376,1),
	(107,2376,1),
	(12,2377,3),
	(13,2377,5),
	(14,2377,3),
	(15,2377,3),
	(17,2377,3),
	(18,2377,1),
	(19,2377,5),
	(21,2377,5),
	(27,2377,4),
	(29,2377,2),
	(36,2377,5),
	(37,2377,5),
	(38,2377,3),
	(39,2377,4),
	(40,2377,5),
	(41,2377,4),
	(44,2377,5),
	(45,2377,5),
	(46,2377,5),
	(47,2377,5),
	(52,2377,3),
	(55,2377,1),
	(76,2377,10),
	(88,2377,1),
	(89,2377,3),
	(90,2377,1),
	(91,2377,1),
	(92,2377,3),
	(93,2377,1),
	(95,2377,1),
	(96,2377,1),
	(97,2377,3),
	(98,2377,1),
	(99,2377,3),
	(100,2377,3),
	(101,2377,3),
	(102,2377,3),
	(103,2377,3),
	(104,2377,1),
	(105,2377,1),
	(106,2377,3),
	(107,2377,3),
	(21,2378,1),
	(12,2379,1),
	(13,2379,1),
	(14,2379,1),
	(15,2379,1),
	(17,2379,1),
	(19,2379,1),
	(21,2379,1),
	(36,2379,1),
	(37,2379,1),
	(39,2379,1),
	(40,2379,1),
	(41,2379,1),
	(44,2379,1),
	(45,2379,1),
	(46,2379,1),
	(47,2379,1),
	(52,2379,1),
	(58,2379,1),
	(64,2379,1),
	(76,2379,2),
	(89,2379,1),
	(97,2379,1),
	(99,2379,1),
	(100,2379,1),
	(101,2379,1),
	(102,2379,1),
	(103,2379,1),
	(106,2379,1),
	(107,2379,1),
	(15,2380,1),
	(27,2380,8),
	(29,2380,2),
	(37,2380,1),
	(41,2380,5),
	(44,2380,1),
	(45,2380,1),
	(47,2380,5),
	(51,2380,1),
	(58,2380,1),
	(65,2380,1),
	(82,2380,2),
	(90,2380,2),
	(93,2380,1),
	(94,2380,1),
	(104,2380,1),
	(13,2381,4),
	(14,2381,4),
	(18,2381,8),
	(21,2381,5),
	(23,2381,4),
	(27,2381,10),
	(39,2381,11),
	(48,2381,6),
	(65,2381,18),
	(88,2381,2),
	(94,2381,2),
	(95,2381,8),
	(96,2381,16),
	(97,2381,16),
	(13,2382,4),
	(17,2382,4),
	(18,2382,4),
	(19,2382,4),
	(21,2382,4),
	(27,2382,12),
	(39,2382,6),
	(47,2382,6),
	(80,2382,1),
	(90,2382,1),
	(92,2382,4),
	(95,2382,10),
	(13,2383,4),
	(19,2383,4),
	(21,2383,4),
	(27,2383,12),
	(90,2383,1),
	(92,2383,4),
	(14,2384,6),
	(14,2385,6),
	(14,2386,6),
	(14,2387,6),
	(14,2388,6),
	(14,2389,6),
	(14,2390,6),
	(14,2391,6),
	(14,2392,6),
	(14,2393,6),
	(14,2394,6),
	(14,2395,6),
	(14,2396,6),
	(14,2397,6),
	(14,2398,6),
	(14,2399,6),
	(14,2400,6),
	(14,2401,6),
	(14,2402,6),
	(14,2403,6),
	(14,2404,11),
	(14,2405,6),
	(14,2406,6),
	(29,2406,3),
	(44,2406,2),
	(50,2406,1),
	(58,2406,1),
	(69,2406,1),
	(72,2406,1),
	(73,2406,1),
	(81,2406,2),
	(82,2406,2),
	(87,2406,1),
	(91,2406,1),
	(14,2407,6),
	(41,2407,1),
	(48,2407,1),
	(56,2407,1),
	(58,2407,1),
	(64,2407,2),
	(72,2407,1),
	(73,2407,1),
	(74,2407,1),
	(82,2407,1),
	(14,2408,6),
	(55,2408,1),
	(56,2408,2),
	(58,2408,2),
	(64,2408,1),
	(72,2408,1),
	(74,2408,1),
	(81,2408,2),
	(82,2408,1),
	(83,2408,1),
	(84,2408,1),
	(86,2408,1),
	(87,2408,1),
	(14,2409,1),
	(27,2409,2),
	(14,2410,1),
	(14,2411,1),
	(17,2411,1),
	(14,2412,1),
	(15,2412,1),
	(93,2412,1),
	(14,2413,1),
	(19,2413,1),
	(45,2413,1),
	(55,2413,2),
	(60,2413,1),
	(80,2413,1),
	(88,2413,1),
	(92,2413,1),
	(12,2414,3),
	(14,2414,1),
	(15,2414,4),
	(18,2414,4),
	(19,2414,5),
	(39,2414,3),
	(41,2414,3),
	(44,2414,4),
	(46,2414,7),
	(50,2414,1),
	(65,2414,4),
	(78,2414,1),
	(88,2414,1),
	(89,2414,3),
	(92,2414,5),
	(93,2414,4),
	(95,2414,4),
	(96,2414,4),
	(97,2414,7),
	(105,2414,1),
	(14,2415,1),
	(15,2415,1),
	(23,2415,4),
	(27,2415,8),
	(28,2415,4),
	(29,2415,4),
	(48,2415,6),
	(51,2415,1),
	(57,2415,1),
	(69,2415,1),
	(70,2415,1),
	(72,2415,1),
	(73,2415,2),
	(74,2415,2),
	(75,2415,1),
	(79,2415,6),
	(85,2415,1),
	(93,2415,1),
	(104,2415,1),
	(106,2415,4),
	(14,2416,1),
	(15,2416,1),
	(93,2416,1),
	(14,2417,1),
	(15,2417,1),
	(93,2417,1),
	(14,2418,1),
	(50,2418,1),
	(52,2418,1),
	(80,2418,1),
	(94,2418,1),
	(72,2435,1),
	(74,2435,1),
	(86,2435,1),
	(87,2435,1),
	(14,2438,7),
	(106,2438,3),
	(15,2439,6),
	(72,2439,6),
	(74,2439,6),
	(83,2439,6),
	(84,2439,6),
	(86,2439,6),
	(87,2439,6),
	(93,2439,6),
	(15,2440,6),
	(69,2440,6),
	(70,2440,6),
	(72,2440,12),
	(73,2440,12),
	(74,2440,6),
	(75,2440,6),
	(80,2440,6),
	(85,2440,6),
	(86,2440,6),
	(87,2440,6),
	(93,2440,6),
	(15,2441,6),
	(93,2441,6),
	(15,2442,6),
	(72,2442,6),
	(74,2442,6),
	(83,2442,6),
	(84,2442,6),
	(86,2442,6),
	(87,2442,6),
	(93,2442,6),
	(15,2443,6),
	(69,2443,6),
	(70,2443,6),
	(72,2443,12),
	(73,2443,12),
	(74,2443,6),
	(75,2443,6),
	(80,2443,6),
	(85,2443,6),
	(86,2443,6),
	(87,2443,6),
	(93,2443,6),
	(15,2444,6),
	(93,2444,6),
	(15,2445,6),
	(72,2445,6),
	(74,2445,6),
	(83,2445,6),
	(84,2445,6),
	(86,2445,6),
	(87,2445,6),
	(93,2445,6),
	(15,2446,6),
	(69,2446,6),
	(70,2446,6),
	(72,2446,12),
	(73,2446,12),
	(74,2446,6),
	(75,2446,6),
	(80,2446,6),
	(85,2446,6),
	(86,2446,6),
	(87,2446,6),
	(93,2446,6),
	(15,2447,6),
	(93,2447,6),
	(15,2448,6),
	(72,2448,6),
	(74,2448,6),
	(83,2448,6),
	(84,2448,6),
	(86,2448,6),
	(87,2448,6),
	(93,2448,6),
	(15,2449,6),
	(69,2449,6),
	(70,2449,6),
	(72,2449,12),
	(73,2449,12),
	(74,2449,6),
	(75,2449,6),
	(80,2449,6),
	(85,2449,6),
	(86,2449,6),
	(87,2449,6),
	(93,2449,6),
	(15,2450,6),
	(93,2450,6),
	(15,2451,6),
	(93,2451,6),
	(15,2452,1),
	(93,2452,1),
	(12,2453,1),
	(13,2453,1),
	(14,2453,1),
	(15,2453,7),
	(17,2453,2),
	(18,2453,5),
	(19,2453,6),
	(21,2453,1),
	(23,2453,5),
	(28,2453,3),
	(29,2453,1),
	(36,2453,1),
	(37,2453,1),
	(38,2453,1),
	(39,2453,3),
	(40,2453,2),
	(41,2453,3),
	(44,2453,2),
	(45,2453,1),
	(46,2453,1),
	(47,2453,1),
	(48,2453,1),
	(52,2453,7),
	(55,2453,4),
	(57,2453,4),
	(61,2453,1),
	(62,2453,3),
	(64,2453,2),
	(65,2453,7),
	(72,2453,2),
	(74,2453,2),
	(76,2453,2),
	(78,2453,1),
	(79,2453,3),
	(81,2453,5),
	(83,2453,3),
	(84,2453,2),
	(86,2453,2),
	(87,2453,2),
	(88,2453,2),
	(89,2453,1),
	(90,2453,1),
	(91,2453,2),
	(92,2453,6),
	(93,2453,7),
	(94,2453,6),
	(95,2453,5),
	(96,2453,3),
	(97,2453,3),
	(98,2453,1),
	(99,2453,1),
	(100,2453,1),
	(101,2453,1),
	(102,2453,1),
	(103,2453,1),
	(104,2453,1),
	(105,2453,1),
	(106,2453,2),
	(107,2453,1),
	(15,2454,1),
	(93,2454,1),
	(15,2455,1),
	(93,2455,1),
	(15,2456,1),
	(93,2456,1),
	(15,2457,1),
	(93,2457,1),
	(15,2458,1),
	(93,2458,1),
	(15,2459,1),
	(49,2459,2),
	(50,2459,1),
	(57,2459,2),
	(59,2459,1),
	(62,2459,1),
	(64,2459,2),
	(72,2459,1),
	(74,2459,1),
	(80,2459,2),
	(81,2459,2),
	(84,2459,1),
	(86,2459,1),
	(87,2459,1),
	(88,2459,1),
	(91,2459,1),
	(93,2459,1),
	(15,2460,1),
	(17,2460,1),
	(18,2460,1),
	(19,2460,1),
	(21,2460,1),
	(23,2460,2),
	(27,2460,2),
	(28,2460,6),
	(29,2460,4),
	(36,2460,2),
	(38,2460,1),
	(39,2460,1),
	(40,2460,3),
	(45,2460,1),
	(47,2460,1),
	(48,2460,2),
	(50,2460,6),
	(51,2460,2),
	(55,2460,2),
	(56,2460,4),
	(57,2460,1),
	(58,2460,6),
	(59,2460,4),
	(61,2460,2),
	(62,2460,2),
	(64,2460,2),
	(65,2460,1),
	(69,2460,6),
	(70,2460,9),
	(72,2460,11),
	(73,2460,12),
	(74,2460,12),
	(75,2460,9),
	(78,2460,4),
	(79,2460,1),
	(80,2460,4),
	(81,2460,5),
	(82,2460,4),
	(83,2460,2),
	(84,2460,2),
	(85,2460,4),
	(86,2460,3),
	(87,2460,5),
	(91,2460,1),
	(92,2460,1),
	(93,2460,1),
	(94,2460,4),
	(95,2460,1),
	(106,2460,2),
	(107,2460,1),
	(15,2461,1),
	(93,2461,1),
	(15,2462,1),
	(39,2462,1),
	(50,2462,1),
	(70,2462,1),
	(72,2462,1),
	(73,2462,1),
	(74,2462,1),
	(75,2462,1),
	(93,2462,1),
	(94,2462,1),
	(105,2462,1),
	(15,2463,1),
	(79,2463,2),
	(88,2463,1),
	(93,2463,1),
	(15,2464,1),
	(93,2464,1),
	(15,2465,1),
	(29,2465,1),
	(80,2465,1),
	(93,2465,1),
	(15,2466,1),
	(19,2466,1),
	(21,2466,1),
	(23,2466,7),
	(27,2466,6),
	(29,2466,10),
	(36,2466,1),
	(39,2466,6),
	(41,2466,7),
	(46,2466,1),
	(49,2466,2),
	(56,2466,1),
	(57,2466,1),
	(59,2466,2),
	(61,2466,1),
	(62,2466,1),
	(64,2466,1),
	(69,2466,2),
	(70,2466,1),
	(72,2466,3),
	(73,2466,3),
	(74,2466,1),
	(75,2466,1),
	(81,2466,2),
	(83,2466,1),
	(84,2466,1),
	(87,2466,2),
	(92,2466,1),
	(93,2466,1),
	(94,2466,1),
	(95,2466,6),
	(15,2467,1),
	(28,2467,2),
	(29,2467,2),
	(55,2467,3),
	(57,2467,1),
	(58,2467,3),
	(64,2467,1),
	(69,2467,3),
	(70,2467,4),
	(72,2467,2),
	(73,2467,4),
	(74,2467,4),
	(75,2467,4),
	(83,2467,1),
	(85,2467,3),
	(86,2467,1),
	(87,2467,1),
	(93,2467,1),
	(106,2467,1),
	(15,2468,4),
	(55,2468,3),
	(57,2468,6),
	(69,2468,16),
	(70,2468,17),
	(72,2468,19),
	(73,2468,18),
	(74,2468,20),
	(75,2468,17),
	(83,2468,13),
	(84,2468,9),
	(85,2468,19),
	(86,2468,16),
	(87,2468,21),
	(93,2468,1),
	(15,2469,1),
	(55,2469,1),
	(57,2469,2),
	(69,2469,3),
	(70,2469,4),
	(72,2469,3),
	(73,2469,4),
	(74,2469,5),
	(75,2469,4),
	(83,2469,1),
	(84,2469,1),
	(85,2469,3),
	(86,2469,2),
	(87,2469,2),
	(93,2469,1),
	(15,2470,1),
	(23,2470,1),
	(93,2470,1),
	(15,2471,2),
	(40,2471,6),
	(49,2471,2),
	(84,2471,2),
	(93,2471,2),
	(15,2472,1),
	(23,2472,2),
	(50,2472,2),
	(57,2472,1),
	(58,2472,1),
	(61,2472,1),
	(62,2472,1),
	(72,2472,1),
	(74,2472,1),
	(81,2472,1),
	(86,2472,1),
	(87,2472,1),
	(93,2472,1),
	(94,2472,2),
	(23,2473,1),
	(29,2473,2),
	(39,2473,1),
	(41,2473,1),
	(50,2473,1),
	(55,2473,1),
	(56,2473,1),
	(70,2473,2),
	(72,2473,1),
	(73,2473,1),
	(74,2473,1),
	(75,2473,2),
	(79,2473,2),
	(81,2473,1),
	(82,2473,3),
	(23,2474,1),
	(27,2474,2),
	(39,2474,1),
	(41,2474,2),
	(70,2474,1),
	(72,2474,1),
	(73,2474,1),
	(74,2474,1),
	(75,2474,1),
	(79,2474,1),
	(81,2474,1),
	(82,2474,1),
	(84,2474,1),
	(23,2475,1),
	(29,2475,1),
	(39,2475,1),
	(41,2475,1),
	(50,2475,1),
	(64,2475,1),
	(69,2475,1),
	(72,2475,1),
	(73,2475,1),
	(79,2475,3),
	(81,2475,1),
	(84,2475,1),
	(87,2475,1),
	(94,2475,1),
	(44,2476,6),
	(70,2476,6),
	(72,2476,6),
	(73,2476,6),
	(74,2476,6),
	(75,2476,6),
	(44,2477,6),
	(45,2477,6),
	(44,2478,6),
	(37,2479,6),
	(44,2479,6),
	(17,2480,12),
	(21,2480,6),
	(36,2480,6),
	(38,2480,6),
	(40,2480,6),
	(44,2480,6),
	(46,2480,6),
	(52,2480,6),
	(55,2480,6),
	(62,2480,6),
	(64,2480,6),
	(65,2480,6),
	(82,2480,6),
	(94,2480,6),
	(96,2480,6),
	(97,2480,6),
	(44,2481,6),
	(44,2482,6),
	(70,2482,6),
	(72,2482,6),
	(73,2482,6),
	(74,2482,6),
	(75,2482,6),
	(44,2483,6),
	(45,2483,6),
	(44,2484,6),
	(37,2485,6),
	(44,2485,6),
	(17,2486,12),
	(21,2486,6),
	(36,2486,6),
	(38,2486,6),
	(40,2486,6),
	(44,2486,6),
	(46,2486,6),
	(52,2486,6),
	(55,2486,6),
	(62,2486,6),
	(64,2486,6),
	(65,2486,6),
	(82,2486,6),
	(94,2486,6),
	(96,2486,6),
	(97,2486,6),
	(44,2487,6),
	(44,2488,6),
	(70,2488,6),
	(72,2488,6),
	(73,2488,6),
	(74,2488,6),
	(75,2488,6),
	(44,2489,6),
	(45,2489,6),
	(44,2490,6),
	(37,2491,6),
	(44,2491,6),
	(44,2492,6),
	(44,2493,6),
	(70,2493,6),
	(72,2493,6),
	(73,2493,6),
	(74,2493,6),
	(75,2493,6),
	(44,2494,6),
	(45,2494,6),
	(44,2495,6),
	(37,2496,6),
	(44,2496,6),
	(17,2497,12),
	(21,2497,6),
	(36,2497,6),
	(38,2497,6),
	(40,2497,6),
	(44,2497,6),
	(46,2497,6),
	(52,2497,6),
	(55,2497,6),
	(62,2497,6),
	(64,2497,6),
	(65,2497,6),
	(82,2497,6),
	(94,2497,6),
	(96,2497,6),
	(97,2497,6),
	(44,2498,6),
	(28,2499,3),
	(29,2499,1),
	(41,2499,1),
	(44,2499,6),
	(60,2499,1),
	(70,2499,1),
	(72,2499,1),
	(73,2499,1),
	(74,2499,1),
	(75,2499,1),
	(78,2499,2),
	(106,2499,1),
	(19,2500,1),
	(23,2500,1),
	(37,2500,6),
	(44,2500,11),
	(56,2500,1),
	(70,2500,1),
	(72,2500,1),
	(73,2500,1),
	(74,2500,1),
	(75,2500,1),
	(92,2500,1),
	(44,2501,10),
	(57,2501,1),
	(23,2502,2),
	(27,2502,2),
	(29,2502,2),
	(39,2502,1),
	(44,2502,2),
	(45,2502,1),
	(46,2502,1),
	(51,2502,1),
	(57,2502,1),
	(62,2502,8),
	(64,2502,6),
	(82,2502,2),
	(89,2502,1),
	(90,2502,1),
	(104,2502,1),
	(29,2503,1),
	(55,2503,1),
	(56,2503,1),
	(17,2504,1),
	(28,2504,3),
	(106,2504,1),
	(29,2505,3),
	(72,2505,1),
	(74,2505,1),
	(86,2505,1),
	(87,2505,1),
	(29,2506,1),
	(39,2506,2),
	(51,2506,1),
	(55,2506,1),
	(56,2506,2),
	(57,2506,2),
	(59,2506,1),
	(62,2506,2),
	(64,2506,2),
	(65,2506,2),
	(70,2506,1),
	(72,2506,1),
	(74,2506,1),
	(75,2506,1),
	(79,2506,1),
	(81,2506,1),
	(82,2506,1),
	(85,2506,1),
	(86,2506,2),
	(87,2506,1),
	(94,2506,1),
	(19,2507,1),
	(39,2507,2),
	(51,2507,8),
	(55,2507,2),
	(56,2507,4),
	(57,2507,2),
	(58,2507,10),
	(61,2507,19),
	(64,2507,1),
	(65,2507,1),
	(72,2507,2),
	(74,2507,2),
	(79,2507,1),
	(82,2507,3),
	(83,2507,7),
	(84,2507,1),
	(86,2507,2),
	(87,2507,2),
	(92,2507,1),
	(94,2507,1),
	(104,2507,4),
	(19,2508,1),
	(51,2508,1),
	(61,2508,6),
	(65,2508,2),
	(69,2508,1),
	(70,2508,1),
	(73,2508,1),
	(74,2508,1),
	(75,2508,1),
	(79,2508,1),
	(81,2508,1),
	(83,2508,1),
	(85,2508,1),
	(92,2508,1),
	(72,2510,1),
	(73,2510,1),
	(74,2510,1),
	(19,2511,1),
	(39,2511,1),
	(41,2511,1),
	(48,2511,1),
	(57,2511,1),
	(58,2511,1),
	(64,2511,1),
	(69,2511,1),
	(70,2511,3),
	(73,2511,1),
	(74,2511,1),
	(75,2511,3),
	(81,2511,2),
	(84,2511,2),
	(85,2511,2),
	(86,2511,1),
	(92,2511,1),
	(29,2512,1),
	(44,2512,1),
	(50,2512,1),
	(56,2512,2),
	(58,2512,2),
	(78,2512,1),
	(81,2512,2),
	(91,2512,1),
	(105,2512,1),
	(23,2513,1),
	(29,2513,1),
	(44,2513,1),
	(56,2513,1),
	(39,2514,1),
	(41,2514,1),
	(17,2515,6),
	(70,2515,6),
	(84,2515,6),
	(17,2516,6),
	(70,2516,6),
	(17,2517,6),
	(19,2517,3),
	(29,2517,6),
	(36,2517,6),
	(55,2517,6),
	(57,2517,6),
	(62,2517,6),
	(79,2517,6),
	(89,2517,6),
	(17,2518,6),
	(82,2518,6),
	(17,2519,6),
	(82,2519,6),
	(17,2520,6),
	(82,2520,6),
	(17,2521,6),
	(70,2521,6),
	(84,2521,6),
	(17,2522,6),
	(70,2522,6),
	(17,2523,6),
	(19,2523,3),
	(29,2523,6),
	(36,2523,6),
	(55,2523,6),
	(57,2523,6),
	(62,2523,6),
	(79,2523,6),
	(89,2523,6),
	(17,2524,6),
	(82,2524,6),
	(17,2525,6),
	(82,2525,6),
	(17,2526,6),
	(82,2526,6),
	(17,2527,6),
	(70,2527,6),
	(84,2527,6),
	(17,2528,6),
	(70,2528,6),
	(17,2529,6),
	(19,2529,3),
	(29,2529,6),
	(36,2529,6),
	(55,2529,6),
	(57,2529,6),
	(62,2529,6),
	(79,2529,6),
	(89,2529,6),
	(17,2530,6),
	(82,2530,6),
	(17,2531,6),
	(82,2531,6),
	(17,2532,6),
	(82,2532,6),
	(17,2533,6),
	(70,2533,6),
	(84,2533,6),
	(17,2534,6),
	(70,2534,6),
	(17,2535,6),
	(19,2535,3),
	(29,2535,6),
	(36,2535,6),
	(55,2535,6),
	(57,2535,6),
	(62,2535,6),
	(79,2535,6),
	(89,2535,6),
	(17,2536,6),
	(82,2536,6),
	(17,2537,6),
	(82,2537,6),
	(17,2538,6),
	(82,2538,6),
	(12,2539,1),
	(17,2539,8),
	(41,2539,1),
	(70,2539,1),
	(72,2539,1),
	(73,2539,1),
	(74,2539,1),
	(75,2539,1),
	(82,2539,7),
	(12,2540,1),
	(17,2540,8),
	(41,2540,5),
	(51,2540,6),
	(58,2540,4),
	(70,2540,1),
	(72,2540,1),
	(73,2540,1),
	(74,2540,1),
	(75,2540,1),
	(81,2540,2),
	(82,2540,9),
	(104,2540,4),
	(17,2541,1),
	(18,2541,1),
	(19,2541,1),
	(21,2541,1),
	(55,2541,1),
	(58,2541,1),
	(59,2541,1),
	(65,2541,1),
	(81,2541,2),
	(83,2541,1),
	(89,2541,1),
	(92,2541,1),
	(95,2541,1),
	(17,2542,1),
	(17,2543,1),
	(29,2543,2),
	(17,2544,1),
	(29,2544,6),
	(45,2544,1),
	(17,2545,1),
	(29,2545,2),
	(70,2545,2),
	(72,2545,1),
	(73,2545,1),
	(74,2545,1),
	(75,2545,2),
	(82,2545,1),
	(17,2546,1),
	(17,2547,1),
	(17,2548,1),
	(51,2548,1),
	(104,2548,1),
	(17,2549,1),
	(17,2550,1),
	(28,2550,1),
	(39,2550,1),
	(41,2550,1),
	(59,2550,1),
	(17,2551,1),
	(55,2551,1),
	(59,2551,1),
	(62,2551,1),
	(70,2551,1),
	(75,2551,1),
	(79,2551,2),
	(85,2551,1),
	(86,2551,1),
	(94,2551,1),
	(17,2552,1),
	(17,2553,1),
	(29,2553,2),
	(56,2553,1),
	(58,2553,2),
	(65,2553,1),
	(79,2553,1),
	(12,2554,1),
	(17,2554,2),
	(13,2555,3),
	(17,2555,4),
	(18,2555,1),
	(23,2555,1),
	(36,2555,3),
	(37,2555,3),
	(44,2555,3),
	(45,2555,1),
	(52,2555,3),
	(76,2555,6),
	(79,2555,1),
	(81,2555,1),
	(17,2556,1),
	(18,2556,1),
	(23,2556,5),
	(27,2556,10),
	(28,2556,6),
	(29,2556,8),
	(44,2556,1),
	(49,2556,2),
	(61,2556,1),
	(79,2556,2),
	(82,2556,7),
	(89,2556,1),
	(106,2556,5),
	(17,2557,1),
	(58,2557,1),
	(60,2557,1),
	(99,2557,1),
	(100,2557,1),
	(101,2557,1),
	(102,2557,1),
	(103,2557,1),
	(17,2558,1),
	(21,2558,7),
	(40,2558,3),
	(45,2558,3),
	(47,2558,3),
	(58,2558,1),
	(80,2558,1),
	(99,2558,3),
	(100,2558,3),
	(101,2558,3),
	(102,2558,3),
	(103,2558,3),
	(104,2558,3),
	(105,2558,3),
	(107,2558,3),
	(17,2559,1),
	(28,2560,2),
	(29,2560,1),
	(55,2560,1),
	(62,2560,1),
	(70,2560,2),
	(72,2560,1),
	(73,2560,1),
	(74,2560,1),
	(75,2560,2),
	(82,2560,1),
	(106,2560,1),
	(17,2561,4),
	(18,2561,4),
	(36,2561,1),
	(50,2561,1),
	(59,2561,1),
	(79,2561,2),
	(95,2561,4),
	(98,2561,1),
	(18,2562,6),
	(23,2562,6),
	(29,2562,6),
	(39,2562,6),
	(41,2562,6),
	(95,2562,6),
	(18,2563,6),
	(39,2563,6),
	(47,2563,6),
	(95,2563,6),
	(18,2564,6),
	(39,2564,6),
	(95,2564,6),
	(12,2565,3),
	(18,2565,6),
	(39,2565,9),
	(41,2565,3),
	(46,2565,9),
	(49,2565,6),
	(79,2565,6),
	(89,2565,3),
	(95,2565,6),
	(97,2565,3),
	(18,2566,6),
	(39,2566,6),
	(95,2566,6),
	(18,2567,6),
	(23,2567,6),
	(29,2567,6),
	(39,2567,6),
	(41,2567,6),
	(95,2567,6),
	(18,2568,6),
	(39,2568,6),
	(47,2568,6),
	(95,2568,6),
	(18,2569,6),
	(39,2569,6),
	(95,2569,6),
	(12,2570,3),
	(18,2570,6),
	(39,2570,9),
	(41,2570,3),
	(46,2570,9),
	(49,2570,6),
	(79,2570,6),
	(89,2570,3),
	(95,2570,6),
	(97,2570,3),
	(18,2571,6),
	(39,2571,6),
	(95,2571,6),
	(18,2572,6),
	(23,2572,6),
	(29,2572,6),
	(39,2572,6),
	(41,2572,6),
	(95,2572,6),
	(18,2573,6),
	(39,2573,6),
	(47,2573,6),
	(95,2573,6),
	(18,2574,6),
	(39,2574,6),
	(95,2574,6),
	(12,2575,3),
	(18,2575,6),
	(39,2575,9),
	(41,2575,3),
	(46,2575,9),
	(49,2575,6),
	(79,2575,6),
	(89,2575,3),
	(95,2575,6),
	(97,2575,3),
	(18,2576,6),
	(39,2576,6),
	(95,2576,6),
	(18,2577,6),
	(23,2577,6),
	(29,2577,6),
	(39,2577,6),
	(41,2577,6),
	(95,2577,6),
	(18,2578,6),
	(39,2578,6),
	(47,2578,6),
	(95,2578,6),
	(18,2579,6),
	(39,2579,6),
	(95,2579,6),
	(12,2580,3),
	(18,2580,6),
	(39,2580,9),
	(41,2580,3),
	(46,2580,9),
	(49,2580,6),
	(79,2580,6),
	(89,2580,3),
	(95,2580,6),
	(97,2580,3),
	(18,2581,6),
	(39,2581,6),
	(95,2581,6),
	(29,2582,1),
	(39,2582,7),
	(56,2582,1),
	(64,2582,1),
	(95,2582,6),
	(23,2583,3),
	(39,2583,6),
	(65,2583,1),
	(95,2583,6),
	(96,2583,1),
	(97,2583,1),
	(18,2584,1),
	(23,2584,8),
	(41,2584,4),
	(56,2584,11),
	(95,2584,1),
	(18,2585,6),
	(23,2585,9),
	(39,2585,1),
	(41,2585,6),
	(55,2585,1),
	(65,2585,7),
	(79,2585,2),
	(95,2585,6),
	(96,2585,5),
	(97,2585,5),
	(13,2586,1),
	(18,2586,7),
	(21,2586,1),
	(23,2586,13),
	(27,2586,8),
	(39,2586,11),
	(41,2586,5),
	(46,2586,2),
	(52,2586,1),
	(56,2586,16),
	(58,2586,6),
	(64,2586,6),
	(79,2586,1),
	(88,2586,2),
	(90,2586,2),
	(95,2586,6),
	(18,2587,7),
	(21,2587,1),
	(23,2587,13),
	(36,2587,1),
	(39,2587,11),
	(41,2587,6),
	(55,2587,3),
	(56,2587,5),
	(65,2587,13),
	(79,2587,2),
	(88,2587,2),
	(95,2587,6),
	(96,2587,12),
	(97,2587,12),
	(18,2588,1),
	(95,2588,1),
	(18,2589,1),
	(95,2589,1),
	(18,2590,1),
	(19,2590,1),
	(92,2590,1),
	(95,2590,1),
	(18,2591,1),
	(29,2591,3),
	(48,2591,2),
	(50,2591,1),
	(56,2591,1),
	(58,2591,1),
	(62,2591,1),
	(69,2591,1),
	(72,2591,1),
	(73,2591,1),
	(78,2591,1),
	(81,2591,1),
	(87,2591,1),
	(95,2591,1),
	(107,2591,1),
	(36,2592,1),
	(78,2592,2),
	(23,2593,1),
	(18,2595,4),
	(23,2595,3),
	(41,2595,4),
	(56,2595,1),
	(64,2595,2),
	(81,2595,6),
	(91,2595,6),
	(95,2595,4),
	(19,2596,6),
	(92,2596,6),
	(19,2597,9),
	(92,2597,6),
	(19,2598,6),
	(61,2598,6),
	(83,2598,6),
	(92,2598,6),
	(19,2599,6),
	(92,2599,6),
	(19,2600,9),
	(92,2600,6),
	(19,2601,6),
	(61,2601,6),
	(83,2601,6),
	(92,2601,6),
	(19,2602,6),
	(92,2602,6),
	(19,2603,9),
	(92,2603,6),
	(19,2604,6),
	(61,2604,6),
	(83,2604,6),
	(92,2604,6),
	(19,2605,6),
	(92,2605,6),
	(19,2606,9),
	(92,2606,6),
	(19,2607,6),
	(61,2607,6),
	(83,2607,6),
	(92,2607,6),
	(19,2608,6),
	(41,2608,1),
	(92,2608,6),
	(19,2609,9),
	(92,2609,6),
	(19,2610,17),
	(49,2610,2),
	(57,2610,6),
	(61,2610,12),
	(80,2610,2),
	(83,2610,5),
	(84,2610,1),
	(89,2610,2),
	(92,2610,18),
	(19,2611,1),
	(92,2611,1),
	(19,2612,1),
	(92,2612,1),
	(12,2613,1),
	(13,2613,1),
	(14,2613,1),
	(15,2613,1),
	(17,2613,1),
	(18,2613,1),
	(19,2613,2),
	(21,2613,1),
	(36,2613,1),
	(37,2613,1),
	(38,2613,2),
	(40,2613,1),
	(44,2613,1),
	(45,2613,1),
	(46,2613,1),
	(47,2613,1),
	(52,2613,1),
	(70,2613,1),
	(72,2613,1),
	(73,2613,1),
	(74,2613,1),
	(75,2613,1),
	(76,2613,2),
	(78,2613,1),
	(82,2613,1),
	(88,2613,1),
	(89,2613,1),
	(90,2613,1),
	(91,2613,1),
	(92,2613,2),
	(93,2613,1),
	(95,2613,1),
	(96,2613,1),
	(97,2613,1),
	(98,2613,1),
	(99,2613,1),
	(100,2613,1),
	(101,2613,1),
	(102,2613,1),
	(103,2613,1),
	(104,2613,1),
	(105,2613,1),
	(106,2613,1),
	(107,2613,1),
	(19,2614,1),
	(47,2614,1),
	(58,2614,1),
	(92,2614,1),
	(19,2615,1),
	(41,2615,1),
	(65,2615,1),
	(79,2615,1),
	(92,2615,1),
	(19,2616,1),
	(92,2616,1),
	(19,2617,1),
	(36,2617,1),
	(48,2617,1),
	(50,2617,2),
	(58,2617,1),
	(62,2617,1),
	(82,2617,1),
	(83,2617,1),
	(92,2617,1),
	(19,2618,1),
	(92,2618,1),
	(19,2619,1),
	(29,2619,1),
	(41,2619,1),
	(59,2619,1),
	(81,2619,2),
	(82,2619,2),
	(91,2619,1),
	(92,2619,1),
	(19,2620,1),
	(27,2620,12),
	(36,2620,1),
	(90,2620,6),
	(92,2620,1),
	(19,2621,1),
	(92,2621,1),
	(19,2622,1),
	(92,2622,1),
	(19,2623,1),
	(29,2623,1),
	(55,2623,1),
	(65,2623,2),
	(92,2623,1),
	(12,2624,1),
	(13,2624,1),
	(14,2624,1),
	(15,2624,1),
	(17,2624,1),
	(18,2624,1),
	(19,2624,2),
	(21,2624,1),
	(36,2624,1),
	(37,2624,1),
	(38,2624,1),
	(40,2624,1),
	(44,2624,1),
	(45,2624,1),
	(46,2624,1),
	(47,2624,1),
	(52,2624,1),
	(60,2624,1),
	(69,2624,1),
	(70,2624,1),
	(72,2624,2),
	(73,2624,1),
	(74,2624,2),
	(75,2624,1),
	(76,2624,2),
	(85,2624,1),
	(86,2624,2),
	(87,2624,2),
	(88,2624,1),
	(89,2624,1),
	(90,2624,1),
	(91,2624,1),
	(92,2624,2),
	(93,2624,1),
	(95,2624,1),
	(96,2624,1),
	(97,2624,1),
	(98,2624,1),
	(99,2624,1),
	(100,2624,1),
	(101,2624,1),
	(102,2624,1),
	(103,2624,1),
	(104,2624,1),
	(105,2624,1),
	(106,2624,1),
	(107,2624,1),
	(19,2625,5),
	(27,2625,20),
	(90,2625,7),
	(92,2625,5),
	(94,2625,1),
	(19,2626,1),
	(69,2626,1),
	(72,2626,1),
	(73,2626,1),
	(87,2626,1),
	(92,2626,1),
	(19,2627,1),
	(92,2627,1),
	(12,2628,1),
	(13,2628,1),
	(14,2628,1),
	(15,2628,1),
	(17,2628,1),
	(18,2628,1),
	(19,2628,1),
	(21,2628,1),
	(29,2628,1),
	(36,2628,1),
	(37,2628,1),
	(38,2628,1),
	(40,2628,1),
	(44,2628,1),
	(45,2628,1),
	(46,2628,1),
	(47,2628,1),
	(52,2628,1),
	(55,2628,3),
	(56,2628,1),
	(57,2628,1),
	(58,2628,2),
	(60,2628,1),
	(61,2628,1),
	(65,2628,1),
	(69,2628,1),
	(70,2628,3),
	(72,2628,2),
	(73,2628,2),
	(74,2628,3),
	(75,2628,3),
	(76,2628,2),
	(79,2628,1),
	(81,2628,1),
	(82,2628,1),
	(84,2628,1),
	(85,2628,2),
	(86,2628,2),
	(87,2628,1),
	(88,2628,1),
	(89,2628,1),
	(90,2628,1),
	(91,2628,1),
	(92,2628,1),
	(93,2628,1),
	(95,2628,1),
	(96,2628,1),
	(97,2628,1),
	(98,2628,1),
	(99,2628,1),
	(100,2628,1),
	(101,2628,1),
	(102,2628,1),
	(103,2628,1),
	(104,2628,1),
	(105,2628,1),
	(106,2628,1),
	(107,2628,1),
	(23,2653,1),
	(28,2653,1),
	(29,2653,4),
	(39,2653,1),
	(44,2653,1),
	(46,2653,1),
	(51,2653,1),
	(55,2653,1),
	(56,2653,1),
	(57,2653,8),
	(58,2653,2),
	(59,2653,1),
	(62,2653,1),
	(64,2653,1),
	(65,2653,2),
	(69,2653,1),
	(70,2653,3),
	(72,2653,1),
	(73,2653,1),
	(74,2653,1),
	(75,2653,3),
	(79,2653,1),
	(81,2653,2),
	(85,2653,2),
	(86,2653,2),
	(94,2653,1),
	(96,2653,1),
	(97,2653,1),
	(98,2653,1),
	(28,2654,2),
	(106,2654,1),
	(29,2656,1),
	(46,2656,1),
	(78,2656,1),
	(28,2657,7),
	(41,2657,10),
	(58,2657,6),
	(81,2657,1),
	(106,2657,6),
	(28,2658,7),
	(60,2658,1),
	(106,2658,6),
	(28,2661,13),
	(44,2661,6),
	(57,2661,7),
	(62,2661,1),
	(78,2661,1),
	(81,2661,1),
	(106,2661,11),
	(45,2662,1),
	(50,2662,1),
	(51,2662,1),
	(55,2662,1),
	(58,2662,1),
	(59,2662,2),
	(61,2662,1),
	(41,2667,1),
	(57,2667,3),
	(59,2667,2),
	(27,2669,2),
	(29,2669,1),
	(38,2669,1),
	(44,2669,1),
	(48,2669,2),
	(50,2669,1),
	(62,2669,1),
	(70,2669,1),
	(72,2669,1),
	(73,2669,1),
	(74,2669,1),
	(75,2669,1),
	(78,2669,1),
	(83,2669,1),
	(94,2669,1),
	(28,2670,1),
	(39,2670,1),
	(48,2670,2),
	(55,2670,1),
	(58,2670,1),
	(62,2670,1),
	(64,2670,1),
	(70,2670,2),
	(72,2670,1),
	(73,2670,1),
	(74,2670,1),
	(75,2670,2),
	(78,2670,1),
	(83,2670,2),
	(85,2670,1),
	(86,2670,1),
	(12,2673,1),
	(13,2673,1),
	(14,2673,1),
	(15,2673,1),
	(17,2673,1),
	(18,2673,1),
	(19,2673,1),
	(21,2673,1),
	(23,2673,1),
	(36,2673,1),
	(37,2673,1),
	(38,2673,1),
	(40,2673,1),
	(44,2673,1),
	(45,2673,1),
	(46,2673,1),
	(47,2673,1),
	(50,2673,1),
	(52,2673,1),
	(55,2673,1),
	(56,2673,3),
	(58,2673,1),
	(65,2673,2),
	(76,2673,2),
	(79,2673,1),
	(80,2673,1),
	(83,2673,3),
	(88,2673,1),
	(89,2673,1),
	(90,2673,1),
	(91,2673,1),
	(92,2673,1),
	(93,2673,1),
	(95,2673,1),
	(96,2673,2),
	(97,2673,2),
	(98,2673,1),
	(99,2673,1),
	(100,2673,1),
	(101,2673,1),
	(102,2673,1),
	(103,2673,1),
	(104,2673,1),
	(105,2673,1),
	(106,2673,1),
	(107,2673,1),
	(29,2677,1),
	(81,2677,2),
	(91,2677,1),
	(23,2681,1),
	(55,2681,1),
	(56,2681,1),
	(57,2681,2),
	(58,2681,1),
	(62,2681,1),
	(64,2681,1),
	(65,2681,1),
	(78,2681,1),
	(79,2681,1),
	(81,2681,1),
	(94,2681,1),
	(21,2682,6),
	(21,2683,6),
	(21,2684,6),
	(21,2685,6),
	(21,2686,6),
	(21,2687,6),
	(21,2688,6),
	(21,2689,6),
	(21,2690,6),
	(21,2691,6),
	(21,2692,6),
	(21,2693,6),
	(21,2694,11),
	(29,2694,1),
	(46,2694,6),
	(52,2694,2),
	(56,2694,1),
	(59,2694,6),
	(64,2694,7),
	(70,2694,2),
	(72,2694,2),
	(73,2694,2),
	(74,2694,2),
	(75,2694,2),
	(82,2694,1),
	(88,2694,2),
	(98,2694,6),
	(21,2695,1),
	(55,2695,1),
	(57,2695,1),
	(62,2695,1),
	(64,2695,1),
	(65,2695,3),
	(69,2695,1),
	(70,2695,3),
	(72,2695,2),
	(73,2695,2),
	(74,2695,1),
	(75,2695,3),
	(78,2695,1),
	(85,2695,2),
	(86,2695,3),
	(87,2695,1),
	(97,2695,1),
	(21,2696,1),
	(55,2696,1),
	(21,2697,1),
	(21,2698,1),
	(27,2698,4),
	(50,2698,1),
	(65,2698,1),
	(90,2698,1),
	(21,2699,1),
	(21,2700,1),
	(50,2700,1),
	(80,2700,1),
	(21,2701,1),
	(50,2701,1),
	(80,2701,1),
	(21,2702,1),
	(21,2703,1),
	(23,2703,1),
	(48,2703,1),
	(50,2703,1),
	(59,2703,2),
	(64,2703,1),
	(69,2703,2),
	(72,2703,2),
	(73,2703,2),
	(80,2703,1),
	(87,2703,2),
	(98,2703,1),
	(21,2704,1),
	(21,2705,1),
	(81,2705,1),
	(82,2705,1),
	(21,2706,1),
	(21,2707,1),
	(21,2708,1),
	(27,2708,2),
	(21,2709,1),
	(21,2710,1),
	(21,2711,1),
	(69,2711,2),
	(70,2711,1),
	(72,2711,1),
	(73,2711,2),
	(74,2711,1),
	(75,2711,1),
	(83,2711,1),
	(85,2711,1),
	(87,2711,1),
	(21,2713,4),
	(27,2716,2),
	(29,2716,2),
	(48,2716,1),
	(51,2716,1),
	(55,2716,1),
	(58,2716,2),
	(70,2716,1),
	(72,2716,1),
	(73,2716,1),
	(74,2716,1),
	(75,2716,1),
	(94,2716,3),
	(51,2719,1),
	(104,2719,1),
	(29,2720,1),
	(36,2720,1),
	(50,2720,1),
	(51,2720,1),
	(52,2720,1),
	(56,2720,1),
	(69,2720,2),
	(72,2720,3),
	(73,2720,2),
	(74,2720,1),
	(78,2720,3),
	(82,2720,1),
	(86,2720,1),
	(87,2720,3),
	(94,2720,1),
	(104,2720,1),
	(23,2721,2),
	(50,2722,2),
	(80,2722,1),
	(105,2722,1),
	(12,2725,1),
	(13,2725,1),
	(14,2725,1),
	(15,2725,1),
	(17,2725,1),
	(18,2725,1),
	(19,2725,1),
	(21,2725,1),
	(36,2725,1),
	(37,2725,1),
	(38,2725,1),
	(39,2725,1),
	(40,2725,1),
	(41,2725,1),
	(44,2725,1),
	(45,2725,1),
	(46,2725,1),
	(47,2725,1),
	(52,2725,1),
	(69,2725,2),
	(70,2725,2),
	(72,2725,1),
	(73,2725,2),
	(74,2725,2),
	(75,2725,2),
	(76,2725,2),
	(85,2725,2),
	(86,2725,1),
	(87,2725,1),
	(88,2725,1),
	(89,2725,1),
	(90,2725,1),
	(91,2725,1),
	(92,2725,1),
	(93,2725,1),
	(95,2725,1),
	(96,2725,1),
	(97,2725,1),
	(98,2725,1),
	(99,2725,1),
	(100,2725,1),
	(101,2725,1),
	(102,2725,1),
	(103,2725,1),
	(104,2725,1),
	(105,2725,1),
	(106,2725,1),
	(107,2725,1),
	(21,2727,4),
	(23,2737,6),
	(56,2737,6),
	(23,2738,6),
	(23,2739,6),
	(39,2739,6),
	(56,2739,6),
	(23,2740,6),
	(39,2740,6),
	(65,2740,6),
	(96,2740,6),
	(97,2740,6),
	(23,2742,6),
	(56,2742,6),
	(23,2743,6),
	(23,2744,6),
	(39,2744,6),
	(56,2744,6),
	(23,2745,6),
	(39,2745,6),
	(65,2745,6),
	(96,2745,6),
	(97,2745,6),
	(23,2747,6),
	(56,2747,6),
	(23,2748,6),
	(23,2749,6),
	(39,2749,6),
	(56,2749,6),
	(23,2750,6),
	(39,2750,6),
	(65,2750,6),
	(96,2750,6),
	(97,2750,6),
	(23,2752,6),
	(56,2752,6),
	(23,2753,6),
	(23,2754,6),
	(39,2754,6),
	(56,2754,6),
	(23,2755,6),
	(39,2755,6),
	(65,2755,6),
	(96,2755,6),
	(97,2755,6),
	(18,2757,4),
	(23,2757,6),
	(27,2757,10),
	(28,2757,4),
	(38,2757,4),
	(50,2757,6),
	(51,2757,6),
	(59,2757,6),
	(60,2757,6),
	(62,2757,2),
	(64,2757,5),
	(65,2757,5),
	(78,2757,9),
	(79,2757,2),
	(80,2757,2),
	(84,2757,1),
	(88,2757,11),
	(90,2757,3),
	(91,2757,3),
	(92,2757,4),
	(93,2757,4),
	(95,2757,3),
	(96,2757,9),
	(97,2757,5),
	(98,2757,10),
	(104,2757,6),
	(105,2757,6),
	(106,2757,4),
	(23,2758,3),
	(64,2758,2),
	(81,2758,1),
	(19,2759,1),
	(23,2759,3),
	(47,2759,1),
	(61,2759,6),
	(64,2759,2),
	(81,2759,1),
	(83,2759,1),
	(92,2759,1),
	(23,2760,1),
	(46,2760,1),
	(55,2760,1),
	(59,2760,2),
	(64,2760,1),
	(65,2760,1),
	(70,2760,1),
	(75,2760,1),
	(79,2760,2),
	(81,2760,1),
	(83,2760,1),
	(85,2760,1),
	(86,2760,1),
	(94,2760,1),
	(98,2760,1),
	(23,2761,1),
	(29,2761,1),
	(40,2761,7),
	(58,2761,2),
	(59,2761,2),
	(65,2761,1),
	(79,2761,2),
	(98,2761,1),
	(18,2762,1),
	(23,2762,3),
	(41,2762,1),
	(46,2762,1),
	(55,2762,1),
	(65,2762,1),
	(79,2762,1),
	(95,2762,1),
	(28,2763,1),
	(55,2763,1),
	(57,2763,1),
	(58,2763,1),
	(60,2763,1),
	(64,2763,1),
	(65,2763,1),
	(69,2763,1),
	(70,2763,1),
	(72,2763,1),
	(73,2763,1),
	(74,2763,1),
	(75,2763,1),
	(80,2763,1),
	(81,2763,1),
	(83,2763,1),
	(84,2763,1),
	(85,2763,1),
	(86,2763,1),
	(87,2763,1),
	(23,2764,1),
	(28,2764,1),
	(29,2764,1),
	(56,2764,1),
	(58,2764,2),
	(61,2764,1),
	(62,2764,2),
	(64,2764,1),
	(65,2764,1),
	(69,2764,1),
	(70,2764,2),
	(72,2764,1),
	(73,2764,1),
	(74,2764,2),
	(75,2764,2),
	(83,2764,1),
	(84,2764,1),
	(85,2764,2),
	(86,2764,2),
	(87,2764,1),
	(23,2765,1),
	(62,2765,1),
	(64,2765,1),
	(78,2765,1),
	(23,2766,1),
	(27,2766,2),
	(29,2766,1),
	(39,2766,1),
	(46,2766,1),
	(51,2766,2),
	(55,2766,2),
	(56,2766,1),
	(57,2766,1),
	(58,2766,1),
	(59,2766,1),
	(60,2766,1),
	(62,2766,1),
	(64,2766,1),
	(82,2766,1),
	(94,2766,1),
	(98,2766,1),
	(104,2766,1),
	(23,2767,1),
	(27,2767,2),
	(29,2767,2),
	(64,2767,1),
	(69,2767,1),
	(72,2767,2),
	(73,2767,1),
	(74,2767,1),
	(81,2767,3),
	(86,2767,1),
	(87,2767,2),
	(91,2767,1),
	(98,2767,1),
	(28,2771,3),
	(60,2771,1),
	(64,2771,1),
	(69,2771,1),
	(70,2771,1),
	(73,2771,1),
	(74,2771,2),
	(75,2771,1),
	(85,2771,1),
	(86,2771,2),
	(87,2771,2),
	(106,2771,1),
	(28,2772,2),
	(50,2772,1),
	(79,2772,1),
	(106,2772,1),
	(29,2773,1),
	(55,2773,1),
	(61,2773,1),
	(65,2773,1),
	(69,2773,2),
	(70,2773,1),
	(72,2773,1),
	(73,2773,2),
	(74,2773,1),
	(75,2773,1),
	(79,2773,1),
	(81,2773,1),
	(85,2773,1),
	(87,2773,1),
	(23,2774,1),
	(27,2774,2),
	(29,2774,2),
	(38,2774,1),
	(39,2774,1),
	(46,2774,1),
	(48,2774,1),
	(59,2774,1),
	(61,2774,1),
	(62,2774,2),
	(64,2774,2),
	(65,2774,2),
	(69,2774,2),
	(70,2774,3),
	(72,2774,3),
	(73,2774,3),
	(74,2774,2),
	(75,2774,3),
	(78,2774,1),
	(79,2774,1),
	(80,2774,3),
	(81,2774,3),
	(82,2774,2),
	(84,2774,3),
	(85,2774,2),
	(86,2774,2),
	(87,2774,2),
	(23,2775,1),
	(27,2775,2),
	(55,2775,1),
	(56,2775,1),
	(65,2775,1),
	(79,2775,1),
	(23,2776,1),
	(65,2776,1),
	(70,2776,1),
	(72,2776,1),
	(73,2776,1),
	(74,2776,1),
	(75,2776,1),
	(79,2776,1),
	(23,2777,1),
	(65,2777,1),
	(79,2777,1),
	(23,2778,1),
	(55,2778,1),
	(56,2778,1),
	(65,2778,1),
	(69,2778,1),
	(70,2778,3),
	(72,2778,5),
	(73,2778,3),
	(74,2778,4),
	(75,2778,3),
	(79,2778,1),
	(85,2778,1),
	(86,2778,3),
	(87,2778,3),
	(23,2779,1),
	(55,2779,1),
	(65,2779,3),
	(69,2779,1),
	(70,2779,1),
	(73,2779,1),
	(74,2779,1),
	(75,2779,1),
	(79,2779,1),
	(85,2779,1),
	(97,2779,1),
	(23,2780,1),
	(65,2780,1),
	(79,2780,1),
	(23,2782,1),
	(55,2782,2),
	(64,2782,1),
	(65,2782,2),
	(79,2782,2),
	(94,2782,1),
	(23,2783,1),
	(65,2783,2),
	(79,2783,2),
	(23,2784,1),
	(65,2784,1),
	(79,2784,1),
	(23,2785,1),
	(65,2785,1),
	(79,2785,1),
	(23,2786,1),
	(65,2786,1),
	(79,2786,1),
	(23,2787,1),
	(65,2787,1),
	(79,2787,1),
	(29,2791,1),
	(50,2791,1),
	(65,2791,1),
	(79,2791,1),
	(57,2792,1),
	(59,2792,1),
	(64,2792,1),
	(65,2792,1),
	(70,2792,1),
	(72,2792,1),
	(73,2792,1),
	(74,2792,1),
	(75,2792,1),
	(79,2792,1),
	(94,2792,2),
	(23,2795,1),
	(60,2795,1),
	(65,2795,1),
	(79,2795,1),
	(23,2796,1),
	(29,2796,1),
	(55,2796,3),
	(57,2796,2),
	(58,2796,2),
	(61,2796,1),
	(64,2796,1),
	(65,2796,1),
	(69,2796,1),
	(70,2796,2),
	(72,2796,1),
	(73,2796,2),
	(74,2796,2),
	(75,2796,2),
	(79,2796,1),
	(80,2796,1),
	(81,2796,1),
	(82,2796,1),
	(85,2796,1),
	(86,2796,1),
	(87,2796,1),
	(12,2797,1),
	(13,2797,1),
	(14,2797,1),
	(15,2797,1),
	(17,2797,1),
	(18,2797,1),
	(19,2797,1),
	(21,2797,1),
	(29,2797,1),
	(36,2797,1),
	(37,2797,1),
	(38,2797,2),
	(40,2797,1),
	(44,2797,1),
	(45,2797,1),
	(46,2797,1),
	(47,2797,1),
	(52,2797,1),
	(64,2797,1),
	(65,2797,1),
	(69,2797,1),
	(70,2797,1),
	(72,2797,1),
	(73,2797,1),
	(74,2797,1),
	(75,2797,1),
	(76,2797,2),
	(78,2797,2),
	(79,2797,1),
	(80,2797,1),
	(81,2797,2),
	(82,2797,2),
	(85,2797,1),
	(86,2797,1),
	(87,2797,1),
	(88,2797,1),
	(89,2797,1),
	(90,2797,1),
	(91,2797,1),
	(92,2797,1),
	(93,2797,1),
	(95,2797,1),
	(96,2797,1),
	(97,2797,1),
	(98,2797,1),
	(99,2797,1),
	(100,2797,1),
	(101,2797,1),
	(102,2797,1),
	(103,2797,1),
	(104,2797,1),
	(105,2797,1),
	(106,2797,1),
	(107,2797,1),
	(23,2798,1),
	(55,2798,3),
	(56,2798,1),
	(57,2798,1),
	(60,2798,1),
	(61,2798,1),
	(64,2798,1),
	(65,2798,1),
	(69,2798,1),
	(70,2798,1),
	(72,2798,1),
	(73,2798,1),
	(74,2798,1),
	(75,2798,1),
	(78,2798,1),
	(79,2798,1),
	(80,2798,1),
	(81,2798,1),
	(82,2798,1),
	(85,2798,1),
	(86,2798,1),
	(87,2798,1),
	(23,2799,1),
	(29,2799,1),
	(55,2799,1),
	(56,2799,1),
	(57,2799,1),
	(58,2799,1),
	(61,2799,1),
	(64,2799,1),
	(65,2799,1),
	(69,2799,1),
	(70,2799,1),
	(72,2799,1),
	(73,2799,1),
	(74,2799,1),
	(75,2799,1),
	(78,2799,1),
	(79,2799,1),
	(80,2799,1),
	(81,2799,1),
	(82,2799,1),
	(85,2799,1),
	(86,2799,1),
	(87,2799,1),
	(82,2802,6),
	(18,2803,3),
	(38,2803,3),
	(50,2803,6),
	(51,2803,6),
	(59,2803,6),
	(60,2803,6),
	(78,2803,6),
	(88,2803,9),
	(90,2803,3),
	(91,2803,3),
	(92,2803,3),
	(93,2803,3),
	(95,2803,3),
	(96,2803,3),
	(98,2803,9),
	(99,2803,6),
	(100,2803,6),
	(101,2803,6),
	(102,2803,6),
	(103,2803,6),
	(104,2803,6),
	(105,2803,6),
	(107,2803,6),
	(82,2804,6),
	(18,2805,3),
	(38,2805,3),
	(50,2805,6),
	(51,2805,6),
	(59,2805,6),
	(60,2805,6),
	(78,2805,6),
	(88,2805,9),
	(90,2805,3),
	(91,2805,3),
	(92,2805,3),
	(93,2805,3),
	(95,2805,3),
	(96,2805,3),
	(98,2805,9),
	(99,2805,6),
	(100,2805,6),
	(101,2805,6),
	(102,2805,6),
	(103,2805,6),
	(104,2805,6),
	(105,2805,6),
	(107,2805,6),
	(82,2806,6),
	(18,2807,3),
	(38,2807,3),
	(50,2807,6),
	(51,2807,6),
	(59,2807,6),
	(60,2807,6),
	(78,2807,6),
	(88,2807,9),
	(90,2807,3),
	(91,2807,3),
	(92,2807,3),
	(93,2807,3),
	(95,2807,3),
	(96,2807,3),
	(98,2807,9),
	(99,2807,6),
	(100,2807,6),
	(101,2807,6),
	(102,2807,6),
	(103,2807,6),
	(104,2807,6),
	(105,2807,6),
	(107,2807,6),
	(82,2808,6),
	(18,2809,3),
	(38,2809,3),
	(50,2809,6),
	(51,2809,6),
	(59,2809,6),
	(60,2809,6),
	(78,2809,6),
	(88,2809,9),
	(90,2809,3),
	(91,2809,3),
	(92,2809,3),
	(93,2809,3),
	(95,2809,3),
	(96,2809,3),
	(98,2809,9),
	(99,2809,6),
	(100,2809,6),
	(101,2809,6),
	(102,2809,6),
	(103,2809,6),
	(104,2809,6),
	(105,2809,6),
	(107,2809,6),
	(23,2810,3),
	(59,2810,1),
	(72,2810,1),
	(74,2810,1),
	(86,2810,1),
	(87,2810,1),
	(23,2811,2),
	(27,2811,2),
	(69,2811,1),
	(72,2811,1),
	(73,2811,1),
	(87,2811,1),
	(23,2812,2),
	(28,2812,1),
	(50,2812,1),
	(51,2812,1),
	(58,2812,1),
	(59,2812,2),
	(61,2812,1),
	(69,2812,3),
	(70,2812,2),
	(72,2812,1),
	(73,2812,3),
	(74,2812,2),
	(75,2812,2),
	(78,2812,1),
	(85,2812,2),
	(87,2812,1),
	(94,2812,1),
	(23,2813,2),
	(28,2813,1),
	(12,2814,1),
	(13,2814,1),
	(14,2814,1),
	(15,2814,1),
	(17,2814,1),
	(18,2814,1),
	(19,2814,1),
	(21,2814,1),
	(23,2814,1),
	(28,2814,1),
	(29,2814,1),
	(36,2814,1),
	(37,2814,1),
	(38,2814,1),
	(39,2814,1),
	(40,2814,1),
	(41,2814,1),
	(44,2814,1),
	(45,2814,1),
	(46,2814,1),
	(47,2814,1),
	(51,2814,1),
	(52,2814,1),
	(69,2814,1),
	(70,2814,1),
	(72,2814,1),
	(73,2814,1),
	(74,2814,1),
	(75,2814,1),
	(76,2814,2),
	(83,2814,1),
	(85,2814,1),
	(86,2814,1),
	(87,2814,1),
	(88,2814,1),
	(89,2814,1),
	(90,2814,1),
	(91,2814,1),
	(92,2814,1),
	(93,2814,1),
	(95,2814,1),
	(96,2814,1),
	(97,2814,1),
	(98,2814,1),
	(99,2814,1),
	(100,2814,1),
	(101,2814,1),
	(102,2814,1),
	(103,2814,1),
	(104,2814,1),
	(105,2814,1),
	(106,2814,1),
	(107,2814,1),
	(23,2815,1),
	(28,2815,1),
	(29,2815,1),
	(23,2816,1),
	(23,2817,1),
	(48,2817,1),
	(57,2817,1),
	(72,2817,2),
	(73,2817,1),
	(74,2817,2),
	(75,2817,1),
	(81,2817,1),
	(86,2817,1),
	(87,2817,1),
	(23,2818,1),
	(23,2819,2),
	(29,2819,1),
	(48,2819,1),
	(55,2819,2),
	(57,2819,1),
	(65,2819,1),
	(70,2819,1),
	(72,2819,3),
	(73,2819,1),
	(74,2819,3),
	(75,2819,1),
	(81,2819,1),
	(86,2819,2),
	(87,2819,2),
	(23,2820,1),
	(23,2821,1),
	(50,2821,1),
	(51,2821,1),
	(83,2821,2),
	(18,2822,1),
	(23,2822,1),
	(27,2822,2),
	(29,2822,1),
	(58,2822,1),
	(82,2822,2),
	(84,2822,1),
	(23,2824,2),
	(28,2824,1),
	(48,2824,2),
	(55,2824,2),
	(58,2824,1),
	(60,2824,1),
	(62,2824,1),
	(64,2824,2),
	(80,2824,2),
	(88,2824,1),
	(94,2824,1),
	(23,2825,1),
	(80,2825,2),
	(88,2825,1),
	(23,2827,1),
	(23,2828,1),
	(23,2829,1),
	(23,2830,1),
	(81,2830,2),
	(91,2830,1),
	(23,2831,1),
	(70,2831,1),
	(75,2831,1),
	(23,2832,1),
	(23,2833,1),
	(23,2834,1),
	(23,2835,1),
	(29,2835,1),
	(64,2835,1),
	(65,2835,1),
	(69,2835,2),
	(70,2835,1),
	(72,2835,2),
	(73,2835,2),
	(74,2835,1),
	(75,2835,1),
	(78,2835,1),
	(79,2835,1),
	(82,2835,2),
	(84,2835,1),
	(85,2835,1),
	(86,2835,1),
	(87,2835,2),
	(23,2836,1),
	(29,2836,3),
	(51,2836,1),
	(55,2836,1),
	(61,2836,1),
	(62,2836,1),
	(64,2836,1),
	(65,2836,1),
	(79,2836,1),
	(80,2836,1),
	(81,2836,1),
	(82,2836,1),
	(23,2837,1),
	(27,2837,2),
	(50,2837,1),
	(56,2837,1),
	(64,2837,1),
	(72,2837,1),
	(74,2837,1),
	(80,2837,2),
	(86,2837,1),
	(87,2837,1),
	(38,2839,6),
	(38,2840,6),
	(52,2840,6),
	(94,2840,6),
	(38,2842,6),
	(38,2843,6),
	(52,2843,6),
	(94,2843,6),
	(38,2845,6),
	(38,2846,6),
	(52,2846,6),
	(94,2846,6),
	(38,2848,6),
	(38,2849,6),
	(52,2849,6),
	(94,2849,6),
	(38,2850,6),
	(37,2851,1),
	(38,2851,10),
	(40,2851,5),
	(44,2851,1),
	(47,2851,4),
	(52,2851,10),
	(59,2851,4),
	(69,2851,4),
	(94,2851,10),
	(98,2851,4),
	(105,2851,1),
	(29,2852,4),
	(49,2853,2),
	(51,2853,1),
	(55,2853,3),
	(56,2853,1),
	(60,2853,1),
	(82,2853,2),
	(89,2853,1),
	(27,2854,2),
	(29,2854,3),
	(36,2854,1),
	(55,2854,3),
	(56,2854,1),
	(69,2854,2),
	(72,2854,3),
	(73,2854,2),
	(74,2854,1),
	(80,2854,1),
	(86,2854,1),
	(87,2854,3),
	(29,2855,1),
	(69,2855,1),
	(72,2855,1),
	(73,2855,1),
	(79,2855,1),
	(87,2855,1),
	(36,2856,1),
	(52,2856,1),
	(55,2856,1),
	(69,2856,1),
	(72,2856,1),
	(73,2856,1),
	(79,2856,3),
	(87,2856,1),
	(94,2856,1),
	(12,2861,1),
	(13,2861,1),
	(14,2861,1),
	(15,2861,1),
	(17,2861,1),
	(18,2861,1),
	(19,2861,1),
	(21,2861,1),
	(36,2861,2),
	(37,2861,1),
	(38,2861,1),
	(40,2861,1),
	(44,2861,1),
	(45,2861,1),
	(46,2861,1),
	(47,2861,1),
	(48,2861,1),
	(52,2861,1),
	(57,2861,1),
	(58,2861,1),
	(62,2861,8),
	(64,2861,1),
	(65,2861,1),
	(76,2861,2),
	(84,2861,2),
	(88,2861,1),
	(89,2861,1),
	(90,2861,1),
	(91,2861,1),
	(92,2861,1),
	(93,2861,1),
	(95,2861,1),
	(96,2861,2),
	(97,2861,2),
	(98,2861,1),
	(99,2861,1),
	(100,2861,1),
	(101,2861,1),
	(102,2861,1),
	(103,2861,1),
	(104,2861,1),
	(105,2861,1),
	(106,2861,1),
	(107,2861,1),
	(28,2862,2),
	(60,2862,1),
	(99,2862,1),
	(100,2862,1),
	(101,2862,1),
	(102,2862,1),
	(103,2862,1),
	(106,2862,1),
	(38,2865,1),
	(50,2869,1),
	(27,2870,4),
	(29,2870,2),
	(55,2870,1),
	(56,2870,1),
	(57,2870,1),
	(59,2870,1),
	(60,2870,1),
	(90,2870,1),
	(38,2873,11),
	(40,2873,6),
	(79,2873,1),
	(38,2874,1),
	(40,2874,2),
	(79,2874,1),
	(38,2875,6),
	(40,2875,7),
	(79,2875,2),
	(29,2879,1),
	(40,2879,1),
	(69,2879,1),
	(72,2879,1),
	(73,2879,1),
	(79,2879,1),
	(87,2879,1),
	(40,2880,1),
	(40,2881,2),
	(40,2882,1),
	(48,2882,2),
	(55,2882,1),
	(38,2883,6),
	(40,2883,2),
	(79,2883,1),
	(38,2885,1),
	(40,2886,1),
	(94,2886,1),
	(40,2887,1),
	(38,2890,1),
	(40,2890,6),
	(79,2890,1),
	(29,2892,2),
	(56,2892,1),
	(27,2895,2),
	(59,2895,2),
	(69,2895,1),
	(70,2895,1),
	(73,2895,1),
	(74,2895,1),
	(75,2895,1),
	(79,2895,1),
	(80,2895,2),
	(85,2895,1),
	(94,2895,1),
	(98,2895,1),
	(29,2898,1),
	(27,2903,2),
	(50,2903,1),
	(61,2903,1),
	(69,2903,1),
	(72,2903,1),
	(73,2903,1),
	(87,2903,1),
	(94,2903,1),
	(29,2904,2),
	(37,2907,1),
	(29,2908,1),
	(69,2908,1),
	(72,2908,1),
	(73,2908,1),
	(87,2908,1),
	(29,2909,1),
	(28,2911,1),
	(29,2911,1),
	(51,2911,1),
	(55,2911,1),
	(56,2911,1),
	(57,2911,2),
	(58,2911,1),
	(60,2911,1),
	(61,2911,1),
	(69,2911,1),
	(70,2911,1),
	(72,2911,1),
	(73,2911,1),
	(74,2911,1),
	(75,2911,1),
	(79,2911,1),
	(82,2911,1),
	(83,2911,1),
	(85,2911,1),
	(86,2911,1),
	(87,2911,1),
	(45,2912,5),
	(50,2912,6),
	(57,2912,3),
	(59,2912,1),
	(60,2912,2),
	(61,2912,1),
	(62,2912,1),
	(69,2912,4),
	(70,2912,6),
	(72,2912,3),
	(73,2912,5),
	(74,2912,7),
	(75,2912,6),
	(81,2912,1),
	(83,2912,3),
	(84,2912,1),
	(85,2912,9),
	(86,2912,11),
	(87,2912,6),
	(105,2912,6),
	(29,2914,1),
	(48,2914,1),
	(64,2914,1),
	(28,2915,1),
	(39,2916,1),
	(51,2916,1),
	(55,2916,1),
	(56,2916,1),
	(59,2916,1),
	(65,2916,2),
	(72,2916,1),
	(74,2916,1),
	(79,2916,1),
	(86,2916,1),
	(87,2916,1),
	(28,2917,3),
	(62,2917,1),
	(106,2917,1),
	(62,2918,1),
	(64,2918,1),
	(39,2919,1),
	(50,2919,1),
	(51,2919,1),
	(55,2919,1),
	(57,2919,1),
	(59,2919,2),
	(61,2919,1),
	(80,2919,1),
	(82,2919,1),
	(39,2920,1),
	(41,2920,1),
	(51,2920,2),
	(55,2920,1),
	(59,2920,1),
	(84,2920,1),
	(39,2921,1),
	(51,2921,1),
	(55,2921,1),
	(59,2921,2),
	(62,2921,1),
	(82,2921,1),
	(94,2921,1),
	(27,2925,2),
	(29,2925,2),
	(38,2925,1),
	(39,2925,1),
	(72,2925,1),
	(74,2925,1),
	(86,2925,1),
	(87,2925,1),
	(51,2935,1),
	(72,2935,1),
	(74,2935,1),
	(86,2935,1),
	(87,2935,1),
	(28,2945,1),
	(29,2945,5),
	(69,2945,1),
	(70,2945,2),
	(72,2945,1),
	(73,2945,1),
	(74,2945,1),
	(75,2945,2),
	(85,2945,2),
	(86,2945,2),
	(87,2945,1),
	(94,2945,1),
	(45,2946,5),
	(27,2948,2),
	(28,2948,1),
	(51,2948,1),
	(55,2948,5),
	(56,2948,3),
	(57,2948,3),
	(58,2948,3),
	(60,2948,1),
	(62,2948,1),
	(64,2948,1),
	(69,2948,2),
	(70,2948,3),
	(72,2948,3),
	(73,2948,4),
	(74,2948,3),
	(75,2948,3),
	(78,2948,1),
	(81,2948,1),
	(83,2948,1),
	(85,2948,2),
	(86,2948,1),
	(87,2948,1),
	(29,2949,3),
	(39,2949,1),
	(44,2949,1),
	(50,2949,1),
	(55,2949,2),
	(57,2949,1),
	(58,2949,1),
	(59,2949,1),
	(60,2949,1),
	(62,2949,3),
	(65,2949,1),
	(70,2949,2),
	(72,2949,1),
	(74,2949,1),
	(75,2949,2),
	(78,2949,1),
	(79,2949,1),
	(81,2949,1),
	(82,2949,1),
	(85,2949,1),
	(86,2949,2),
	(87,2949,1),
	(12,2950,1),
	(29,2950,1),
	(44,2950,1),
	(55,2950,3),
	(56,2950,2),
	(57,2950,2),
	(58,2950,3),
	(59,2950,1),
	(62,2950,2),
	(64,2950,1),
	(65,2950,1),
	(69,2950,1),
	(70,2950,2),
	(72,2950,2),
	(73,2950,2),
	(74,2950,1),
	(75,2950,2),
	(78,2950,2),
	(80,2950,1),
	(81,2950,2),
	(82,2950,1),
	(84,2950,1),
	(85,2950,1),
	(86,2950,1),
	(87,2950,1),
	(29,2959,2),
	(29,2970,6),
	(59,2970,2),
	(60,2970,3),
	(78,2970,1),
	(98,2970,1),
	(99,2970,1),
	(100,2970,1),
	(101,2970,1),
	(102,2970,1),
	(103,2970,1),
	(107,2970,1),
	(51,2972,1),
	(60,2972,1),
	(69,2972,1),
	(72,2972,1),
	(80,2972,1),
	(87,2972,1),
	(29,2973,4),
	(60,2973,3),
	(99,2973,1),
	(100,2973,1),
	(101,2973,1),
	(102,2973,1),
	(103,2973,1),
	(60,2979,1),
	(94,2979,1),
	(28,2981,1),
	(29,2981,1),
	(70,2981,1),
	(72,2981,1),
	(73,2981,1),
	(74,2981,1),
	(75,2981,1),
	(80,2981,2),
	(39,2982,1),
	(41,2982,1),
	(60,2982,1),
	(28,2996,1),
	(57,2996,1),
	(60,2996,1),
	(62,2996,1),
	(82,2996,1),
	(28,2999,2),
	(29,2999,1),
	(64,2999,1),
	(106,2999,1),
	(27,3006,12),
	(27,3007,12),
	(27,3008,12),
	(27,3009,12),
	(27,3010,12),
	(27,3011,12),
	(27,3012,12),
	(27,3013,12),
	(27,3014,10),
	(36,3014,1),
	(37,3014,4),
	(44,3014,4),
	(27,3015,14),
	(36,3015,1),
	(37,3015,4),
	(44,3015,4),
	(90,3015,1),
	(27,3016,4),
	(47,3016,1),
	(51,3016,1),
	(70,3016,1),
	(72,3016,2),
	(73,3016,2),
	(74,3016,2),
	(75,3016,1),
	(78,3016,8),
	(90,3016,1),
	(27,3017,4),
	(90,3017,1),
	(27,3018,4),
	(28,3018,2),
	(90,3018,1),
	(106,3018,1),
	(27,3019,4),
	(40,3019,1),
	(50,3019,1),
	(51,3019,1),
	(83,3019,1),
	(90,3019,1),
	(27,3020,4),
	(36,3020,2),
	(69,3020,1),
	(70,3020,1),
	(72,3020,2),
	(73,3020,2),
	(74,3020,2),
	(75,3020,1),
	(83,3020,1),
	(85,3020,1),
	(86,3020,1),
	(87,3020,1),
	(90,3020,1),
	(27,3021,4),
	(90,3021,1),
	(27,3022,4),
	(65,3022,2),
	(72,3022,1),
	(74,3022,1),
	(86,3022,1),
	(87,3022,1),
	(90,3022,1),
	(97,3022,1),
	(27,3023,6),
	(90,3023,1),
	(27,3024,4),
	(90,3024,1),
	(27,3025,4),
	(90,3025,1),
	(27,3027,4),
	(47,3027,1),
	(90,3027,1),
	(27,3028,4),
	(47,3028,1),
	(65,3028,2),
	(72,3028,1),
	(74,3028,1),
	(79,3028,2),
	(86,3028,1),
	(87,3028,1),
	(90,3028,1),
	(27,3029,6),
	(90,3029,1),
	(27,3030,4),
	(90,3030,1),
	(27,3031,4),
	(90,3031,1),
	(27,3032,4),
	(90,3032,1),
	(27,3033,4),
	(90,3033,1),
	(27,3034,4),
	(90,3034,1),
	(27,3035,2),
	(27,3036,2),
	(27,3037,2),
	(50,3037,1),
	(55,3037,1),
	(59,3037,1),
	(64,3037,1),
	(83,3037,1),
	(27,3038,2),
	(27,3039,2),
	(70,3039,1),
	(75,3039,1),
	(85,3039,1),
	(86,3039,1),
	(27,3040,2),
	(27,3041,2),
	(29,3041,1),
	(50,3041,1),
	(51,3041,1),
	(56,3041,2),
	(57,3041,1),
	(58,3041,1),
	(64,3041,1),
	(94,3041,1),
	(107,3041,1),
	(27,3042,2),
	(29,3042,1),
	(27,3043,2),
	(27,3044,2),
	(27,3045,4),
	(59,3045,1),
	(82,3045,1),
	(94,3045,2),
	(27,3046,2),
	(27,3047,4),
	(27,3048,2),
	(61,3048,1),
	(69,3048,1),
	(70,3048,1),
	(73,3048,1),
	(74,3048,1),
	(75,3048,1),
	(85,3048,1),
	(27,3049,2),
	(27,3050,2),
	(27,3051,2),
	(27,3052,2),
	(70,3052,2),
	(72,3052,2),
	(73,3052,2),
	(74,3052,2),
	(75,3052,2),
	(27,3053,2),
	(27,3054,2),
	(27,3055,2),
	(58,3055,1),
	(13,3056,1),
	(27,3056,2),
	(37,3056,1),
	(46,3056,4),
	(52,3056,12),
	(59,3056,6),
	(90,3056,1),
	(94,3056,15),
	(98,3056,6),
	(13,3057,1),
	(27,3057,2),
	(37,3057,1),
	(46,3057,4),
	(52,3057,1),
	(59,3057,5),
	(90,3057,1),
	(94,3057,2),
	(98,3057,5),
	(27,3058,2),
	(28,3058,1),
	(29,3058,2),
	(50,3058,1),
	(55,3058,2),
	(57,3058,1),
	(58,3058,1),
	(61,3058,1),
	(62,3058,1),
	(65,3058,3),
	(70,3058,1),
	(72,3058,1),
	(73,3058,1),
	(74,3058,1),
	(75,3058,1),
	(84,3058,2),
	(96,3058,1),
	(97,3058,2),
	(105,3058,1),
	(27,3059,2),
	(27,3060,2),
	(27,3061,2),
	(84,3061,1),
	(94,3061,1),
	(27,3062,4),
	(28,3062,2),
	(84,3062,2),
	(106,3062,1),
	(27,3063,2),
	(27,3064,2),
	(55,3064,1),
	(70,3064,2),
	(72,3064,1),
	(73,3064,1),
	(74,3064,1),
	(75,3064,2),
	(82,3064,1),
	(12,3065,1),
	(27,3065,2),
	(70,3065,1),
	(75,3065,1),
	(85,3065,1),
	(86,3065,1),
	(27,3066,2),
	(27,3067,2),
	(27,3068,2),
	(45,3068,10),
	(50,3068,2),
	(105,3068,1),
	(27,3069,2),
	(28,3069,1),
	(13,3070,1),
	(27,3070,2),
	(90,3070,1),
	(27,3071,2),
	(94,3071,1),
	(27,3072,2),
	(94,3072,1),
	(27,3073,2),
	(29,3073,1),
	(49,3073,2),
	(50,3073,1),
	(65,3073,1),
	(105,3073,1),
	(27,3074,2),
	(13,3075,1),
	(27,3075,2),
	(28,3076,6),
	(106,3076,6),
	(28,3077,6),
	(106,3077,6),
	(28,3078,6),
	(106,3078,6),
	(28,3079,6),
	(41,3079,6),
	(58,3079,6),
	(106,3079,6),
	(28,3080,6),
	(106,3080,6),
	(28,3081,6),
	(106,3081,6),
	(28,3082,6),
	(106,3082,6),
	(28,3083,6),
	(106,3083,6),
	(28,3084,6),
	(41,3084,6),
	(58,3084,6),
	(106,3084,6),
	(28,3085,6),
	(106,3085,6),
	(28,3086,6),
	(106,3086,6),
	(28,3087,6),
	(106,3087,6),
	(28,3088,6),
	(41,3088,6),
	(58,3088,6),
	(106,3088,6),
	(28,3089,6),
	(106,3089,6),
	(28,3090,6),
	(106,3090,6),
	(28,3091,6),
	(106,3091,6),
	(28,3092,6),
	(106,3092,6),
	(28,3093,6),
	(41,3093,6),
	(58,3093,6),
	(106,3093,6),
	(28,3094,6),
	(106,3094,6),
	(28,3095,2),
	(106,3095,1),
	(28,3096,2),
	(106,3096,1),
	(28,3097,3),
	(106,3097,1),
	(28,3098,2),
	(106,3098,1),
	(28,3099,7),
	(47,3099,1),
	(78,3099,1),
	(80,3099,1),
	(106,3099,6),
	(28,3100,3),
	(106,3100,1),
	(28,3101,3),
	(106,3101,1),
	(28,3102,3),
	(106,3102,1),
	(28,3103,3),
	(106,3103,1),
	(28,3104,2),
	(106,3104,1),
	(28,3105,2),
	(106,3105,1),
	(21,3106,6),
	(28,3106,3),
	(29,3106,7),
	(36,3106,1),
	(37,3106,4),
	(38,3106,4),
	(39,3106,1),
	(40,3106,4),
	(41,3106,1),
	(44,3106,4),
	(50,3106,1),
	(52,3106,1),
	(59,3106,6),
	(69,3106,5),
	(72,3106,1),
	(73,3106,1),
	(79,3106,2),
	(81,3106,1),
	(84,3106,1),
	(87,3106,1),
	(94,3106,2),
	(98,3106,4),
	(106,3106,1),
	(28,3107,2),
	(37,3107,1),
	(106,3107,1),
	(28,3108,3),
	(106,3108,1),
	(28,3109,3),
	(106,3109,1),
	(28,3110,3),
	(106,3110,1),
	(28,3111,2),
	(106,3111,1),
	(28,3112,3),
	(106,3112,1),
	(28,3113,3),
	(106,3113,1),
	(28,3114,3),
	(106,3114,1),
	(28,3115,1),
	(61,3115,1),
	(94,3115,1),
	(28,3116,1),
	(57,3116,1),
	(62,3116,1),
	(83,3116,1),
	(28,3117,1),
	(55,3117,1),
	(57,3117,1),
	(62,3117,1),
	(65,3117,1),
	(78,3117,2),
	(83,3117,1),
	(28,3118,1),
	(78,3118,1),
	(28,3119,1),
	(57,3119,1),
	(62,3119,1),
	(78,3119,1),
	(28,3120,1),
	(57,3120,1),
	(62,3120,1),
	(80,3120,1),
	(28,3121,1),
	(70,3121,1),
	(75,3121,1),
	(78,3121,1),
	(85,3121,1),
	(86,3121,1),
	(28,3122,1),
	(70,3122,1),
	(72,3122,1),
	(73,3122,1),
	(74,3122,1),
	(75,3122,1),
	(83,3122,1),
	(28,3123,1),
	(57,3123,1),
	(62,3123,1),
	(28,3124,1),
	(50,3124,1),
	(55,3124,1),
	(62,3124,1),
	(28,3125,1),
	(29,3125,1),
	(48,3125,4),
	(58,3125,1),
	(62,3125,1),
	(69,3125,1),
	(70,3125,1),
	(72,3125,2),
	(73,3125,2),
	(74,3125,1),
	(75,3125,1),
	(82,3125,1),
	(87,3125,1),
	(94,3125,1),
	(28,3126,1),
	(28,3127,1),
	(12,3128,1),
	(13,3128,1),
	(14,3128,1),
	(15,3128,1),
	(17,3128,1),
	(18,3128,1),
	(19,3128,1),
	(21,3128,1),
	(28,3128,1),
	(36,3128,1),
	(37,3128,1),
	(38,3128,1),
	(40,3128,1),
	(44,3128,1),
	(45,3128,1),
	(46,3128,1),
	(47,3128,1),
	(52,3128,1),
	(64,3128,1),
	(70,3128,1),
	(72,3128,2),
	(73,3128,2),
	(74,3128,2),
	(75,3128,1),
	(76,3128,2),
	(80,3128,1),
	(88,3128,1),
	(89,3128,1),
	(90,3128,1),
	(91,3128,1),
	(92,3128,1),
	(93,3128,1),
	(95,3128,1),
	(96,3128,1),
	(97,3128,1),
	(98,3128,1),
	(99,3128,1),
	(100,3128,1),
	(101,3128,1),
	(102,3128,1),
	(103,3128,1),
	(104,3128,1),
	(105,3128,1),
	(106,3128,1),
	(107,3128,1),
	(28,3129,1),
	(28,3130,1),
	(15,3131,3),
	(28,3131,1),
	(29,3131,3),
	(46,3131,1),
	(51,3131,1),
	(55,3131,2),
	(56,3131,1),
	(57,3131,4),
	(69,3131,15),
	(70,3131,16),
	(72,3131,17),
	(73,3131,16),
	(74,3131,16),
	(75,3131,16),
	(81,3131,1),
	(83,3131,12),
	(84,3131,8),
	(85,3131,19),
	(86,3131,16),
	(87,3131,20),
	(94,3131,1),
	(28,3132,1),
	(28,3133,1),
	(78,3133,2),
	(28,3134,1),
	(56,3134,1),
	(69,3134,1),
	(72,3134,1),
	(73,3134,1),
	(87,3134,1),
	(28,3135,1),
	(28,3136,1),
	(70,3136,1),
	(72,3136,1),
	(73,3136,1),
	(74,3136,1),
	(75,3136,1),
	(28,3137,1),
	(28,3138,1),
	(28,3139,1),
	(28,3140,1),
	(51,3140,1),
	(55,3140,1),
	(56,3140,1),
	(70,3140,1),
	(72,3140,2),
	(73,3140,1),
	(74,3140,2),
	(75,3140,1),
	(86,3140,1),
	(87,3140,1),
	(94,3140,1),
	(28,3141,1),
	(28,3142,1),
	(28,3143,1),
	(29,3144,6),
	(29,3146,6),
	(29,3149,6),
	(29,3151,6),
	(29,3154,6),
	(29,3156,6),
	(29,3159,6),
	(29,3161,6),
	(29,3164,6),
	(36,3164,1),
	(29,3166,12),
	(65,3166,1),
	(69,3166,1),
	(72,3166,1),
	(73,3166,1),
	(87,3166,1),
	(102,3166,1),
	(29,3167,7),
	(69,3167,5),
	(72,3167,1),
	(73,3167,1),
	(29,3168,3),
	(41,3168,1),
	(29,3169,2),
	(29,3170,2),
	(29,3171,2),
	(50,3171,1),
	(105,3171,1),
	(29,3172,2),
	(29,3173,2),
	(29,3174,1),
	(50,3174,1),
	(64,3174,1),
	(29,3175,1),
	(50,3175,1),
	(52,3175,2),
	(55,3175,1),
	(57,3175,2),
	(58,3175,1),
	(59,3175,2),
	(69,3175,1),
	(72,3175,1),
	(73,3175,1),
	(87,3175,1),
	(94,3175,2),
	(29,3176,2),
	(29,3177,2),
	(69,3177,2),
	(72,3177,2),
	(73,3177,2),
	(87,3177,1),
	(29,3178,1),
	(69,3178,1),
	(72,3178,1),
	(73,3178,1),
	(29,3179,1),
	(69,3179,1),
	(72,3179,1),
	(73,3179,1),
	(87,3179,1),
	(29,3180,1),
	(50,3180,6),
	(105,3180,5),
	(29,3181,1),
	(29,3182,1),
	(69,3182,1),
	(72,3182,1),
	(73,3182,1),
	(87,3182,1),
	(29,3183,2),
	(36,3183,1),
	(40,3183,1),
	(41,3183,1),
	(62,3183,1),
	(64,3183,1),
	(65,3183,2),
	(70,3183,2),
	(75,3183,2),
	(78,3183,1),
	(81,3183,1),
	(82,3183,1),
	(84,3183,1),
	(85,3183,1),
	(86,3183,1),
	(97,3183,1),
	(29,3184,1),
	(29,3185,1),
	(29,3186,1),
	(29,3187,2),
	(62,3187,1),
	(70,3187,1),
	(75,3187,1),
	(80,3187,1),
	(81,3187,2),
	(82,3187,1),
	(85,3187,1),
	(86,3187,1),
	(91,3187,1),
	(29,3188,1),
	(69,3188,1),
	(72,3188,1),
	(73,3188,1),
	(87,3188,1),
	(29,3189,2),
	(50,3189,1),
	(56,3189,1),
	(57,3189,2),
	(58,3189,1),
	(29,3190,1),
	(70,3190,1),
	(72,3190,1),
	(73,3190,1),
	(74,3190,1),
	(75,3190,1),
	(29,3191,1),
	(29,3192,1),
	(29,3193,3),
	(61,3193,1),
	(62,3193,2),
	(65,3193,1),
	(72,3193,1),
	(74,3193,1),
	(79,3193,1),
	(82,3193,2),
	(84,3193,1),
	(86,3193,1),
	(87,3193,1),
	(29,3194,1),
	(29,3195,1),
	(29,3196,1),
	(51,3196,1),
	(83,3196,1),
	(104,3196,1),
	(29,3197,1),
	(55,3197,1),
	(29,3198,1),
	(50,3198,1),
	(55,3198,2),
	(69,3198,1),
	(70,3198,2),
	(72,3198,1),
	(73,3198,1),
	(74,3198,1),
	(75,3198,2),
	(85,3198,6),
	(86,3198,2),
	(87,3198,1),
	(105,3198,1),
	(29,3200,1),
	(55,3200,1),
	(29,3201,1),
	(29,3202,1),
	(29,3203,1),
	(81,3203,1),
	(29,3204,1),
	(12,3205,1),
	(13,3205,1),
	(14,3205,1),
	(15,3205,1),
	(17,3205,1),
	(19,3205,1),
	(21,3205,1),
	(29,3205,1),
	(36,3205,1),
	(37,3205,1),
	(39,3205,1),
	(40,3205,1),
	(41,3205,1),
	(44,3205,1),
	(45,3205,1),
	(46,3205,1),
	(47,3205,1),
	(52,3205,1),
	(55,3205,3),
	(58,3205,2),
	(69,3205,1),
	(70,3205,2),
	(72,3205,2),
	(73,3205,2),
	(74,3205,2),
	(75,3205,2),
	(76,3205,2),
	(85,3205,1),
	(86,3205,1),
	(87,3205,1),
	(89,3205,1),
	(97,3205,1),
	(99,3205,1),
	(100,3205,1),
	(101,3205,1),
	(102,3205,1),
	(103,3205,1),
	(106,3205,1),
	(107,3205,1),
	(29,3206,1),
	(58,3206,1),
	(29,3207,1),
	(69,3207,1),
	(72,3207,1),
	(73,3207,1),
	(81,3207,1),
	(82,3207,2),
	(87,3207,1),
	(29,3208,5),
	(55,3208,3),
	(103,3208,1),
	(107,3208,1),
	(29,3209,1),
	(55,3209,2),
	(65,3209,1),
	(80,3209,1),
	(96,3209,1),
	(97,3209,1),
	(29,3210,1),
	(69,3210,2),
	(70,3210,1),
	(72,3210,1),
	(73,3210,2),
	(74,3210,1),
	(75,3210,1),
	(85,3210,1),
	(87,3210,1),
	(94,3210,1),
	(29,3211,1),
	(29,3212,1),
	(70,3212,1),
	(72,3212,1),
	(73,3212,1),
	(74,3212,1),
	(75,3212,1),
	(107,3212,7),
	(29,3213,1),
	(38,3213,6),
	(107,3213,1),
	(29,3214,1),
	(29,3215,1),
	(29,3216,1),
	(29,3217,1),
	(64,3217,1),
	(69,3217,2),
	(70,3217,2),
	(72,3217,2),
	(73,3217,2),
	(74,3217,4),
	(75,3217,2),
	(80,3217,1),
	(84,3217,1),
	(85,3217,2),
	(86,3217,2),
	(87,3217,2),
	(29,3218,1),
	(56,3218,1),
	(29,3219,1),
	(29,3220,1),
	(29,3221,1),
	(29,3222,1),
	(29,3223,1),
	(29,3224,1),
	(46,3224,1),
	(64,3224,2),
	(69,3224,1),
	(72,3224,2),
	(73,3224,2),
	(74,3224,1),
	(82,3224,1),
	(87,3224,1),
	(29,3225,1),
	(29,3226,1),
	(29,3227,1),
	(70,3227,1),
	(72,3227,1),
	(73,3227,1),
	(74,3227,1),
	(29,3228,1),
	(55,3228,2),
	(12,3229,1),
	(13,3229,1),
	(14,3229,1),
	(15,3229,1),
	(17,3229,1),
	(18,3229,1),
	(19,3229,1),
	(21,3229,1),
	(29,3229,1),
	(36,3229,1),
	(37,3229,1),
	(38,3229,1),
	(40,3229,1),
	(44,3229,1),
	(45,3229,1),
	(46,3229,1),
	(47,3229,1),
	(52,3229,1),
	(76,3229,2),
	(88,3229,1),
	(89,3229,1),
	(90,3229,1),
	(91,3229,1),
	(92,3229,1),
	(93,3229,1),
	(95,3229,1),
	(96,3229,1),
	(97,3229,1),
	(98,3229,1),
	(99,3229,1),
	(100,3229,1),
	(101,3229,1),
	(102,3229,1),
	(103,3229,1),
	(104,3229,1),
	(105,3229,1),
	(106,3229,1),
	(107,3229,1),
	(29,3230,1),
	(29,3231,1),
	(12,3232,1),
	(13,3232,1),
	(14,3232,1),
	(15,3232,1),
	(17,3232,1),
	(18,3232,1),
	(19,3232,1),
	(21,3232,1),
	(29,3232,1),
	(36,3232,1),
	(37,3232,1),
	(38,3232,1),
	(40,3232,1),
	(44,3232,1),
	(45,3232,1),
	(46,3232,1),
	(47,3232,1),
	(52,3232,1),
	(64,3232,1),
	(65,3232,1),
	(72,3232,1),
	(74,3232,1),
	(76,3232,2),
	(84,3232,1),
	(86,3232,1),
	(87,3232,1),
	(88,3232,1),
	(89,3232,1),
	(90,3232,1),
	(91,3232,1),
	(92,3232,1),
	(93,3232,1),
	(95,3232,1),
	(96,3232,1),
	(97,3232,1),
	(98,3232,1),
	(99,3232,1),
	(100,3232,1),
	(101,3232,1),
	(102,3232,1),
	(103,3232,1),
	(104,3232,1),
	(105,3232,1),
	(106,3232,1),
	(107,3232,1),
	(29,3233,1),
	(51,3233,2),
	(29,3234,1),
	(29,3235,1),
	(56,3235,1),
	(29,3236,1),
	(55,3236,1),
	(57,3236,1),
	(58,3236,1),
	(61,3236,1),
	(62,3236,1),
	(80,3236,1),
	(29,3237,1),
	(50,3237,1),
	(83,3237,1),
	(29,3238,1),
	(29,3239,1),
	(29,3240,1),
	(29,3241,1),
	(29,3242,1),
	(41,3242,1),
	(29,3243,1),
	(56,3243,1),
	(29,3244,1),
	(29,3245,1),
	(29,3246,1),
	(29,3247,1),
	(29,3248,1),
	(29,3249,1),
	(29,3250,1),
	(29,3251,1),
	(29,3252,1),
	(29,3253,1),
	(29,3254,1),
	(29,3255,1),
	(29,3256,1),
	(29,3257,1),
	(29,3258,1),
	(51,3258,1),
	(104,3258,1),
	(29,3259,1),
	(29,3261,1),
	(56,3261,1),
	(61,3261,1),
	(29,3262,4),
	(72,3262,1),
	(74,3262,1),
	(84,3262,1),
	(86,3262,1),
	(87,3262,1),
	(41,3264,5),
	(70,3264,1),
	(72,3264,1),
	(73,3264,1),
	(74,3264,1),
	(75,3264,1),
	(59,3284,1),
	(61,3284,1),
	(94,3284,1),
	(41,3292,5),
	(58,3292,5),
	(82,3292,1),
	(48,3295,2),
	(55,3295,1),
	(69,3295,3),
	(70,3295,2),
	(72,3295,1),
	(73,3295,3),
	(74,3295,2),
	(75,3295,2),
	(82,3295,1),
	(85,3295,2),
	(87,3295,1),
	(47,3296,1),
	(51,3296,1),
	(56,3296,1),
	(69,3296,1),
	(72,3296,1),
	(73,3296,1),
	(82,3296,3),
	(87,3296,1),
	(104,3296,1),
	(51,3297,1),
	(82,3297,1),
	(51,3298,1),
	(82,3298,1),
	(49,3306,2),
	(51,3306,1),
	(55,3306,1),
	(58,3306,1),
	(82,3306,1),
	(83,3306,1),
	(89,3306,2),
	(90,3306,1),
	(104,3306,1),
	(38,3308,1),
	(55,3308,2),
	(57,3308,1),
	(61,3308,1),
	(62,3308,1),
	(64,3308,1),
	(65,3308,1),
	(70,3308,2),
	(75,3308,2),
	(82,3308,1),
	(84,3308,1),
	(85,3308,1),
	(86,3308,1),
	(94,3308,1),
	(51,3312,1),
	(82,3312,1),
	(104,3312,1),
	(59,3313,1),
	(80,3313,1),
	(82,3313,1),
	(94,3313,1),
	(51,3314,1),
	(82,3314,1),
	(38,3325,1),
	(51,3325,1),
	(65,3325,1),
	(69,3325,1),
	(72,3325,1),
	(73,3325,1),
	(82,3325,1),
	(87,3325,1),
	(13,3328,1),
	(14,3328,1),
	(15,3328,1),
	(17,3328,1),
	(19,3328,1),
	(21,3328,1),
	(36,3328,1),
	(37,3328,1),
	(44,3328,1),
	(45,3328,1),
	(46,3328,1),
	(47,3328,6),
	(48,3328,6),
	(52,3328,1),
	(57,3328,1),
	(58,3328,2),
	(70,3328,2),
	(72,3328,1),
	(73,3328,1),
	(74,3328,1),
	(75,3328,2),
	(76,3328,2),
	(78,3328,1),
	(82,3328,1),
	(89,3328,1),
	(97,3328,1),
	(99,3328,1),
	(100,3328,1),
	(101,3328,1),
	(102,3328,1),
	(103,3328,1),
	(104,3328,1),
	(106,3328,1),
	(107,3328,1),
	(47,3331,1),
	(69,3331,1),
	(72,3331,1),
	(73,3331,1),
	(87,3331,1),
	(50,3332,1),
	(51,3332,2),
	(59,3332,1),
	(69,3332,1),
	(72,3332,1),
	(73,3332,1),
	(87,3332,1),
	(38,3334,1),
	(47,3334,1),
	(50,3334,2),
	(55,3334,2),
	(60,3334,1),
	(50,3335,1),
	(55,3335,1),
	(57,3335,1),
	(59,3335,1),
	(62,3335,2),
	(64,3335,1),
	(69,3335,1),
	(70,3335,3),
	(72,3335,1),
	(73,3335,1),
	(75,3335,3),
	(78,3335,1),
	(84,3335,1),
	(85,3335,2),
	(86,3335,2),
	(87,3335,1),
	(50,3349,1),
	(37,3358,1),
	(72,3358,1),
	(74,3358,1),
	(86,3358,1),
	(87,3358,1),
	(50,3359,1),
	(48,3362,5),
	(55,3362,1),
	(69,3362,1),
	(70,3362,1),
	(72,3362,1),
	(73,3362,1),
	(74,3362,1),
	(75,3362,2),
	(81,3362,1),
	(83,3362,5),
	(84,3362,1),
	(85,3362,2),
	(86,3362,2),
	(87,3362,1),
	(56,3377,1),
	(59,3377,1),
	(65,3377,4),
	(72,3377,1),
	(74,3377,1),
	(83,3377,1),
	(86,3377,1),
	(87,3377,1),
	(96,3377,1),
	(97,3377,2),
	(50,3379,1),
	(51,3379,1),
	(83,3379,1),
	(50,3391,3),
	(51,3391,1),
	(58,3391,3),
	(61,3391,1),
	(83,3391,2),
	(105,3391,1),
	(36,3426,1),
	(39,3426,1),
	(103,3426,1),
	(62,3429,1),
	(70,3429,1),
	(75,3429,1),
	(85,3429,1),
	(86,3429,1),
	(94,3429,1),
	(49,3443,2),
	(83,3443,1),
	(84,3443,1),
	(14,3444,1),
	(21,3444,1),
	(36,3444,1),
	(37,3444,1),
	(45,3444,6),
	(47,3444,1),
	(48,3444,6),
	(50,3444,11),
	(55,3444,2),
	(62,3444,5),
	(69,3444,7),
	(72,3444,3),
	(73,3444,7),
	(87,3444,7),
	(100,3444,1),
	(105,3444,7),
	(47,3448,1),
	(56,3448,1),
	(58,3448,1),
	(70,3448,1),
	(72,3448,1),
	(73,3448,1),
	(74,3448,1),
	(75,3448,1),
	(80,3448,1),
	(50,3453,2),
	(80,3453,1),
	(58,3464,1),
	(59,3464,1),
	(64,3464,1),
	(94,3464,1),
	(50,3467,2),
	(55,3467,1),
	(58,3467,1),
	(84,3467,1),
	(51,3481,1),
	(58,3481,1),
	(46,3491,1),
	(48,3491,1),
	(50,3491,2),
	(51,3491,1),
	(55,3491,6),
	(58,3491,3),
	(59,3491,2),
	(62,3491,2),
	(64,3491,2),
	(83,3491,1),
	(84,3491,1),
	(98,3491,1),
	(58,3508,1),
	(61,3508,1),
	(69,3508,1),
	(70,3508,1),
	(73,3508,1),
	(74,3508,1),
	(75,3508,1),
	(85,3508,1),
	(94,3508,1),
	(51,3530,1),
	(58,3530,1),
	(64,3530,1),
	(69,3530,1),
	(70,3530,1),
	(72,3530,1),
	(73,3530,1),
	(74,3530,2),
	(75,3530,1),
	(80,3530,1),
	(85,3530,1),
	(86,3530,1),
	(87,3530,1),
	(58,3532,1),
	(94,3532,2),
	(58,3533,1),
	(94,3533,1),
	(94,3536,1),
	(39,3537,1),
	(41,3537,1),
	(58,3561,1),
	(94,3561,1),
	(50,3568,1),
	(57,3568,1),
	(64,3568,1),
	(70,3568,1),
	(72,3568,1),
	(73,3568,1),
	(74,3568,1),
	(75,3568,1),
	(94,3568,1),
	(105,3568,1),
	(36,3572,1),
	(44,3572,6),
	(55,3572,1),
	(57,3572,5),
	(62,3572,5),
	(70,3572,6),
	(75,3572,6),
	(85,3572,6),
	(86,3572,6),
	(51,3573,1),
	(48,3577,2),
	(62,3589,1),
	(70,3589,1),
	(75,3589,1),
	(85,3589,1),
	(86,3589,1),
	(50,3600,1),
	(57,3601,1),
	(64,3601,1),
	(36,3603,6),
	(55,3603,6),
	(36,3604,6),
	(55,3604,6),
	(36,3605,6),
	(55,3605,6),
	(36,3606,6),
	(55,3606,6),
	(12,3607,1),
	(13,3607,1),
	(14,3607,1),
	(15,3607,1),
	(17,3607,1),
	(18,3607,1),
	(19,3607,1),
	(21,3607,1),
	(36,3607,7),
	(37,3607,1),
	(38,3607,1),
	(40,3607,1),
	(44,3607,1),
	(45,3607,1),
	(46,3607,1),
	(47,3607,1),
	(52,3607,1),
	(55,3607,6),
	(76,3607,2),
	(88,3607,1),
	(89,3607,1),
	(90,3607,1),
	(91,3607,1),
	(92,3607,1),
	(93,3607,1),
	(95,3607,1),
	(96,3607,1),
	(97,3607,1),
	(98,3607,1),
	(99,3607,1),
	(100,3607,1),
	(101,3607,1),
	(102,3607,1),
	(103,3607,1),
	(104,3607,1),
	(105,3607,1),
	(106,3607,1),
	(107,3607,1),
	(48,3611,2),
	(36,3618,1),
	(46,3618,6),
	(49,3618,2),
	(55,3618,2),
	(64,3618,6),
	(89,3618,2),
	(36,3619,1),
	(46,3619,6),
	(49,3619,2),
	(55,3619,3),
	(64,3619,6),
	(89,3619,2),
	(46,3621,5),
	(49,3621,8),
	(55,3621,2),
	(64,3621,2),
	(89,3621,2),
	(46,3622,5),
	(49,3622,2),
	(64,3622,2),
	(89,3622,2),
	(39,3635,1),
	(55,3635,1),
	(14,3641,1),
	(36,3641,1),
	(37,3641,1),
	(45,3641,1),
	(47,3641,1),
	(50,3641,2),
	(62,3641,5),
	(105,3641,2),
	(14,3642,1),
	(21,3642,1),
	(37,3642,1),
	(50,3642,4),
	(105,3642,5),
	(14,3644,1),
	(21,3644,1),
	(36,3644,1),
	(37,3644,1),
	(45,3644,6),
	(47,3644,1),
	(48,3644,6),
	(50,3644,7),
	(55,3644,3),
	(62,3644,5),
	(105,3644,6),
	(48,3646,1),
	(50,3646,1),
	(55,3646,1),
	(62,3646,1),
	(50,3647,1),
	(55,3647,1),
	(48,3649,1),
	(50,3649,1),
	(55,3649,1),
	(62,3649,1),
	(50,3650,1),
	(47,3651,1),
	(51,3651,1),
	(56,3651,1),
	(62,3651,1),
	(70,3651,1),
	(72,3651,1),
	(73,3651,1),
	(74,3651,1),
	(75,3651,1),
	(51,3652,2),
	(104,3652,1),
	(47,3653,1),
	(50,3653,1),
	(105,3653,1),
	(50,3654,1),
	(105,3654,1),
	(36,3683,6),
	(36,3684,6),
	(36,3685,6),
	(36,3686,6),
	(36,3687,6),
	(36,3688,1),
	(36,3689,1),
	(38,3689,5),
	(36,3690,2),
	(37,3690,4),
	(36,3691,1),
	(56,3691,1),
	(58,3691,1),
	(36,3692,1),
	(69,3692,1),
	(72,3692,1),
	(73,3692,1),
	(87,3692,1),
	(36,3693,1),
	(36,3694,1),
	(36,3695,1),
	(36,3696,1),
	(36,3697,1),
	(36,3698,1),
	(59,3698,1),
	(36,3699,1),
	(36,3700,1),
	(36,3701,1),
	(36,3702,1),
	(12,3703,4),
	(13,3703,4),
	(14,3703,4),
	(15,3703,4),
	(17,3703,4),
	(18,3703,4),
	(19,3703,4),
	(21,3703,4),
	(36,3703,4),
	(37,3703,4),
	(38,3703,4),
	(39,3703,2),
	(40,3703,4),
	(41,3703,2),
	(44,3703,4),
	(45,3703,4),
	(46,3703,4),
	(47,3703,4),
	(52,3703,4),
	(69,3703,3),
	(70,3703,3),
	(72,3703,3),
	(73,3703,3),
	(74,3703,3),
	(75,3703,3),
	(76,3703,8),
	(85,3703,3),
	(86,3703,3),
	(87,3703,3),
	(88,3703,4),
	(89,3703,4),
	(90,3703,4),
	(91,3703,4),
	(92,3703,4),
	(93,3703,4),
	(95,3703,4),
	(96,3703,4),
	(97,3703,4),
	(98,3703,4),
	(99,3703,4),
	(100,3703,4),
	(101,3703,4),
	(102,3703,4),
	(103,3703,4),
	(104,3703,4),
	(105,3703,4),
	(106,3703,4),
	(107,3703,4),
	(36,3704,2),
	(39,3704,1),
	(41,3704,1),
	(55,3704,1),
	(58,3704,1),
	(103,3704,1),
	(12,3705,1),
	(13,3705,1),
	(14,3705,1),
	(15,3705,1),
	(17,3705,1),
	(19,3705,1),
	(21,3705,1),
	(36,3705,1),
	(37,3705,1),
	(39,3705,1),
	(40,3705,1),
	(41,3705,1),
	(44,3705,1),
	(45,3705,1),
	(46,3705,1),
	(47,3705,1),
	(52,3705,1),
	(76,3705,2),
	(89,3705,1),
	(97,3705,1),
	(99,3705,1),
	(100,3705,1),
	(101,3705,1),
	(102,3705,1),
	(103,3705,1),
	(106,3705,1),
	(107,3705,1),
	(39,3706,1),
	(41,3706,1),
	(39,3708,1),
	(41,3708,1),
	(39,3709,1),
	(41,3709,1),
	(12,3710,1),
	(13,3710,1),
	(14,3710,1),
	(15,3710,1),
	(17,3710,1),
	(18,3710,1),
	(19,3710,1),
	(21,3710,1),
	(36,3710,1),
	(37,3710,1),
	(38,3710,1),
	(39,3710,1),
	(40,3710,1),
	(41,3710,1),
	(44,3710,1),
	(45,3710,1),
	(46,3710,1),
	(47,3710,1),
	(52,3710,1),
	(69,3710,1),
	(70,3710,1),
	(72,3710,1),
	(73,3710,1),
	(74,3710,1),
	(75,3710,1),
	(76,3710,2),
	(85,3710,1),
	(86,3710,1),
	(87,3710,1),
	(88,3710,1),
	(89,3710,1),
	(90,3710,1),
	(91,3710,1),
	(92,3710,1),
	(93,3710,1),
	(95,3710,1),
	(96,3710,1),
	(97,3710,1),
	(98,3710,1),
	(99,3710,1),
	(100,3710,1),
	(101,3710,1),
	(102,3710,1),
	(103,3710,1),
	(104,3710,1),
	(105,3710,1),
	(106,3710,1),
	(107,3710,1),
	(13,3711,2),
	(14,3711,2),
	(19,3711,2),
	(21,3711,2),
	(27,3711,8),
	(29,3711,2),
	(36,3711,2),
	(37,3711,2),
	(38,3711,2),
	(39,3711,4),
	(40,3711,2),
	(41,3711,4),
	(44,3711,2),
	(45,3711,2),
	(46,3711,2),
	(47,3711,2),
	(76,3711,8),
	(92,3711,2),
	(14,3712,2),
	(27,3712,4),
	(39,3712,2),
	(41,3712,2),
	(76,3712,4),
	(13,3713,2),
	(14,3713,2),
	(19,3713,2),
	(21,3713,2),
	(27,3713,8),
	(29,3713,2),
	(36,3713,2),
	(37,3713,2),
	(38,3713,2),
	(39,3713,4),
	(40,3713,2),
	(41,3713,4),
	(44,3713,2),
	(45,3713,2),
	(46,3713,2),
	(47,3713,2),
	(76,3713,8),
	(92,3713,2),
	(14,3714,2),
	(27,3714,4),
	(39,3714,2),
	(41,3714,2),
	(76,3714,4),
	(13,3715,2),
	(14,3715,2),
	(19,3715,2),
	(21,3715,2),
	(27,3715,8),
	(29,3715,2),
	(36,3715,2),
	(37,3715,2),
	(38,3715,2),
	(39,3715,4),
	(40,3715,2),
	(41,3715,4),
	(44,3715,2),
	(45,3715,2),
	(46,3715,2),
	(47,3715,2),
	(76,3715,8),
	(92,3715,2),
	(14,3716,2),
	(27,3716,4),
	(39,3716,2),
	(41,3716,2),
	(76,3716,4),
	(13,3717,2),
	(14,3717,2),
	(19,3717,2),
	(21,3717,2),
	(27,3717,8),
	(29,3717,2),
	(36,3717,2),
	(37,3717,2),
	(38,3717,2),
	(39,3717,4),
	(40,3717,2),
	(41,3717,4),
	(44,3717,2),
	(45,3717,2),
	(46,3717,2),
	(47,3717,2),
	(76,3717,8),
	(92,3717,2),
	(14,3718,2),
	(27,3718,4),
	(39,3718,2),
	(41,3718,2),
	(76,3718,4),
	(13,3719,2),
	(19,3719,2),
	(21,3719,2),
	(27,3719,4),
	(29,3719,2),
	(36,3719,2),
	(37,3719,2),
	(38,3719,2),
	(39,3719,2),
	(40,3719,2),
	(41,3719,2),
	(44,3719,2),
	(45,3719,2),
	(46,3719,2),
	(47,3719,2),
	(76,3719,4),
	(92,3719,2),
	(13,3720,2),
	(19,3720,2),
	(21,3720,2),
	(27,3720,4),
	(29,3720,2),
	(36,3720,2),
	(37,3720,2),
	(38,3720,2),
	(39,3720,2),
	(40,3720,2),
	(41,3720,2),
	(44,3720,2),
	(45,3720,2),
	(46,3720,2),
	(47,3720,2),
	(76,3720,4),
	(92,3720,2),
	(13,3721,2),
	(19,3721,2),
	(21,3721,2),
	(27,3721,4),
	(29,3721,2),
	(36,3721,2),
	(37,3721,2),
	(38,3721,2),
	(39,3721,2),
	(40,3721,2),
	(41,3721,2),
	(44,3721,2),
	(45,3721,2),
	(46,3721,2),
	(47,3721,2),
	(76,3721,4),
	(92,3721,2),
	(13,3722,2),
	(19,3722,2),
	(21,3722,2),
	(27,3722,4),
	(29,3722,2),
	(36,3722,2),
	(37,3722,2),
	(38,3722,2),
	(39,3722,2),
	(40,3722,2),
	(41,3722,2),
	(44,3722,2),
	(45,3722,2),
	(46,3722,2),
	(47,3722,2),
	(76,3722,4),
	(92,3722,2),
	(37,3723,6),
	(37,3724,6),
	(49,3724,6),
	(37,3725,6),
	(37,3726,6),
	(37,3727,6),
	(37,3728,6),
	(49,3728,6),
	(37,3729,6),
	(37,3730,6),
	(37,3731,6),
	(37,3732,6),
	(49,3732,6),
	(37,3733,6),
	(37,3734,6),
	(37,3735,6),
	(37,3736,6),
	(49,3736,6),
	(37,3737,6),
	(37,3738,6),
	(37,3739,6),
	(37,3740,10),
	(37,3741,1),
	(50,3741,2),
	(52,3741,1),
	(69,3741,1),
	(72,3741,1),
	(73,3741,1),
	(87,3741,1),
	(94,3741,1),
	(37,3742,1),
	(37,3744,1),
	(37,3745,1),
	(38,3746,1),
	(79,3746,1),
	(38,3747,1),
	(79,3747,1),
	(38,3748,1),
	(79,3748,1),
	(38,3749,1),
	(38,3750,1),
	(38,3751,6),
	(38,3753,1),
	(39,3756,6),
	(65,3756,6),
	(96,3756,6),
	(97,3756,6),
	(39,3757,6),
	(65,3757,6),
	(96,3757,6),
	(97,3757,6),
	(39,3758,6),
	(65,3758,6),
	(96,3758,6),
	(97,3758,6),
	(39,3759,6),
	(65,3759,6),
	(96,3759,6),
	(97,3759,6),
	(39,3760,5),
	(46,3760,6),
	(64,3760,10),
	(65,3760,6),
	(88,3760,7),
	(96,3760,7),
	(97,3760,6),
	(39,3761,1),
	(39,3762,1),
	(60,3762,1),
	(39,3763,1),
	(39,3764,1),
	(48,3764,1),
	(55,3764,1),
	(70,3764,1),
	(75,3764,1),
	(81,3764,1),
	(39,3765,1),
	(48,3765,2),
	(65,3765,1),
	(94,3765,1),
	(96,3765,1),
	(97,3765,1),
	(39,3766,1),
	(59,3766,1),
	(65,3766,1),
	(78,3766,1),
	(96,3766,1),
	(97,3766,1),
	(98,3766,1),
	(39,3767,1),
	(59,3767,1),
	(72,3767,1),
	(74,3767,1),
	(80,3767,1),
	(81,3767,1),
	(86,3767,1),
	(87,3767,1),
	(98,3767,1),
	(39,3768,1),
	(40,3769,6),
	(40,3770,6),
	(40,3771,6),
	(40,3772,6),
	(40,3773,6),
	(40,3774,6),
	(40,3775,6),
	(40,3776,6),
	(40,3777,6),
	(40,3778,6),
	(40,3779,6),
	(40,3780,6),
	(40,3781,10),
	(52,3781,1),
	(69,3781,4),
	(94,3781,1),
	(40,3782,1),
	(84,3782,1),
	(40,3784,1),
	(46,3784,1),
	(69,3784,1),
	(70,3784,1),
	(72,3784,2),
	(73,3784,2),
	(74,3784,1),
	(75,3784,1),
	(87,3784,1),
	(40,3785,1),
	(40,3786,1),
	(40,3787,1),
	(40,3788,2),
	(80,3788,1),
	(84,3788,1),
	(40,3789,1),
	(41,3789,1),
	(69,3789,1),
	(70,3789,1),
	(73,3789,1),
	(74,3789,1),
	(75,3789,1),
	(78,3789,1),
	(85,3789,1),
	(40,3790,1),
	(40,3791,1),
	(41,3792,6),
	(41,3793,6),
	(41,3794,6),
	(41,3795,6),
	(41,3796,6),
	(41,3797,6),
	(41,3798,6),
	(41,3799,6),
	(41,3800,6),
	(41,3801,6),
	(41,3802,6),
	(41,3803,6),
	(41,3804,6),
	(55,3804,1),
	(56,3804,6),
	(58,3804,3),
	(64,3804,1),
	(84,3804,1),
	(41,3805,6),
	(41,3806,10),
	(81,3806,1),
	(41,3807,1),
	(59,3807,1),
	(94,3807,1),
	(98,3807,1),
	(41,3808,1),
	(41,3809,1),
	(41,3810,1),
	(41,3811,1),
	(56,3811,1),
	(41,3812,1),
	(41,3813,1),
	(41,3814,5),
	(51,3814,1),
	(56,3814,1),
	(12,3815,3),
	(39,3815,3),
	(41,3815,3),
	(46,3815,3),
	(89,3815,3),
	(97,3815,3),
	(12,3816,3),
	(39,3816,3),
	(41,3816,3),
	(46,3816,3),
	(89,3816,3),
	(97,3816,3),
	(12,3817,3),
	(39,3817,3),
	(41,3817,3),
	(46,3817,3),
	(89,3817,3),
	(97,3817,3),
	(12,3818,3),
	(39,3818,3),
	(41,3818,3),
	(46,3818,3),
	(89,3818,3),
	(97,3818,3),
	(45,3855,6),
	(45,3856,6),
	(45,3857,6),
	(45,3858,6),
	(45,3859,6),
	(45,3860,6),
	(45,3861,6),
	(45,3862,6),
	(18,3863,1),
	(45,3863,10),
	(45,3864,1),
	(78,3864,1),
	(45,3865,1),
	(45,3866,1),
	(45,3867,2),
	(45,3868,1),
	(45,3869,1),
	(45,3870,1),
	(45,3871,6),
	(50,3871,2),
	(52,3871,1),
	(105,3871,2),
	(45,3872,5),
	(50,3872,6),
	(105,3872,5),
	(45,3873,5),
	(45,3874,1),
	(45,3875,6),
	(45,3876,1),
	(45,3878,1),
	(45,3879,1),
	(45,3880,1),
	(45,3881,1),
	(45,3882,1),
	(45,3883,1),
	(46,3884,6),
	(49,3884,6),
	(89,3884,6),
	(46,3885,6),
	(59,3885,6),
	(98,3885,6),
	(46,3886,6),
	(49,3886,6),
	(89,3886,6),
	(46,3887,6),
	(59,3887,6),
	(98,3887,6),
	(46,3888,6),
	(49,3888,6),
	(89,3888,6),
	(46,3889,6),
	(59,3889,6),
	(98,3889,6),
	(46,3890,6),
	(49,3890,6),
	(89,3890,6),
	(46,3891,6),
	(59,3891,6),
	(98,3891,6),
	(46,3892,10),
	(49,3892,10),
	(89,3892,6),
	(46,3893,1),
	(59,3893,6),
	(98,3893,7),
	(46,3894,1),
	(50,3894,1),
	(59,3894,1),
	(64,3894,1),
	(98,3894,1),
	(105,3894,1),
	(46,3895,5),
	(64,3895,1),
	(46,3896,6),
	(52,3896,1),
	(59,3896,6),
	(64,3896,6),
	(88,3896,2),
	(98,3896,6),
	(50,3899,1),
	(51,3899,2),
	(55,3899,1),
	(56,3899,1),
	(59,3899,1),
	(62,3899,1),
	(64,3899,1),
	(69,3899,2),
	(70,3899,1),
	(72,3899,1),
	(73,3899,2),
	(74,3899,1),
	(75,3899,1),
	(82,3899,1),
	(85,3899,1),
	(87,3899,1),
	(94,3899,1),
	(59,3900,1),
	(64,3900,1),
	(46,3901,4),
	(59,3901,5),
	(64,3901,6),
	(94,3901,1),
	(98,3901,4),
	(46,3902,4),
	(59,3902,6),
	(64,3902,6),
	(94,3902,1),
	(98,3902,4),
	(19,3903,1),
	(92,3903,1),
	(59,3905,1),
	(65,3905,1),
	(79,3905,1),
	(65,3906,1),
	(51,3907,1),
	(62,3907,1),
	(82,3907,1),
	(64,3908,1),
	(47,3911,1),
	(56,3911,1),
	(47,3912,5),
	(78,3912,9),
	(47,3913,6),
	(78,3913,11),
	(47,3914,1),
	(47,3915,1),
	(47,3916,1),
	(47,3917,5),
	(50,3917,2),
	(105,3917,1),
	(47,3918,6),
	(78,3918,4),
	(47,3919,1),
	(47,3920,5),
	(48,3920,1),
	(47,3921,1),
	(47,3922,5),
	(47,3923,1),
	(47,3924,1),
	(47,3925,7),
	(48,3925,6),
	(47,3926,1),
	(47,3927,1),
	(47,3928,1),
	(81,3928,2),
	(91,3928,1),
	(47,3929,6),
	(48,3929,6),
	(47,3931,5),
	(48,3931,4),
	(21,3932,3),
	(40,3932,3),
	(45,3932,3),
	(47,3932,3),
	(99,3932,3),
	(100,3932,3),
	(101,3932,3),
	(102,3932,3),
	(103,3932,3),
	(104,3932,3),
	(105,3932,3),
	(107,3932,3),
	(21,3933,3),
	(40,3933,3),
	(45,3933,3),
	(47,3933,3),
	(99,3933,3),
	(100,3933,3),
	(101,3933,3),
	(102,3933,3),
	(103,3933,3),
	(104,3933,3),
	(105,3933,3),
	(107,3933,3),
	(21,3934,3),
	(40,3934,3),
	(45,3934,3),
	(47,3934,3),
	(99,3934,3),
	(100,3934,3),
	(101,3934,3),
	(102,3934,3),
	(103,3934,3),
	(104,3934,3),
	(105,3934,3),
	(107,3934,3),
	(21,3935,3),
	(40,3935,3),
	(45,3935,3),
	(47,3935,3),
	(99,3935,3),
	(100,3935,3),
	(101,3935,3),
	(102,3935,3),
	(103,3935,3),
	(104,3935,3),
	(105,3935,3),
	(107,3935,3),
	(48,3936,6),
	(79,3936,6),
	(48,3937,6),
	(48,3938,6),
	(50,3938,6),
	(51,3938,6),
	(59,3938,6),
	(60,3938,6),
	(78,3938,6),
	(88,3938,6),
	(98,3938,6),
	(99,3938,6),
	(100,3938,6),
	(101,3938,6),
	(102,3938,6),
	(103,3938,6),
	(104,3938,6),
	(105,3938,6),
	(107,3938,6),
	(48,3939,6),
	(48,3940,6),
	(48,3941,6),
	(79,3941,6),
	(48,3942,6),
	(48,3943,6),
	(50,3943,6),
	(51,3943,6),
	(59,3943,6),
	(60,3943,6),
	(78,3943,6),
	(88,3943,6),
	(98,3943,6),
	(99,3943,6),
	(100,3943,6),
	(101,3943,6),
	(102,3943,6),
	(103,3943,6),
	(104,3943,6),
	(105,3943,6),
	(107,3943,6),
	(48,3944,6),
	(48,3945,6),
	(48,3946,6),
	(79,3946,6),
	(48,3947,6),
	(48,3948,6),
	(50,3948,6),
	(51,3948,6),
	(59,3948,6),
	(60,3948,6),
	(78,3948,6),
	(88,3948,6),
	(98,3948,6),
	(99,3948,6),
	(100,3948,6),
	(101,3948,6),
	(102,3948,6),
	(103,3948,6),
	(104,3948,6),
	(105,3948,6),
	(107,3948,6),
	(48,3949,6),
	(48,3950,6),
	(48,3951,6),
	(79,3951,6),
	(48,3952,6),
	(48,3953,6),
	(50,3953,6),
	(51,3953,6),
	(59,3953,6),
	(60,3953,6),
	(78,3953,6),
	(88,3953,6),
	(98,3953,6),
	(99,3953,6),
	(100,3953,6),
	(101,3953,6),
	(102,3953,6),
	(103,3953,6),
	(104,3953,6),
	(105,3953,6),
	(107,3953,6),
	(48,3954,6),
	(48,3955,6),
	(48,3956,6),
	(48,3957,8),
	(48,3958,1),
	(69,3958,1),
	(70,3958,1),
	(73,3958,1),
	(74,3958,1),
	(75,3958,1),
	(85,3958,1),
	(48,3959,2),
	(48,3960,2),
	(62,3960,1),
	(48,3961,2),
	(69,3961,1),
	(72,3961,1),
	(73,3961,1),
	(87,3961,1),
	(48,3962,4),
	(48,3963,2),
	(48,3964,1),
	(48,3965,2),
	(48,3966,2),
	(48,3967,2),
	(48,3968,2),
	(47,3969,5),
	(48,3969,6),
	(48,3970,2),
	(48,3971,2),
	(69,3971,2),
	(70,3971,2),
	(72,3971,2),
	(73,3971,2),
	(74,3971,2),
	(75,3971,2),
	(85,3971,2),
	(86,3971,2),
	(87,3971,2),
	(48,3972,2),
	(48,3973,1),
	(48,3974,1),
	(61,3974,1),
	(48,3975,1),
	(84,3975,1),
	(48,3976,1),
	(48,3977,1),
	(48,3978,1),
	(48,3979,1),
	(69,3979,1),
	(72,3979,1),
	(73,3979,1),
	(87,3979,1),
	(48,3980,1),
	(78,3980,2),
	(48,3981,1),
	(48,3982,1),
	(48,3983,2),
	(48,3984,1),
	(55,3984,1),
	(47,3985,1),
	(48,3985,1),
	(48,3986,1),
	(47,3987,1),
	(48,3987,1),
	(47,3988,1),
	(48,3988,1),
	(47,3989,1),
	(48,3989,1),
	(69,3989,1),
	(70,3989,1),
	(72,3989,2),
	(73,3989,2),
	(74,3989,1),
	(75,3989,1),
	(87,3989,1),
	(48,3990,1),
	(81,3990,1),
	(49,3991,6),
	(49,3992,6),
	(49,3993,6),
	(49,3994,6),
	(49,3995,6),
	(49,3996,6),
	(49,3997,6),
	(49,3998,6),
	(49,3999,6),
	(49,4000,2),
	(49,4001,6),
	(89,4001,6),
	(49,4002,6),
	(89,4002,2),
	(49,4003,2),
	(69,4003,5),
	(72,4003,1),
	(73,4003,5),
	(80,4003,7),
	(87,4003,1),
	(89,4003,2),
	(49,4004,2),
	(89,4004,2),
	(49,4005,2),
	(59,4005,1),
	(49,4006,2),
	(49,4007,2),
	(49,4008,2),
	(89,4008,2),
	(49,4009,4),
	(50,4010,6),
	(105,4010,6),
	(50,4011,6),
	(105,4011,6),
	(50,4012,6),
	(105,4012,6),
	(50,4013,6),
	(105,4013,6),
	(50,4014,7),
	(105,4014,7),
	(50,4015,1),
	(50,4016,1),
	(70,4016,2),
	(72,4016,2),
	(73,4016,2),
	(74,4016,2),
	(75,4016,2),
	(50,4017,1),
	(50,4018,1),
	(50,4019,1),
	(69,4019,1),
	(73,4019,1),
	(87,4019,1),
	(50,4020,1),
	(62,4020,2),
	(69,4020,2),
	(70,4020,1),
	(72,4020,1),
	(73,4020,2),
	(74,4020,1),
	(75,4020,1),
	(82,4020,1),
	(85,4020,1),
	(87,4020,1),
	(50,4021,1),
	(50,4022,1),
	(50,4023,1),
	(58,4023,1),
	(69,4023,1),
	(70,4023,1),
	(73,4023,1),
	(74,4023,1),
	(75,4023,1),
	(85,4023,1),
	(50,4024,1),
	(65,4024,1),
	(79,4024,1),
	(50,4025,1),
	(50,4026,1),
	(72,4026,1),
	(73,4026,1),
	(74,4026,1),
	(50,4027,1),
	(70,4027,1),
	(75,4027,1),
	(85,4027,1),
	(86,4027,1),
	(50,4028,1),
	(50,4029,1),
	(50,4030,1),
	(50,4031,1),
	(50,4032,1),
	(50,4033,1),
	(50,4034,1),
	(50,4035,1),
	(50,4036,1),
	(50,4037,1),
	(50,4038,1),
	(50,4039,1),
	(50,4040,1),
	(50,4041,1),
	(50,4042,1),
	(50,4043,1),
	(47,4044,4),
	(50,4044,1),
	(50,4045,1),
	(79,4045,1),
	(50,4046,1),
	(50,4047,1),
	(12,4048,1),
	(13,4048,1),
	(14,4048,1),
	(15,4048,1),
	(17,4048,1),
	(18,4048,1),
	(19,4048,1),
	(21,4048,1),
	(36,4048,1),
	(37,4048,1),
	(38,4048,1),
	(40,4048,1),
	(44,4048,1),
	(45,4048,1),
	(46,4048,1),
	(47,4048,1),
	(50,4048,1),
	(52,4048,1),
	(76,4048,2),
	(88,4048,1),
	(89,4048,1),
	(90,4048,1),
	(91,4048,1),
	(92,4048,1),
	(93,4048,1),
	(95,4048,1),
	(96,4048,1),
	(97,4048,1),
	(98,4048,1),
	(99,4048,1),
	(100,4048,1),
	(101,4048,1),
	(102,4048,1),
	(103,4048,1),
	(104,4048,1),
	(105,4048,1),
	(106,4048,1),
	(107,4048,1),
	(50,4049,1),
	(44,4050,1),
	(50,4050,1),
	(70,4050,1),
	(75,4050,1),
	(85,4050,1),
	(86,4050,1),
	(50,4051,1),
	(50,4052,1),
	(50,4053,1),
	(50,4054,1),
	(94,4054,1),
	(50,4055,1),
	(50,4056,2),
	(105,4056,1),
	(50,4057,1),
	(50,4058,1),
	(50,4059,1),
	(50,4060,1),
	(58,4060,1),
	(59,4060,2),
	(62,4060,1),
	(98,4060,1),
	(50,4061,1),
	(50,4062,1),
	(50,4063,1),
	(70,4063,1),
	(72,4063,1),
	(73,4063,1),
	(74,4063,1),
	(75,4063,1),
	(50,4064,1),
	(50,4065,1),
	(50,4066,1),
	(50,4067,1),
	(50,4068,1),
	(50,4069,1),
	(57,4069,1),
	(59,4069,1),
	(70,4069,2),
	(72,4069,1),
	(73,4069,2),
	(74,4069,2),
	(75,4069,2),
	(50,4070,1),
	(59,4070,1),
	(50,4071,1),
	(50,4072,1),
	(80,4072,1),
	(50,4073,1),
	(50,4074,1),
	(50,4075,1),
	(94,4075,1),
	(50,4076,1),
	(50,4077,1),
	(50,4078,1),
	(50,4079,1),
	(50,4080,1),
	(50,4081,1),
	(56,4081,1),
	(50,4082,1),
	(50,4083,1),
	(105,4083,1),
	(50,4084,1),
	(105,4084,1),
	(50,4085,1),
	(105,4085,1),
	(50,4086,1),
	(56,4086,1),
	(105,4086,1),
	(50,4087,1),
	(105,4087,1),
	(50,4088,1),
	(105,4088,1),
	(51,4089,6),
	(104,4089,6),
	(51,4090,6),
	(104,4090,6),
	(51,4091,6),
	(104,4091,6),
	(51,4092,6),
	(104,4092,6),
	(51,4093,1),
	(51,4094,1),
	(51,4095,1),
	(65,4095,2),
	(97,4095,1),
	(51,4096,1),
	(94,4096,1),
	(51,4097,1),
	(51,4098,1),
	(51,4099,1),
	(51,4100,1),
	(55,4100,1),
	(62,4100,1),
	(51,4101,1),
	(51,4102,1),
	(60,4102,1),
	(99,4102,1),
	(100,4102,1),
	(101,4102,1),
	(102,4102,1),
	(103,4102,1),
	(51,4103,1),
	(51,4104,1),
	(51,4105,1),
	(56,4105,1),
	(51,4106,1),
	(51,4107,1),
	(51,4108,1),
	(51,4109,1),
	(51,4110,1),
	(51,4111,1),
	(51,4112,1),
	(51,4113,1),
	(51,4114,1),
	(56,4114,1),
	(51,4115,1),
	(51,4116,1),
	(51,4117,1),
	(62,4117,1),
	(64,4117,1),
	(65,4117,1),
	(69,4117,1),
	(70,4117,1),
	(73,4117,1),
	(74,4117,1),
	(75,4117,1),
	(82,4117,1),
	(85,4117,1),
	(94,4117,1),
	(51,4118,1),
	(51,4119,1),
	(56,4119,1),
	(51,4120,1),
	(51,4121,1),
	(84,4121,1),
	(51,4122,1),
	(51,4123,1),
	(51,4124,1),
	(55,4124,1),
	(56,4124,1),
	(70,4124,1),
	(72,4124,1),
	(73,4124,1),
	(74,4124,1),
	(75,4124,1),
	(87,4124,1),
	(51,4125,1),
	(51,4126,1),
	(51,4127,1),
	(51,4128,1),
	(51,4129,1),
	(52,4130,6),
	(94,4130,6),
	(52,4131,6),
	(94,4131,6),
	(52,4132,6),
	(94,4132,6),
	(52,4133,6),
	(94,4133,6),
	(52,4134,6),
	(94,4134,6),
	(52,4135,6),
	(94,4135,6),
	(52,4136,6),
	(94,4136,6),
	(52,4137,6),
	(94,4137,6),
	(52,4138,1),
	(59,4138,1),
	(94,4138,1),
	(52,4139,1),
	(94,4139,1),
	(52,4142,1),
	(94,4142,1),
	(52,4143,1),
	(80,4143,2),
	(94,4143,1),
	(52,4144,1),
	(94,4144,1),
	(52,4145,1),
	(94,4145,2),
	(52,4146,1),
	(94,4146,1),
	(23,4147,3),
	(28,4147,3),
	(29,4147,3),
	(48,4147,3),
	(49,4147,3),
	(50,4147,3),
	(51,4147,3),
	(52,4147,1),
	(55,4147,3),
	(56,4147,3),
	(57,4147,3),
	(58,4147,3),
	(59,4147,3),
	(60,4147,3),
	(61,4147,3),
	(62,4147,3),
	(64,4147,3),
	(65,4147,3),
	(69,4147,4),
	(70,4147,3),
	(72,4147,4),
	(73,4147,4),
	(74,4147,3),
	(75,4147,3),
	(78,4147,3),
	(79,4147,3),
	(80,4147,4),
	(81,4147,3),
	(82,4147,3),
	(83,4147,3),
	(84,4147,3),
	(85,4147,3),
	(86,4147,3),
	(87,4147,4),
	(94,4147,4),
	(52,4148,1),
	(59,4148,1),
	(94,4148,1),
	(94,4149,1),
	(94,4150,1),
	(94,4151,1),
	(94,4152,1),
	(94,4153,1),
	(94,4154,1),
	(94,4155,1),
	(44,4156,1),
	(94,4156,1),
	(94,4157,1),
	(94,4158,1),
	(94,4159,1),
	(94,4160,1),
	(94,4161,1),
	(80,4162,4),
	(94,4162,1),
	(94,4163,1),
	(94,4164,1),
	(94,4165,1),
	(94,4166,1),
	(94,4167,1),
	(94,4168,1),
	(94,4169,1),
	(94,4170,1),
	(78,4171,2),
	(94,4171,1),
	(56,4172,1),
	(94,4172,1),
	(94,4173,1),
	(94,4174,1),
	(94,4175,1),
	(94,4176,1),
	(94,4177,1),
	(94,4178,1),
	(94,4179,1),
	(84,4180,1),
	(94,4180,1),
	(69,4181,1),
	(70,4181,1),
	(72,4181,2),
	(73,4181,2),
	(74,4181,1),
	(75,4181,1),
	(87,4181,1),
	(94,4181,2),
	(94,4182,1),
	(94,4183,1),
	(94,4184,1),
	(94,4185,1),
	(69,4186,1),
	(70,4186,1),
	(73,4186,1),
	(74,4186,1),
	(75,4186,1),
	(85,4186,1),
	(94,4186,1),
	(94,4187,1),
	(94,4188,1),
	(94,4189,1),
	(94,4190,1),
	(72,4191,1),
	(73,4191,1),
	(74,4191,1),
	(94,4191,1),
	(64,4192,1),
	(65,4192,1),
	(94,4192,2),
	(64,4193,1),
	(94,4193,1),
	(94,4194,1),
	(94,4195,1),
	(94,4196,2),
	(65,4197,1),
	(94,4197,1),
	(94,4198,1),
	(70,4199,1),
	(72,4199,1),
	(73,4199,1),
	(74,4199,1),
	(75,4199,1),
	(94,4199,1),
	(94,4200,1),
	(94,4201,1),
	(94,4202,1),
	(94,4203,1),
	(12,4204,1),
	(13,4204,1),
	(14,4204,1),
	(15,4204,1),
	(17,4204,1),
	(18,4204,1),
	(19,4204,1),
	(21,4204,1),
	(36,4204,1),
	(37,4204,1),
	(38,4204,1),
	(40,4204,1),
	(44,4204,1),
	(45,4204,1),
	(46,4204,1),
	(47,4204,1),
	(52,4204,1),
	(76,4204,2),
	(88,4204,1),
	(89,4204,1),
	(90,4204,1),
	(91,4204,1),
	(92,4204,1),
	(93,4204,1),
	(94,4204,1),
	(95,4204,1),
	(96,4204,1),
	(97,4204,1),
	(98,4204,1),
	(99,4204,1),
	(100,4204,1),
	(101,4204,1),
	(102,4204,1),
	(103,4204,1),
	(104,4204,1),
	(105,4204,1),
	(106,4204,1),
	(107,4204,1),
	(94,4205,1),
	(94,4206,1),
	(94,4207,1),
	(94,4208,1),
	(94,4209,1),
	(94,4210,1),
	(94,4211,1),
	(59,4212,2),
	(94,4212,1),
	(98,4212,1),
	(59,4213,1),
	(94,4213,1),
	(94,4214,1),
	(94,4215,1),
	(59,4216,5),
	(94,4216,1),
	(98,4216,4),
	(62,4217,1),
	(82,4217,1),
	(94,4217,1),
	(13,4220,2),
	(14,4220,2),
	(19,4220,2),
	(21,4220,2),
	(27,4220,8),
	(29,4220,2),
	(36,4220,2),
	(38,4220,2),
	(39,4220,4),
	(40,4220,2),
	(41,4220,4),
	(44,4220,2),
	(45,4220,2),
	(46,4220,2),
	(47,4220,2),
	(76,4220,8),
	(92,4220,2),
	(13,4221,2),
	(14,4221,2),
	(19,4221,2),
	(21,4221,2),
	(27,4221,8),
	(29,4221,2),
	(36,4221,2),
	(38,4221,2),
	(39,4221,4),
	(40,4221,2),
	(41,4221,4),
	(44,4221,2),
	(45,4221,2),
	(46,4221,2),
	(47,4221,2),
	(76,4221,8),
	(92,4221,2),
	(13,4224,2),
	(14,4224,2),
	(19,4224,2),
	(21,4224,2),
	(27,4224,8),
	(29,4224,2),
	(36,4224,2),
	(38,4224,2),
	(39,4224,4),
	(40,4224,2),
	(41,4224,4),
	(44,4224,2),
	(45,4224,2),
	(46,4224,2),
	(47,4224,2),
	(76,4224,8),
	(92,4224,2),
	(13,4225,2),
	(14,4225,2),
	(19,4225,2),
	(21,4225,2),
	(27,4225,8),
	(29,4225,2),
	(36,4225,2),
	(38,4225,2),
	(39,4225,4),
	(40,4225,2),
	(41,4225,4),
	(44,4225,2),
	(45,4225,2),
	(46,4225,2),
	(47,4225,2),
	(76,4225,8),
	(92,4225,2),
	(13,4228,2),
	(14,4228,2),
	(19,4228,2),
	(21,4228,2),
	(27,4228,8),
	(29,4228,2),
	(36,4228,2),
	(38,4228,2),
	(39,4228,4),
	(40,4228,2),
	(41,4228,4),
	(44,4228,2),
	(45,4228,2),
	(46,4228,2),
	(47,4228,2),
	(76,4228,8),
	(92,4228,2),
	(13,4229,2),
	(14,4229,2),
	(19,4229,2),
	(21,4229,2),
	(27,4229,8),
	(29,4229,2),
	(36,4229,2),
	(38,4229,2),
	(39,4229,4),
	(40,4229,2),
	(41,4229,4),
	(44,4229,2),
	(45,4229,2),
	(46,4229,2),
	(47,4229,2),
	(76,4229,8),
	(92,4229,2),
	(13,4232,2),
	(14,4232,2),
	(19,4232,2),
	(21,4232,2),
	(27,4232,8),
	(29,4232,2),
	(36,4232,2),
	(38,4232,2),
	(39,4232,4),
	(40,4232,2),
	(41,4232,4),
	(44,4232,2),
	(45,4232,2),
	(46,4232,2),
	(47,4232,2),
	(76,4232,8),
	(92,4232,2),
	(13,4233,2),
	(14,4233,2),
	(19,4233,2),
	(21,4233,2),
	(27,4233,8),
	(29,4233,2),
	(36,4233,2),
	(38,4233,2),
	(39,4233,4),
	(40,4233,2),
	(41,4233,4),
	(44,4233,2),
	(45,4233,2),
	(46,4233,2),
	(47,4233,2),
	(76,4233,8),
	(92,4233,2),
	(13,4234,2),
	(14,4234,2),
	(19,4234,2),
	(21,4234,2),
	(27,4234,8),
	(29,4234,2),
	(36,4234,2),
	(38,4234,2),
	(39,4234,4),
	(40,4234,2),
	(41,4234,4),
	(44,4234,2),
	(45,4234,2),
	(46,4234,2),
	(47,4234,2),
	(76,4234,8),
	(92,4234,2),
	(84,4235,6),
	(69,4236,6),
	(70,4236,6),
	(73,4236,6),
	(74,4236,6),
	(75,4236,6),
	(84,4236,6),
	(85,4236,6),
	(84,4237,6),
	(69,4238,6),
	(70,4238,6),
	(73,4238,6),
	(74,4238,6),
	(75,4238,6),
	(84,4238,6),
	(85,4238,6),
	(84,4239,6),
	(69,4240,6),
	(70,4240,6),
	(73,4240,6),
	(74,4240,6),
	(75,4240,6),
	(84,4240,6),
	(85,4240,6),
	(84,4241,6),
	(69,4242,6),
	(70,4242,6),
	(73,4242,6),
	(74,4242,6),
	(75,4242,6),
	(84,4242,6),
	(85,4242,6),
	(84,4243,2),
	(36,4244,1),
	(55,4244,3),
	(69,4244,7),
	(70,4244,7),
	(73,4244,7),
	(74,4244,7),
	(75,4244,7),
	(83,4244,6),
	(84,4244,1),
	(85,4244,7),
	(84,4245,1),
	(58,4246,1),
	(84,4246,1),
	(84,4247,1),
	(84,4248,1),
	(84,4249,1),
	(84,4250,1),
	(84,4251,1),
	(84,4252,1),
	(56,4253,1),
	(62,4253,2),
	(81,4253,1),
	(82,4253,1),
	(84,4253,1),
	(56,4254,1),
	(84,4254,1),
	(84,4255,1),
	(84,4256,1),
	(69,4257,1),
	(70,4257,1),
	(72,4257,1),
	(73,4257,1),
	(74,4257,2),
	(75,4257,1),
	(84,4257,1),
	(85,4257,1),
	(86,4257,1),
	(87,4257,1),
	(84,4258,1),
	(84,4259,1),
	(12,4260,1),
	(13,4260,1),
	(14,4260,1),
	(15,4260,1),
	(17,4260,1),
	(18,4260,1),
	(19,4260,1),
	(21,4260,1),
	(36,4260,1),
	(37,4260,1),
	(38,4260,1),
	(40,4260,1),
	(44,4260,1),
	(45,4260,1),
	(46,4260,1),
	(47,4260,1),
	(52,4260,1),
	(76,4260,2),
	(84,4260,1),
	(88,4260,1),
	(89,4260,1),
	(90,4260,1),
	(91,4260,1),
	(92,4260,1),
	(93,4260,1),
	(95,4260,1),
	(96,4260,1),
	(97,4260,1),
	(98,4260,1),
	(99,4260,1),
	(100,4260,1),
	(101,4260,1),
	(102,4260,1),
	(103,4260,1),
	(104,4260,1),
	(105,4260,1),
	(106,4260,1),
	(107,4260,1),
	(62,4261,1),
	(84,4261,1),
	(84,4262,1),
	(72,4263,1),
	(74,4263,1),
	(84,4263,1),
	(86,4263,1),
	(87,4263,1),
	(55,4264,2),
	(69,4264,10),
	(70,4264,11),
	(73,4264,10),
	(74,4264,10),
	(75,4264,11),
	(83,4264,6),
	(84,4264,1),
	(85,4264,3),
	(86,4264,1),
	(55,4265,1),
	(65,4265,1),
	(69,4265,2),
	(70,4265,2),
	(72,4265,2),
	(73,4265,3),
	(74,4265,2),
	(75,4265,2),
	(84,4265,1),
	(85,4265,1),
	(87,4265,1),
	(84,4266,1),
	(84,4267,1),
	(80,4268,1),
	(84,4268,1),
	(84,4269,1),
	(80,4270,1),
	(82,4270,2),
	(84,4270,1),
	(72,4271,1),
	(73,4271,1),
	(74,4271,1),
	(83,4271,1),
	(84,4271,1),
	(84,4272,1),
	(84,4273,1),
	(84,4274,1),
	(70,4275,1),
	(72,4275,1),
	(73,4275,1),
	(74,4275,1),
	(75,4275,1),
	(84,4275,1),
	(55,4276,3),
	(56,4276,1),
	(57,4276,1),
	(58,4276,1),
	(79,4276,1),
	(15,4277,3),
	(70,4277,6),
	(72,4277,6),
	(73,4277,6),
	(74,4277,6),
	(75,4277,6),
	(83,4277,6),
	(15,4278,3),
	(70,4278,6),
	(72,4278,6),
	(73,4278,6),
	(74,4278,6),
	(75,4278,6),
	(83,4278,6),
	(15,4279,3),
	(70,4279,6),
	(72,4279,6),
	(73,4279,6),
	(74,4279,6),
	(75,4279,6),
	(83,4279,6),
	(15,4280,3),
	(70,4280,6),
	(72,4280,6),
	(73,4280,6),
	(74,4280,6),
	(75,4280,6),
	(83,4280,6),
	(15,4281,3),
	(70,4281,6),
	(72,4281,6),
	(73,4281,6),
	(74,4281,6),
	(75,4281,6),
	(83,4281,6),
	(15,4282,3),
	(70,4282,6),
	(72,4282,6),
	(73,4282,6),
	(74,4282,6),
	(75,4282,6),
	(83,4282,6),
	(15,4283,3),
	(70,4283,6),
	(72,4283,6),
	(73,4283,6),
	(74,4283,6),
	(75,4283,6),
	(83,4283,6),
	(15,4284,3),
	(70,4284,6),
	(72,4284,6),
	(73,4284,6),
	(74,4284,6),
	(75,4284,6),
	(83,4284,6),
	(61,4289,1),
	(69,4289,1),
	(70,4289,2),
	(72,4289,1),
	(73,4289,1),
	(74,4289,1),
	(75,4289,2),
	(84,4289,1),
	(85,4289,2),
	(86,4289,2),
	(87,4289,1),
	(84,4290,1),
	(69,4291,1),
	(72,4291,1),
	(73,4291,1),
	(84,4291,1),
	(87,4291,1),
	(84,4293,1),
	(84,4294,1),
	(57,4295,1),
	(83,4297,1),
	(44,4306,1),
	(19,4307,1),
	(69,4307,1),
	(70,4307,1),
	(73,4307,1),
	(74,4307,1),
	(75,4307,1),
	(83,4307,2),
	(85,4307,1),
	(92,4307,1),
	(44,4308,1),
	(44,4309,1),
	(44,4312,1),
	(55,4312,1),
	(57,4312,1),
	(65,4312,1),
	(96,4312,1),
	(97,4312,1),
	(44,4313,1),
	(55,4314,1),
	(57,4314,1),
	(58,4314,1),
	(83,4314,1),
	(83,4315,1),
	(55,4316,1),
	(69,4316,2),
	(70,4316,5),
	(72,4316,1),
	(73,4316,4),
	(74,4316,4),
	(75,4316,5),
	(83,4316,2),
	(85,4316,7),
	(86,4316,1),
	(55,4317,1),
	(83,4317,1),
	(55,4318,1),
	(83,4318,1),
	(83,4319,1),
	(69,4320,1),
	(70,4320,1),
	(73,4320,1),
	(74,4320,1),
	(75,4320,1),
	(83,4320,1),
	(85,4320,1),
	(83,4321,1),
	(83,4322,1),
	(70,4323,1),
	(72,4323,1),
	(73,4323,1),
	(74,4323,1),
	(75,4323,1),
	(83,4323,1),
	(83,4325,1),
	(83,4326,1),
	(69,4327,1),
	(72,4327,1),
	(73,4327,1),
	(83,4327,1),
	(87,4327,1),
	(83,4328,1),
	(83,4329,1),
	(83,4330,1),
	(19,4331,1),
	(57,4331,1),
	(58,4331,7),
	(61,4331,12),
	(83,4331,6),
	(92,4331,1),
	(83,4332,1),
	(58,4333,1),
	(61,4333,1),
	(83,4333,1),
	(58,4334,1),
	(83,4334,1),
	(83,4335,1),
	(83,4336,1),
	(19,4337,1),
	(61,4337,6),
	(83,4337,1),
	(92,4337,1),
	(83,4338,1),
	(57,4339,1),
	(69,4339,1),
	(72,4339,1),
	(73,4339,1),
	(82,4339,1),
	(83,4339,1),
	(87,4339,1),
	(83,4340,1),
	(19,4341,1),
	(61,4341,6),
	(83,4341,1),
	(92,4341,1),
	(83,4342,1),
	(89,4342,1),
	(69,4343,1),
	(70,4343,1),
	(72,4343,1),
	(73,4343,1),
	(74,4343,1),
	(75,4343,1),
	(83,4343,1),
	(85,4343,1),
	(86,4343,1),
	(87,4343,1),
	(83,4344,1),
	(83,4345,1),
	(18,4346,1),
	(83,4346,1),
	(83,4347,1),
	(80,4348,1),
	(83,4348,1),
	(80,4349,1),
	(83,4349,1),
	(83,4350,1),
	(83,4351,1),
	(83,4352,1),
	(80,4353,1),
	(83,4353,1),
	(83,4354,1),
	(83,4355,1),
	(70,4356,1),
	(72,4356,1),
	(73,4356,1),
	(74,4356,1),
	(75,4356,1),
	(83,4356,1),
	(69,4357,1),
	(70,4357,1),
	(72,4357,1),
	(73,4357,1),
	(74,4357,1),
	(75,4357,1),
	(83,4357,1),
	(85,4357,1),
	(86,4357,1),
	(87,4357,1),
	(59,4358,2),
	(69,4358,1),
	(70,4358,2),
	(73,4358,1),
	(74,4358,1),
	(75,4358,2),
	(81,4358,1),
	(83,4358,1),
	(85,4358,2),
	(86,4358,1),
	(98,4358,1),
	(107,4358,1),
	(58,4359,1),
	(83,4359,1),
	(58,4360,4),
	(61,4360,2),
	(83,4360,1),
	(59,4366,1),
	(55,4387,1),
	(55,4388,1),
	(55,4389,1),
	(36,4390,1),
	(55,4390,3),
	(103,4390,1),
	(55,4391,2),
	(55,4392,1),
	(55,4393,1),
	(55,4394,2),
	(55,4395,1),
	(70,4395,1),
	(75,4395,1),
	(85,4395,1),
	(86,4395,1),
	(55,4396,1),
	(55,4397,1),
	(69,4397,1),
	(70,4397,1),
	(72,4397,1),
	(73,4397,1),
	(74,4397,1),
	(75,4397,1),
	(85,4397,1),
	(86,4397,1),
	(87,4397,1),
	(55,4398,1),
	(55,4399,1),
	(55,4400,1),
	(55,4401,1),
	(64,4401,1),
	(55,4402,1),
	(55,4403,1),
	(55,4404,1),
	(55,4405,1),
	(55,4406,1),
	(55,4407,1),
	(55,4408,1),
	(55,4410,1),
	(55,4411,1),
	(55,4412,1),
	(55,4414,1),
	(55,4415,1),
	(55,4416,1),
	(62,4416,1),
	(55,4417,1),
	(78,4417,1),
	(81,4417,2),
	(82,4417,1),
	(55,4418,1),
	(55,4419,1),
	(55,4420,1),
	(65,4420,1),
	(72,4420,1),
	(74,4420,1),
	(81,4420,1),
	(86,4420,1),
	(87,4420,1),
	(55,4421,1),
	(55,4422,1),
	(81,4422,1),
	(55,4423,1),
	(55,4424,1),
	(81,4424,1),
	(55,4425,1),
	(55,4426,1),
	(55,4427,1),
	(55,4428,1),
	(55,4429,1),
	(55,4430,1),
	(55,4431,1),
	(55,4432,1),
	(55,4433,1),
	(55,4434,1),
	(55,4435,1),
	(65,4435,1),
	(79,4435,1),
	(55,4436,1),
	(55,4437,1),
	(23,4438,1),
	(55,4438,1),
	(65,4438,1),
	(79,4438,1),
	(55,4439,1),
	(57,4439,1),
	(62,4439,5),
	(70,4439,1),
	(75,4439,1),
	(85,4439,1),
	(86,4439,5),
	(55,4440,1),
	(57,4440,1),
	(62,4440,5),
	(70,4440,1),
	(75,4440,1),
	(85,4440,1),
	(86,4440,1),
	(55,4441,1),
	(57,4441,1),
	(62,4441,5),
	(70,4441,1),
	(75,4441,1),
	(85,4441,1),
	(86,4441,1),
	(55,4442,1),
	(57,4442,1),
	(62,4442,1),
	(70,4442,1),
	(75,4442,1),
	(85,4442,1),
	(86,4442,1),
	(55,4443,1),
	(56,4443,1),
	(58,4443,1),
	(56,4444,1),
	(56,4445,1),
	(56,4446,1),
	(56,4447,1),
	(56,4448,1),
	(57,4448,1),
	(58,4448,1),
	(70,4448,1),
	(72,4448,2),
	(73,4448,1),
	(74,4448,2),
	(75,4448,1),
	(86,4448,1),
	(87,4448,1),
	(56,4449,1),
	(56,4450,1),
	(65,4450,1),
	(79,4450,1),
	(56,4451,1),
	(56,4452,1),
	(56,4453,1),
	(56,4454,1),
	(56,4455,1),
	(56,4456,1),
	(56,4457,1),
	(56,4458,1),
	(46,4459,1),
	(56,4459,1),
	(64,4459,1),
	(56,4460,3),
	(79,4460,1),
	(56,4461,1),
	(56,4462,1),
	(56,4463,1),
	(56,4464,1),
	(78,4464,1),
	(56,4465,1),
	(69,4465,1),
	(72,4465,1),
	(73,4465,1),
	(87,4465,1),
	(56,4466,1),
	(56,4467,1),
	(72,4467,1),
	(74,4467,1),
	(86,4467,1),
	(87,4467,1),
	(56,4468,1),
	(56,4469,1),
	(69,4469,2),
	(70,4469,1),
	(72,4469,1),
	(73,4469,2),
	(74,4469,1),
	(75,4469,1),
	(81,4469,2),
	(85,4469,1),
	(87,4469,1),
	(91,4469,1),
	(56,4470,1),
	(60,4470,1),
	(56,4471,1),
	(56,4472,2),
	(56,4473,1),
	(56,4474,1),
	(56,4475,1),
	(56,4476,1),
	(56,4477,1),
	(56,4478,1),
	(56,4479,1),
	(56,4480,1),
	(56,4481,1),
	(56,4482,1),
	(56,4483,1),
	(56,4484,1),
	(56,4485,1),
	(56,4486,1),
	(56,4487,1),
	(56,4488,1),
	(56,4489,1),
	(12,4490,1),
	(13,4490,1),
	(14,4490,1),
	(15,4490,1),
	(17,4490,1),
	(18,4490,1),
	(19,4490,1),
	(21,4490,1),
	(36,4490,1),
	(37,4490,1),
	(38,4490,1),
	(40,4490,1),
	(44,4490,1),
	(45,4490,1),
	(46,4490,1),
	(47,4490,1),
	(52,4490,1),
	(56,4490,1),
	(69,4490,1),
	(70,4490,1),
	(72,4490,1),
	(73,4490,1),
	(74,4490,1),
	(75,4490,1),
	(76,4490,2),
	(85,4490,1),
	(86,4490,1),
	(87,4490,1),
	(88,4490,1),
	(89,4490,1),
	(90,4490,1),
	(91,4490,1),
	(92,4490,1),
	(93,4490,1),
	(95,4490,1),
	(96,4490,1),
	(97,4490,1),
	(98,4490,1),
	(99,4490,1),
	(100,4490,1),
	(101,4490,1),
	(102,4490,1),
	(103,4490,1),
	(104,4490,1),
	(105,4490,1),
	(106,4490,1),
	(107,4490,1),
	(57,4491,6),
	(57,4492,6),
	(57,4493,6),
	(57,4494,6),
	(57,4495,1),
	(57,4496,1),
	(57,4497,1),
	(57,4498,1),
	(58,4498,1),
	(57,4499,1),
	(57,4500,2),
	(70,4500,1),
	(75,4500,1),
	(85,4500,1),
	(86,4500,1),
	(57,4501,1),
	(57,4502,1),
	(57,4503,1),
	(62,4503,1),
	(57,4504,1),
	(62,4504,5),
	(70,4504,1),
	(75,4504,1),
	(85,4504,1),
	(86,4504,5),
	(57,4505,1),
	(65,4505,1),
	(79,4505,1),
	(57,4506,1),
	(57,4507,1),
	(65,4507,2),
	(97,4507,1),
	(57,4508,1),
	(57,4509,1),
	(57,4510,1),
	(57,4511,1),
	(65,4511,2),
	(57,4512,1),
	(57,4513,1),
	(58,4513,1),
	(78,4513,1),
	(57,4514,1),
	(58,4515,6),
	(58,4516,6),
	(58,4517,6),
	(58,4518,6),
	(58,4519,6),
	(58,4520,6),
	(58,4521,6),
	(58,4522,6),
	(58,4523,6),
	(58,4524,6),
	(58,4525,6),
	(58,4526,6),
	(58,4527,6),
	(58,4528,7),
	(59,4528,1),
	(61,4528,1),
	(72,4528,1),
	(74,4528,1),
	(86,4528,1),
	(87,4528,1),
	(58,4529,7),
	(58,4530,5),
	(58,4531,1),
	(61,4531,1),
	(58,4532,1),
	(58,4533,1),
	(58,4534,2),
	(58,4535,2),
	(58,4536,2),
	(58,4537,6),
	(81,4537,9),
	(91,4537,8),
	(58,4538,2),
	(58,4539,1),
	(80,4539,1),
	(12,4540,1),
	(13,4540,1),
	(14,4540,1),
	(15,4540,1),
	(17,4540,1),
	(18,4540,1),
	(19,4540,1),
	(21,4540,1),
	(36,4540,1),
	(37,4540,1),
	(38,4540,1),
	(40,4540,1),
	(44,4540,1),
	(45,4540,1),
	(46,4540,1),
	(47,4540,1),
	(52,4540,1),
	(58,4540,1),
	(69,4540,1),
	(70,4540,1),
	(72,4540,1),
	(73,4540,1),
	(74,4540,1),
	(75,4540,1),
	(76,4540,2),
	(85,4540,1),
	(86,4540,1),
	(87,4540,1),
	(88,4540,1),
	(89,4540,1),
	(90,4540,1),
	(91,4540,1),
	(92,4540,1),
	(93,4540,1),
	(95,4540,1),
	(96,4540,1),
	(97,4540,1),
	(98,4540,1),
	(99,4540,1),
	(100,4540,1),
	(101,4540,1),
	(102,4540,1),
	(103,4540,1),
	(104,4540,1),
	(105,4540,1),
	(106,4540,1),
	(107,4540,1),
	(58,4541,1),
	(58,4542,1),
	(58,4543,1),
	(107,4543,1),
	(58,4544,1),
	(58,4545,1),
	(58,4546,1),
	(58,4547,1),
	(58,4548,1),
	(82,4548,1),
	(90,4548,1),
	(104,4548,1),
	(58,4549,1),
	(58,4550,1),
	(58,4551,1),
	(58,4552,1),
	(58,4553,1),
	(58,4554,1),
	(58,4555,1),
	(58,4556,1),
	(58,4557,1),
	(58,4558,1),
	(58,4559,1),
	(72,4559,1),
	(74,4559,1),
	(86,4559,1),
	(87,4559,1),
	(58,4560,1),
	(58,4561,1),
	(58,4562,1),
	(58,4563,2),
	(58,4564,1),
	(58,4565,1),
	(61,4565,1),
	(58,4566,1),
	(61,4566,1),
	(58,4567,1),
	(58,4568,1),
	(58,4569,1),
	(58,4570,1),
	(58,4571,1),
	(58,4572,1),
	(58,4573,1),
	(61,4573,1),
	(58,4574,1),
	(61,4574,1),
	(58,4575,1),
	(61,4575,1),
	(58,4576,1),
	(61,4576,1),
	(58,4577,1),
	(61,4577,1),
	(58,4578,1),
	(61,4578,1),
	(58,4579,1),
	(61,4579,1),
	(58,4580,1),
	(61,4580,1),
	(58,4581,1),
	(61,4581,1),
	(58,4582,1),
	(61,4582,1),
	(58,4583,8),
	(58,4584,1),
	(62,4584,1),
	(82,4584,1),
	(58,4585,1),
	(58,4586,1),
	(58,4587,1),
	(58,4588,1),
	(70,4588,1),
	(72,4588,1),
	(73,4588,1),
	(74,4588,1),
	(75,4588,1),
	(58,4589,1),
	(69,4589,1),
	(72,4589,1),
	(73,4589,1),
	(87,4589,1),
	(58,4590,1),
	(58,4591,1),
	(58,4592,1),
	(64,4592,1),
	(65,4592,1),
	(69,4592,1),
	(72,4592,1),
	(73,4592,1),
	(79,4592,1),
	(87,4592,1),
	(58,4593,1),
	(58,4594,1),
	(58,4595,1),
	(58,4596,1),
	(58,4597,1),
	(58,4598,1),
	(58,4599,1),
	(58,4600,1),
	(58,4601,1),
	(58,4602,1),
	(61,4602,1),
	(58,4603,1),
	(58,4604,1),
	(58,4605,1),
	(58,4606,1),
	(72,4606,1),
	(74,4606,1),
	(86,4606,1),
	(87,4606,1),
	(58,4607,1),
	(58,4608,1),
	(59,4609,1),
	(98,4609,1),
	(59,4610,1),
	(98,4610,1),
	(59,4611,1),
	(79,4611,2),
	(98,4611,1),
	(59,4612,1),
	(98,4612,1),
	(59,4613,1),
	(59,4614,1),
	(59,4615,1),
	(59,4616,1),
	(59,4617,1),
	(59,4618,1),
	(59,4619,1),
	(59,4620,1),
	(65,4620,1),
	(79,4620,1),
	(80,4620,2),
	(59,4621,1),
	(80,4621,1),
	(59,4622,5),
	(98,4622,4),
	(59,4623,1),
	(59,4624,1),
	(59,4625,1),
	(59,4626,1),
	(59,4627,1),
	(59,4628,1),
	(59,4629,1),
	(59,4630,1),
	(59,4631,1),
	(59,4632,1),
	(59,4633,1),
	(59,4634,1),
	(65,4634,1),
	(79,4634,1),
	(59,4635,1),
	(59,4636,1),
	(62,4636,1),
	(82,4636,1),
	(59,4637,1),
	(59,4638,1),
	(59,4639,1),
	(70,4639,1),
	(72,4639,1),
	(74,4639,1),
	(75,4639,1),
	(81,4639,1),
	(82,4639,2),
	(85,4639,1),
	(86,4639,2),
	(87,4639,1),
	(59,4640,1),
	(59,4641,1),
	(60,4642,6),
	(99,4642,6),
	(100,4642,6),
	(101,4642,6),
	(102,4642,6),
	(103,4642,6),
	(107,4642,6),
	(60,4643,6),
	(99,4643,6),
	(100,4643,6),
	(101,4643,6),
	(102,4643,6),
	(103,4643,6),
	(107,4643,6),
	(60,4644,6),
	(99,4644,6),
	(100,4644,6),
	(101,4644,6),
	(102,4644,6),
	(103,4644,6),
	(107,4644,6),
	(60,4645,6),
	(99,4645,6),
	(100,4645,6),
	(101,4645,6),
	(102,4645,6),
	(103,4645,6),
	(107,4645,6),
	(60,4646,1),
	(99,4646,1),
	(100,4646,1),
	(101,4646,1),
	(102,4646,1),
	(103,4646,1),
	(60,4647,6),
	(99,4647,11),
	(100,4647,11),
	(101,4647,11),
	(102,4647,11),
	(103,4647,12),
	(107,4647,5),
	(60,4648,2),
	(99,4648,1),
	(100,4648,1),
	(101,4648,1),
	(102,4648,1),
	(103,4648,1),
	(60,4649,2),
	(99,4649,1),
	(100,4649,1),
	(101,4649,1),
	(102,4649,1),
	(103,4649,1),
	(18,4650,6),
	(60,4650,2),
	(60,4651,6),
	(99,4651,4),
	(100,4651,5),
	(101,4651,5),
	(102,4651,5),
	(103,4651,5),
	(107,4651,4),
	(60,4652,1),
	(60,4653,1),
	(60,4654,1),
	(60,4655,1),
	(99,4655,1),
	(100,4655,1),
	(101,4655,1),
	(102,4655,1),
	(103,4655,1),
	(60,4656,1),
	(99,4656,1),
	(100,4656,1),
	(101,4656,1),
	(102,4656,1),
	(103,4656,1),
	(60,4657,1),
	(99,4657,1),
	(100,4657,1),
	(101,4657,1),
	(102,4657,1),
	(103,4657,1),
	(60,4658,1),
	(99,4658,1),
	(100,4658,1),
	(101,4658,1),
	(102,4658,1),
	(103,4658,1),
	(60,4659,1),
	(99,4659,1),
	(100,4659,1),
	(101,4659,1),
	(102,4659,1),
	(103,4659,1),
	(60,4660,1),
	(60,4661,1),
	(60,4662,1),
	(60,4663,1),
	(60,4664,1),
	(60,4665,1),
	(40,4666,1),
	(60,4666,1),
	(62,4666,6),
	(60,4667,1),
	(103,4667,1),
	(60,4668,5),
	(99,4668,4),
	(100,4668,4),
	(101,4668,4),
	(102,4668,4),
	(103,4668,4),
	(107,4668,4),
	(60,4669,5),
	(99,4669,4),
	(100,4669,4),
	(101,4669,4),
	(102,4669,4),
	(103,4669,4),
	(107,4669,4),
	(60,4670,1),
	(60,4671,1),
	(60,4672,5),
	(99,4672,5),
	(100,4672,4),
	(101,4672,4),
	(102,4672,4),
	(103,4672,4),
	(107,4672,4),
	(61,4673,6),
	(61,4674,6),
	(61,4675,6),
	(61,4676,6),
	(61,4677,6),
	(61,4678,6),
	(61,4679,6),
	(61,4680,6),
	(61,4681,1),
	(61,4682,1),
	(61,4683,1),
	(61,4684,1),
	(61,4685,1),
	(61,4686,1),
	(61,4687,1),
	(72,4687,1),
	(74,4687,1),
	(86,4687,1),
	(87,4687,1),
	(61,4688,1),
	(61,4689,1),
	(61,4690,1),
	(62,4690,1),
	(61,4691,1),
	(61,4692,1),
	(13,4693,1),
	(14,4693,1),
	(15,4693,1),
	(17,4693,1),
	(18,4693,1),
	(19,4693,1),
	(21,4693,1),
	(36,4693,1),
	(37,4693,1),
	(38,4693,1),
	(44,4693,1),
	(45,4693,1),
	(46,4693,1),
	(47,4693,1),
	(52,4693,1),
	(55,4693,1),
	(58,4693,1),
	(61,4693,1),
	(76,4693,2),
	(80,4693,1),
	(83,4693,1),
	(88,4693,1),
	(89,4693,1),
	(90,4693,1),
	(91,4693,1),
	(92,4693,1),
	(93,4693,1),
	(95,4693,1),
	(96,4693,1),
	(97,4693,1),
	(98,4693,1),
	(99,4693,1),
	(100,4693,1),
	(101,4693,1),
	(102,4693,1),
	(103,4693,1),
	(104,4693,1),
	(105,4693,1),
	(106,4693,1),
	(107,4693,1),
	(62,4694,6),
	(64,4694,6),
	(62,4695,6),
	(64,4695,6),
	(62,4696,6),
	(62,4698,6),
	(64,4698,6),
	(62,4699,6),
	(64,4699,6),
	(62,4700,6),
	(62,4702,6),
	(64,4702,6),
	(62,4703,6),
	(64,4703,6),
	(62,4704,6),
	(62,4706,6),
	(64,4706,6),
	(62,4707,6),
	(64,4707,6),
	(62,4708,6),
	(62,4710,2),
	(62,4711,1),
	(62,4712,1),
	(62,4713,1),
	(62,4714,1),
	(62,4715,1),
	(62,4716,1),
	(62,4717,1),
	(62,4718,1),
	(62,4719,2),
	(62,4720,2),
	(82,4720,1),
	(62,4721,1),
	(62,4722,1),
	(69,4722,1),
	(70,4722,1),
	(73,4722,1),
	(74,4722,1),
	(75,4722,1),
	(82,4722,1),
	(85,4722,1),
	(62,4723,1),
	(82,4723,1),
	(62,4724,1),
	(81,4724,1),
	(82,4724,1),
	(62,4725,1),
	(65,4725,2),
	(81,4725,1),
	(82,4725,1),
	(62,4726,1),
	(82,4726,1),
	(62,4727,1),
	(82,4727,1),
	(62,4728,1),
	(62,4729,2),
	(79,4729,1),
	(62,4730,1),
	(70,4730,1),
	(75,4730,1),
	(80,4730,1),
	(85,4730,1),
	(86,4730,1),
	(62,4731,1),
	(70,4731,1),
	(75,4731,1),
	(85,4731,1),
	(86,4731,1),
	(62,4732,1),
	(70,4732,1),
	(75,4732,1),
	(85,4732,1),
	(86,4732,1),
	(62,4733,1),
	(70,4733,1),
	(75,4733,1),
	(85,4733,1),
	(86,4733,1),
	(62,4734,1),
	(70,4734,1),
	(75,4734,1),
	(85,4734,1),
	(86,4734,1),
	(62,4735,1),
	(70,4735,1),
	(75,4735,1),
	(85,4735,1),
	(86,4735,1),
	(62,4736,1),
	(70,4736,1),
	(75,4736,1),
	(85,4736,1),
	(86,4736,1),
	(62,4737,1),
	(62,4738,1),
	(62,4739,1),
	(47,4740,4),
	(64,4754,6),
	(65,4754,6),
	(88,4754,6),
	(96,4754,6),
	(97,4754,6),
	(64,4755,6),
	(65,4755,6),
	(88,4755,6),
	(96,4755,6),
	(97,4755,6),
	(64,4756,6),
	(65,4756,6),
	(88,4756,6),
	(96,4756,6),
	(97,4756,6),
	(64,4757,6),
	(65,4757,6),
	(88,4757,6),
	(96,4757,6),
	(97,4757,6),
	(64,4758,1),
	(65,4758,1),
	(78,4758,1),
	(80,4758,1),
	(81,4758,1),
	(82,4758,1),
	(64,4759,1),
	(64,4760,1),
	(65,4760,1),
	(64,4762,1),
	(70,4762,1),
	(72,4762,1),
	(73,4762,1),
	(74,4762,1),
	(75,4762,1),
	(64,4763,1),
	(64,4764,1),
	(64,4765,1),
	(64,4766,1),
	(64,4767,1),
	(64,4768,1),
	(64,4769,1),
	(64,4770,1),
	(64,4771,1),
	(70,4771,1),
	(75,4771,1),
	(85,4771,1),
	(86,4771,1),
	(64,4772,1),
	(78,4772,1),
	(80,4772,1),
	(64,4773,1),
	(64,4774,1),
	(64,4775,1),
	(64,4776,1),
	(64,4777,1),
	(64,4778,1),
	(64,4779,1),
	(23,4780,1),
	(64,4780,1),
	(79,4780,1),
	(64,4781,1),
	(64,4782,1),
	(64,4783,1),
	(64,4784,1),
	(64,4785,1),
	(64,4786,1),
	(65,4786,1),
	(64,4787,1),
	(65,4788,6),
	(96,4788,6),
	(97,4788,6),
	(65,4789,6),
	(96,4789,6),
	(97,4789,6),
	(65,4790,6),
	(96,4790,6),
	(97,4790,6),
	(65,4791,6),
	(96,4791,6),
	(97,4791,6),
	(65,4792,6),
	(96,4792,6),
	(97,4792,6),
	(65,4793,6),
	(96,4793,6),
	(97,4793,6),
	(65,4794,6),
	(96,4794,6),
	(97,4794,6),
	(65,4795,6),
	(96,4795,6),
	(97,4795,6),
	(65,4796,6),
	(96,4796,6),
	(97,4796,6),
	(65,4797,12),
	(96,4797,12),
	(97,4797,12),
	(65,4798,2),
	(79,4798,1),
	(65,4799,1),
	(79,4799,1),
	(65,4800,1),
	(72,4800,1),
	(74,4800,1),
	(79,4800,1),
	(86,4800,1),
	(87,4800,1),
	(65,4801,1),
	(79,4801,1),
	(65,4802,1),
	(79,4802,1),
	(65,4804,1),
	(79,4804,1),
	(65,4805,1),
	(79,4805,2),
	(65,4806,1),
	(79,4806,1),
	(65,4807,1),
	(79,4807,1),
	(65,4808,1),
	(80,4808,1),
	(65,4809,1),
	(65,4810,1),
	(65,4811,1),
	(65,4812,1),
	(65,4813,1),
	(65,4814,1),
	(65,4815,1),
	(65,4816,1),
	(65,4817,1),
	(65,4818,2),
	(97,4818,1),
	(65,4819,2),
	(97,4819,1),
	(65,4820,2),
	(97,4820,1),
	(65,4821,1),
	(65,4822,1),
	(65,4823,1),
	(70,4823,1),
	(72,4823,1),
	(73,4823,1),
	(74,4823,1),
	(75,4823,1),
	(65,4824,1),
	(65,4825,1),
	(65,4826,1),
	(65,4827,1),
	(46,4828,4),
	(62,4829,4),
	(64,4830,4),
	(65,4830,4),
	(96,4830,4),
	(97,4830,4),
	(65,4831,1),
	(96,4831,1),
	(97,4831,1),
	(65,4832,1),
	(96,4832,1),
	(97,4832,1),
	(65,4833,1),
	(96,4833,1),
	(97,4833,1),
	(19,4834,1),
	(65,4834,1),
	(92,4834,1),
	(96,4834,1),
	(97,4834,1),
	(65,4835,1),
	(96,4835,1),
	(97,4835,1),
	(65,4836,1),
	(96,4836,1),
	(97,4836,1),
	(65,4837,1),
	(70,4837,1),
	(72,4837,1),
	(73,4837,1),
	(74,4837,1),
	(75,4837,1),
	(96,4837,1),
	(97,4837,1),
	(69,4841,1),
	(70,4841,1),
	(73,4841,1),
	(74,4841,1),
	(75,4841,1),
	(85,4841,1),
	(69,4843,6),
	(70,4843,6),
	(85,4843,6),
	(69,4844,6),
	(70,4844,6),
	(73,4844,6),
	(74,4844,6),
	(75,4844,6),
	(85,4844,6),
	(69,4846,6),
	(72,4846,6),
	(73,4846,6),
	(85,4846,6),
	(86,4846,6),
	(87,4846,6),
	(70,4847,6),
	(75,4847,6),
	(85,4847,6),
	(86,4847,6),
	(70,4848,6),
	(75,4848,6),
	(85,4848,6),
	(86,4848,6),
	(69,4849,6),
	(70,4849,6),
	(85,4849,6),
	(69,4850,6),
	(70,4850,6),
	(73,4850,6),
	(74,4850,6),
	(75,4850,6),
	(85,4850,6),
	(69,4852,6),
	(72,4852,6),
	(73,4852,6),
	(85,4852,6),
	(86,4852,6),
	(87,4852,6),
	(70,4853,6),
	(75,4853,6),
	(85,4853,6),
	(86,4853,6),
	(70,4854,6),
	(75,4854,6),
	(85,4854,6),
	(86,4854,6),
	(69,4855,6),
	(70,4855,6),
	(85,4855,6),
	(69,4856,6),
	(70,4856,6),
	(73,4856,6),
	(74,4856,6),
	(75,4856,6),
	(85,4856,6),
	(69,4858,6),
	(72,4858,6),
	(73,4858,6),
	(85,4858,6),
	(86,4858,6),
	(87,4858,6),
	(70,4859,6),
	(75,4859,6),
	(85,4859,6),
	(86,4859,6),
	(70,4860,6),
	(75,4860,6),
	(85,4860,6),
	(86,4860,6),
	(69,4861,6),
	(70,4861,6),
	(85,4861,6),
	(69,4862,6),
	(70,4862,6),
	(73,4862,6),
	(74,4862,6),
	(75,4862,6),
	(85,4862,6),
	(69,4864,6),
	(72,4864,6),
	(73,4864,6),
	(85,4864,6),
	(86,4864,6),
	(87,4864,6),
	(70,4865,6),
	(75,4865,6),
	(85,4865,6),
	(86,4865,6),
	(70,4866,6),
	(75,4866,6),
	(85,4866,6),
	(86,4866,6),
	(69,4868,7),
	(70,4868,8),
	(72,4868,1),
	(73,4868,8),
	(74,4868,8),
	(75,4868,8),
	(85,4868,7),
	(70,4869,2),
	(75,4869,6),
	(85,4869,6),
	(86,4869,6),
	(69,4870,9),
	(70,4870,4),
	(72,4870,6),
	(73,4870,10),
	(74,4870,1),
	(75,4870,8),
	(85,4870,7),
	(86,4870,7),
	(87,4870,9),
	(69,4871,1),
	(70,4871,1),
	(72,4871,1),
	(73,4871,1),
	(74,4871,1),
	(75,4871,1),
	(80,4871,1),
	(85,4871,1),
	(86,4871,1),
	(87,4871,1),
	(69,4872,1),
	(70,4872,1),
	(72,4872,1),
	(73,4872,1),
	(74,4872,1),
	(75,4872,1),
	(85,4872,1),
	(86,4872,1),
	(87,4872,1),
	(69,4873,1),
	(70,4873,2),
	(72,4873,2),
	(73,4873,2),
	(74,4873,2),
	(75,4873,2),
	(85,4873,1),
	(86,4873,1),
	(87,4873,1),
	(69,4874,1),
	(70,4874,1),
	(72,4874,1),
	(73,4874,1),
	(74,4874,1),
	(75,4874,1),
	(85,4874,1),
	(86,4874,1),
	(87,4874,1),
	(69,4875,1),
	(70,4875,1),
	(73,4875,1),
	(74,4875,1),
	(75,4875,1),
	(85,4875,1),
	(69,4876,1),
	(70,4876,1),
	(73,4876,1),
	(74,4876,1),
	(75,4876,1),
	(85,4876,1),
	(69,4877,1),
	(70,4877,1),
	(73,4877,1),
	(74,4877,1),
	(75,4877,1),
	(85,4877,1),
	(69,4878,1),
	(70,4878,1),
	(73,4878,1),
	(74,4878,1),
	(75,4878,1),
	(85,4878,1),
	(69,4879,1),
	(70,4879,1),
	(73,4879,1),
	(74,4879,1),
	(75,4879,1),
	(85,4879,1),
	(69,4880,1),
	(70,4880,1),
	(73,4880,1),
	(74,4880,1),
	(75,4880,1),
	(85,4880,1),
	(69,4881,1),
	(70,4881,2),
	(72,4881,1),
	(73,4881,2),
	(74,4881,2),
	(75,4881,2),
	(85,4881,1),
	(69,4882,1),
	(70,4882,2),
	(73,4882,2),
	(74,4882,2),
	(75,4882,2),
	(85,4882,1),
	(69,4883,1),
	(70,4883,1),
	(73,4883,1),
	(74,4883,1),
	(75,4883,1),
	(85,4883,1),
	(69,4884,2),
	(70,4884,1),
	(72,4884,1),
	(73,4884,2),
	(74,4884,1),
	(75,4884,1),
	(85,4884,1),
	(87,4884,1),
	(69,4885,1),
	(70,4885,1),
	(73,4885,1),
	(74,4885,1),
	(75,4885,1),
	(85,4885,1),
	(69,4886,1),
	(70,4886,1),
	(73,4886,1),
	(74,4886,1),
	(75,4886,1),
	(85,4886,1),
	(69,4887,1),
	(70,4887,1),
	(73,4887,1),
	(74,4887,1),
	(75,4887,1),
	(85,4887,1),
	(69,4888,1),
	(70,4888,1),
	(73,4888,1),
	(74,4888,1),
	(75,4888,1),
	(85,4888,1),
	(69,4889,1),
	(70,4889,1),
	(73,4889,1),
	(74,4889,1),
	(75,4889,1),
	(85,4889,1),
	(69,4890,2),
	(70,4890,1),
	(72,4890,1),
	(73,4890,2),
	(74,4890,1),
	(75,4890,1),
	(85,4890,1),
	(87,4890,1),
	(69,4891,1),
	(70,4891,1),
	(73,4891,1),
	(74,4891,1),
	(75,4891,1),
	(85,4891,1),
	(69,4892,1),
	(70,4892,1),
	(73,4892,1),
	(74,4892,1),
	(75,4892,1),
	(85,4892,1),
	(69,4893,1),
	(70,4893,1),
	(73,4893,1),
	(74,4893,1),
	(75,4893,1),
	(85,4893,1),
	(69,4894,1),
	(70,4894,1),
	(73,4894,1),
	(74,4894,1),
	(75,4894,1),
	(85,4894,1),
	(69,4895,1),
	(70,4895,1),
	(73,4895,1),
	(74,4895,1),
	(75,4895,1),
	(85,4895,1),
	(69,4896,1),
	(70,4896,1),
	(73,4896,1),
	(74,4896,1),
	(75,4896,1),
	(85,4896,1),
	(69,4897,1),
	(70,4897,1),
	(73,4897,1),
	(74,4897,1),
	(75,4897,1),
	(85,4897,1),
	(69,4898,1),
	(70,4898,1),
	(73,4898,1),
	(74,4898,1),
	(75,4898,1),
	(85,4898,1),
	(69,4899,1),
	(70,4899,1),
	(72,4899,1),
	(73,4899,2),
	(74,4899,2),
	(75,4899,1),
	(85,4899,1),
	(69,4900,1),
	(70,4900,1),
	(73,4900,1),
	(74,4900,1),
	(75,4900,1),
	(85,4900,1),
	(69,4901,1),
	(70,4901,1),
	(73,4901,1),
	(74,4901,1),
	(75,4901,1),
	(85,4901,1),
	(69,4902,1),
	(70,4902,1),
	(73,4902,1),
	(74,4902,1),
	(75,4902,1),
	(85,4902,1),
	(69,4903,1),
	(70,4903,1),
	(73,4903,1),
	(74,4903,1),
	(75,4903,1),
	(85,4903,1),
	(69,4904,1),
	(70,4904,1),
	(72,4904,1),
	(73,4904,1),
	(74,4904,2),
	(75,4904,1),
	(85,4904,1),
	(86,4904,1),
	(87,4904,1),
	(69,4905,1),
	(70,4905,2),
	(73,4905,1),
	(74,4905,1),
	(75,4905,2),
	(85,4905,2),
	(86,4905,1),
	(69,4906,1),
	(70,4906,2),
	(73,4906,1),
	(74,4906,1),
	(75,4906,2),
	(85,4906,2),
	(86,4906,1),
	(69,4907,1),
	(70,4907,1),
	(73,4907,1),
	(74,4907,1),
	(75,4907,1),
	(85,4907,1),
	(69,4908,1),
	(70,4908,2),
	(72,4908,1),
	(73,4908,2),
	(74,4908,2),
	(75,4908,2),
	(85,4908,1),
	(69,4909,1),
	(70,4909,1),
	(73,4909,1),
	(74,4909,1),
	(75,4909,1),
	(85,4909,1),
	(69,4910,1),
	(70,4910,2),
	(73,4910,1),
	(74,4910,1),
	(75,4910,2),
	(85,4910,2),
	(86,4910,1),
	(69,4911,1),
	(70,4911,1),
	(72,4911,1),
	(73,4911,1),
	(74,4911,1),
	(75,4911,1),
	(85,4911,1),
	(86,4911,1),
	(87,4911,1),
	(70,4912,1),
	(75,4912,1),
	(85,4912,1),
	(86,4912,1),
	(70,4913,1),
	(75,4913,1),
	(85,4913,1),
	(86,4913,1),
	(70,4914,1),
	(75,4914,1),
	(85,4914,1),
	(86,4914,1),
	(70,4915,1),
	(75,4915,1),
	(85,4915,1),
	(86,4915,1),
	(69,4916,7),
	(70,4916,2),
	(72,4916,4),
	(73,4916,4),
	(74,4916,1),
	(75,4916,2),
	(85,4916,1),
	(86,4916,5),
	(87,4916,3),
	(70,4917,1),
	(75,4917,1),
	(85,4917,1),
	(86,4917,1),
	(70,4918,1),
	(75,4918,1),
	(85,4918,1),
	(86,4918,1),
	(70,4919,1),
	(75,4919,1),
	(85,4919,1),
	(86,4919,1),
	(70,4920,1),
	(75,4920,1),
	(85,4920,1),
	(86,4920,1),
	(70,4921,1),
	(75,4921,1),
	(85,4921,1),
	(86,4921,1),
	(70,4922,1),
	(75,4922,1),
	(85,4922,1),
	(86,4922,1),
	(70,4923,1),
	(75,4923,1),
	(85,4923,1),
	(86,4923,1),
	(70,4924,1),
	(75,4924,1),
	(80,4924,1),
	(85,4924,1),
	(86,4924,1),
	(70,4925,2),
	(72,4925,1),
	(73,4925,1),
	(74,4925,1),
	(75,4925,2),
	(85,4925,1),
	(86,4925,1),
	(70,4926,1),
	(75,4926,1),
	(85,4926,1),
	(86,4926,1),
	(70,4927,2),
	(72,4927,1),
	(73,4927,1),
	(74,4927,1),
	(75,4927,2),
	(85,4927,1),
	(86,4927,1),
	(70,4928,1),
	(75,4928,1),
	(85,4928,1),
	(86,4928,1),
	(70,4930,1),
	(75,4930,1),
	(85,4930,1),
	(86,4930,1),
	(70,4931,1),
	(75,4931,1),
	(79,4931,1),
	(85,4931,1),
	(86,4931,1),
	(70,4932,1),
	(75,4932,1),
	(85,4932,1),
	(86,4932,1),
	(70,4933,1),
	(75,4933,1),
	(85,4933,1),
	(86,4933,1),
	(70,4934,1),
	(75,4934,1),
	(85,4934,1),
	(86,4934,1),
	(70,4935,2),
	(72,4935,1),
	(73,4935,1),
	(74,4935,1),
	(75,4935,2),
	(85,4935,1),
	(86,4935,1),
	(69,4937,1),
	(70,4937,1),
	(72,4937,1),
	(73,4937,1),
	(74,4937,1),
	(75,4937,1),
	(85,4937,1),
	(86,4937,1),
	(87,4937,1),
	(69,4938,1),
	(70,4938,1),
	(72,4938,1),
	(73,4938,1),
	(74,4938,1),
	(75,4938,1),
	(85,4938,1),
	(86,4938,1),
	(87,4938,1),
	(12,4939,1),
	(13,4939,1),
	(14,4939,1),
	(15,4939,1),
	(17,4939,1),
	(18,4939,1),
	(19,4939,1),
	(21,4939,1),
	(36,4939,1),
	(37,4939,1),
	(38,4939,1),
	(40,4939,1),
	(44,4939,1),
	(45,4939,1),
	(46,4939,1),
	(47,4939,1),
	(52,4939,1),
	(69,4939,2),
	(70,4939,2),
	(72,4939,2),
	(73,4939,2),
	(74,4939,2),
	(75,4939,2),
	(76,4939,2),
	(85,4939,2),
	(86,4939,2),
	(87,4939,2),
	(88,4939,1),
	(89,4939,1),
	(90,4939,1),
	(91,4939,1),
	(92,4939,1),
	(93,4939,1),
	(95,4939,1),
	(96,4939,1),
	(97,4939,1),
	(98,4939,1),
	(99,4939,1),
	(100,4939,1),
	(101,4939,1),
	(102,4939,1),
	(103,4939,1),
	(104,4939,1),
	(105,4939,1),
	(106,4939,1),
	(107,4939,1),
	(69,4940,2),
	(70,4940,2),
	(72,4940,2),
	(73,4940,2),
	(74,4940,2),
	(75,4940,2),
	(85,4940,2),
	(86,4940,2),
	(87,4940,2),
	(69,4941,1),
	(70,4941,2),
	(72,4941,1),
	(73,4941,1),
	(74,4941,1),
	(75,4941,2),
	(85,4941,1),
	(86,4941,1),
	(87,4941,1),
	(69,4942,1),
	(70,4942,1),
	(72,4942,1),
	(73,4942,1),
	(74,4942,1),
	(75,4942,1),
	(85,4942,1),
	(86,4942,1),
	(87,4942,1),
	(12,4943,1),
	(13,4943,1),
	(14,4943,1),
	(15,4943,1),
	(17,4943,1),
	(18,4943,1),
	(19,4943,1),
	(21,4943,1),
	(36,4943,1),
	(37,4943,1),
	(38,4943,1),
	(40,4943,1),
	(44,4943,1),
	(45,4943,1),
	(46,4943,1),
	(47,4943,1),
	(52,4943,1),
	(69,4943,1),
	(70,4943,1),
	(72,4943,1),
	(73,4943,1),
	(74,4943,1),
	(75,4943,1),
	(76,4943,2),
	(85,4943,1),
	(86,4943,1),
	(87,4943,1),
	(88,4943,1),
	(89,4943,1),
	(90,4943,1),
	(91,4943,1),
	(92,4943,1),
	(93,4943,1),
	(95,4943,1),
	(96,4943,1),
	(97,4943,1),
	(98,4943,1),
	(99,4943,1),
	(100,4943,1),
	(101,4943,1),
	(102,4943,1),
	(103,4943,1),
	(104,4943,1),
	(105,4943,1),
	(106,4943,1),
	(107,4943,1),
	(12,4944,1),
	(13,4944,1),
	(14,4944,1),
	(15,4944,1),
	(17,4944,1),
	(18,4944,1),
	(19,4944,1),
	(21,4944,1),
	(36,4944,1),
	(37,4944,1),
	(38,4944,1),
	(40,4944,1),
	(44,4944,1),
	(45,4944,1),
	(46,4944,1),
	(47,4944,1),
	(52,4944,1),
	(69,4944,1),
	(70,4944,1),
	(72,4944,1),
	(73,4944,1),
	(74,4944,1),
	(75,4944,1),
	(76,4944,2),
	(85,4944,1),
	(86,4944,1),
	(87,4944,1),
	(88,4944,1),
	(89,4944,1),
	(90,4944,1),
	(91,4944,1),
	(92,4944,1),
	(93,4944,1),
	(95,4944,1),
	(96,4944,1),
	(97,4944,1),
	(98,4944,1),
	(99,4944,1),
	(100,4944,1),
	(101,4944,1),
	(102,4944,1),
	(103,4944,1),
	(104,4944,1),
	(105,4944,1),
	(106,4944,1),
	(107,4944,1),
	(12,4945,1),
	(13,4945,1),
	(14,4945,1),
	(15,4945,1),
	(17,4945,1),
	(18,4945,1),
	(19,4945,1),
	(21,4945,1),
	(36,4945,1),
	(37,4945,1),
	(38,4945,1),
	(40,4945,1),
	(44,4945,1),
	(45,4945,1),
	(46,4945,1),
	(47,4945,1),
	(52,4945,1),
	(69,4945,1),
	(70,4945,1),
	(72,4945,1),
	(73,4945,1),
	(74,4945,1),
	(75,4945,1),
	(76,4945,2),
	(85,4945,1),
	(86,4945,1),
	(87,4945,1),
	(88,4945,1),
	(89,4945,1),
	(90,4945,1),
	(91,4945,1),
	(92,4945,1),
	(93,4945,1),
	(95,4945,1),
	(96,4945,1),
	(97,4945,1),
	(98,4945,1),
	(99,4945,1),
	(100,4945,1),
	(101,4945,1),
	(102,4945,1),
	(103,4945,1),
	(104,4945,1),
	(105,4945,1),
	(106,4945,1),
	(107,4945,1),
	(69,4946,1),
	(70,4946,1),
	(72,4946,1),
	(73,4946,1),
	(74,4946,1),
	(75,4946,1),
	(85,4946,1),
	(86,4946,1),
	(87,4946,1),
	(12,4947,1),
	(69,4947,1),
	(70,4947,1),
	(72,4947,1),
	(74,4947,1),
	(75,4947,1),
	(85,4947,1),
	(86,4947,1),
	(87,4947,1),
	(69,4948,1),
	(70,4948,1),
	(72,4948,1),
	(73,4948,1),
	(74,4948,1),
	(75,4948,1),
	(85,4948,1),
	(86,4948,1),
	(87,4948,1),
	(72,4949,6),
	(73,4949,6),
	(74,4949,6),
	(75,4949,6),
	(86,4949,6),
	(87,4949,6),
	(72,4951,6),
	(73,4951,6),
	(74,4951,6),
	(75,4951,6),
	(86,4951,6),
	(87,4951,6),
	(72,4953,6),
	(73,4953,6),
	(74,4953,6),
	(75,4953,6),
	(86,4953,6),
	(87,4953,6),
	(72,4955,6),
	(73,4955,6),
	(74,4955,6),
	(75,4955,6),
	(86,4955,6),
	(87,4955,6),
	(69,4959,1),
	(72,4959,2),
	(73,4959,1),
	(74,4959,1),
	(86,4959,1),
	(87,4959,2),
	(72,4960,1),
	(74,4960,1),
	(86,4960,1),
	(87,4960,1),
	(72,4961,1),
	(74,4961,1),
	(86,4961,1),
	(87,4961,1),
	(72,4962,1),
	(74,4962,1),
	(86,4962,1),
	(87,4962,1),
	(72,4963,1),
	(74,4963,1),
	(86,4963,1),
	(87,4963,1),
	(72,4964,1),
	(74,4964,1),
	(86,4964,1),
	(87,4964,1),
	(72,4965,1),
	(74,4965,1),
	(86,4965,1),
	(87,4965,1),
	(72,4966,1),
	(74,4966,1),
	(86,4966,1),
	(87,4966,1),
	(72,4967,1),
	(74,4967,1),
	(82,4967,1),
	(86,4967,1),
	(87,4967,1),
	(72,4968,1),
	(74,4968,1),
	(86,4968,1),
	(87,4968,1),
	(72,4969,1),
	(74,4969,1),
	(82,4969,1),
	(86,4969,1),
	(87,4969,1),
	(72,4970,2),
	(74,4970,2),
	(86,4970,2),
	(87,4970,2),
	(72,4971,1),
	(74,4971,1),
	(86,4971,1),
	(87,4971,1),
	(72,4972,1),
	(74,4972,1),
	(86,4972,1),
	(87,4972,1),
	(72,4973,1),
	(74,4973,1),
	(86,4973,1),
	(87,4973,1),
	(72,4974,1),
	(74,4974,1),
	(86,4974,1),
	(87,4974,1),
	(72,4975,1),
	(74,4975,1),
	(86,4975,1),
	(87,4975,1),
	(72,4976,1),
	(74,4976,1),
	(86,4976,1),
	(87,4976,1),
	(72,4977,1),
	(74,4977,1),
	(86,4977,1),
	(87,4977,1),
	(72,4978,1),
	(74,4978,1),
	(86,4978,1),
	(87,4978,1),
	(72,4979,1),
	(74,4979,1),
	(86,4979,1),
	(87,4979,1),
	(72,4980,1),
	(74,4980,1),
	(86,4980,1),
	(87,4980,1),
	(72,4981,1),
	(74,4981,1),
	(86,4981,1),
	(87,4981,1),
	(72,4982,1),
	(74,4982,1),
	(86,4982,1),
	(87,4982,1),
	(72,4983,1),
	(74,4983,1),
	(86,4983,1),
	(87,4983,1),
	(72,4984,1),
	(74,4984,1),
	(86,4984,1),
	(87,4984,1),
	(72,4985,1),
	(74,4985,1),
	(86,4985,1),
	(87,4985,1),
	(72,4986,1),
	(74,4986,1),
	(86,4986,1),
	(87,4986,1),
	(72,4987,1),
	(74,4987,1),
	(86,4987,1),
	(87,4987,1),
	(69,4990,6),
	(72,4990,6),
	(73,4990,6),
	(80,4990,6),
	(87,4990,6),
	(69,4991,6),
	(72,4991,6),
	(73,4991,6),
	(87,4991,6),
	(69,4992,6),
	(72,4992,6),
	(73,4992,6),
	(87,4992,6),
	(69,4993,6),
	(72,4993,6),
	(73,4993,6),
	(80,4993,6),
	(87,4993,6),
	(69,4994,6),
	(72,4994,6),
	(73,4994,6),
	(87,4994,6),
	(69,4995,6),
	(72,4995,6),
	(73,4995,6),
	(87,4995,6),
	(69,4996,6),
	(72,4996,6),
	(73,4996,6),
	(80,4996,6),
	(87,4996,6),
	(69,4997,6),
	(72,4997,6),
	(73,4997,6),
	(87,4997,6),
	(69,4998,6),
	(72,4998,6),
	(73,4998,6),
	(87,4998,6),
	(69,4999,6),
	(72,4999,6),
	(73,4999,6),
	(80,4999,6),
	(87,4999,6),
	(69,5000,6),
	(72,5000,6),
	(73,5000,6),
	(87,5000,6),
	(69,5001,6),
	(72,5001,6),
	(73,5001,6),
	(87,5001,6),
	(69,5002,5),
	(72,5002,1),
	(73,5002,5),
	(87,5002,1),
	(69,5003,7),
	(72,5003,3),
	(73,5003,7),
	(87,5003,7),
	(72,5004,1),
	(74,5004,1),
	(87,5004,1),
	(69,5005,6),
	(72,5005,2),
	(73,5005,6),
	(87,5005,6),
	(69,5006,1),
	(72,5006,1),
	(73,5006,1),
	(87,5006,1),
	(69,5007,1),
	(72,5007,1),
	(73,5007,1),
	(87,5007,1),
	(69,5008,1),
	(72,5008,1),
	(73,5008,1),
	(87,5008,1),
	(69,5009,1),
	(72,5009,1),
	(73,5009,1),
	(87,5009,1),
	(69,5010,1),
	(72,5010,1),
	(73,5010,1),
	(87,5010,1),
	(69,5011,1),
	(72,5011,1),
	(73,5011,1),
	(87,5011,1),
	(69,5012,1),
	(72,5012,1),
	(73,5012,1),
	(87,5012,1),
	(69,5013,1),
	(72,5013,1),
	(73,5013,1),
	(87,5013,1),
	(69,5014,1),
	(72,5014,1),
	(73,5014,1),
	(87,5014,1),
	(69,5015,1),
	(72,5015,1),
	(73,5015,1),
	(87,5015,1),
	(69,5016,1),
	(72,5016,1),
	(73,5016,1),
	(87,5016,1),
	(69,5017,1),
	(72,5017,1),
	(73,5017,1),
	(87,5017,1),
	(69,5018,1),
	(72,5018,1),
	(73,5018,1),
	(87,5018,1),
	(69,5020,1),
	(72,5020,1),
	(73,5020,1),
	(87,5020,1),
	(69,5021,1),
	(72,5021,1),
	(73,5021,1),
	(87,5021,1),
	(69,5022,1),
	(72,5022,1),
	(73,5022,1),
	(87,5022,1),
	(69,5023,1),
	(72,5023,1),
	(73,5023,1),
	(87,5023,1),
	(69,5024,1),
	(72,5024,1),
	(73,5024,1),
	(87,5024,1),
	(69,5025,1),
	(72,5025,1),
	(73,5025,1),
	(87,5025,1),
	(69,5026,1),
	(72,5026,1),
	(73,5026,1),
	(87,5026,1),
	(69,5027,1),
	(72,5027,1),
	(73,5027,1),
	(87,5027,1),
	(69,5028,1),
	(72,5028,1),
	(73,5028,1),
	(80,5028,1),
	(87,5028,1),
	(69,5029,1),
	(72,5029,1),
	(73,5029,1),
	(87,5029,1),
	(69,5030,1),
	(72,5030,1),
	(73,5030,1),
	(87,5030,1),
	(69,5031,1),
	(72,5031,1),
	(73,5031,1),
	(87,5031,1),
	(69,5032,1),
	(72,5032,1),
	(73,5032,1),
	(87,5032,1),
	(69,5033,1),
	(72,5033,1),
	(73,5033,1),
	(87,5033,1),
	(72,5034,1),
	(73,5034,1),
	(74,5034,1),
	(87,5034,1),
	(69,5035,1),
	(72,5035,1),
	(73,5035,1),
	(87,5035,1),
	(69,5036,1),
	(72,5036,1),
	(73,5036,1),
	(87,5036,1),
	(69,5037,1),
	(72,5037,1),
	(73,5037,1),
	(87,5037,1),
	(69,5038,1),
	(72,5038,1),
	(73,5038,1),
	(87,5038,1),
	(69,5039,1),
	(72,5039,1),
	(73,5039,1),
	(87,5039,1),
	(69,5040,1),
	(70,5040,1),
	(72,5040,2),
	(73,5040,2),
	(74,5040,1),
	(75,5040,1),
	(87,5040,1),
	(69,5041,1),
	(72,5041,1),
	(73,5041,1),
	(87,5041,1),
	(69,5042,1),
	(72,5042,1),
	(73,5042,1),
	(87,5042,1),
	(69,5043,1),
	(72,5043,1),
	(73,5043,1),
	(87,5043,1),
	(69,5044,1),
	(72,5044,1),
	(73,5044,1),
	(87,5044,1),
	(69,5045,1),
	(72,5045,1),
	(73,5045,1),
	(87,5045,1),
	(69,5046,1),
	(72,5046,1),
	(73,5046,1),
	(87,5046,1),
	(69,5047,1),
	(72,5047,1),
	(73,5047,1),
	(87,5047,1),
	(69,5049,1),
	(72,5049,1),
	(73,5049,1),
	(87,5049,1),
	(69,5050,1),
	(72,5050,1),
	(73,5050,1),
	(87,5050,1),
	(69,5052,1),
	(72,5052,1),
	(73,5052,1),
	(69,5053,1),
	(72,5053,1),
	(73,5053,1),
	(70,5054,6),
	(72,5054,6),
	(73,5054,6),
	(74,5054,6),
	(75,5054,6),
	(70,5055,6),
	(72,5055,6),
	(73,5055,6),
	(74,5055,6),
	(75,5055,6),
	(70,5056,6),
	(72,5056,6),
	(73,5056,6),
	(74,5056,6),
	(75,5056,6),
	(70,5057,6),
	(72,5057,6),
	(73,5057,6),
	(74,5057,6),
	(75,5057,6),
	(70,5058,6),
	(72,5058,6),
	(73,5058,6),
	(74,5058,6),
	(75,5058,6),
	(70,5059,6),
	(72,5059,6),
	(73,5059,6),
	(74,5059,6),
	(75,5059,6),
	(70,5060,6),
	(72,5060,6),
	(73,5060,6),
	(74,5060,6),
	(75,5060,6),
	(70,5061,6),
	(72,5061,6),
	(73,5061,6),
	(74,5061,6),
	(75,5061,6),
	(17,5062,1),
	(21,5062,1),
	(70,5062,6),
	(72,5062,6),
	(73,5062,6),
	(74,5062,6),
	(75,5062,2),
	(70,5063,1),
	(72,5063,1),
	(73,5063,1),
	(74,5063,1),
	(75,5063,1),
	(70,5064,1),
	(72,5064,1),
	(73,5064,1),
	(74,5064,1),
	(75,5064,1),
	(70,5065,1),
	(72,5065,1),
	(73,5065,1),
	(74,5065,1),
	(75,5065,1),
	(70,5066,1),
	(72,5066,1),
	(73,5066,1),
	(74,5066,1),
	(75,5066,1),
	(12,5067,1),
	(13,5067,1),
	(14,5067,1),
	(15,5067,1),
	(17,5067,1),
	(18,5067,1),
	(19,5067,1),
	(21,5067,1),
	(36,5067,1),
	(37,5067,1),
	(38,5067,1),
	(40,5067,1),
	(44,5067,1),
	(45,5067,1),
	(46,5067,1),
	(47,5067,1),
	(52,5067,1),
	(70,5067,1),
	(72,5067,1),
	(73,5067,1),
	(74,5067,1),
	(75,5067,1),
	(76,5067,2),
	(88,5067,1),
	(89,5067,1),
	(90,5067,1),
	(91,5067,1),
	(92,5067,1),
	(93,5067,1),
	(95,5067,1),
	(96,5067,1),
	(97,5067,1),
	(98,5067,1),
	(99,5067,1),
	(100,5067,1),
	(101,5067,1),
	(102,5067,1),
	(103,5067,1),
	(104,5067,1),
	(105,5067,1),
	(106,5067,1),
	(107,5067,1),
	(70,5068,1),
	(72,5068,1),
	(73,5068,1),
	(74,5068,1),
	(75,5068,1),
	(70,5069,1),
	(72,5069,1),
	(73,5069,1),
	(74,5069,1),
	(75,5069,1),
	(70,5070,1),
	(72,5070,1),
	(73,5070,1),
	(74,5070,1),
	(75,5070,1),
	(70,5071,1),
	(72,5071,1),
	(73,5071,1),
	(74,5071,1),
	(75,5071,1),
	(70,5072,1),
	(72,5072,1),
	(73,5072,1),
	(74,5072,1),
	(75,5072,1),
	(70,5073,1),
	(72,5073,1),
	(73,5073,1),
	(74,5073,1),
	(75,5073,1),
	(70,5074,1),
	(72,5074,1),
	(73,5074,1),
	(74,5074,1),
	(75,5074,1),
	(70,5075,3),
	(72,5075,2),
	(73,5075,3),
	(74,5075,3),
	(75,5075,3),
	(70,5076,1),
	(72,5076,1),
	(73,5076,1),
	(74,5076,1),
	(75,5076,1),
	(70,5077,1),
	(72,5077,1),
	(73,5077,1),
	(74,5077,1),
	(75,5077,1),
	(70,5078,1),
	(72,5078,1),
	(73,5078,1),
	(74,5078,1),
	(75,5078,1),
	(70,5079,1),
	(72,5079,1),
	(73,5079,1),
	(74,5079,1),
	(75,5079,1),
	(70,5080,1),
	(72,5080,1),
	(73,5080,1),
	(74,5080,1),
	(75,5080,1),
	(70,5081,1),
	(72,5081,1),
	(73,5081,1),
	(74,5081,1),
	(75,5081,1),
	(70,5082,1),
	(72,5082,1),
	(73,5082,1),
	(74,5082,1),
	(75,5082,1),
	(80,5082,4),
	(70,5083,1),
	(72,5083,1),
	(73,5083,1),
	(74,5083,1),
	(75,5083,1),
	(70,5084,1),
	(72,5084,1),
	(73,5084,1),
	(74,5084,1),
	(75,5084,1),
	(70,5085,1),
	(72,5085,1),
	(73,5085,1),
	(74,5085,1),
	(75,5085,1),
	(70,5086,1),
	(72,5086,1),
	(73,5086,1),
	(74,5086,1),
	(75,5086,1),
	(70,5087,1),
	(73,5087,1),
	(74,5087,1),
	(75,5087,1),
	(80,5087,1),
	(70,5088,1),
	(73,5088,1),
	(74,5088,1),
	(75,5088,1),
	(70,5089,1),
	(73,5089,1),
	(74,5089,1),
	(75,5089,1),
	(70,5090,1),
	(73,5090,1),
	(74,5090,1),
	(75,5090,1),
	(70,5091,1),
	(72,5091,1),
	(73,5091,1),
	(74,5091,1),
	(75,5091,1),
	(70,5092,1),
	(72,5092,1),
	(73,5092,1),
	(74,5092,1),
	(75,5092,1),
	(70,5093,1),
	(72,5093,1),
	(73,5093,1),
	(74,5093,1),
	(75,5093,1),
	(70,5094,1),
	(72,5094,1),
	(73,5094,1),
	(74,5094,1),
	(75,5094,1),
	(70,5095,1),
	(72,5095,1),
	(73,5095,1),
	(74,5095,1),
	(75,5095,1),
	(70,5096,1),
	(72,5096,1),
	(73,5096,1),
	(74,5096,1),
	(75,5096,1),
	(70,5097,1),
	(72,5097,1),
	(73,5097,1),
	(74,5097,1),
	(75,5097,1),
	(70,5098,1),
	(72,5098,1),
	(73,5098,1),
	(74,5098,1),
	(75,5098,1),
	(70,5099,1),
	(72,5099,1),
	(73,5099,1),
	(74,5099,1),
	(75,5099,1),
	(70,5100,1),
	(72,5100,1),
	(73,5100,1),
	(74,5100,1),
	(75,5100,1),
	(70,5101,1),
	(72,5101,1),
	(73,5101,1),
	(74,5101,1),
	(75,5101,1),
	(70,5102,1),
	(72,5102,1),
	(73,5102,1),
	(74,5102,1),
	(75,5102,1),
	(70,5103,1),
	(72,5103,1),
	(73,5103,1),
	(74,5103,1),
	(75,5103,1),
	(70,5104,1),
	(72,5104,1),
	(73,5104,1),
	(74,5104,1),
	(75,5104,1),
	(70,5105,2),
	(72,5105,3),
	(73,5105,3),
	(74,5105,3),
	(75,5105,2),
	(70,5106,1),
	(72,5106,1),
	(73,5106,1),
	(74,5106,1),
	(75,5106,1),
	(70,5107,1),
	(72,5107,1),
	(73,5107,1),
	(74,5107,1),
	(75,5107,1),
	(70,5108,1),
	(72,5108,1),
	(73,5108,1),
	(74,5108,1),
	(75,5108,1),
	(70,5109,1),
	(72,5109,1),
	(73,5109,1),
	(74,5109,1),
	(75,5109,1),
	(70,5110,1),
	(72,5110,1),
	(73,5110,1),
	(74,5110,1),
	(75,5110,1),
	(70,5111,1),
	(72,5111,1),
	(73,5111,1),
	(74,5111,1),
	(75,5111,1),
	(70,5112,1),
	(72,5112,1),
	(73,5112,1),
	(74,5112,1),
	(75,5112,1),
	(70,5113,1),
	(72,5113,1),
	(73,5113,1),
	(74,5113,1),
	(75,5113,1),
	(70,5114,1),
	(72,5114,1),
	(73,5114,1),
	(74,5114,1),
	(75,5114,1),
	(70,5115,1),
	(72,5115,1),
	(73,5115,1),
	(74,5115,1),
	(75,5115,1),
	(70,5116,1),
	(72,5116,1),
	(73,5116,1),
	(74,5116,1),
	(75,5116,1),
	(70,5117,1),
	(72,5117,1),
	(73,5117,1),
	(74,5117,1),
	(75,5117,1),
	(70,5118,1),
	(72,5118,1),
	(73,5118,1),
	(74,5118,1),
	(75,5118,1),
	(70,5119,1),
	(72,5119,1),
	(73,5119,1),
	(74,5119,1),
	(75,5119,1),
	(70,5120,1),
	(72,5120,1),
	(73,5120,1),
	(74,5120,1),
	(75,5120,1),
	(70,5121,1),
	(72,5121,1),
	(73,5121,1),
	(74,5121,1),
	(75,5121,1),
	(70,5122,1),
	(72,5122,1),
	(73,5122,1),
	(74,5122,1),
	(75,5122,1),
	(70,5123,1),
	(72,5123,1),
	(73,5123,1),
	(74,5123,1),
	(75,5123,1),
	(70,5124,1),
	(72,5124,1),
	(73,5124,1),
	(74,5124,1),
	(75,5124,1),
	(70,5125,1),
	(72,5125,1),
	(73,5125,1),
	(74,5125,1),
	(75,5125,1),
	(70,5126,1),
	(72,5126,1),
	(73,5126,1),
	(75,5126,1),
	(70,5127,1),
	(72,5127,1),
	(73,5127,1),
	(74,5127,1),
	(75,5127,1),
	(70,5128,1),
	(72,5128,1),
	(73,5128,1),
	(74,5128,1),
	(75,5128,1),
	(70,5129,1),
	(72,5129,1),
	(73,5129,1),
	(74,5129,1),
	(75,5129,1),
	(70,5130,1),
	(72,5130,1),
	(73,5130,1),
	(74,5130,1),
	(75,5130,1),
	(70,5131,1),
	(72,5131,1),
	(73,5131,1),
	(74,5131,1),
	(75,5131,1),
	(70,5132,2),
	(72,5132,1),
	(73,5132,1),
	(74,5132,1),
	(75,5132,2),
	(70,5133,1),
	(75,5133,1),
	(70,5134,1),
	(72,5135,6),
	(72,5136,6),
	(72,5137,6),
	(72,5138,6),
	(72,5140,1),
	(73,5140,1),
	(74,5140,1),
	(72,5141,1),
	(73,5141,1),
	(74,5141,1),
	(72,5142,1),
	(73,5142,1),
	(74,5142,1),
	(72,5143,1),
	(73,5143,1),
	(74,5143,1),
	(72,5144,1),
	(73,5144,1),
	(74,5144,1),
	(72,5145,1),
	(73,5145,1),
	(74,5145,1),
	(72,5146,1),
	(73,5146,1),
	(74,5146,1),
	(72,5147,1),
	(73,5147,1),
	(74,5147,1),
	(72,5148,1),
	(73,5148,1),
	(74,5148,1),
	(72,5149,1),
	(73,5149,1),
	(74,5149,1),
	(72,5150,1),
	(73,5150,1),
	(74,5150,1),
	(73,5151,1),
	(74,5151,1),
	(72,5152,1),
	(73,5152,1),
	(74,5152,1),
	(72,5153,1),
	(73,5153,1),
	(74,5153,1),
	(72,5154,1),
	(72,5155,1),
	(72,5156,1),
	(73,5158,1),
	(73,5159,1),
	(74,5161,1),
	(76,5162,12),
	(76,5163,12),
	(76,5164,12),
	(76,5165,12),
	(58,5176,1),
	(83,5176,1),
	(13,5177,2),
	(14,5177,2),
	(15,5177,2),
	(17,5177,2),
	(18,5177,1),
	(19,5177,2),
	(21,5177,2),
	(36,5177,2),
	(37,5177,2),
	(38,5177,1),
	(44,5177,2),
	(45,5177,2),
	(46,5177,2),
	(47,5177,2),
	(52,5177,2),
	(55,5177,1),
	(58,5177,1),
	(76,5177,4),
	(83,5177,1),
	(88,5177,1),
	(89,5177,2),
	(90,5177,1),
	(91,5177,1),
	(92,5177,1),
	(93,5177,1),
	(95,5177,2),
	(96,5177,1),
	(97,5177,2),
	(98,5177,1),
	(99,5177,2),
	(100,5177,2),
	(101,5177,2),
	(102,5177,2),
	(103,5177,2),
	(104,5177,1),
	(105,5177,1),
	(106,5177,2),
	(107,5177,2),
	(13,5178,1),
	(14,5178,1),
	(15,5178,1),
	(17,5178,1),
	(18,5178,1),
	(19,5178,1),
	(21,5178,1),
	(36,5178,1),
	(37,5178,1),
	(38,5178,1),
	(44,5178,1),
	(45,5178,1),
	(46,5178,1),
	(47,5178,1),
	(52,5178,1),
	(55,5178,1),
	(58,5178,1),
	(76,5178,2),
	(83,5178,1),
	(88,5178,1),
	(89,5178,1),
	(90,5178,1),
	(91,5178,1),
	(92,5178,1),
	(93,5178,1),
	(95,5178,1),
	(96,5178,1),
	(97,5178,1),
	(98,5178,1),
	(99,5178,1),
	(100,5178,1),
	(101,5178,1),
	(102,5178,1),
	(103,5178,1),
	(104,5178,1),
	(105,5178,1),
	(106,5178,1),
	(107,5178,1),
	(13,5179,1),
	(14,5179,1),
	(15,5179,1),
	(17,5179,1),
	(18,5179,1),
	(19,5179,1),
	(21,5179,1),
	(36,5179,1),
	(37,5179,1),
	(38,5179,1),
	(44,5179,1),
	(45,5179,1),
	(46,5179,1),
	(47,5179,1),
	(52,5179,1),
	(55,5179,1),
	(58,5179,1),
	(76,5179,2),
	(83,5179,1),
	(88,5179,1),
	(89,5179,1),
	(90,5179,1),
	(91,5179,1),
	(92,5179,1),
	(93,5179,1),
	(95,5179,1),
	(96,5179,1),
	(97,5179,1),
	(98,5179,1),
	(99,5179,1),
	(100,5179,1),
	(101,5179,1),
	(102,5179,1),
	(103,5179,1),
	(104,5179,1),
	(105,5179,1),
	(106,5179,1),
	(107,5179,1),
	(14,5180,3),
	(106,5180,3),
	(14,5181,3),
	(106,5181,3),
	(14,5182,3),
	(106,5182,3),
	(14,5183,3),
	(106,5183,3),
	(29,5184,6),
	(62,5184,6),
	(29,5185,6),
	(29,5186,6),
	(62,5186,6),
	(29,5187,6),
	(29,5188,6),
	(62,5188,6),
	(29,5189,6),
	(29,5190,6),
	(62,5190,6),
	(29,5191,6),
	(29,5192,6),
	(40,5192,1),
	(45,5192,1),
	(62,5192,6),
	(29,5193,1),
	(55,5193,1),
	(29,5194,1),
	(55,5194,1),
	(29,5195,1),
	(45,5198,1),
	(45,5199,1),
	(59,5200,1),
	(59,5201,1),
	(23,5203,3),
	(28,5203,3),
	(29,5203,3),
	(48,5203,3),
	(49,5203,3),
	(50,5203,3),
	(51,5203,3),
	(55,5203,3),
	(56,5203,3),
	(57,5203,3),
	(58,5203,3),
	(59,5203,3),
	(60,5203,3),
	(61,5203,3),
	(62,5203,3),
	(64,5203,3),
	(65,5203,3),
	(69,5203,3),
	(70,5203,3),
	(72,5203,3),
	(73,5203,3),
	(74,5203,3),
	(75,5203,3),
	(78,5203,3),
	(79,5203,3),
	(80,5203,3),
	(81,5203,3),
	(82,5203,3),
	(83,5203,3),
	(84,5203,3),
	(85,5203,3),
	(86,5203,3),
	(87,5203,3),
	(94,5203,3),
	(23,5204,3),
	(28,5204,3),
	(29,5204,3),
	(48,5204,3),
	(49,5204,3),
	(50,5204,3),
	(51,5204,3),
	(55,5204,3),
	(56,5204,3),
	(57,5204,3),
	(58,5204,3),
	(59,5204,3),
	(60,5204,3),
	(61,5204,3),
	(62,5204,3),
	(64,5204,3),
	(65,5204,3),
	(69,5204,3),
	(70,5204,3),
	(72,5204,3),
	(73,5204,3),
	(74,5204,3),
	(75,5204,3),
	(78,5204,3),
	(79,5204,3),
	(80,5204,3),
	(81,5204,3),
	(82,5204,3),
	(83,5204,3),
	(84,5204,3),
	(85,5204,3),
	(86,5204,3),
	(87,5204,3),
	(94,5204,3),
	(23,5205,3),
	(28,5205,3),
	(29,5205,3),
	(48,5205,3),
	(49,5205,3),
	(50,5205,3),
	(51,5205,3),
	(55,5205,3),
	(56,5205,3),
	(57,5205,3),
	(58,5205,3),
	(59,5205,3),
	(60,5205,3),
	(61,5205,3),
	(62,5205,3),
	(64,5205,3),
	(65,5205,3),
	(69,5205,3),
	(70,5205,3),
	(72,5205,3),
	(73,5205,3),
	(74,5205,3),
	(75,5205,3),
	(78,5205,3),
	(79,5205,3),
	(80,5205,3),
	(81,5205,3),
	(82,5205,3),
	(83,5205,3),
	(84,5205,3),
	(85,5205,3),
	(86,5205,3),
	(87,5205,3),
	(94,5205,3),
	(23,5206,3),
	(28,5206,3),
	(29,5206,3),
	(48,5206,3),
	(49,5206,3),
	(50,5206,3),
	(51,5206,3),
	(55,5206,3),
	(56,5206,3),
	(57,5206,3),
	(58,5206,3),
	(59,5206,3),
	(60,5206,3),
	(61,5206,3),
	(62,5206,3),
	(64,5206,3),
	(65,5206,3),
	(69,5206,3),
	(70,5206,3),
	(72,5206,3),
	(73,5206,3),
	(74,5206,3),
	(75,5206,3),
	(78,5206,3),
	(79,5206,3),
	(80,5206,3),
	(81,5206,3),
	(82,5206,3),
	(83,5206,3),
	(84,5206,3),
	(85,5206,3),
	(86,5206,3),
	(87,5206,3),
	(94,5206,3),
	(23,5207,3),
	(28,5207,3),
	(29,5207,3),
	(48,5207,3),
	(49,5207,3),
	(50,5207,3),
	(51,5207,3),
	(55,5207,3),
	(56,5207,3),
	(57,5207,3),
	(58,5207,3),
	(59,5207,3),
	(60,5207,3),
	(61,5207,3),
	(62,5207,3),
	(64,5207,3),
	(65,5207,3),
	(69,5207,3),
	(70,5207,3),
	(72,5207,3),
	(73,5207,3),
	(74,5207,3),
	(75,5207,3),
	(78,5207,3),
	(79,5207,3),
	(80,5207,3),
	(81,5207,3),
	(82,5207,3),
	(83,5207,3),
	(84,5207,3),
	(85,5207,3),
	(86,5207,3),
	(87,5207,3),
	(94,5207,3),
	(51,5208,1),
	(104,5208,1),
	(51,5209,1),
	(104,5209,1),
	(51,5210,1),
	(104,5210,1),
	(51,5211,1),
	(88,5211,1),
	(104,5211,1),
	(51,5212,1),
	(104,5212,1),
	(52,5213,2),
	(59,5213,1),
	(94,5213,2),
	(52,5214,1),
	(94,5214,1),
	(52,5215,1),
	(94,5215,1),
	(55,5216,1),
	(59,5217,1),
	(62,5218,6),
	(62,5219,6),
	(62,5220,6),
	(62,5221,6),
	(64,5222,1),
	(65,5223,1),
	(79,5223,1),
	(65,5224,1),
	(79,5224,1),
	(70,5225,1),
	(75,5225,1),
	(80,5225,1),
	(85,5225,1),
	(86,5225,1),
	(70,5226,1),
	(75,5226,1),
	(85,5226,1),
	(86,5226,1),
	(72,5227,1),
	(74,5227,1),
	(86,5227,1),
	(87,5227,1),
	(72,5228,1),
	(74,5228,1),
	(86,5228,1),
	(87,5228,1),
	(69,5229,1),
	(72,5229,1),
	(73,5229,1),
	(87,5229,1),
	(69,5230,1),
	(72,5230,1),
	(73,5230,1),
	(87,5230,1),
	(69,5231,1),
	(72,5231,1),
	(73,5231,1),
	(87,5231,1),
	(78,5232,6),
	(78,5233,6),
	(78,5234,6),
	(78,5235,6),
	(78,5236,10),
	(78,5242,6),
	(78,5243,6),
	(78,5244,6),
	(78,5245,6),
	(78,5246,10),
	(78,5252,6),
	(78,5253,6),
	(78,5254,6),
	(78,5255,6),
	(78,5256,10),
	(78,5262,6),
	(78,5263,6),
	(78,5264,6),
	(78,5265,6),
	(78,5266,10),
	(78,5267,10),
	(78,5268,2),
	(78,5269,2),
	(78,5270,2),
	(79,5270,2),
	(78,5271,2),
	(78,5272,2),
	(78,5273,2),
	(78,5274,2),
	(78,5275,1),
	(81,5275,1),
	(82,5275,1),
	(78,5276,1),
	(78,5277,1),
	(107,5277,1),
	(78,5278,1),
	(78,5279,1),
	(78,5280,1),
	(78,5281,1),
	(78,5282,1),
	(78,5283,2),
	(78,5284,1),
	(78,5285,2),
	(78,5287,1),
	(78,5288,1),
	(78,5289,1),
	(78,5290,1),
	(78,5291,1),
	(78,5292,1),
	(78,5293,1),
	(78,5294,1),
	(78,5295,1),
	(78,5296,1),
	(79,5327,6),
	(79,5328,6),
	(79,5329,6),
	(79,5330,10),
	(79,5331,6),
	(79,5332,6),
	(79,5333,6),
	(79,5334,10),
	(79,5335,6),
	(79,5336,6),
	(79,5337,6),
	(79,5338,10),
	(79,5339,6),
	(79,5340,6),
	(79,5341,6),
	(79,5342,10),
	(79,5343,10),
	(79,5344,2),
	(79,5345,2),
	(79,5346,1),
	(79,5347,1),
	(79,5348,1),
	(79,5349,1),
	(79,5350,1),
	(79,5351,1),
	(79,5352,1),
	(79,5353,1),
	(79,5354,1),
	(79,5355,1),
	(79,5356,1),
	(79,5357,1),
	(78,5358,1),
	(80,5359,6),
	(80,5360,10),
	(80,5361,6),
	(80,5362,10),
	(80,5363,6),
	(80,5364,10),
	(80,5365,6),
	(80,5366,10),
	(80,5367,7),
	(80,5368,10),
	(80,5369,4),
	(80,5370,3),
	(80,5371,2),
	(80,5372,2),
	(80,5373,2),
	(80,5374,1),
	(103,5374,1),
	(80,5375,1),
	(80,5376,1),
	(80,5377,1),
	(80,5378,1),
	(80,5379,1),
	(80,5380,1),
	(80,5381,1),
	(80,5382,1),
	(80,5383,1),
	(80,5384,1),
	(80,5385,1),
	(80,5386,1),
	(80,5387,1),
	(80,5388,1),
	(80,5389,1),
	(80,5390,1),
	(80,5391,1),
	(80,5392,1),
	(80,5393,1),
	(80,5394,1),
	(80,5395,1),
	(80,5396,1),
	(80,5397,1),
	(80,5398,1),
	(80,5399,1),
	(80,5400,1),
	(80,5401,1),
	(80,5402,1),
	(80,5403,1),
	(80,5404,1),
	(80,5405,1),
	(80,5406,1),
	(80,5407,1),
	(80,5408,1),
	(80,5409,1),
	(80,5410,1),
	(80,5411,1),
	(80,5412,1),
	(80,5413,1),
	(80,5414,1),
	(80,5415,1),
	(80,5416,1),
	(80,5417,1),
	(80,5418,1),
	(80,5419,1),
	(80,5420,1),
	(80,5421,1),
	(80,5422,1),
	(80,5423,1),
	(80,5424,1),
	(80,5425,1),
	(80,5426,1),
	(80,5427,1),
	(80,5428,1),
	(80,5429,1),
	(81,5430,6),
	(91,5430,6),
	(81,5431,6),
	(91,5431,6),
	(81,5432,6),
	(91,5432,6),
	(81,5433,6),
	(91,5433,6),
	(81,5434,10),
	(91,5434,10),
	(81,5435,6),
	(91,5435,6),
	(81,5436,6),
	(91,5436,6),
	(81,5437,6),
	(91,5437,6),
	(81,5438,6),
	(91,5438,6),
	(81,5439,10),
	(91,5439,10),
	(81,5440,6),
	(91,5440,6),
	(81,5441,6),
	(91,5441,6),
	(81,5442,6),
	(91,5442,6),
	(81,5443,6),
	(91,5443,6),
	(81,5444,10),
	(91,5444,10),
	(81,5445,6),
	(91,5445,6),
	(81,5446,6),
	(91,5446,6),
	(81,5447,6),
	(91,5447,6),
	(81,5448,6),
	(91,5448,6),
	(81,5449,10),
	(91,5449,10),
	(81,5450,8),
	(91,5450,8),
	(81,5451,10),
	(91,5451,10),
	(81,5452,3),
	(91,5452,1),
	(81,5453,2),
	(91,5453,1),
	(81,5454,2),
	(91,5454,1),
	(81,5455,2),
	(91,5455,1),
	(81,5456,2),
	(91,5456,1),
	(81,5457,2),
	(91,5457,1),
	(81,5458,1),
	(82,5458,1),
	(81,5459,1),
	(81,5460,1),
	(81,5461,1),
	(81,5462,1),
	(81,5463,1),
	(81,5464,1),
	(81,5465,1),
	(81,5466,1),
	(81,5467,1),
	(81,5468,1),
	(82,5469,10),
	(82,5470,10),
	(82,5471,10),
	(82,5472,10),
	(82,5473,10),
	(44,5474,1),
	(82,5474,2),
	(82,5475,1),
	(82,5476,1),
	(82,5477,1),
	(82,5478,1),
	(82,5479,1),
	(82,5480,1),
	(82,5481,1),
	(82,5482,1),
	(82,5483,1),
	(82,5484,1),
	(82,5485,1),
	(82,5486,1),
	(82,5487,1),
	(82,5488,1),
	(82,5489,1),
	(69,5490,10),
	(69,5491,10),
	(69,5492,10),
	(69,5493,10),
	(69,5494,10),
	(70,5495,10),
	(70,5496,10),
	(70,5497,10),
	(70,5498,10),
	(70,5499,10),
	(72,5500,10),
	(72,5501,10),
	(72,5502,10),
	(72,5503,10),
	(72,5504,10),
	(73,5505,10),
	(73,5506,10),
	(73,5507,10),
	(73,5508,10),
	(73,5509,10),
	(74,5510,10),
	(74,5511,10),
	(74,5512,10),
	(74,5513,10),
	(74,5514,10),
	(75,5515,10),
	(75,5516,10),
	(75,5517,10),
	(75,5518,10),
	(75,5519,10),
	(83,5520,10),
	(83,5521,10),
	(83,5522,10),
	(83,5523,10),
	(83,5524,10),
	(76,5525,20),
	(76,5526,20),
	(76,5527,20),
	(76,5528,20),
	(76,5529,20),
	(12,5530,10),
	(12,5531,10),
	(12,5532,10),
	(12,5533,10),
	(12,5534,10),
	(14,5540,10),
	(14,5541,10),
	(14,5542,10),
	(14,5543,10),
	(14,5544,10),
	(15,5545,10),
	(93,5545,10),
	(15,5546,10),
	(93,5546,10),
	(15,5547,10),
	(93,5547,10),
	(15,5548,10),
	(93,5548,10),
	(15,5549,10),
	(93,5549,10),
	(17,5550,10),
	(17,5551,10),
	(17,5552,10),
	(17,5553,10),
	(17,5554,10),
	(95,5555,10),
	(95,5556,10),
	(95,5557,10),
	(95,5558,10),
	(95,5559,10),
	(19,5560,10),
	(92,5560,10),
	(19,5561,10),
	(92,5561,10),
	(19,5562,10),
	(92,5562,10),
	(19,5563,10),
	(92,5563,10),
	(19,5564,10),
	(92,5564,10),
	(21,5565,10),
	(21,5566,10),
	(21,5567,10),
	(21,5568,10),
	(21,5569,10),
	(23,5570,10),
	(27,5570,20),
	(28,5570,10),
	(29,5570,10),
	(48,5570,10),
	(49,5570,10),
	(50,5570,10),
	(51,5570,10),
	(55,5570,10),
	(56,5570,10),
	(57,5570,10),
	(58,5570,10),
	(59,5570,10),
	(60,5570,10),
	(61,5570,10),
	(62,5570,10),
	(64,5570,10),
	(65,5570,10),
	(69,5570,10),
	(70,5570,10),
	(72,5570,10),
	(73,5570,10),
	(74,5570,10),
	(75,5570,10),
	(78,5570,10),
	(79,5570,10),
	(80,5570,10),
	(81,5570,10),
	(82,5570,10),
	(83,5570,10),
	(84,5570,10),
	(85,5570,10),
	(86,5570,10),
	(87,5570,10),
	(94,5570,10),
	(23,5571,10),
	(23,5572,10),
	(27,5572,20),
	(28,5572,10),
	(29,5572,10),
	(48,5572,10),
	(49,5572,10),
	(50,5572,10),
	(51,5572,10),
	(55,5572,10),
	(56,5572,10),
	(57,5572,10),
	(58,5572,10),
	(59,5572,10),
	(60,5572,10),
	(61,5572,10),
	(62,5572,10),
	(64,5572,10),
	(65,5572,10),
	(69,5572,10),
	(70,5572,10),
	(72,5572,10),
	(73,5572,10),
	(74,5572,10),
	(75,5572,10),
	(78,5572,10),
	(79,5572,10),
	(80,5572,10),
	(81,5572,10),
	(82,5572,10),
	(83,5572,10),
	(84,5572,10),
	(85,5572,10),
	(86,5572,10),
	(87,5572,10),
	(94,5572,10),
	(23,5573,10),
	(23,5574,10),
	(27,5574,20),
	(28,5574,10),
	(29,5574,10),
	(48,5574,10),
	(49,5574,10),
	(50,5574,10),
	(51,5574,10),
	(55,5574,10),
	(56,5574,10),
	(57,5574,10),
	(58,5574,10),
	(59,5574,10),
	(60,5574,10),
	(61,5574,10),
	(62,5574,10),
	(64,5574,10),
	(65,5574,10),
	(69,5574,10),
	(70,5574,10),
	(72,5574,10),
	(73,5574,10),
	(74,5574,10),
	(75,5574,10),
	(78,5574,10),
	(79,5574,10),
	(80,5574,10),
	(81,5574,10),
	(82,5574,10),
	(83,5574,10),
	(84,5574,10),
	(85,5574,10),
	(86,5574,10),
	(87,5574,10),
	(94,5574,10),
	(23,5575,10),
	(23,5576,10),
	(27,5576,20),
	(28,5576,10),
	(29,5576,10),
	(48,5576,10),
	(49,5576,10),
	(50,5576,10),
	(51,5576,10),
	(55,5576,10),
	(56,5576,10),
	(57,5576,10),
	(58,5576,10),
	(59,5576,10),
	(60,5576,10),
	(61,5576,10),
	(62,5576,10),
	(64,5576,10),
	(65,5576,10),
	(69,5576,10),
	(70,5576,10),
	(72,5576,10),
	(73,5576,10),
	(74,5576,10),
	(75,5576,10),
	(78,5576,10),
	(79,5576,10),
	(80,5576,10),
	(81,5576,10),
	(82,5576,10),
	(83,5576,10),
	(84,5576,10),
	(85,5576,10),
	(86,5576,10),
	(87,5576,10),
	(94,5576,10),
	(23,5577,10),
	(23,5578,10),
	(27,5578,20),
	(28,5578,10),
	(29,5578,10),
	(48,5578,10),
	(49,5578,10),
	(50,5578,10),
	(51,5578,10),
	(55,5578,10),
	(56,5578,10),
	(57,5578,10),
	(58,5578,10),
	(59,5578,10),
	(60,5578,10),
	(61,5578,10),
	(62,5578,10),
	(64,5578,10),
	(65,5578,10),
	(69,5578,10),
	(70,5578,10),
	(72,5578,10),
	(73,5578,10),
	(74,5578,10),
	(75,5578,10),
	(78,5578,10),
	(79,5578,10),
	(80,5578,10),
	(81,5578,10),
	(82,5578,10),
	(83,5578,10),
	(84,5578,10),
	(85,5578,10),
	(86,5578,10),
	(87,5578,10),
	(94,5578,10),
	(23,5579,10),
	(27,5580,20),
	(27,5581,20),
	(27,5582,20),
	(27,5583,20),
	(27,5584,20),
	(28,5585,10),
	(106,5585,10),
	(28,5586,10),
	(106,5586,10),
	(28,5587,10),
	(106,5587,10),
	(28,5588,10),
	(106,5588,10),
	(28,5589,10),
	(106,5589,10),
	(29,5590,10),
	(29,5591,10),
	(29,5592,10),
	(29,5593,10),
	(29,5594,10),
	(36,5595,10),
	(36,5596,10),
	(36,5597,10),
	(36,5598,10),
	(36,5599,10),
	(37,5600,10),
	(37,5601,10),
	(37,5602,10),
	(37,5603,10),
	(37,5604,10),
	(38,5605,10),
	(38,5606,10),
	(38,5607,10),
	(38,5608,10),
	(38,5609,10),
	(40,5610,10),
	(40,5611,10),
	(40,5612,10),
	(40,5613,10),
	(40,5614,10),
	(44,5615,10),
	(44,5616,10),
	(44,5617,10),
	(44,5618,10),
	(44,5619,10),
	(45,5620,10),
	(45,5621,10),
	(45,5622,10),
	(45,5623,10),
	(45,5624,10),
	(46,5625,10),
	(46,5626,10),
	(46,5627,10),
	(46,5628,10),
	(46,5629,10),
	(48,5635,10),
	(48,5636,10),
	(48,5637,10),
	(48,5638,10),
	(48,5639,10),
	(49,5640,10),
	(49,5641,10),
	(49,5642,10),
	(49,5643,10),
	(49,5644,10),
	(50,5645,10),
	(50,5646,10),
	(50,5647,10),
	(50,5648,10),
	(50,5649,10),
	(51,5650,10),
	(51,5651,10),
	(51,5652,10),
	(51,5653,10),
	(51,5654,10),
	(52,5655,10),
	(94,5655,10),
	(52,5656,10),
	(94,5656,10),
	(52,5657,10),
	(94,5657,10),
	(52,5658,10),
	(94,5658,10),
	(52,5659,10),
	(94,5659,10),
	(84,5660,10),
	(84,5661,10),
	(84,5662,10),
	(84,5663,10),
	(84,5664,10),
	(55,5665,10),
	(55,5666,10),
	(55,5667,10),
	(55,5668,10),
	(55,5669,10),
	(56,5670,10),
	(56,5671,10),
	(56,5672,10),
	(56,5673,10),
	(56,5674,10),
	(57,5675,10),
	(57,5676,10),
	(57,5677,10),
	(57,5678,10),
	(57,5679,10),
	(58,5680,10),
	(58,5681,10),
	(58,5682,10),
	(58,5683,10),
	(58,5684,10),
	(59,5685,10),
	(98,5685,10),
	(59,5686,10),
	(98,5686,10),
	(59,5687,10),
	(98,5687,10),
	(59,5688,10),
	(98,5688,10),
	(59,5689,10),
	(98,5689,10),
	(60,5690,10),
	(60,5691,10),
	(60,5692,10),
	(60,5693,10),
	(60,5694,10),
	(61,5695,10),
	(61,5696,10),
	(61,5697,10),
	(61,5698,10),
	(61,5699,10),
	(62,5700,10),
	(62,5701,10),
	(62,5702,10),
	(62,5703,10),
	(62,5704,10),
	(65,5705,10),
	(96,5705,10),
	(97,5705,10),
	(65,5706,10),
	(96,5706,10),
	(97,5706,10),
	(65,5707,10),
	(96,5707,10),
	(97,5707,10),
	(65,5708,10),
	(96,5708,10),
	(97,5708,10),
	(65,5709,10),
	(96,5709,10),
	(97,5709,10),
	(85,5710,6),
	(86,5710,6),
	(85,5711,10),
	(85,5712,6),
	(86,5712,6),
	(85,5713,10),
	(85,5714,6),
	(86,5714,6),
	(85,5715,10),
	(85,5716,6),
	(86,5716,6),
	(85,5717,10),
	(85,5718,10),
	(85,5719,4),
	(86,5719,4),
	(85,5720,4),
	(86,5720,4),
	(86,5721,6),
	(86,5722,10),
	(86,5723,6),
	(86,5724,10),
	(86,5725,6),
	(86,5726,10),
	(86,5727,6),
	(86,5728,10),
	(86,5729,10),
	(86,5730,1),
	(86,5731,1),
	(86,5732,4),
	(87,5733,10),
	(87,5734,10),
	(87,5735,10),
	(87,5736,10),
	(87,5737,10),
	(87,5738,1),
	(12,5739,1),
	(13,5739,1),
	(14,5739,1),
	(15,5739,1),
	(17,5739,1),
	(18,5739,1),
	(19,5739,1),
	(21,5739,1),
	(36,5739,1),
	(37,5739,1),
	(38,5739,1),
	(40,5739,1),
	(44,5739,1),
	(45,5739,1),
	(46,5739,1),
	(47,5739,1),
	(52,5739,1),
	(76,5739,2),
	(88,5739,1),
	(89,5739,1),
	(90,5739,1),
	(91,5739,1),
	(92,5739,1),
	(93,5739,1),
	(95,5739,1),
	(96,5739,1),
	(97,5739,1),
	(98,5739,1),
	(99,5739,1),
	(100,5739,1),
	(101,5739,1),
	(102,5739,1),
	(103,5739,1),
	(104,5739,1),
	(105,5739,1),
	(106,5739,1),
	(107,5739,1),
	(13,5740,1),
	(14,5740,1),
	(15,5740,1),
	(17,5740,1),
	(18,5740,1),
	(19,5740,1),
	(21,5740,1),
	(36,5740,1),
	(37,5740,1),
	(38,5740,1),
	(44,5740,1),
	(45,5740,1),
	(46,5740,1),
	(47,5740,1),
	(52,5740,1),
	(76,5740,2),
	(88,5740,1),
	(89,5740,1),
	(90,5740,1),
	(91,5740,1),
	(92,5740,1),
	(93,5740,1),
	(95,5740,1),
	(96,5740,1),
	(97,5740,1),
	(98,5740,1),
	(99,5740,1),
	(100,5740,1),
	(101,5740,1),
	(102,5740,1),
	(103,5740,1),
	(104,5740,1),
	(105,5740,1),
	(106,5740,1),
	(107,5740,1),
	(13,5741,1),
	(14,5741,1),
	(15,5741,1),
	(17,5741,1),
	(18,5741,1),
	(19,5741,1),
	(21,5741,1),
	(36,5741,1),
	(37,5741,1),
	(38,5741,1),
	(44,5741,1),
	(45,5741,1),
	(46,5741,1),
	(47,5741,1),
	(52,5741,1),
	(76,5741,2),
	(88,5741,1),
	(89,5741,1),
	(90,5741,1),
	(91,5741,1),
	(92,5741,1),
	(93,5741,1),
	(95,5741,1),
	(96,5741,1),
	(97,5741,1),
	(98,5741,1),
	(99,5741,1),
	(100,5741,1),
	(101,5741,1),
	(102,5741,1),
	(103,5741,1),
	(104,5741,1),
	(105,5741,1),
	(106,5741,1),
	(107,5741,1),
	(88,5742,10),
	(88,5743,10),
	(88,5744,10),
	(88,5745,10),
	(88,5746,10),
	(89,5749,10),
	(89,5750,10),
	(89,5751,10),
	(89,5752,10),
	(89,5753,10),
	(89,5754,1),
	(89,5755,1),
	(12,5757,1),
	(13,5757,1),
	(14,5757,1),
	(15,5757,1),
	(17,5757,1),
	(19,5757,1),
	(21,5757,1),
	(36,5757,1),
	(37,5757,1),
	(40,5757,1),
	(44,5757,1),
	(45,5757,1),
	(46,5757,1),
	(47,5757,1),
	(52,5757,1),
	(76,5757,2),
	(89,5757,1),
	(97,5757,1),
	(99,5757,1),
	(100,5757,1),
	(101,5757,1),
	(102,5757,1),
	(103,5757,1),
	(106,5757,1),
	(107,5757,1),
	(90,5758,6),
	(90,5759,6),
	(90,5760,10),
	(90,5761,6),
	(90,5762,6),
	(90,5763,10),
	(90,5764,6),
	(90,5765,6),
	(90,5766,10),
	(90,5767,6),
	(90,5768,6),
	(90,5769,10),
	(90,5770,10),
	(18,5771,3),
	(38,5771,3),
	(88,5771,3),
	(90,5771,3),
	(91,5771,3),
	(92,5771,3),
	(93,5771,3),
	(95,5771,3),
	(96,5771,3),
	(98,5771,3),
	(18,5772,3),
	(38,5772,3),
	(88,5772,3),
	(90,5772,3),
	(91,5772,3),
	(92,5772,3),
	(93,5772,3),
	(95,5772,3),
	(96,5772,3),
	(98,5772,3),
	(18,5773,3),
	(38,5773,3),
	(88,5773,3),
	(90,5773,3),
	(91,5773,3),
	(92,5773,3),
	(93,5773,3),
	(95,5773,3),
	(96,5773,3),
	(98,5773,3),
	(18,5774,3),
	(38,5774,3),
	(88,5774,3),
	(90,5774,3),
	(91,5774,3),
	(92,5774,3),
	(93,5774,3),
	(95,5774,3),
	(96,5774,3),
	(98,5774,3),
	(13,5775,10),
	(13,5776,10),
	(13,5777,10),
	(13,5778,10),
	(13,5779,10),
	(12,5781,1),
	(13,5781,1),
	(14,5781,1),
	(15,5781,1),
	(17,5781,1),
	(18,5781,1),
	(19,5781,1),
	(21,5781,1),
	(36,5781,1),
	(37,5781,1),
	(38,5781,1),
	(40,5781,1),
	(44,5781,1),
	(45,5781,1),
	(46,5781,1),
	(47,5781,1),
	(52,5781,1),
	(76,5781,2),
	(88,5781,1),
	(89,5781,1),
	(90,5781,1),
	(91,5781,1),
	(92,5781,1),
	(93,5781,1),
	(95,5781,1),
	(96,5781,1),
	(97,5781,1),
	(98,5781,1),
	(99,5781,1),
	(100,5781,1),
	(101,5781,1),
	(102,5781,1),
	(103,5781,1),
	(104,5781,1),
	(105,5781,1),
	(106,5781,1),
	(107,5781,1),
	(12,5782,2),
	(13,5782,2),
	(14,5782,2),
	(15,5782,2),
	(17,5782,2),
	(18,5782,2),
	(19,5782,2),
	(21,5782,2),
	(36,5782,2),
	(37,5782,2),
	(38,5782,2),
	(40,5782,2),
	(44,5782,2),
	(45,5782,2),
	(46,5782,2),
	(47,5782,2),
	(52,5782,2),
	(76,5782,4),
	(88,5782,2),
	(89,5782,2),
	(90,5782,2),
	(91,5782,2),
	(92,5782,2),
	(93,5782,2),
	(95,5782,2),
	(96,5782,2),
	(97,5782,2),
	(98,5782,2),
	(99,5782,2),
	(100,5782,2),
	(101,5782,2),
	(102,5782,2),
	(103,5782,2),
	(104,5782,2),
	(105,5782,2),
	(106,5782,2),
	(107,5782,2),
	(12,5783,1),
	(13,5783,1),
	(14,5783,1),
	(15,5783,1),
	(17,5783,1),
	(18,5783,1),
	(19,5783,1),
	(21,5783,1),
	(36,5783,1),
	(37,5783,1),
	(38,5783,1),
	(40,5783,1),
	(44,5783,1),
	(45,5783,1),
	(46,5783,1),
	(47,5783,1),
	(52,5783,1),
	(76,5783,2),
	(88,5783,1),
	(89,5783,1),
	(90,5783,1),
	(91,5783,1),
	(92,5783,1),
	(93,5783,1),
	(95,5783,1),
	(96,5783,1),
	(97,5783,1),
	(98,5783,1),
	(99,5783,1),
	(100,5783,1),
	(101,5783,1),
	(102,5783,1),
	(103,5783,1),
	(104,5783,1),
	(105,5783,1),
	(106,5783,1),
	(107,5783,1),
	(12,5784,1),
	(13,5784,1),
	(14,5784,1),
	(15,5784,1),
	(17,5784,1),
	(18,5784,1),
	(19,5784,1),
	(21,5784,1),
	(36,5784,1),
	(37,5784,1),
	(38,5784,1),
	(40,5784,1),
	(44,5784,1),
	(45,5784,1),
	(46,5784,1),
	(47,5784,1),
	(52,5784,1),
	(76,5784,2),
	(88,5784,1),
	(89,5784,1),
	(90,5784,1),
	(91,5784,1),
	(92,5784,1),
	(93,5784,1),
	(95,5784,1),
	(96,5784,1),
	(97,5784,1),
	(98,5784,1),
	(99,5784,1),
	(100,5784,1),
	(101,5784,1),
	(102,5784,1),
	(103,5784,1),
	(104,5784,1),
	(105,5784,1),
	(106,5784,1),
	(107,5784,1),
	(12,5785,1),
	(13,5785,1),
	(14,5785,1),
	(15,5785,1),
	(17,5785,1),
	(18,5785,1),
	(19,5785,1),
	(21,5785,1),
	(36,5785,1),
	(37,5785,1),
	(38,5785,1),
	(40,5785,1),
	(44,5785,1),
	(45,5785,1),
	(46,5785,1),
	(47,5785,1),
	(52,5785,1),
	(76,5785,2),
	(88,5785,1),
	(89,5785,1),
	(90,5785,1),
	(91,5785,1),
	(92,5785,1),
	(93,5785,1),
	(95,5785,1),
	(96,5785,1),
	(97,5785,1),
	(98,5785,1),
	(99,5785,1),
	(100,5785,1),
	(101,5785,1),
	(102,5785,1),
	(103,5785,1),
	(104,5785,1),
	(105,5785,1),
	(106,5785,1),
	(107,5785,1),
	(12,5786,1),
	(13,5786,1),
	(14,5786,1),
	(15,5786,1),
	(17,5786,1),
	(18,5786,1),
	(19,5786,1),
	(21,5786,1),
	(36,5786,1),
	(37,5786,1),
	(38,5786,1),
	(40,5786,1),
	(44,5786,1),
	(45,5786,1),
	(46,5786,1),
	(47,5786,1),
	(52,5786,1),
	(76,5786,2),
	(88,5786,1),
	(89,5786,1),
	(90,5786,1),
	(91,5786,1),
	(92,5786,1),
	(93,5786,1),
	(95,5786,1),
	(96,5786,1),
	(97,5786,1),
	(98,5786,1),
	(99,5786,1),
	(100,5786,1),
	(101,5786,1),
	(102,5786,1),
	(103,5786,1),
	(104,5786,1),
	(105,5786,1),
	(106,5786,1),
	(107,5786,1),
	(12,5787,1),
	(13,5787,1),
	(14,5787,1),
	(15,5787,1),
	(17,5787,1),
	(18,5787,1),
	(19,5787,1),
	(21,5787,1),
	(36,5787,1),
	(37,5787,1),
	(38,5787,1),
	(40,5787,1),
	(44,5787,1),
	(45,5787,1),
	(46,5787,1),
	(47,5787,1),
	(52,5787,1),
	(76,5787,2),
	(88,5787,1),
	(89,5787,1),
	(90,5787,1),
	(91,5787,1),
	(92,5787,1),
	(93,5787,1),
	(95,5787,1),
	(96,5787,1),
	(97,5787,1),
	(98,5787,1),
	(99,5787,1),
	(100,5787,1),
	(101,5787,1),
	(102,5787,1),
	(103,5787,1),
	(104,5787,1),
	(105,5787,1),
	(106,5787,1),
	(107,5787,1),
	(12,5788,1),
	(13,5788,1),
	(14,5788,1),
	(15,5788,1),
	(17,5788,1),
	(18,5788,1),
	(19,5788,1),
	(21,5788,1),
	(36,5788,1),
	(37,5788,1),
	(38,5788,1),
	(40,5788,1),
	(44,5788,1),
	(45,5788,1),
	(46,5788,1),
	(47,5788,1),
	(52,5788,1),
	(76,5788,2),
	(88,5788,1),
	(89,5788,1),
	(90,5788,1),
	(91,5788,1),
	(92,5788,1),
	(93,5788,1),
	(95,5788,1),
	(96,5788,1),
	(97,5788,1),
	(98,5788,1),
	(99,5788,1),
	(100,5788,1),
	(101,5788,1),
	(102,5788,1),
	(103,5788,1),
	(104,5788,1),
	(105,5788,1),
	(106,5788,1),
	(107,5788,1),
	(12,5789,1),
	(13,5789,1),
	(14,5789,1),
	(15,5789,1),
	(17,5789,1),
	(18,5789,1),
	(19,5789,1),
	(21,5789,1),
	(36,5789,1),
	(37,5789,1),
	(38,5789,1),
	(40,5789,1),
	(44,5789,1),
	(45,5789,1),
	(46,5789,1),
	(47,5789,1),
	(52,5789,1),
	(76,5789,2),
	(88,5789,1),
	(89,5789,1),
	(90,5789,1),
	(91,5789,1),
	(92,5789,1),
	(93,5789,1),
	(95,5789,1),
	(96,5789,1),
	(97,5789,1),
	(98,5789,1),
	(99,5789,1),
	(100,5789,1),
	(101,5789,1),
	(102,5789,1),
	(103,5789,1),
	(104,5789,1),
	(105,5789,1),
	(106,5789,1),
	(107,5789,1),
	(12,5790,1),
	(13,5790,1),
	(14,5790,1),
	(15,5790,1),
	(17,5790,1),
	(18,5790,1),
	(19,5790,1),
	(21,5790,1),
	(36,5790,1),
	(37,5790,1),
	(38,5790,1),
	(40,5790,1),
	(44,5790,1),
	(45,5790,1),
	(46,5790,1),
	(47,5790,1),
	(52,5790,1),
	(76,5790,2),
	(88,5790,1),
	(89,5790,1),
	(90,5790,1),
	(91,5790,1),
	(92,5790,1),
	(93,5790,1),
	(95,5790,1),
	(96,5790,1),
	(97,5790,1),
	(98,5790,1),
	(99,5790,1),
	(100,5790,1),
	(101,5790,1),
	(102,5790,1),
	(103,5790,1),
	(104,5790,1),
	(105,5790,1),
	(106,5790,1),
	(107,5790,1),
	(12,5791,1),
	(13,5791,1),
	(14,5791,1),
	(15,5791,1),
	(17,5791,1),
	(18,5791,1),
	(19,5791,1),
	(21,5791,1),
	(36,5791,1),
	(37,5791,1),
	(38,5791,1),
	(40,5791,1),
	(44,5791,1),
	(45,5791,1),
	(46,5791,1),
	(47,5791,1),
	(52,5791,1),
	(76,5791,2),
	(88,5791,1),
	(89,5791,1),
	(90,5791,1),
	(91,5791,1),
	(92,5791,1),
	(93,5791,1),
	(95,5791,1),
	(96,5791,1),
	(97,5791,1),
	(98,5791,1),
	(99,5791,1),
	(100,5791,1),
	(101,5791,1),
	(102,5791,1),
	(103,5791,1),
	(104,5791,1),
	(105,5791,1),
	(106,5791,1),
	(107,5791,1),
	(13,5792,1),
	(14,5792,1),
	(15,5792,1),
	(17,5792,1),
	(18,5792,1),
	(19,5792,1),
	(21,5792,1),
	(36,5792,1),
	(37,5792,1),
	(38,5792,1),
	(44,5792,1),
	(45,5792,1),
	(46,5792,1),
	(47,5792,1),
	(52,5792,1),
	(76,5792,2),
	(88,5792,1),
	(89,5792,1),
	(90,5792,1),
	(91,5792,1),
	(92,5792,1),
	(93,5792,1),
	(95,5792,1),
	(96,5792,1),
	(97,5792,1),
	(98,5792,1),
	(99,5792,1),
	(100,5792,1),
	(101,5792,1),
	(102,5792,1),
	(103,5792,1),
	(104,5792,1),
	(105,5792,1),
	(106,5792,1),
	(107,5792,1),
	(12,5793,2),
	(13,5793,2),
	(14,5793,2),
	(15,5793,2),
	(17,5793,2),
	(18,5793,2),
	(19,5793,2),
	(21,5793,2),
	(36,5793,2),
	(37,5793,2),
	(38,5793,2),
	(40,5793,2),
	(44,5793,2),
	(45,5793,2),
	(46,5793,2),
	(47,5793,2),
	(52,5793,2),
	(76,5793,4),
	(88,5793,2),
	(89,5793,2),
	(90,5793,2),
	(91,5793,2),
	(92,5793,2),
	(93,5793,2),
	(95,5793,2),
	(96,5793,2),
	(97,5793,2),
	(98,5793,2),
	(99,5793,2),
	(100,5793,2),
	(101,5793,2),
	(102,5793,2),
	(103,5793,2),
	(104,5793,2),
	(105,5793,2),
	(106,5793,2),
	(107,5793,2),
	(12,5794,1),
	(13,5794,1),
	(14,5794,1),
	(15,5794,1),
	(17,5794,1),
	(18,5794,1),
	(19,5794,1),
	(21,5794,1),
	(36,5794,1),
	(37,5794,1),
	(38,5794,1),
	(40,5794,1),
	(44,5794,1),
	(45,5794,1),
	(46,5794,1),
	(47,5794,1),
	(52,5794,1),
	(76,5794,2),
	(88,5794,1),
	(89,5794,1),
	(90,5794,1),
	(91,5794,1),
	(92,5794,1),
	(93,5794,1),
	(95,5794,1),
	(96,5794,1),
	(97,5794,1),
	(98,5794,1),
	(99,5794,1),
	(100,5794,1),
	(101,5794,1),
	(102,5794,1),
	(103,5794,1),
	(104,5794,1),
	(105,5794,1),
	(106,5794,1),
	(107,5794,1),
	(12,5795,1),
	(13,5795,1),
	(14,5795,1),
	(15,5795,1),
	(17,5795,1),
	(18,5795,1),
	(19,5795,1),
	(21,5795,1),
	(36,5795,1),
	(37,5795,1),
	(38,5795,1),
	(40,5795,1),
	(44,5795,1),
	(45,5795,1),
	(46,5795,1),
	(47,5795,1),
	(52,5795,1),
	(76,5795,2),
	(88,5795,1),
	(89,5795,1),
	(90,5795,1),
	(91,5795,1),
	(92,5795,1),
	(93,5795,1),
	(95,5795,1),
	(96,5795,1),
	(97,5795,1),
	(98,5795,1),
	(99,5795,1),
	(100,5795,1),
	(101,5795,1),
	(102,5795,1),
	(103,5795,1),
	(104,5795,1),
	(105,5795,1),
	(106,5795,1),
	(107,5795,1),
	(12,5796,1),
	(13,5796,1),
	(14,5796,1),
	(15,5796,1),
	(17,5796,1),
	(18,5796,1),
	(19,5796,1),
	(21,5796,1),
	(36,5796,1),
	(37,5796,1),
	(38,5796,1),
	(40,5796,1),
	(44,5796,1),
	(45,5796,1),
	(46,5796,1),
	(47,5796,1),
	(52,5796,1),
	(76,5796,2),
	(88,5796,1),
	(89,5796,1),
	(90,5796,1),
	(91,5796,1),
	(92,5796,1),
	(93,5796,1),
	(95,5796,1),
	(96,5796,1),
	(97,5796,1),
	(98,5796,1),
	(99,5796,1),
	(100,5796,1),
	(101,5796,1),
	(102,5796,1),
	(103,5796,1),
	(104,5796,1),
	(105,5796,1),
	(106,5796,1),
	(107,5796,1),
	(12,5797,1),
	(13,5797,1),
	(14,5797,1),
	(15,5797,1),
	(17,5797,1),
	(18,5797,1),
	(19,5797,1),
	(21,5797,1),
	(36,5797,1),
	(37,5797,1),
	(38,5797,1),
	(40,5797,1),
	(44,5797,1),
	(45,5797,1),
	(46,5797,1),
	(47,5797,1),
	(52,5797,1),
	(76,5797,2),
	(88,5797,1),
	(89,5797,1),
	(90,5797,1),
	(91,5797,1),
	(92,5797,1),
	(93,5797,1),
	(95,5797,1),
	(96,5797,1),
	(97,5797,1),
	(98,5797,1),
	(99,5797,1),
	(100,5797,1),
	(101,5797,1),
	(102,5797,1),
	(103,5797,1),
	(104,5797,1),
	(105,5797,1),
	(106,5797,1),
	(107,5797,1),
	(12,5798,1),
	(13,5798,1),
	(14,5798,1),
	(15,5798,1),
	(17,5798,1),
	(18,5798,1),
	(19,5798,1),
	(21,5798,1),
	(36,5798,1),
	(37,5798,1),
	(38,5798,1),
	(40,5798,1),
	(44,5798,1),
	(45,5798,1),
	(46,5798,1),
	(47,5798,1),
	(52,5798,1),
	(76,5798,2),
	(88,5798,1),
	(89,5798,1),
	(90,5798,1),
	(91,5798,1),
	(92,5798,1),
	(93,5798,1),
	(95,5798,1),
	(96,5798,1),
	(97,5798,1),
	(98,5798,1),
	(99,5798,1),
	(100,5798,1),
	(101,5798,1),
	(102,5798,1),
	(103,5798,1),
	(104,5798,1),
	(105,5798,1),
	(106,5798,1),
	(107,5798,1),
	(12,5799,1),
	(13,5799,1),
	(14,5799,1),
	(15,5799,1),
	(17,5799,1),
	(18,5799,1),
	(19,5799,1),
	(21,5799,1),
	(36,5799,1),
	(37,5799,1),
	(38,5799,1),
	(40,5799,1),
	(44,5799,1),
	(45,5799,1),
	(46,5799,1),
	(47,5799,1),
	(52,5799,1),
	(76,5799,2),
	(88,5799,1),
	(89,5799,1),
	(90,5799,1),
	(91,5799,1),
	(92,5799,1),
	(93,5799,1),
	(95,5799,1),
	(96,5799,1),
	(97,5799,1),
	(98,5799,1),
	(99,5799,1),
	(100,5799,1),
	(101,5799,1),
	(102,5799,1),
	(103,5799,1),
	(104,5799,1),
	(105,5799,1),
	(106,5799,1),
	(107,5799,1),
	(12,5800,1),
	(13,5800,1),
	(14,5800,1),
	(15,5800,1),
	(17,5800,1),
	(18,5800,1),
	(19,5800,1),
	(21,5800,1),
	(36,5800,1),
	(37,5800,1),
	(38,5800,1),
	(40,5800,1),
	(44,5800,1),
	(45,5800,1),
	(46,5800,1),
	(47,5800,1),
	(52,5800,1),
	(76,5800,2),
	(88,5800,1),
	(89,5800,1),
	(90,5800,1),
	(91,5800,1),
	(92,5800,1),
	(93,5800,1),
	(95,5800,1),
	(96,5800,1),
	(97,5800,1),
	(98,5800,1),
	(99,5800,1),
	(100,5800,1),
	(101,5800,1),
	(102,5800,1),
	(103,5800,1),
	(104,5800,1),
	(105,5800,1),
	(106,5800,1),
	(107,5800,1),
	(12,5801,1),
	(13,5801,1),
	(14,5801,1),
	(15,5801,1),
	(17,5801,1),
	(18,5801,1),
	(19,5801,1),
	(21,5801,1),
	(36,5801,1),
	(37,5801,1),
	(38,5801,1),
	(40,5801,1),
	(44,5801,1),
	(45,5801,1),
	(46,5801,1),
	(47,5801,1),
	(52,5801,1),
	(76,5801,2),
	(88,5801,1),
	(89,5801,1),
	(90,5801,1),
	(91,5801,1),
	(92,5801,1),
	(93,5801,1),
	(95,5801,1),
	(96,5801,1),
	(97,5801,1),
	(98,5801,1),
	(99,5801,1),
	(100,5801,1),
	(101,5801,1),
	(102,5801,1),
	(103,5801,1),
	(104,5801,1),
	(105,5801,1),
	(106,5801,1),
	(107,5801,1),
	(12,5802,1),
	(13,5802,1),
	(14,5802,1),
	(15,5802,1),
	(17,5802,1),
	(18,5802,1),
	(19,5802,1),
	(21,5802,1),
	(36,5802,1),
	(37,5802,1),
	(38,5802,1),
	(40,5802,1),
	(44,5802,1),
	(45,5802,1),
	(46,5802,1),
	(47,5802,1),
	(52,5802,1),
	(76,5802,2),
	(88,5802,1),
	(89,5802,1),
	(90,5802,1),
	(91,5802,1),
	(92,5802,1),
	(93,5802,1),
	(95,5802,1),
	(96,5802,1),
	(97,5802,1),
	(98,5802,1),
	(99,5802,1),
	(100,5802,1),
	(101,5802,1),
	(102,5802,1),
	(103,5802,1),
	(104,5802,1),
	(105,5802,1),
	(106,5802,1),
	(107,5802,1),
	(44,5803,1),
	(44,5804,1),
	(44,5805,1),
	(44,5806,1),
	(44,5807,1),
	(19,5808,1),
	(92,5808,1),
	(18,5809,1),
	(92,5809,1),
	(93,5809,1),
	(96,5809,1),
	(98,5809,1),
	(47,5810,10),
	(47,5811,10),
	(47,5812,10),
	(47,5813,10),
	(47,5814,10),
	(47,5815,1),
	(47,5816,1),
	(47,5818,1),
	(38,5819,1),
	(37,5820,1),
	(90,5820,1),
	(98,5820,2),
	(45,5821,1),
	(15,5822,1),
	(93,5822,1),
	(46,5823,1),
	(46,5824,1),
	(46,5825,1),
	(18,5826,1),
	(18,5827,10),
	(18,5828,10),
	(18,5829,10),
	(18,5830,10),
	(18,5831,10),
	(97,5832,10),
	(97,5833,10),
	(97,5834,10),
	(97,5835,10),
	(97,5836,10),
	(96,5837,10),
	(96,5838,10),
	(96,5839,10),
	(96,5840,10),
	(96,5841,10),
	(99,5842,10),
	(99,5843,10),
	(99,5844,10),
	(99,5845,10),
	(99,5846,10),
	(99,5847,1),
	(101,5847,1),
	(99,5848,1),
	(101,5848,1),
	(99,5849,1),
	(99,5850,1),
	(100,5856,1),
	(100,5857,1),
	(100,5858,1),
	(102,5858,1),
	(100,5859,1),
	(102,5859,1),
	(100,5860,10),
	(100,5861,10),
	(100,5862,10),
	(100,5863,10),
	(100,5864,10),
	(101,5865,10),
	(101,5866,10),
	(101,5867,10),
	(101,5868,10),
	(101,5869,10),
	(101,5870,1),
	(101,5871,1),
	(102,5872,10),
	(102,5873,10),
	(102,5874,10),
	(102,5875,10),
	(102,5876,10),
	(102,5877,1),
	(102,5878,1),
	(102,5879,1),
	(102,5880,1),
	(102,5881,1),
	(103,5882,10),
	(103,5883,10),
	(103,5884,10),
	(103,5885,10),
	(103,5886,10),
	(103,5887,1),
	(103,5888,1),
	(103,5889,1),
	(104,5890,10),
	(104,5891,10),
	(104,5892,10),
	(104,5893,10),
	(104,5894,10),
	(105,5895,10),
	(105,5896,10),
	(105,5897,10),
	(105,5898,10),
	(105,5899,10),
	(105,5900,1),
	(107,5901,10),
	(107,5902,10),
	(107,5903,10),
	(107,5904,10),
	(107,5905,8),
	(107,5906,6),
	(107,5907,10),
	(107,5908,1),
	(107,5909,1),
	(107,5910,1),
	(107,5911,1),
	(107,5912,1);



# Dump of table pr_search_word
# ------------------------------------------------------------


CREATE TABLE `pr_search_word` (
  `id_word` int(10) unsigned NOT NULL AUTO_INCREMENT,
  `id_shop` int(11) NOT NULL DEFAULT '1',
  `id_lang` int(10) unsigned NOT NULL,
  `word` varchar(15) NOT NULL,
  PRIMARY KEY (`id_word`),
  UNIQUE KEY `id_lang` (`id_lang`,`id_shop`,`word`)
) ENGINE=InnoDB DEFAULT CHARSET=utf8;


INSERT INTO `pr_search_word` (`id_word`, `id_shop`, `id_lang`, `word`)
VALUES
	(5837,1,1,'1gg'),
	(5832,1,1,'2gg'),
	(5570,1,1,'adv'),
	(3719,1,1,'agriturismo'),
	(4694,1,1,'alla'),
	(3723,1,1,'andar'),
	(2478,1,1,'antiche'),
	(3079,1,1,'antichi'),
	(2387,1,1,'antico'),
	(3076,1,1,'aquileia'),
	(5585,1,1,'aquiroma'),
	(5595,1,1,'armesap'),
	(3603,1,1,'armonie'),
	(5665,1,1,'armsapo'),
	(2565,1,1,'arte'),
	(5625,1,1,'artspir'),
	(4846,1,1,'battaglia'),
	(5935,1,1,'bcc'),
	(2385,1,1,'benessere'),
	(5680,1,1,'blasmer'),
	(4515,1,1,'blasoni'),
	(5431,1,1,'borghi'),
	(2388,1,1,'borgo'),
	(3711,1,1,'camera'),
	(3726,1,1,'cantine'),
	(5054,1,1,'capitale'),
	(4844,1,1,'caporetto'),
	(5842,1,1,'carniaprof1'),
	(5860,1,1,'carniaprof2'),
	(5865,1,1,'carniaprof3'),
	(5872,1,1,'carniaprof4'),
	(5882,1,1,'carniaprof5'),
	(4130,1,1,'casarsa'),
	(2519,1,1,'castelli'),
	(4673,1,1,'castello'),
	(5469,1,1,'castpros'),
	(5655,1,1,'casvino'),
	(2255,1,1,'charme'),
	(4131,1,1,'citta'),
	(4848,1,1,'cividale'),
	(5433,1,1,'clauiano'),
	(5645,1,1,'codr'),
	(5895,1,1,'codr1gg'),
	(4010,1,1,'codroipese'),
	(5650,1,1,'coll'),
	(5890,1,1,'coll1gg'),
	(4089,1,1,'collina'),
	(3077,1,1,'con'),
	(5359,1,1,'cona'),
	(3815,1,1,'cultura'),
	(2516,1,1,'daniele'),
	(2166,1,1,'dei'),
	(2480,1,1,'del'),
	(2440,1,1,'della'),
	(2477,1,1,'delle'),
	(5775,1,1,'emoter'),
	(2300,1,1,'emozioni'),
	(5184,1,1,'eno'),
	(5330,1,1,'enofvg'),
	(5327,1,1,'enogastronomia'),
	(2301,1,1,'enogastronomich'),
	(5710,1,1,'fagare'),
	(2596,1,1,'fascino'),
	(3725,1,1,'frasche'),
	(5600,1,1,'frascmez'),
	(2305,1,1,'friulane'),
	(2517,1,1,'friuli'),
	(5675,1,1,'frsto'),
	(5700,1,1,'fvgeno'),
	(5185,1,1,'gastronomici'),
	(5218,1,1,'gastronomico'),
	(5690,1,1,'ggmont'),
	(5685,1,1,'ggsanvi'),
	(5695,1,1,'ggtrs'),
	(2803,1,1,'giornata'),
	(5771,1,1,'gite'),
	(5329,1,1,'giulia'),
	(3078,1,1,'gli'),
	(5545,1,1,'gomit'),
	(2439,1,1,'gorizia'),
	(5490,1,1,'grague1'),
	(5722,1,1,'grague10'),
	(5733,1,1,'grague11'),
	(5495,1,1,'grague2'),
	(5500,1,1,'grague3'),
	(5505,1,1,'grague4'),
	(5510,1,1,'grague5'),
	(5515,1,1,'grague6'),
	(5520,1,1,'grague7'),
	(5660,1,1,'grague8'),
	(5711,1,1,'grague9'),
	(4277,1,1,'grande'),
	(5203,1,1,'gruppi'),
	(4278,1,1,'guerra'),
	(3855,1,1,'gusti'),
	(5620,1,1,'gustris'),
	(845,1,1,'home'),
	(3712,1,1,'hotel'),
	(2165,1,1,'incanto'),
	(5232,1,1,'indimenticabile'),
	(5135,1,1,'interattivo'),
	(67,1,1,'ipods'),
	(5360,1,1,'isocon'),
	(4990,1,1,'isola'),
	(4696,1,1,'itinerario'),
	(5236,1,1,'lagumara'),
	(5234,1,1,'laguna'),
	(2597,1,1,'letterario'),
	(5759,1,1,'letteratura'),
	(3794,1,1,'manieri'),
	(5235,1,1,'marano'),
	(2564,1,1,'medievali'),
	(3683,1,1,'medio'),
	(3792,1,1,'medioevale'),
	(2737,1,1,'medioevo'),
	(5571,1,1,'medmos'),
	(5670,1,1,'medvalv'),
	(4517,1,1,'merlate'),
	(2304,1,1,'mezzo'),
	(4674,1,1,'miramare'),
	(3937,1,1,'mito'),
	(5635,1,1,'mitopilo'),
	(2441,1,1,'mitteleuropa'),
	(3771,1,1,'mondo'),
	(4642,1,1,'montagna'),
	(4992,1,1,'moriago'),
	(4991,1,1,'morti'),
	(3793,1,1,'mosaici'),
	(2738,1,1,'mosaico'),
	(4949,1,1,'museo'),
	(2566,1,1,'musiva'),
	(3932,1,1,'natura'),
	(2256,1,1,'nel'),
	(2386,1,1,'nell'),
	(2302,1,1,'nelle'),
	(2479,1,1,'osterie'),
	(4220,1,1,'pacchetto'),
	(2682,1,1,'paesaggi'),
	(5430,1,1,'palmanova'),
	(5434,1,1,'palmeborg'),
	(3992,1,1,'parrocchie'),
	(3724,1,1,'per'),
	(5590,1,1,'perceno'),
	(3144,1,1,'percorsi'),
	(3940,1,1,'piloti'),
	(5760,1,1,'poelett'),
	(5758,1,1,'poesia'),
	(5580,1,1,'poeslett'),
	(3006,1,1,'poeti'),
	(3756,1,1,'pordenone'),
	(4754,1,1,'pordenonese'),
	(2683,1,1,'profumi'),
	(2520,1,1,'prosciutto'),
	(2839,1,1,'radici'),
	(5605,1,1,'radivino'),
	(5055,1,1,'ragogna'),
	(4236,1,1,'redipuglia'),
	(2384,1,1,'relax'),
	(5540,1,1,'relax1'),
	(3856,1,1,'risorgive'),
	(3080,1,1,'romani'),
	(4235,1,1,'sabba'),
	(4789,1,1,'sacile'),
	(4843,1,1,'sacrari'),
	(5721,1,1,'sacrario'),
	(2515,1,1,'san'),
	(5550,1,1,'sancast'),
	(2257,1,1,'sandanielese'),
	(3885,1,1,'sanvitese'),
	(2167,1,1,'sapori'),
	(5162,1,1,'sapori2'),
	(2164,1,1,'sauris'),
	(5525,1,1,'sausap'),
	(4695,1,1,'scoperta'),
	(3007,1,1,'scrittori'),
	(2740,1,1,'spilimbergo'),
	(5749,1,1,'spirfvg'),
	(5640,1,1,'spirit'),
	(3884,1,1,'spiritualita'),
	(4221,1,1,'standard'),
	(3936,1,1,'storia'),
	(4491,1,1,'storico'),
	(2518,1,1,'strada'),
	(5432,1,1,'strassoldo'),
	(5810,1,1,'sugfriul'),
	(2563,1,1,'suggestioni'),
	(4847,1,1,'suggestiva'),
	(5555,1,1,'sugmed'),
	(5233,1,1,'sulla'),
	(5565,1,1,'tagl1'),
	(2684,1,1,'tagliamento'),
	(5827,1,1,'terartsap'),
	(3939,1,1,'terra'),
	(2303,1,1,'terre'),
	(4788,1,1,'tesori'),
	(5705,1,1,'tespn'),
	(2481,1,1,'tiepolo'),
	(4516,1,1,'torri'),
	(2802,1,1,'tour'),
	(2562,1,1,'tra'),
	(2598,1,1,'trieste'),
	(5560,1,1,'trslet'),
	(3991,1,1,'tue'),
	(2476,1,1,'udine'),
	(5615,1,1,'udtiep'),
	(3938,1,1,'una'),
	(5742,1,1,'unaporde'),
	(5901,1,1,'valresia'),
	(2739,1,1,'valvasone'),
	(3146,1,1,'veneto'),
	(5328,1,1,'venezia'),
	(2840,1,1,'vino'),
	(3769,1,1,'viti'),
	(3770,1,1,'vitigni'),
	(5610,1,1,'vitmon'),
	(2254,1,1,'weekend'),
	(5180,1,1,'wellness'),
	(5530,1,1,'wknsan'),
	(5940,1,1,'zzzz'),
	(5838,1,2,'1gg'),
	(5833,1,2,'2gg'),
	(2172,1,2,'accueil'),
	(5572,1,2,'adv'),
	(3720,1,2,'agriturismo'),
	(4698,1,2,'alla'),
	(3727,1,2,'andar'),
	(2484,1,2,'antiche'),
	(3084,1,2,'antichi'),
	(2392,1,2,'antico'),
	(3081,1,2,'aquileia'),
	(5586,1,2,'aquiroma'),
	(5596,1,2,'armesap'),
	(3604,1,2,'armonie'),
	(5666,1,2,'armsapo'),
	(2570,1,2,'arte'),
	(5626,1,2,'artspir'),
	(4852,1,2,'battaglia'),
	(5936,1,2,'bcc'),
	(2390,1,2,'benessere'),
	(5681,1,2,'blasmer'),
	(4518,1,2,'blasoni'),
	(5436,1,2,'borghi'),
	(2393,1,2,'borgo'),
	(3713,1,2,'camera'),
	(3730,1,2,'cantine'),
	(5056,1,2,'capitale'),
	(4850,1,2,'caporetto'),
	(5843,1,2,'carniaprof1'),
	(5861,1,2,'carniaprof2'),
	(5866,1,2,'carniaprof3'),
	(5873,1,2,'carniaprof4'),
	(5883,1,2,'carniaprof5'),
	(4132,1,2,'casarsa'),
	(2525,1,2,'castelli'),
	(4675,1,2,'castello'),
	(5470,1,2,'castpros'),
	(5656,1,2,'casvino'),
	(2259,1,2,'charme'),
	(4133,1,2,'citta'),
	(4854,1,2,'cividale'),
	(5438,1,2,'clauiano'),
	(5646,1,2,'codr'),
	(5896,1,2,'codr1gg'),
	(4011,1,2,'codroipese'),
	(5651,1,2,'coll'),
	(5891,1,2,'coll1gg'),
	(4090,1,2,'collina'),
	(3082,1,2,'con'),
	(5361,1,2,'cona'),
	(3816,1,2,'cultura'),
	(2522,1,2,'daniele'),
	(2170,1,2,'dei'),
	(2486,1,2,'del'),
	(2443,1,2,'della'),
	(2483,1,2,'delle'),
	(5776,1,2,'emoter'),
	(2306,1,2,'emozioni'),
	(5186,1,2,'eno'),
	(5334,1,2,'enofvg'),
	(5331,1,2,'enogastronomia'),
	(2307,1,2,'enogastronomich'),
	(5712,1,2,'fagare'),
	(2599,1,2,'fascino'),
	(3729,1,2,'frasche'),
	(5601,1,2,'frascmez'),
	(2311,1,2,'friulane'),
	(2523,1,2,'friuli'),
	(5676,1,2,'frsto'),
	(5701,1,2,'fvgeno'),
	(5187,1,2,'gastronomici'),
	(5219,1,2,'gastronomico'),
	(5691,1,2,'ggmont'),
	(5686,1,2,'ggsanvi'),
	(5696,1,2,'ggtrs'),
	(2805,1,2,'giornata'),
	(5772,1,2,'gite'),
	(5333,1,2,'giulia'),
	(3083,1,2,'gli'),
	(5546,1,2,'gomit'),
	(2442,1,2,'gorizia'),
	(5491,1,2,'grague1'),
	(5724,1,2,'grague10'),
	(5734,1,2,'grague11'),
	(5496,1,2,'grague2'),
	(5501,1,2,'grague3'),
	(5506,1,2,'grague4'),
	(5511,1,2,'grague5'),
	(5516,1,2,'grague6'),
	(5521,1,2,'grague7'),
	(5661,1,2,'grague8'),
	(5713,1,2,'grague9'),
	(4279,1,2,'grande'),
	(5204,1,2,'gruppi'),
	(4280,1,2,'guerra'),
	(3857,1,2,'gusti'),
	(5621,1,2,'gustris'),
	(3714,1,2,'hotel'),
	(2169,1,2,'incanto'),
	(5242,1,2,'indimenticabile'),
	(5136,1,2,'interattivo'),
	(145,1,2,'ipods'),
	(5362,1,2,'isocon'),
	(4993,1,2,'isola'),
	(4700,1,2,'itinerario'),
	(5246,1,2,'lagumara'),
	(5244,1,2,'laguna'),
	(2600,1,2,'letterario'),
	(5762,1,2,'letteratura'),
	(3797,1,2,'manieri'),
	(5245,1,2,'marano'),
	(2569,1,2,'medievali'),
	(3684,1,2,'medio'),
	(3795,1,2,'medioevale'),
	(2742,1,2,'medioevo'),
	(5573,1,2,'medmos'),
	(5671,1,2,'medvalv'),
	(4520,1,2,'merlate'),
	(2310,1,2,'mezzo'),
	(4676,1,2,'miramare'),
	(3942,1,2,'mito'),
	(5636,1,2,'mitopilo'),
	(2444,1,2,'mitteleuropa'),
	(3774,1,2,'mondo'),
	(4643,1,2,'montagna'),
	(4995,1,2,'moriago'),
	(4994,1,2,'morti'),
	(3796,1,2,'mosaici'),
	(2743,1,2,'mosaico'),
	(4951,1,2,'museo'),
	(2571,1,2,'musiva'),
	(3933,1,2,'natura'),
	(2260,1,2,'nel'),
	(2391,1,2,'nell'),
	(2308,1,2,'nelle'),
	(2485,1,2,'osterie'),
	(4224,1,2,'pacchetto'),
	(2685,1,2,'paesaggi'),
	(5435,1,2,'palmanova'),
	(5439,1,2,'palmeborg'),
	(3994,1,2,'parrocchie'),
	(3728,1,2,'per'),
	(5591,1,2,'perceno'),
	(3149,1,2,'percorsi'),
	(3945,1,2,'piloti'),
	(5763,1,2,'poelett'),
	(5761,1,2,'poesia'),
	(5581,1,2,'poeslett'),
	(3008,1,2,'poeti'),
	(3757,1,2,'pordenone'),
	(4755,1,2,'pordenonese'),
	(2686,1,2,'profumi'),
	(2526,1,2,'prosciutto'),
	(2842,1,2,'radici'),
	(5606,1,2,'radivino'),
	(5057,1,2,'ragogna'),
	(4238,1,2,'redipuglia'),
	(2389,1,2,'relax'),
	(5541,1,2,'relax1'),
	(3858,1,2,'risorgive'),
	(3085,1,2,'romani'),
	(4237,1,2,'sabba'),
	(4791,1,2,'sacile'),
	(4849,1,2,'sacrari'),
	(5723,1,2,'sacrario'),
	(2521,1,2,'san'),
	(5551,1,2,'sancast'),
	(2261,1,2,'sandanielese'),
	(3887,1,2,'sanvitese'),
	(2171,1,2,'sapori'),
	(5163,1,2,'sapori2'),
	(2168,1,2,'sauris'),
	(5526,1,2,'sausap'),
	(4699,1,2,'scoperta'),
	(3009,1,2,'scrittori'),
	(2745,1,2,'spilimbergo'),
	(5750,1,2,'spirfvg'),
	(5641,1,2,'spirit'),
	(3886,1,2,'spiritualita'),
	(4225,1,2,'standard'),
	(3941,1,2,'storia'),
	(4492,1,2,'storico'),
	(2524,1,2,'strada'),
	(5437,1,2,'strassoldo'),
	(5811,1,2,'sugfriul'),
	(2568,1,2,'suggestioni'),
	(4853,1,2,'suggestiva'),
	(5556,1,2,'sugmed'),
	(5243,1,2,'sulla'),
	(5566,1,2,'tagl1'),
	(2687,1,2,'tagliamento'),
	(5828,1,2,'terartsap'),
	(3944,1,2,'terra'),
	(2309,1,2,'terre'),
	(4790,1,2,'tesori'),
	(5706,1,2,'tespn'),
	(2487,1,2,'tiepolo'),
	(4519,1,2,'torri'),
	(2804,1,2,'tour'),
	(2567,1,2,'tra'),
	(2601,1,2,'trieste'),
	(5561,1,2,'trslet'),
	(3993,1,2,'tue'),
	(2482,1,2,'udine'),
	(5616,1,2,'udtiep'),
	(3943,1,2,'una'),
	(5743,1,2,'unaporde'),
	(5902,1,2,'valresia'),
	(2744,1,2,'valvasone'),
	(3151,1,2,'veneto'),
	(5332,1,2,'venezia'),
	(2843,1,2,'vino'),
	(3772,1,2,'viti'),
	(3773,1,2,'vitigni'),
	(5611,1,2,'vitmon'),
	(2258,1,2,'weekend'),
	(5181,1,2,'wellness'),
	(5531,1,2,'wknsan'),
	(5941,1,2,'zzzz'),
	(5839,1,3,'1gg'),
	(5834,1,3,'2gg'),
	(5574,1,3,'adv'),
	(3721,1,3,'agriturismo'),
	(4702,1,3,'alla'),
	(3731,1,3,'andar'),
	(2490,1,3,'antiche'),
	(3088,1,3,'antichi'),
	(2397,1,3,'antico'),
	(3086,1,3,'aquileia'),
	(5587,1,3,'aquiroma'),
	(5597,1,3,'armesap'),
	(3605,1,3,'armonie'),
	(5667,1,3,'armsapo'),
	(2575,1,3,'arte'),
	(5627,1,3,'artspir'),
	(4858,1,3,'battaglia'),
	(5937,1,3,'bcc'),
	(2395,1,3,'benessere'),
	(5682,1,3,'blasmer'),
	(4521,1,3,'blasoni'),
	(5441,1,3,'borghi'),
	(2398,1,3,'borgo'),
	(3715,1,3,'camera'),
	(3734,1,3,'cantine'),
	(5058,1,3,'capitale'),
	(4856,1,3,'caporetto'),
	(5844,1,3,'carniaprof1'),
	(5862,1,3,'carniaprof2'),
	(5867,1,3,'carniaprof3'),
	(5874,1,3,'carniaprof4'),
	(5884,1,3,'carniaprof5'),
	(4134,1,3,'casarsa'),
	(2531,1,3,'castelli'),
	(4677,1,3,'castello'),
	(5471,1,3,'castpros'),
	(5657,1,3,'casvino'),
	(2263,1,3,'charme'),
	(4135,1,3,'citta'),
	(4860,1,3,'cividale'),
	(5443,1,3,'clauiano'),
	(5647,1,3,'codr'),
	(5897,1,3,'codr1gg'),
	(4012,1,3,'codroipese'),
	(5652,1,3,'coll'),
	(5892,1,3,'coll1gg'),
	(4091,1,3,'collina'),
	(1862,1,3,'con'),
	(5363,1,3,'cona'),
	(3817,1,3,'cultura'),
	(2528,1,3,'daniele'),
	(2175,1,3,'dei'),
	(1867,1,3,'del'),
	(2446,1,3,'della'),
	(2489,1,3,'delle'),
	(5777,1,3,'emoter'),
	(2312,1,3,'emozioni'),
	(5188,1,3,'eno'),
	(5338,1,3,'enofvg'),
	(5335,1,3,'enogastronomia'),
	(2313,1,3,'enogastronomich'),
	(5714,1,3,'fagare'),
	(2602,1,3,'fascino'),
	(3733,1,3,'frasche'),
	(5602,1,3,'frascmez'),
	(2317,1,3,'friulane'),
	(2529,1,3,'friuli'),
	(5677,1,3,'frsto'),
	(5702,1,3,'fvgeno'),
	(5189,1,3,'gastronomici'),
	(5220,1,3,'gastronomico'),
	(5692,1,3,'ggmont'),
	(5687,1,3,'ggsanvi'),
	(5697,1,3,'ggtrs'),
	(2807,1,3,'giornata'),
	(5773,1,3,'gite'),
	(5337,1,3,'giulia'),
	(3087,1,3,'gli'),
	(5547,1,3,'gomit'),
	(2445,1,3,'gorizia'),
	(5492,1,3,'grague1'),
	(5726,1,3,'grague10'),
	(5735,1,3,'grague11'),
	(5497,1,3,'grague2'),
	(5502,1,3,'grague3'),
	(5507,1,3,'grague4'),
	(5512,1,3,'grague5'),
	(5517,1,3,'grague6'),
	(5522,1,3,'grague7'),
	(5662,1,3,'grague8'),
	(5715,1,3,'grague9'),
	(4281,1,3,'grande'),
	(5205,1,3,'gruppi'),
	(4282,1,3,'guerra'),
	(3859,1,3,'gusti'),
	(5622,1,3,'gustris'),
	(3716,1,3,'hotel'),
	(2174,1,3,'incanto'),
	(5252,1,3,'indimenticabile'),
	(1030,1,3,'inicio'),
	(5137,1,3,'interattivo'),
	(222,1,3,'ipods'),
	(5364,1,3,'isocon'),
	(4996,1,3,'isola'),
	(4704,1,3,'itinerario'),
	(5256,1,3,'lagumara'),
	(5254,1,3,'laguna'),
	(2603,1,3,'letterario'),
	(5765,1,3,'letteratura'),
	(3800,1,3,'manieri'),
	(5255,1,3,'marano'),
	(2574,1,3,'medievali'),
	(3685,1,3,'medio'),
	(3798,1,3,'medioevale'),
	(2747,1,3,'medioevo'),
	(5575,1,3,'medmos'),
	(5672,1,3,'medvalv'),
	(4523,1,3,'merlate'),
	(2316,1,3,'mezzo'),
	(4678,1,3,'miramare'),
	(3947,1,3,'mito'),
	(5637,1,3,'mitopilo'),
	(2447,1,3,'mitteleuropa'),
	(3777,1,3,'mondo'),
	(4644,1,3,'montagna'),
	(4998,1,3,'moriago'),
	(4997,1,3,'morti'),
	(3799,1,3,'mosaici'),
	(2748,1,3,'mosaico'),
	(4953,1,3,'museo'),
	(2576,1,3,'musiva'),
	(3934,1,3,'natura'),
	(2264,1,3,'nel'),
	(2396,1,3,'nell'),
	(2314,1,3,'nelle'),
	(2491,1,3,'osterie'),
	(4228,1,3,'pacchetto'),
	(2688,1,3,'paesaggi'),
	(5440,1,3,'palmanova'),
	(5444,1,3,'palmeborg'),
	(3996,1,3,'parrocchie'),
	(3732,1,3,'per'),
	(5592,1,3,'perceno'),
	(3154,1,3,'percorsi'),
	(3950,1,3,'piloti'),
	(5766,1,3,'poelett'),
	(5764,1,3,'poesia'),
	(5582,1,3,'poeslett'),
	(3010,1,3,'poeti'),
	(3758,1,3,'pordenone'),
	(4756,1,3,'pordenonese'),
	(2689,1,3,'profumi'),
	(2532,1,3,'prosciutto'),
	(2845,1,3,'radici'),
	(5607,1,3,'radivino'),
	(5059,1,3,'ragogna'),
	(4240,1,3,'redipuglia'),
	(2394,1,3,'relax'),
	(5542,1,3,'relax1'),
	(3860,1,3,'risorgive'),
	(3089,1,3,'romani'),
	(4239,1,3,'sabba'),
	(4793,1,3,'sacile'),
	(4855,1,3,'sacrari'),
	(5725,1,3,'sacrario'),
	(2527,1,3,'san'),
	(5552,1,3,'sancast'),
	(2265,1,3,'sandanielese'),
	(3889,1,3,'sanvitese'),
	(2176,1,3,'sapori'),
	(5164,1,3,'sapori2'),
	(2173,1,3,'sauris'),
	(5527,1,3,'sausap'),
	(4703,1,3,'scoperta'),
	(3011,1,3,'scrittori'),
	(2750,1,3,'spilimbergo'),
	(5751,1,3,'spirfvg'),
	(5642,1,3,'spirit'),
	(3888,1,3,'spiritualita'),
	(4229,1,3,'standard'),
	(3946,1,3,'storia'),
	(4493,1,3,'storico'),
	(2530,1,3,'strada'),
	(5442,1,3,'strassoldo'),
	(5812,1,3,'sugfriul'),
	(2573,1,3,'suggestioni'),
	(4859,1,3,'suggestiva'),
	(5557,1,3,'sugmed'),
	(5253,1,3,'sulla'),
	(5567,1,3,'tagl1'),
	(2690,1,3,'tagliamento'),
	(5829,1,3,'terartsap'),
	(3949,1,3,'terra'),
	(2315,1,3,'terre'),
	(4792,1,3,'tesori'),
	(5707,1,3,'tespn'),
	(2492,1,3,'tiepolo'),
	(4522,1,3,'torri'),
	(2806,1,3,'tour'),
	(2572,1,3,'tra'),
	(2604,1,3,'trieste'),
	(5562,1,3,'trslet'),
	(3995,1,3,'tue'),
	(2488,1,3,'udine'),
	(5617,1,3,'udtiep'),
	(3948,1,3,'una'),
	(5744,1,3,'unaporde'),
	(5903,1,3,'valresia'),
	(2749,1,3,'valvasone'),
	(3156,1,3,'veneto'),
	(5336,1,3,'venezia'),
	(2846,1,3,'vino'),
	(3775,1,3,'viti'),
	(3776,1,3,'vitigni'),
	(5612,1,3,'vitmon'),
	(2262,1,3,'weekend'),
	(5182,1,3,'wellness'),
	(5532,1,3,'wknsan'),
	(5942,1,3,'zzzz'),
	(5840,1,4,'1gg'),
	(5835,1,4,'2gg'),
	(5576,1,4,'adv'),
	(3722,1,4,'agriturismo'),
	(4706,1,4,'alla'),
	(3735,1,4,'andar'),
	(2495,1,4,'antiche'),
	(3093,1,4,'antichi'),
	(2402,1,4,'antico'),
	(3090,1,4,'aquileia'),
	(5588,1,4,'aquiroma'),
	(5598,1,4,'armesap'),
	(3606,1,4,'armonie'),
	(5668,1,4,'armsapo'),
	(2580,1,4,'arte'),
	(5628,1,4,'artspir'),
	(4864,1,4,'battaglia'),
	(5938,1,4,'bcc'),
	(2400,1,4,'benessere'),
	(5683,1,4,'blasmer'),
	(4524,1,4,'blasoni'),
	(5446,1,4,'borghi'),
	(2403,1,4,'borgo'),
	(3717,1,4,'camera'),
	(3738,1,4,'cantine'),
	(5060,1,4,'capitale'),
	(4862,1,4,'caporetto'),
	(5845,1,4,'carniaprof1'),
	(5863,1,4,'carniaprof2'),
	(5868,1,4,'carniaprof3'),
	(5875,1,4,'carniaprof4'),
	(5885,1,4,'carniaprof5'),
	(4136,1,4,'casarsa'),
	(2537,1,4,'castelli'),
	(4679,1,4,'castello'),
	(5472,1,4,'castpros'),
	(5658,1,4,'casvino'),
	(2267,1,4,'charme'),
	(4137,1,4,'citta'),
	(4866,1,4,'cividale'),
	(5448,1,4,'clauiano'),
	(5648,1,4,'codr'),
	(5898,1,4,'codr1gg'),
	(4013,1,4,'codroipese'),
	(5653,1,4,'coll'),
	(5893,1,4,'coll1gg'),
	(4092,1,4,'collina'),
	(3091,1,4,'con'),
	(5365,1,4,'cona'),
	(3818,1,4,'cultura'),
	(2534,1,4,'daniele'),
	(2179,1,4,'dei'),
	(2497,1,4,'del'),
	(2449,1,4,'della'),
	(2494,1,4,'delle'),
	(5778,1,4,'emoter'),
	(2318,1,4,'emozioni'),
	(5190,1,4,'eno'),
	(5342,1,4,'enofvg'),
	(5339,1,4,'enogastronomia'),
	(2319,1,4,'enogastronomich'),
	(5716,1,4,'fagare'),
	(2605,1,4,'fascino'),
	(3737,1,4,'frasche'),
	(5603,1,4,'frascmez'),
	(2323,1,4,'friulane'),
	(2535,1,4,'friuli'),
	(5678,1,4,'frsto'),
	(5703,1,4,'fvgeno'),
	(5191,1,4,'gastronomici'),
	(5221,1,4,'gastronomico'),
	(5693,1,4,'ggmont'),
	(5688,1,4,'ggsanvi'),
	(5698,1,4,'ggtrs'),
	(2809,1,4,'giornata'),
	(5774,1,4,'gite'),
	(5341,1,4,'giulia'),
	(3092,1,4,'gli'),
	(5548,1,4,'gomit'),
	(2448,1,4,'gorizia'),
	(5493,1,4,'grague1'),
	(5728,1,4,'grague10'),
	(5736,1,4,'grague11'),
	(5498,1,4,'grague2'),
	(5503,1,4,'grague3'),
	(5508,1,4,'grague4'),
	(5513,1,4,'grague5'),
	(5518,1,4,'grague6'),
	(5523,1,4,'grague7'),
	(5663,1,4,'grague8'),
	(5717,1,4,'grague9'),
	(4283,1,4,'grande'),
	(5206,1,4,'gruppi'),
	(4284,1,4,'guerra'),
	(3861,1,4,'gusti'),
	(5623,1,4,'gustris'),
	(3718,1,4,'hotel'),
	(2178,1,4,'incanto'),
	(5262,1,4,'indimenticabile'),
	(5138,1,4,'interattivo'),
	(1968,1,4,'ipods'),
	(5366,1,4,'isocon'),
	(4999,1,4,'isola'),
	(4708,1,4,'itinerario'),
	(5266,1,4,'lagumara'),
	(5264,1,4,'laguna'),
	(2606,1,4,'letterario'),
	(5768,1,4,'letteratura'),
	(3803,1,4,'manieri'),
	(5265,1,4,'marano'),
	(2579,1,4,'medievali'),
	(3686,1,4,'medio'),
	(3801,1,4,'medioevale'),
	(2752,1,4,'medioevo'),
	(5577,1,4,'medmos'),
	(5673,1,4,'medvalv'),
	(4526,1,4,'merlate'),
	(2322,1,4,'mezzo'),
	(4680,1,4,'miramare'),
	(3952,1,4,'mito'),
	(5638,1,4,'mitopilo'),
	(2450,1,4,'mitteleuropa'),
	(3780,1,4,'mondo'),
	(4645,1,4,'montagna'),
	(5001,1,4,'moriago'),
	(5000,1,4,'morti'),
	(3802,1,4,'mosaici'),
	(2753,1,4,'mosaico'),
	(4955,1,4,'museo'),
	(2581,1,4,'musiva'),
	(3935,1,4,'natura'),
	(2268,1,4,'nel'),
	(2401,1,4,'nell'),
	(2320,1,4,'nelle'),
	(2496,1,4,'osterie'),
	(4232,1,4,'pacchetto'),
	(2691,1,4,'paesaggi'),
	(5445,1,4,'palmanova'),
	(5449,1,4,'palmeborg'),
	(3998,1,4,'parrocchie'),
	(3736,1,4,'per'),
	(5593,1,4,'perceno'),
	(3159,1,4,'percorsi'),
	(3955,1,4,'piloti'),
	(5769,1,4,'poelett'),
	(5767,1,4,'poesia'),
	(5583,1,4,'poeslett'),
	(3012,1,4,'poeti'),
	(3759,1,4,'pordenone'),
	(4757,1,4,'pordenonese'),
	(2692,1,4,'profumi'),
	(2538,1,4,'prosciutto'),
	(2848,1,4,'radici'),
	(5608,1,4,'radivino'),
	(5061,1,4,'ragogna'),
	(4242,1,4,'redipuglia'),
	(2399,1,4,'relax'),
	(5543,1,4,'relax1'),
	(3862,1,4,'risorgive'),
	(3094,1,4,'romani'),
	(4241,1,4,'sabba'),
	(4795,1,4,'sacile'),
	(4861,1,4,'sacrari'),
	(5727,1,4,'sacrario'),
	(2533,1,4,'san'),
	(5553,1,4,'sancast'),
	(2269,1,4,'sandanielese'),
	(3891,1,4,'sanvitese'),
	(2180,1,4,'sapori'),
	(5165,1,4,'sapori2'),
	(2177,1,4,'sauris'),
	(5528,1,4,'sausap'),
	(4707,1,4,'scoperta'),
	(3013,1,4,'scrittori'),
	(2755,1,4,'spilimbergo'),
	(5752,1,4,'spirfvg'),
	(5643,1,4,'spirit'),
	(3890,1,4,'spiritualita'),
	(4233,1,4,'standard'),
	(1966,1,4,'start'),
	(3951,1,4,'storia'),
	(4494,1,4,'storico'),
	(2536,1,4,'strada'),
	(5447,1,4,'strassoldo'),
	(5813,1,4,'sugfriul'),
	(2578,1,4,'suggestioni'),
	(4865,1,4,'suggestiva'),
	(5558,1,4,'sugmed'),
	(5263,1,4,'sulla'),
	(5568,1,4,'tagl1'),
	(2693,1,4,'tagliamento'),
	(5830,1,4,'terartsap'),
	(3954,1,4,'terra'),
	(2321,1,4,'terre'),
	(4794,1,4,'tesori'),
	(5708,1,4,'tespn'),
	(2498,1,4,'tiepolo'),
	(4525,1,4,'torri'),
	(2808,1,4,'tour'),
	(2577,1,4,'tra'),
	(2607,1,4,'trieste'),
	(5563,1,4,'trslet'),
	(3997,1,4,'tue'),
	(2493,1,4,'udine'),
	(5618,1,4,'udtiep'),
	(3953,1,4,'una'),
	(5745,1,4,'unaporde'),
	(5904,1,4,'valresia'),
	(2754,1,4,'valvasone'),
	(3161,1,4,'veneto'),
	(5340,1,4,'venezia'),
	(2849,1,4,'vino'),
	(3778,1,4,'viti'),
	(3779,1,4,'vitigni'),
	(5613,1,4,'vitmon'),
	(2266,1,4,'weekend'),
	(5183,1,4,'wellness'),
	(5533,1,4,'wknsan'),
	(5943,1,4,'zzzz'),
	(5179,1,5,'012'),
	(4433,1,5,'100000'),
	(5928,1,5,'122'),
	(3225,1,5,'1338'),
	(3257,1,5,'1400'),
	(5485,1,5,'1420'),
	(5147,1,5,'1448'),
	(4110,1,5,'1466'),
	(4774,1,5,'1479'),
	(4814,1,5,'14831539'),
	(4190,1,5,'1499'),
	(4187,1,5,'1529'),
	(5823,1,5,'1532'),
	(4424,1,5,'1593'),
	(3182,1,5,'1622'),
	(4112,1,5,'170'),
	(4416,1,5,'1797'),
	(3095,1,5,'181'),
	(5414,1,5,'1831'),
	(4258,1,5,'1913'),
	(4290,1,5,'1915'),
	(4434,1,5,'191518'),
	(4016,1,5,'1917'),
	(4291,1,5,'1918'),
	(4200,1,5,'1922'),
	(5074,1,5,'1925'),
	(4879,1,5,'1936'),
	(4880,1,5,'1938'),
	(4203,1,5,'1942'),
	(5453,1,5,'1960'),
	(4808,1,5,'1968'),
	(4406,1,5,'1970'),
	(3223,1,5,'1976'),
	(4892,1,5,'1993'),
	(5841,1,5,'1gg'),
	(5077,1,5,'21518'),
	(5381,1,5,'2500'),
	(5836,1,5,'2gg'),
	(3970,1,5,'313'),
	(4627,1,5,'400500'),
	(4926,1,5,'5191'),
	(4932,1,5,'5350'),
	(5078,1,5,'5658'),
	(3063,1,5,'900'),
	(4217,1,5,'abate'),
	(3621,1,5,'abbazia'),
	(4179,1,5,'abbellito'),
	(3195,1,5,'abbinata'),
	(4807,1,5,'abili'),
	(2833,1,5,'abilita'),
	(5429,1,5,'abitanti'),
	(4173,1,5,'abitativa'),
	(4169,1,5,'abitativi'),
	(5465,1,5,'abitato'),
	(4055,1,5,'abitavano'),
	(4691,1,5,'abito'),
	(4207,1,5,'academiuta'),
	(4909,1,5,'accoglie'),
	(4833,1,5,'accoglienti'),
	(3865,1,5,'accompagnano'),
	(5133,1,5,'accompagnati'),
	(2510,1,5,'accompagnato'),
	(5459,1,5,'accompagnera'),
	(3107,1,5,'accompagneranno'),
	(2196,1,5,'accostato'),
	(4980,1,5,'accurata'),
	(5933,1,5,'acd'),
	(3453,1,5,'acqua'),
	(4535,1,5,'acque'),
	(3254,1,5,'acrobati'),
	(3927,1,5,'acrobatica'),
	(3972,1,5,'acrobatico'),
	(3967,1,5,'acrobazia'),
	(4877,1,5,'adagiato'),
	(3962,1,5,'addestramento'),
	(4686,1,5,'adibito'),
	(4597,1,5,'adriatico'),
	(5578,1,5,'adv'),
	(3968,1,5,'aerea'),
	(3983,1,5,'aerobase'),
	(3931,1,5,'aeronautica'),
	(4095,1,5,'affacciano'),
	(4306,1,5,'affascinante'),
	(4836,1,5,'affrescati'),
	(2921,1,5,'affreschi'),
	(2547,1,5,'affumicata'),
	(2205,1,5,'affumicato'),
	(5207,1,5,'agenzie'),
	(3248,1,5,'aggiungono'),
	(2996,1,5,'agli'),
	(4617,1,5,'agricole'),
	(2377,1,5,'agriturismo'),
	(3880,1,5,'agrituristico'),
	(4548,1,5,'albano'),
	(2361,1,5,'alcune'),
	(3037,1,5,'alcuni'),
	(4542,1,5,'aleggia'),
	(3025,1,5,'alighieri'),
	(2824,1,5,'all'),
	(2197,1,5,'alla'),
	(2358,1,5,'alle'),
	(4087,1,5,'allestito'),
	(4764,1,5,'allora'),
	(5141,1,5,'alpina'),
	(5093,1,5,'alpino'),
	(5200,1,5,'altan'),
	(4624,1,5,'altare'),
	(3206,1,5,'alto'),
	(2192,1,5,'altomedievale'),
	(3429,1,5,'altri'),
	(4349,1,5,'altro'),
	(4904,1,5,'altura'),
	(3902,1,5,'amalteo'),
	(2557,1,5,'amanti'),
	(4074,1,5,'amati'),
	(3744,1,5,'amedeo'),
	(4930,1,5,'americano'),
	(2919,1,5,'ammirare'),
	(4553,1,5,'ammireranno'),
	(5149,1,5,'ampia'),
	(2716,1,5,'anche'),
	(2818,1,5,'anci'),
	(4556,1,5,'ancor'),
	(2025,1,5,'ancora'),
	(3739,1,5,'andar'),
	(3297,1,5,'anfiteatro'),
	(4966,1,5,'angolari'),
	(5821,1,5,'anguilla'),
	(3573,1,5,'anima'),
	(5398,1,5,'animali'),
	(4693,1,5,'anni'),
	(4478,1,5,'anno'),
	(4099,1,5,'annualmente'),
	(5790,1,5,'annullamento'),
	(4924,1,5,'ansa'),
	(2591,1,5,'antica'),
	(2499,1,5,'antiche'),
	(2657,1,5,'antichi'),
	(4610,1,5,'antichissima'),
	(2407,1,5,'antico'),
	(4885,1,5,'antistante'),
	(4117,1,5,'antonio'),
	(4780,1,5,'aperitivo'),
	(3812,1,5,'aperti'),
	(3114,1,5,'apicio'),
	(4603,1,5,'appaiono'),
	(4036,1,5,'apparati'),
	(4573,1,5,'appare'),
	(5908,1,5,'appartata'),
	(4415,1,5,'appartenne'),
	(4689,1,5,'appartenute'),
	(2332,1,5,'appassionati'),
	(5388,1,5,'apprezzare'),
	(3102,1,5,'appuntamento'),
	(2661,1,5,'aquileia'),
	(4829,1,5,'aquileie'),
	(3143,1,5,'aquileiese'),
	(5589,1,5,'aquiroma'),
	(5230,1,5,'arbore'),
	(5231,1,5,'arbustico'),
	(3481,1,5,'arcano'),
	(5732,1,5,'archelogico'),
	(4500,1,5,'archeologico'),
	(5083,1,5,'architetto'),
	(2464,1,5,'architettoniche'),
	(4471,1,5,'architettonico'),
	(3264,1,5,'architettura'),
	(3762,1,5,'architetture'),
	(4108,1,5,'archivi'),
	(4640,1,5,'archivio'),
	(4119,1,5,'arco'),
	(4147,1,5,'area'),
	(5214,1,5,'argillose'),
	(5217,1,5,'argillosi'),
	(4102,1,5,'aria'),
	(4269,1,5,'ariivo'),
	(4890,1,5,'armata'),
	(4022,1,5,'armenia'),
	(5599,1,5,'armesap'),
	(5150,1,5,'armi'),
	(3607,1,5,'armonie'),
	(5669,1,5,'armsapo'),
	(5421,1,5,'arredata'),
	(4687,1,5,'arredi'),
	(3908,1,5,'arrigoni'),
	(3915,1,5,'arrivare'),
	(4739,1,5,'arrivederci'),
	(2911,1,5,'arrivo'),
	(5847,1,5,'arta'),
	(2214,1,5,'arte'),
	(4650,1,5,'arti'),
	(2795,1,5,'artigiani'),
	(4193,1,5,'artisti'),
	(4612,1,5,'artistiche'),
	(3171,1,5,'artistici'),
	(5195,1,5,'artistico'),
	(5629,1,5,'artspir'),
	(3751,1,5,'arzino'),
	(4509,1,5,'asburgico'),
	(4334,1,5,'asburgo'),
	(5394,1,5,'ascoltare'),
	(4388,1,5,'aspetti'),
	(5412,1,5,'aspetto'),
	(4436,1,5,'aspre'),
	(5043,1,5,'assalto'),
	(2337,1,5,'assaporare'),
	(5479,1,5,'assediato'),
	(4943,1,5,'assicurazione'),
	(4772,1,5,'assieme'),
	(4466,1,5,'assunse'),
	(2512,1,5,'atmosfera'),
	(5110,1,5,'attacco'),
	(5227,1,5,'attems'),
	(5287,1,5,'attendera'),
	(4053,1,5,'attestano'),
	(5119,1,5,'attestarsi'),
	(4204,1,5,'attivita'),
	(4052,1,5,'attorniano'),
	(4165,1,5,'attrattive'),
	(3118,1,5,'attraversando'),
	(3035,1,5,'attraversare'),
	(3028,1,5,'attraverso'),
	(5788,1,5,'attrazioni'),
	(3135,1,5,'attribuita'),
	(5411,1,5,'attuale'),
	(4061,1,5,'attuali'),
	(4690,1,5,'austria'),
	(4330,1,5,'austriaca'),
	(5113,1,5,'austriache'),
	(5047,1,5,'austriaci'),
	(5225,1,5,'austro'),
	(3173,1,5,'autentiche'),
	(2470,1,5,'autentici'),
	(5474,1,5,'autenticita'),
	(2276,1,5,'autentico'),
	(2710,1,5,'auto'),
	(5354,1,5,'autoctoni'),
	(2351,1,5,'autori'),
	(3988,1,5,'autorizzazione'),
	(5095,1,5,'aviere'),
	(5880,1,5,'avoltri'),
	(2704,1,5,'avremo'),
	(4582,1,5,'avvolge'),
	(2879,1,5,'azienda'),
	(4578,1,5,'azzurro'),
	(3878,1,5,'baccala'),
	(3101,1,5,'balneare'),
	(5178,1,5,'bambini'),
	(4004,1,5,'barbana'),
	(2883,1,5,'barbatelle'),
	(4740,1,5,'barca'),
	(3034,1,5,'bartolini'),
	(3328,1,5,'base'),
	(3123,1,5,'basilica'),
	(3132,1,5,'basso'),
	(4870,1,5,'battaglia'),
	(4437,1,5,'battaglie'),
	(5285,1,5,'battello'),
	(3900,1,5,'battuti'),
	(5939,1,5,'bcc'),
	(5929,1,5,'bcd'),
	(5930,1,5,'bcde'),
	(4724,1,5,'bel'),
	(3959,1,5,'bella'),
	(4069,1,5,'belle'),
	(3019,1,5,'bellezza'),
	(2463,1,5,'bellezze'),
	(2758,1,5,'belli'),
	(5130,1,5,'belliche'),
	(4263,1,5,'bellici'),
	(2765,1,5,'bellissima'),
	(4531,1,5,'bellissimo'),
	(4623,1,5,'bellunello'),
	(5379,1,5,'ben'),
	(4404,1,5,'benedettini'),
	(2405,1,5,'benessere'),
	(4939,1,5,'bevande'),
	(4565,1,5,'bianche'),
	(5027,1,5,'biancospino'),
	(4105,1,5,'biblioteca'),
	(5803,1,5,'bicchiere'),
	(2709,1,5,'bici'),
	(4822,1,5,'biglia'),
	(5216,1,5,'bizantine'),
	(5684,1,5,'blasmer'),
	(4527,1,5,'blasoni'),
	(4576,1,5,'blu'),
	(4199,1,5,'bologna'),
	(4986,1,5,'bombardamenti'),
	(3650,1,5,'bonaparte'),
	(5889,1,5,'bordano'),
	(2595,1,5,'borghi'),
	(2408,1,5,'borgo'),
	(5018,1,5,'boschivo'),
	(4354,1,5,'botaniche'),
	(3246,1,5,'bottegai'),
	(4661,1,5,'botteghe'),
	(3312,1,5,'brazzacco'),
	(3467,1,5,'breve'),
	(5105,1,5,'brigata'),
	(4738,1,5,'brindisi'),
	(3875,1,5,'bugnins'),
	(2907,1,5,'buon'),
	(2411,1,5,'buona'),
	(4318,1,5,'busi'),
	(4152,1,5,'cabernet'),
	(3963,1,5,'caccia'),
	(4316,1,5,'caduti'),
	(4834,1,5,'caffe'),
	(2908,1,5,'calice'),
	(2223,1,5,'camera'),
	(4411,1,5,'camere'),
	(4079,1,5,'camino'),
	(3920,1,5,'campagna'),
	(5016,1,5,'campanile'),
	(5081,1,5,'campi'),
	(3975,1,5,'campo'),
	(3960,1,5,'campoformido'),
	(3214,1,5,'canale'),
	(5290,1,5,'canali'),
	(2475,1,5,'cantina'),
	(2363,1,5,'cantine'),
	(5377,1,5,'canzian'),
	(4837,1,5,'capitale'),
	(3053,1,5,'caplavoro'),
	(2623,1,5,'capoluogo'),
	(4868,1,5,'caporetto'),
	(4020,1,5,'cappella'),
	(4057,1,5,'caratteristica'),
	(3691,1,5,'caratteristiche'),
	(4942,1,5,'caratteristici'),
	(3209,1,5,'caratteristico'),
	(4826,1,5,'caratterizzata'),
	(4343,1,5,'caratterizzato'),
	(3698,1,5,'cari'),
	(4647,1,5,'carnia'),
	(5846,1,5,'carniaprof1'),
	(5864,1,5,'carniaprof2'),
	(5869,1,5,'carniaprof3'),
	(5876,1,5,'carniaprof4'),
	(5886,1,5,'carniaprof5'),
	(4669,1,5,'carniche'),
	(4667,1,5,'carnico'),
	(3872,1,5,'carrozze'),
	(4268,1,5,'carsica'),
	(3788,1,5,'carso'),
	(2895,1,5,'casa'),
	(3874,1,5,'casalingo'),
	(3056,1,5,'casarsa'),
	(4470,1,5,'case'),
	(5143,1,5,'caserma'),
	(3292,1,5,'cassacco'),
	(4586,1,5,'castel'),
	(2540,1,5,'castelli'),
	(2507,1,5,'castello'),
	(4002,1,5,'castelmonte'),
	(3191,1,5,'castions'),
	(5473,1,5,'castpros'),
	(5659,1,5,'casvino'),
	(4338,1,5,'cattedrale'),
	(3243,1,5,'cavalieri'),
	(3036,1,5,'cavallo'),
	(5887,1,5,'cavazzo'),
	(2811,1,5,'celebre'),
	(2296,1,5,'cena'),
	(3706,1,5,'cene'),
	(2299,1,5,'centrale'),
	(2285,1,5,'centro'),
	(5910,1,5,'ceppo'),
	(2271,1,5,'charme'),
	(2460,1,5,'che'),
	(4445,1,5,'chiamato'),
	(5791,1,5,'chiaramente'),
	(4710,1,5,'chicche'),
	(3899,1,5,'chiesa'),
	(3464,1,5,'chiesetta'),
	(4634,1,5,'chiesette'),
	(3204,1,5,'chilometri'),
	(5145,1,5,'chiostro'),
	(4636,1,5,'ciclo'),
	(2727,1,5,'cicloturismo'),
	(4579,1,5,'cielo'),
	(5034,1,5,'cimeli'),
	(5052,1,5,'cimelli'),
	(4323,1,5,'cimiteri'),
	(3046,1,5,'cinquecentesco'),
	(5825,1,5,'cinquecento'),
	(4559,1,5,'cinta'),
	(5066,1,5,'cio'),
	(5037,1,5,'ciottoli'),
	(5380,1,5,'circa'),
	(4907,1,5,'circondata'),
	(4351,1,5,'circondato'),
	(3787,1,5,'circostanti'),
	(2453,1,5,'citta'),
	(3215,1,5,'cittadella'),
	(2766,1,5,'cittadina'),
	(5355,1,5,'cittadine'),
	(2831,1,5,'cittadino'),
	(4088,1,5,'civico'),
	(3572,1,5,'cividale'),
	(5450,1,5,'clauiano'),
	(5351,1,5,'cloni'),
	(3075,1,5,'coderno'),
	(4114,1,5,'codici'),
	(5649,1,5,'codr'),
	(5899,1,5,'codr1gg'),
	(4014,1,5,'codroipese'),
	(3642,1,5,'codroipo'),
	(4389,1,5,'cogli'),
	(3870,1,5,'coinvolgervi'),
	(3205,1,5,'colazione'),
	(5654,1,5,'coll'),
	(5894,1,5,'coll1gg'),
	(4307,1,5,'colle'),
	(4595,1,5,'collegio'),
	(5148,1,5,'collezione'),
	(2298,1,5,'collina'),
	(4444,1,5,'collinare'),
	(3296,1,5,'colline'),
	(2471,1,5,'collio'),
	(2369,1,5,'colloredo'),
	(5463,1,5,'colonia'),
	(4058,1,5,'colorazione'),
	(1980,1,5,'colori'),
	(4350,1,5,'colpiti'),
	(3989,1,5,'comando'),
	(4933,1,5,'combattenti'),
	(5032,1,5,'combatterono'),
	(2352,1,5,'come'),
	(3977,1,5,'comina'),
	(5475,1,5,'comincera'),
	(2815,1,5,'comincia'),
	(5358,1,5,'commandante'),
	(4546,1,5,'commiato'),
	(5345,1,5,'compagnia'),
	(5383,1,5,'compendio'),
	(2235,1,5,'completa'),
	(3218,1,5,'completamente'),
	(5291,1,5,'compongono'),
	(5115,1,5,'comportamento'),
	(2228,1,5,'comprende'),
	(5127,1,5,'comprendere'),
	(5017,1,5,'comprensorio'),
	(4096,1,5,'comunale'),
	(4109,1,5,'comunali'),
	(5374,1,5,'comuni'),
	(5277,1,5,'comunita'),
	(2006,1,5,'con'),
	(5367,1,5,'cona'),
	(3098,1,5,'conclude'),
	(4346,1,5,'concludere'),
	(4501,1,5,'conclusione'),
	(5065,1,5,'conferma'),
	(5816,1,5,'confermato'),
	(3051,1,5,'confessioni'),
	(4873,1,5,'conflitto'),
	(3211,1,5,'confluenza'),
	(5033,1,5,'confluiscono'),
	(5156,1,5,'conmenu'),
	(2416,1,5,'connubio'),
	(5270,1,5,'conoscere'),
	(4805,1,5,'conosciuta'),
	(4148,1,5,'conosciute'),
	(3654,1,5,'conosciuti'),
	(4723,1,5,'conosciuto'),
	(5486,1,5,'conquista'),
	(5208,1,5,'conquistare'),
	(5116,1,5,'consenti'),
	(3041,1,5,'conserva'),
	(4799,1,5,'conservano'),
	(3761,1,5,'conservata'),
	(5784,1,5,'consigliato'),
	(5802,1,5,'consiglio'),
	(4174,1,5,'consolido'),
	(4692,1,5,'consorte'),
	(4621,1,5,'contadina'),
	(4071,1,5,'conte'),
	(4662,1,5,'contenente'),
	(5107,1,5,'contenere'),
	(5122,1,5,'contenuti'),
	(2784,1,5,'conti'),
	(5146,1,5,'convento'),
	(4760,1,5,'convenuti'),
	(4150,1,5,'cooperativa'),
	(2874,1,5,'cooperativi'),
	(3137,1,5,'coquinaria'),
	(5820,1,5,'cordovado'),
	(4007,1,5,'cornice'),
	(5026,1,5,'corniolo'),
	(4925,1,5,'corpi'),
	(5045,1,5,'corpo'),
	(4841,1,5,'corso'),
	(3249,1,5,'cortei'),
	(4483,1,5,'corteo'),
	(4561,1,5,'cortine'),
	(4762,1,5,'cosi'),
	(3921,1,5,'costellata'),
	(4976,1,5,'costi'),
	(4881,1,5,'costituito'),
	(5467,1,5,'costrui'),
	(5085,1,5,'costruita'),
	(4257,1,5,'costruito'),
	(4923,1,5,'crea'),
	(3749,1,5,'cresciute'),
	(4502,1,5,'cristiana'),
	(4182,1,5,'croce'),
	(4888,1,5,'croci'),
	(2545,1,5,'crudo'),
	(5042,1,5,'cruenta'),
	(2198,1,5,'cucina'),
	(3058,1,5,'cui'),
	(2622,1,5,'cullare'),
	(4886,1,5,'culminare'),
	(2414,1,5,'cultura'),
	(3652,1,5,'culturale'),
	(4611,1,5,'culturali'),
	(2972,1,5,'cuore'),
	(5088,1,5,'cupola'),
	(4831,1,5,'curate'),
	(2981,1,5,'custodisce'),
	(3127,1,5,'dagli'),
	(2206,1,5,'dai'),
	(2209,1,5,'dal'),
	(2817,1,5,'dall'),
	(2511,1,5,'dalla'),
	(3448,1,5,'dalle'),
	(3242,1,5,'dame'),
	(2291,1,5,'daniele'),
	(3024,1,5,'dante'),
	(3251,1,5,'danze'),
	(5407,1,5,'datazione'),
	(2365,1,5,'david'),
	(3104,1,5,'davvero'),
	(4075,1,5,'decantati'),
	(4630,1,5,'decanto'),
	(5738,1,5,'decisa'),
	(5053,1,5,'decisiva'),
	(4784,1,5,'decorato'),
	(4026,1,5,'decorazioni'),
	(2865,1,5,'dedicata'),
	(4395,1,5,'dedicati'),
	(2853,1,5,'dedicato'),
	(4777,1,5,'definito'),
	(2837,1,5,'degli'),
	(4585,1,5,'degradante'),
	(3692,1,5,'degustando'),
	(2336,1,5,'degustare'),
	(4781,1,5,'degustativo'),
	(2473,1,5,'degustazione'),
	(2245,1,5,'degustazioni'),
	(2183,1,5,'dei'),
	(2237,1,5,'del'),
	(2211,1,5,'delicato'),
	(3057,1,5,'delizia'),
	(4308,1,5,'deliziarsi'),
	(3170,1,5,'delizioso'),
	(2240,1,5,'dell'),
	(2339,1,5,'della'),
	(2051,1,5,'delle'),
	(3443,1,5,'dello'),
	(4763,1,5,'denominata'),
	(2347,1,5,'descritti'),
	(4771,1,5,'destra'),
	(5392,1,5,'dettagli'),
	(4815,1,5,'detto'),
	(4716,1,5,'deve'),
	(4441,1,5,'diavolo'),
	(5783,1,5,'dicitura'),
	(5800,1,5,'didascalie'),
	(5124,1,5,'didattiche'),
	(5121,1,5,'difesa'),
	(2617,1,5,'dimora'),
	(4609,1,5,'dinamica'),
	(4514,1,5,'dintorni'),
	(4295,1,5,'diocesano'),
	(4594,1,5,'diocleziano'),
	(3284,1,5,'dipinti'),
	(4450,1,5,'dipinto'),
	(3230,1,5,'disposizione'),
	(4906,1,5,'distante'),
	(3169,1,5,'distilleria'),
	(3194,1,5,'distillerie'),
	(5015,1,5,'distrutta'),
	(4969,1,5,'distrutto'),
	(3750,1,5,'diventeranno'),
	(4328,1,5,'divento'),
	(3096,1,5,'divenuta'),
	(4251,1,5,'divenuto'),
	(2869,1,5,'diverse'),
	(3536,1,5,'diversi'),
	(3866,1,5,'diversita'),
	(2697,1,5,'divide'),
	(5153,1,5,'divisione'),
	(5112,1,5,'divisioni'),
	(5826,1,5,'doc'),
	(4982,1,5,'documenti'),
	(3646,1,5,'doge'),
	(4732,1,5,'dolce'),
	(4960,1,5,'domina'),
	(4974,1,5,'donazione'),
	(5428,1,5,'dono'),
	(2819,1,5,'dopo'),
	(2224,1,5,'doppia'),
	(2188,1,5,'dove'),
	(4545,1,5,'drink'),
	(2541,1,5,'due'),
	(5408,1,5,'duecento'),
	(4583,1,5,'duino'),
	(2506,1,5,'duomo'),
	(2778,1,5,'durante'),
	(4210,1,5,'ebbe'),
	(4122,1,5,'ebraico'),
	(2297,1,5,'eccellenza'),
	(2338,1,5,'eccellenze'),
	(4512,1,5,'eclettico'),
	(4589,1,5,'edificata'),
	(4180,1,5,'edifici'),
	(5006,1,5,'edificio'),
	(3986,1,5,'effettuata'),
	(3768,1,5,'elegante'),
	(2283,1,5,'eleganza'),
	(3699,1,5,'eletto'),
	(3033,1,5,'elio'),
	(4094,1,5,'emanuele'),
	(5779,1,5,'emoter'),
	(5934,1,5,'emozionale'),
	(2324,1,5,'emozioni'),
	(2187,1,5,'enclave'),
	(5199,1,5,'end'),
	(5192,1,5,'eno'),
	(5343,1,5,'enofvg'),
	(2071,1,5,'enogastronomia'),
	(3258,1,5,'enogastronomica'),
	(2325,1,5,'enogastronomich'),
	(5344,1,5,'enogastronomici'),
	(4396,1,5,'enogatronomia'),
	(3568,1,5,'epoca'),
	(4615,1,5,'era'),
	(3029,1,5,'erasmo'),
	(4422,1,5,'eretta'),
	(2368,1,5,'ermes'),
	(5114,1,5,'eroico'),
	(5039,1,5,'erosioni'),
	(5787,1,5,'escluse'),
	(4538,1,5,'esclusiva'),
	(3789,1,5,'escursione'),
	(4044,1,5,'escursioni'),
	(4495,1,5,'escursus'),
	(4806,1,5,'eseguite'),
	(2615,1,5,'esempi'),
	(4448,1,5,'esempio'),
	(5824,1,5,'esemplare'),
	(5118,1,5,'esercito'),
	(4658,1,5,'esperienza'),
	(4633,1,5,'esperienze'),
	(4941,1,5,'esperta'),
	(2706,1,5,'esplorare'),
	(2887,1,5,'esportate'),
	(4979,1,5,'esposizione'),
	(4897,1,5,'esposta'),
	(4946,1,5,'espressamente'),
	(2455,1,5,'esprimere'),
	(3700,1,5,'essa'),
	(4253,1,5,'essere'),
	(5456,1,5,'essersi'),
	(4601,1,5,'estasiare'),
	(5378,1,5,'estendendosi'),
	(2435,1,5,'esterna'),
	(5480,1,5,'esternamente'),
	(4555,1,5,'esterne'),
	(4711,1,5,'esterni'),
	(4766,1,5,'estesa'),
	(5389,1,5,'estremamente'),
	(4968,1,5,'eta'),
	(4652,1,5,'etnografici'),
	(4663,1,5,'etnografico'),
	(5382,1,5,'ettari'),
	(4895,1,5,'europa'),
	(4654,1,5,'europeo'),
	(3262,1,5,'eventi'),
	(3334,1,5,'eventuale'),
	(3252,1,5,'evoluzioni'),
	(4945,1,5,'extra'),
	(5090,1,5,'facciata'),
	(4451,1,5,'facciate'),
	(3790,1,5,'facoltativa'),
	(5484,1,5,'fagagna'),
	(4869,1,5,'fagare'),
	(4878,1,5,'falde'),
	(4261,1,5,'fama'),
	(5466,1,5,'famiglia'),
	(4054,1,5,'famiglie'),
	(2760,1,5,'famosa'),
	(2882,1,5,'famose'),
	(2350,1,5,'famosi'),
	(4100,1,5,'famosissima'),
	(3914,1,5,'famosissimo'),
	(3308,1,5,'famoso'),
	(5092,1,5,'fante'),
	(2593,1,5,'fara'),
	(2355,1,5,'faranno'),
	(4178,1,5,'fare'),
	(2344,1,5,'farlo'),
	(2608,1,5,'fascino'),
	(4015,1,5,'fastosa'),
	(2621,1,5,'fatevi'),
	(4717,1,5,'fatto'),
	(2701,1,5,'fauna'),
	(5393,1,5,'faunistiche'),
	(4510,1,5,'favoloso'),
	(2616,1,5,'fecero'),
	(4984,1,5,'fedelmente'),
	(4778,1,5,'fenice'),
	(5457,1,5,'fermato'),
	(5012,1,5,'fertile'),
	(3233,1,5,'festa'),
	(2780,1,5,'feudale'),
	(3240,1,5,'fiaccole'),
	(4267,1,5,'fiancata'),
	(4475,1,5,'fiera'),
	(3138,1,5,'figlia'),
	(3047,1,5,'figura'),
	(4063,1,5,'figure'),
	(5050,1,5,'finale'),
	(5123,1,5,'finalita'),
	(4275,1,5,'fine'),
	(2670,1,5,'fino'),
	(3635,1,5,'fiorito'),
	(4718,1,5,'firmato'),
	(4557,1,5,'fisionomia'),
	(2695,1,5,'fiume'),
	(5376,1,5,'fiumicello'),
	(4530,1,5,'flambruzzo'),
	(4821,1,5,'flangini'),
	(2700,1,5,'flora'),
	(3120,1,5,'fluviale'),
	(4736,1,5,'focacce'),
	(5370,1,5,'foce'),
	(4664,1,5,'folcloristico'),
	(5064,1,5,'fondamentale'),
	(4064,1,5,'fondamentali'),
	(2999,1,5,'fondata'),
	(4206,1,5,'fondo'),
	(3786,1,5,'fondono'),
	(4039,1,5,'fontane'),
	(4420,1,5,'forma'),
	(3693,1,5,'formaggi'),
	(3689,1,5,'formaggio'),
	(4408,1,5,'forme'),
	(5879,1,5,'forni'),
	(4142,1,5,'forniscono'),
	(4733,1,5,'forno'),
	(3116,1,5,'foro'),
	(5409,1,5,'forse'),
	(4417,1,5,'fortezza'),
	(3813,1,5,'fortezze'),
	(3216,1,5,'fortificata'),
	(5483,1,5,'fortilizio'),
	(3508,1,5,'fra'),
	(4153,1,5,'franc'),
	(4571,1,5,'francesco'),
	(3740,1,5,'frasche'),
	(5604,1,5,'frascmez'),
	(4568,1,5,'fratello'),
	(3074,1,5,'frazione'),
	(3929,1,5,'frecce'),
	(4215,1,5,'frequentati'),
	(3694,1,5,'freschi'),
	(3873,1,5,'frico'),
	(2380,1,5,'friulana'),
	(2329,1,5,'friulane'),
	(2555,1,5,'friulani'),
	(2279,1,5,'friulano'),
	(2252,1,5,'friuli'),
	(4900,1,5,'fronte'),
	(5679,1,5,'frsto'),
	(4914,1,5,'funebri'),
	(4456,1,5,'fuoco'),
	(5794,1,5,'fuori'),
	(4209,1,5,'furlana'),
	(3600,1,5,'furono'),
	(5704,1,5,'fvgeno'),
	(3113,1,5,'gaio'),
	(2412,1,5,'gastronomia'),
	(2374,1,5,'gastronomica'),
	(2544,1,5,'gastronomici'),
	(4666,1,5,'gastronomico'),
	(3110,1,5,'gastronomo'),
	(4390,1,5,'gemona'),
	(5155,1,5,'general'),
	(4019,1,5,'generale'),
	(4490,1,5,'genere'),
	(3923,1,5,'generose'),
	(4021,1,5,'gentilizia'),
	(5694,1,5,'ggmont'),
	(5689,1,5,'ggsanvi'),
	(5699,1,5,'ggtrs'),
	(5215,1,5,'ghiaiose'),
	(4613,1,5,'ghiaiosi'),
	(4921,1,5,'ghiaioso'),
	(3577,1,5,'gia'),
	(3745,1,5,'giacomini'),
	(4326,1,5,'giardini'),
	(4544,1,5,'giardino'),
	(5024,1,5,'ginepro'),
	(5069,1,5,'ginnasio'),
	(4040,1,5,'giochi'),
	(3253,1,5,'giocolieri'),
	(2543,1,5,'gioielli'),
	(4776,1,5,'gioiello'),
	(2757,1,5,'giornata'),
	(2219,1,5,'giorni'),
	(2239,1,5,'giorno'),
	(4482,1,5,'giostre'),
	(4192,1,5,'giovanni'),
	(2821,1,5,'giro'),
	(4830,1,5,'gite'),
	(2376,1,5,'giulia'),
	(4564,1,5,'giuliane'),
	(4572,1,5,'giuseppe'),
	(4337,1,5,'giusto'),
	(2331,1,5,'gli'),
	(5152,1,5,'gloriosa'),
	(4355,1,5,'gode'),
	(5804,1,5,'godere'),
	(4313,1,5,'godervi'),
	(5373,1,5,'golfo'),
	(2360,1,5,'golose'),
	(5549,1,5,'gomit'),
	(4273,1,5,'gorica'),
	(5900,1,5,'goricizza'),
	(2292,1,5,'gorizia'),
	(4067,1,5,'gorizzo'),
	(5194,1,5,'gotici'),
	(5757,1,5,'gourmet'),
	(3099,1,5,'grado'),
	(4883,1,5,'gradoni'),
	(5494,1,5,'grague1'),
	(5729,1,5,'grague10'),
	(5737,1,5,'grague11'),
	(5499,1,5,'grague2'),
	(5504,1,5,'grague3'),
	(5509,1,5,'grague4'),
	(5514,1,5,'grague5'),
	(5519,1,5,'grague6'),
	(5524,1,5,'grague7'),
	(5664,1,5,'grague8'),
	(5718,1,5,'grague9'),
	(3131,1,5,'grande'),
	(2542,1,5,'grandi'),
	(4882,1,5,'grandiosa'),
	(4431,1,5,'grandioso'),
	(3168,1,5,'grappe'),
	(2856,1,5,'grave'),
	(4985,1,5,'gravi'),
	(2810,1,5,'grazie'),
	(4008,1,5,'grisa'),
	(4127,1,5,'gruagno'),
	(4034,1,5,'gruppi'),
	(3971,1,5,'gruppo'),
	(4468,1,5,'guado'),
	(5100,1,5,'guardia'),
	(4106,1,5,'guarneriana'),
	(4731,1,5,'gubane'),
	(2468,1,5,'guerra'),
	(2068,1,5,'guida'),
	(3193,1,5,'guidata'),
	(3710,1,5,'guidate'),
	(3916,1,5,'guizzanti'),
	(3881,1,5,'gustare'),
	(3863,1,5,'gusti'),
	(5624,1,5,'gustris'),
	(4143,1,5,'habitat'),
	(3020,1,5,'hanno'),
	(2248,1,5,'home'),
	(2232,1,5,'hotel'),
	(2418,1,5,'ideale'),
	(4037,1,5,'idraulici'),
	(4041,1,5,'idrici'),
	(4935,1,5,'ignoti'),
	(4889,1,5,'iii'),
	(5870,1,5,'illeggio'),
	(3238,1,5,'illuminato'),
	(3809,1,5,'imbandite'),
	(5283,1,5,'imbarco'),
	(3059,1,5,'immagine'),
	(4765,1,5,'immersa'),
	(2372,1,5,'immerse'),
	(2277,1,5,'immersi'),
	(3981,1,5,'imparano'),
	(2862,1,5,'imperdibile'),
	(3111,1,5,'imperiale'),
	(3133,1,5,'impero'),
	(4570,1,5,'impertatore'),
	(3042,1,5,'impianto'),
	(3122,1,5,'imponente'),
	(4971,1,5,'imponenti'),
	(3651,1,5,'importante'),
	(2870,1,5,'importanti'),
	(3140,1,5,'importanza'),
	(4728,1,5,'impronta'),
	(4604,1,5,'incantati'),
	(4574,1,5,'incantato'),
	(2589,1,5,'incanteranno'),
	(3237,1,5,'incantevole'),
	(2182,1,5,'incanto'),
	(4898,1,5,'incentra'),
	(5406,1,5,'incerta'),
	(3705,1,5,'inclusa'),
	(4940,1,5,'incluse'),
	(2559,1,5,'incontaminata'),
	(2764,1,5,'incontro'),
	(5210,1,5,'incorniciata'),
	(4591,1,5,'incorporato'),
	(3172,1,5,'incursione'),
	(5159,1,5,'indicano'),
	(4947,1,5,'indicato'),
	(5799,1,5,'indicazioni'),
	(4657,1,5,'indietro'),
	(2592,1,5,'indimenticabile'),
	(3060,1,5,'indissolubilmen'),
	(4618,1,5,'industriali'),
	(3018,1,5,'infatti'),
	(3764,1,5,'infine'),
	(2457,1,5,'influssi'),
	(4532,1,5,'inglese'),
	(4944,1,5,'ingressi'),
	(5815,1,5,'ingresso'),
	(3040,1,5,'inizia'),
	(5288,1,5,'iniziare'),
	(3115,1,5,'inizio'),
	(3126,1,5,'innaffiato'),
	(2334,1,5,'innumerevoli'),
	(3048,1,5,'inoltre'),
	(3882,1,5,'insaccati'),
	(4168,1,5,'insediamenti'),
	(4017,1,5,'insedio'),
	(2825,1,5,'insegna'),
	(2816,1,5,'inserita'),
	(4247,1,5,'insieme'),
	(4785,1,5,'insigne'),
	(5477,1,5,'insolita'),
	(3023,1,5,'intellettuali'),
	(5741,1,5,'intende'),
	(5793,1,5,'intendersi'),
	(2208,1,5,'intensi'),
	(4577,1,5,'intenso'),
	(2288,1,5,'intera'),
	(4426,1,5,'interamente'),
	(2979,1,5,'interessante'),
	(4164,1,5,'interessanti'),
	(3261,1,5,'interesse'),
	(2813,1,5,'internazionale'),
	(4129,1,5,'interni'),
	(2915,1,5,'interno'),
	(5030,1,5,'intitolate'),
	(4770,1,5,'intorno'),
	(4453,1,5,'intrattenimenti'),
	(3184,1,5,'intricati'),
	(2364,1,5,'ippolito'),
	(4825,1,5,'irregolare'),
	(5368,1,5,'isocon'),
	(4003,1,5,'isola'),
	(4817,1,5,'isole'),
	(4901,1,5,'isontino'),
	(5082,1,5,'isonzo'),
	(3129,1,5,'ispirate'),
	(3021,1,5,'ispirato'),
	(3702,1,5,'ispirazioni'),
	(2759,1,5,'italia'),
	(3054,1,5,'italiana'),
	(3039,1,5,'italiani'),
	(3052,1,5,'italiano'),
	(2861,1,5,'itinerario'),
	(4256,1,5,'ityaliano'),
	(4047,1,5,'ivi'),
	(2611,1,5,'joyce'),
	(5142,1,5,'julia'),
	(4056,1,5,'kechler'),
	(4891,1,5,'kobarid'),
	(5349,1,5,'laboratori'),
	(5276,1,5,'laboriosa'),
	(5888,1,5,'lago'),
	(5267,1,5,'lagumara'),
	(3912,1,5,'laguna'),
	(3918,1,5,'lagunare'),
	(3532,1,5,'lapide'),
	(2548,1,5,'lasciatevi'),
	(4498,1,5,'lasciati'),
	(4398,1,5,'lasciato'),
	(5419,1,5,'lastre'),
	(4768,1,5,'latino'),
	(3688,1,5,'latterie'),
	(5857,1,5,'lauco'),
	(3061,1,5,'legata'),
	(5281,1,5,'legate'),
	(3611,1,5,'leggendari'),
	(4208,1,5,'lenga'),
	(3903,1,5,'letterari'),
	(2618,1,5,'letteraria'),
	(2383,1,5,'letterarie'),
	(2609,1,5,'letterario'),
	(2625,1,5,'letteratura'),
	(4920,1,5,'letto'),
	(5295,1,5,'libera'),
	(3229,1,5,'libero'),
	(5068,1,5,'liceo'),
	(4625,1,5,'ligneo'),
	(5038,1,5,'limi'),
	(4534,1,5,'limpide'),
	(5120,1,5,'linea'),
	(2189,1,5,'lingua'),
	(4070,1,5,'liriche'),
	(5292,1,5,'litoranea'),
	(4653,1,5,'livello'),
	(4818,1,5,'livenza'),
	(3064,1,5,'locale'),
	(2945,1,5,'locali'),
	(2798,1,5,'localita'),
	(3188,1,5,'locanda'),
	(3049,1,5,'location'),
	(4196,1,5,'loggia'),
	(4503,1,5,'longobarda'),
	(4176,1,5,'longobardi'),
	(4439,1,5,'longobardo'),
	(4773,1,5,'lorenzo'),
	(2044,1,5,'loro'),
	(3647,1,5,'ludovico'),
	(5108,1,5,'lunghi'),
	(3183,1,5,'lungo'),
	(2281,1,5,'luoghi'),
	(3236,1,5,'luogo'),
	(5488,1,5,'luogotenente'),
	(5020,1,5,'macchie'),
	(5269,1,5,'macchina'),
	(4005,1,5,'madonna'),
	(4202,1,5,'madre'),
	(4083,1,5,'maestose'),
	(2696,1,5,'maestoso'),
	(4800,1,5,'maggiori'),
	(5906,1,5,'magia'),
	(4543,1,5,'magica'),
	(3974,1,5,'magnifica'),
	(5819,1,5,'magredi'),
	(5478,1,5,'mai'),
	(4066,1,5,'mainardi'),
	(3032,1,5,'maldini'),
	(2904,1,5,'mancare'),
	(5781,1,5,'mance'),
	(4616,1,5,'mandamento'),
	(4455,1,5,'mangia'),
	(3255,1,5,'mangiafuoco'),
	(3256,1,5,'mangiaspade'),
	(4449,1,5,'maniera'),
	(3806,1,5,'manieri'),
	(4549,1,5,'maniero'),
	(4101,1,5,'manifestazione'),
	(3644,1,5,'manin'),
	(4113,1,5,'manoscritti'),
	(3913,1,5,'marano'),
	(5010,1,5,'marca'),
	(3259,1,5,'marcato'),
	(3112,1,5,'marco'),
	(4360,1,5,'mare'),
	(4126,1,5,'margherita'),
	(2366,1,5,'maria'),
	(4828,1,5,'marian'),
	(5094,1,5,'marinaio'),
	(5282,1,5,'marinara'),
	(4626,1,5,'martini'),
	(3871,1,5,'martino'),
	(5091,1,5,'massicce'),
	(4333,1,5,'massimiliano'),
	(4563,1,5,'mastio'),
	(2982,1,5,'materiale'),
	(4981,1,5,'materiali'),
	(4212,1,5,'materna'),
	(2763,1,5,'mattinata'),
	(5789,1,5,'medica'),
	(2767,1,5,'medievale'),
	(2582,1,5,'medievali'),
	(3687,1,5,'medio'),
	(3804,1,5,'medioevale'),
	(4460,1,5,'medioevali'),
	(2584,1,5,'medioevo'),
	(5579,1,5,'medmos'),
	(5674,1,5,'medvalv'),
	(2456,1,5,'meglio'),
	(2771,1,5,'menu'),
	(5154,1,5,'menutipico'),
	(3742,1,5,'meraviglie'),
	(3763,1,5,'meraviglioso'),
	(3247,1,5,'mercanti'),
	(4098,1,5,'mercati'),
	(5468,1,5,'merdievale'),
	(5132,1,5,'merenda'),
	(2783,1,5,'merito'),
	(4529,1,5,'merlate'),
	(4151,1,5,'merlot'),
	(4472,1,5,'mese'),
	(3174,1,5,'meta'),
	(4938,1,5,'mezza'),
	(5151,1,5,'mezzi'),
	(2328,1,5,'mezzo'),
	(5352,1,5,'microvinificazi'),
	(4894,1,5,'miglior'),
	(5134,1,5,'miliare'),
	(3362,1,5,'militare'),
	(5720,1,5,'militari'),
	(2295,1,5,'mille'),
	(4457,1,5,'minestrelli'),
	(4115,1,5,'miniati'),
	(4779,1,5,'miniatura'),
	(2786,1,5,'ministeriali'),
	(4569,1,5,'minore'),
	(4331,1,5,'miramare'),
	(5754,1,5,'mistici'),
	(3956,1,5,'mito'),
	(5639,1,5,'mitopilo'),
	(5730,1,5,'mitteleruropea'),
	(2451,1,5,'mitteleuropa'),
	(5004,1,5,'mitteleuropea'),
	(2458,1,5,'mitteleuropei'),
	(3785,1,5,'mix'),
	(5422,1,5,'mobili'),
	(4029,1,5,'modello'),
	(3765,1,5,'moderna'),
	(3139,1,5,'moderno'),
	(4392,1,5,'modo'),
	(4726,1,5,'molti'),
	(2626,1,5,'molto'),
	(2469,1,5,'mondiale'),
	(2761,1,5,'mondo'),
	(5403,1,5,'monrupino'),
	(2185,1,5,'montagna'),
	(5099,1,5,'montare'),
	(3690,1,5,'montasio'),
	(3306,1,5,'monte'),
	(3179,1,5,'montello'),
	(4875,1,5,'monumentale'),
	(3198,1,5,'monumenti'),
	(4469,1,5,'monumento'),
	(3911,1,5,'moreniche'),
	(3298,1,5,'morenico'),
	(5003,1,5,'moriago'),
	(5002,1,5,'morti'),
	(3314,1,5,'moruzzo'),
	(3805,1,5,'mosaici'),
	(2834,1,5,'mosaicisti'),
	(2585,1,5,'mosaico'),
	(5372,1,5,'mozzafiato'),
	(4965,1,5,'mura'),
	(4560,1,5,'muraria'),
	(2624,1,5,'musei'),
	(2912,1,5,'museo'),
	(4454,1,5,'musicali'),
	(3250,1,5,'musiche'),
	(2583,1,5,'musiva'),
	(4812,1,5,'naonis'),
	(3649,1,5,'napoleone'),
	(4068,1,5,'naquero'),
	(3746,1,5,'nascono'),
	(3071,1,5,'natale'),
	(3044,1,5,'natia'),
	(4442,1,5,'natisone'),
	(5294,1,5,'natissa'),
	(4198,1,5,'nato'),
	(2558,1,5,'natura'),
	(5369,1,5,'naturale'),
	(5384,1,5,'naturali'),
	(2722,1,5,'naturalistica'),
	(3067,1,5,'naturalistico'),
	(5274,1,5,'navigatori'),
	(5289,1,5,'navighera'),
	(3928,1,5,'nazionale'),
	(2935,1,5,'negli'),
	(4660,1,5,'negozi'),
	(2348,1,5,'nei'),
	(2272,1,5,'nel'),
	(5158,1,5,'nelcuore'),
	(2406,1,5,'nell'),
	(2043,1,5,'nella'),
	(2326,1,5,'nelle'),
	(5023,1,5,'nero'),
	(2452,1,5,'nessuna'),
	(2286,1,5,'nevralgico'),
	(4823,1,5,'nicolo'),
	(4446,1,5,'nido'),
	(2353,1,5,'nievo'),
	(4329,1,5,'nizza'),
	(3807,1,5,'nobili'),
	(4820,1,5,'nobiliari'),
	(4342,1,5,'noi'),
	(4197,1,5,'nome'),
	(2343,1,5,'non'),
	(4809,1,5,'noncello'),
	(4931,1,5,'nonche'),
	(4397,1,5,'nostra'),
	(3883,1,5,'nostrani'),
	(4608,1,5,'nostro'),
	(5357,1,5,'nota'),
	(5739,1,5,'note'),
	(4467,1,5,'notevole'),
	(3038,1,5,'noti'),
	(4720,1,5,'noto'),
	(2220,1,5,'notte'),
	(3704,1,5,'notti'),
	(4272,1,5,'nova'),
	(5460,1,5,'nove'),
	(4194,1,5,'novecento'),
	(4505,1,5,'numerose'),
	(3022,1,5,'numerosi'),
	(4588,1,5,'nuova'),
	(4587,1,5,'nuovo'),
	(3917,1,5,'oasi'),
	(2503,1,5,'occasione'),
	(2335,1,5,'occasioni'),
	(3811,1,5,'occhi'),
	(4798,1,5,'occidentale'),
	(4266,1,5,'occupando'),
	(2333,1,5,'offre'),
	(4486,1,5,'offrono'),
	(5424,1,5,'oggetti'),
	(2812,1,5,'oggi'),
	(4477,1,5,'ogni'),
	(5097,1,5,'olivo'),
	(4049,1,5,'olle'),
	(4111,1,5,'oltre'),
	(3709,1,5,'omaggio'),
	(4297,1,5,'omonima'),
	(3176,1,5,'omonimo'),
	(3136,1,5,'opera'),
	(5129,1,5,'operazioni'),
	(2792,1,5,'opere'),
	(2378,1,5,'oppure'),
	(5280,1,5,'ora'),
	(4713,1,5,'orari'),
	(5029,1,5,'ordinata'),
	(5021,1,5,'ordinate'),
	(4783,1,5,'ore'),
	(4459,1,5,'organo'),
	(2046,1,5,'originale'),
	(5423,1,5,'originali'),
	(3043,1,5,'originario'),
	(2775,1,5,'origine'),
	(3965,1,5,'orme'),
	(5877,1,5,'osais'),
	(4639,1,5,'ospita'),
	(2699,1,5,'ospitando'),
	(3924,1,5,'ospitano'),
	(4107,1,5,'ospitata'),
	(3537,1,5,'ospiti'),
	(4550,1,5,'ospito'),
	(4908,1,5,'ossario'),
	(5391,1,5,'osservare'),
	(5387,1,5,'osservazione'),
	(2379,1,5,'osteria'),
	(2500,1,5,'osterie'),
	(3244,1,5,'osti'),
	(2465,1,5,'ottima'),
	(2550,1,5,'ottimi'),
	(2231,1,5,'ottimo'),
	(3227,1,5,'ottobre'),
	(3055,1,5,'ottocento'),
	(5859,1,5,'ovaro'),
	(2213,1,5,'ovvero'),
	(2217,1,5,'pacchetto'),
	(3030,1,5,'padre'),
	(2346,1,5,'paesaggi'),
	(2278,1,5,'paesaggio'),
	(3066,1,5,'paesaggistico'),
	(3210,1,5,'paese'),
	(3868,1,5,'paesi'),
	(2249,1,5,'page'),
	(3377,1,5,'palazzi'),
	(2916,1,5,'palazzo'),
	(3181,1,5,'palladiane'),
	(5007,1,5,'palladiano'),
	(4120,1,5,'palladio'),
	(2293,1,5,'palmanova'),
	(5451,1,5,'palmeborg'),
	(2195,1,5,'panorama'),
	(5371,1,5,'panorami'),
	(4271,1,5,'panoramica'),
	(2371,1,5,'paolo'),
	(5925,1,5,'paperino'),
	(3879,1,5,'paradiso'),
	(4607,1,5,'parchi'),
	(3391,1,5,'parco'),
	(5489,1,5,'parlamento'),
	(2190,1,5,'parlata'),
	(4181,1,5,'parrocchiale'),
	(3999,1,5,'parrocchie'),
	(3232,1,5,'parte'),
	(2836,1,5,'partecipanti'),
	(3958,1,5,'partendo'),
	(2950,1,5,'partenza'),
	(4554,1,5,'parti'),
	(5785,1,5,'particolare'),
	(2828,1,5,'partira'),
	(4967,1,5,'partire'),
	(2354,1,5,'pasolini'),
	(4214,1,5,'pasoliniani'),
	(4641,1,5,'pasoliniano'),
	(4188,1,5,'passaggio'),
	(3027,1,5,'passando'),
	(3641,1,5,'passariano'),
	(2667,1,5,'passato'),
	(3697,1,5,'passeggiando'),
	(4782,1,5,'passeggiare'),
	(2949,1,5,'passeggiata'),
	(4043,1,5,'passeggiate'),
	(3966,1,5,'passera'),
	(5462,1,5,'passi'),
	(5212,1,5,'passione'),
	(2514,1,5,'pasti'),
	(3589,1,5,'pasticceria'),
	(3325,1,5,'patria'),
	(2787,1,5,'patriarca'),
	(2917,1,5,'patriarcale'),
	(2898,1,5,'patrimonio'),
	(3926,1,5,'pattuglia'),
	(5849,1,5,'paularo'),
	(2359,1,5,'pause'),
	(4344,1,5,'peculiare'),
	(4387,1,5,'peculiari'),
	(4155,1,5,'peduncolo'),
	(4116,1,5,'pellegrino'),
	(4430,1,5,'pendici'),
	(2234,1,5,'pensione'),
	(4963,1,5,'pentagonale'),
	(2055,1,5,'per'),
	(5594,1,5,'perceno'),
	(2342,1,5,'perche'),
	(5102,1,5,'percorrera'),
	(3164,1,5,'percorsi'),
	(3782,1,5,'percorso'),
	(3906,1,5,'perdere'),
	(2409,1,5,'perdersi'),
	(4682,1,5,'perdervi'),
	(2417,1,5,'perfetto'),
	(4259,1,5,'periferico'),
	(4496,1,5,'periodi'),
	(2779,1,5,'periodo'),
	(2721,1,5,'perla'),
	(2588,1,5,'perle'),
	(5126,1,5,'permette'),
	(4729,1,5,'permettendo'),
	(5161,1,5,'permetti'),
	(4937,1,5,'pernottamenti'),
	(2229,1,5,'pernottamento'),
	(4175,1,5,'pero'),
	(2221,1,5,'persona'),
	(5176,1,5,'persone'),
	(5878,1,5,'pesariis'),
	(5278,1,5,'pescatori'),
	(4513,1,5,'pesce'),
	(5228,1,5,'petzenstein'),
	(4027,1,5,'piacevole'),
	(5798,1,5,'piacimento'),
	(4418,1,5,'pianta'),
	(3748,1,5,'piante'),
	(2698,1,5,'pianura'),
	(2946,1,5,'piatti'),
	(4916,1,5,'piave'),
	(2508,1,5,'piazza'),
	(4884,1,5,'piazzale'),
	(5063,1,5,'piazze'),
	(4359,1,5,'picco'),
	(4584,1,5,'piccola'),
	(3747,1,5,'piccole'),
	(4465,1,5,'piccolo'),
	(2711,1,5,'piedi'),
	(5805,1,5,'pieno'),
	(2370,1,5,'pier'),
	(4097,1,5,'pieta'),
	(4487,1,5,'pietanze'),
	(5420,1,5,'pietra'),
	(4462,1,5,'pietro'),
	(4077,1,5,'pieve'),
	(4668,1,5,'pievi'),
	(4775,1,5,'pilacorte'),
	(4249,1,5,'pilatura'),
	(3957,1,5,'piloti'),
	(4157,1,5,'pinot'),
	(5022,1,5,'pioppo'),
	(4786,1,5,'pittore'),
	(4637,1,5,'pittorico'),
	(4802,1,5,'pittura'),
	(2275,1,5,'piu'),
	(5125,1,5,'plastico'),
	(3201,1,5,'plente'),
	(5924,1,5,'pluto'),
	(3203,1,5,'pochi'),
	(4905,1,5,'poco'),
	(5109,1,5,'poderoso'),
	(5770,1,5,'poelett'),
	(2620,1,5,'poesia'),
	(5584,1,5,'poeslett'),
	(3045,1,5,'poeta'),
	(3014,1,5,'poeti'),
	(4205,1,5,'poetica'),
	(2669,1,5,'poi'),
	(4419,1,5,'poligonale'),
	(2948,1,5,'pomeriggio'),
	(3901,1,5,'pomponio'),
	(4440,1,5,'ponte'),
	(2973,1,5,'popolari'),
	(3241,1,5,'popolato'),
	(4824,1,5,'popolo'),
	(4688,1,5,'porcellane'),
	(3791,1,5,'pordedonese'),
	(2381,1,5,'pordenone'),
	(3760,1,5,'pordenonese'),
	(5035,1,5,'porta'),
	(2832,1,5,'portabandiera'),
	(4619,1,5,'portaie'),
	(3980,1,5,'portera'),
	(5209,1,5,'porteremo'),
	(4827,1,5,'porticati'),
	(3119,1,5,'porto'),
	(4118,1,5,'portonat'),
	(4811,1,5,'portus'),
	(4356,1,5,'posizione'),
	(5464,1,5,'posseduto'),
	(4562,1,5,'possente'),
	(4964,1,5,'possenti'),
	(5797,1,5,'possessore'),
	(3332,1,5,'possibile'),
	(2705,1,5,'possibilita'),
	(4508,1,5,'possibilmente'),
	(2903,1,5,'possono'),
	(5476,1,5,'posta'),
	(4959,1,5,'posto'),
	(4410,1,5,'poter'),
	(3097,1,5,'potere'),
	(4681,1,5,'potete'),
	(3128,1,5,'potra'),
	(2918,1,5,'potranno'),
	(4312,1,5,'potrete'),
	(5923,1,5,'pova'),
	(5926,1,5,'ppp'),
	(5927,1,5,'pppaaa'),
	(5144,1,5,'prampero'),
	(2242,1,5,'pranzi'),
	(2236,1,5,'pranzo'),
	(3978,1,5,'prati'),
	(5222,1,5,'pre'),
	(5014,1,5,'precedente'),
	(3197,1,5,'pregevoli'),
	(3105,1,5,'pregiati'),
	(4903,1,5,'preistorico'),
	(4893,1,5,'premiato'),
	(4810,1,5,'prende'),
	(3231,1,5,'prendere'),
	(5796,1,5,'prenotati'),
	(5087,1,5,'presenta'),
	(4804,1,5,'presente'),
	(4048,1,5,'presenti'),
	(4191,1,5,'pressi'),
	(2230,1,5,'presso'),
	(4715,1,5,'prestigiosa'),
	(5284,1,5,'prestigioso'),
	(3987,1,5,'previa'),
	(3186,1,5,'prevista'),
	(3228,1,5,'previsto'),
	(4042,1,5,'preziosa'),
	(4081,1,5,'preziosi'),
	(4104,1,5,'preziosita'),
	(4458,1,5,'prezioso'),
	(5740,1,5,'prezzo'),
	(2467,1,5,'prima'),
	(4632,1,5,'prime'),
	(4167,1,5,'primi'),
	(2238,1,5,'primo'),
	(4289,1,5,'principali'),
	(4262,1,5,'principalmentea'),
	(4325,1,5,'procedera'),
	(4622,1,5,'prodolone'),
	(2551,1,5,'prodotti'),
	(4428,1,5,'prodotto'),
	(2881,1,5,'produttori'),
	(2340,1,5,'produzione'),
	(2207,1,5,'profumi'),
	(4028,1,5,'progettato'),
	(2814,1,5,'programma'),
	(4590,1,5,'promontorio'),
	(5268,1,5,'propria'),
	(4062,1,5,'proprietari'),
	(2791,1,5,'proprio'),
	(2554,1,5,'prosciutti'),
	(4427,1,5,'prosciuttifici'),
	(2247,1,5,'prosciuttificio'),
	(2203,1,5,'prosciutto'),
	(3177,1,5,'prosecco'),
	(2925,1,5,'prosegue'),
	(3491,1,5,'proseguimento'),
	(5807,1,5,'proseguira'),
	(5089,1,5,'prospicenti'),
	(4872,1,5,'protagoniste'),
	(4600,1,5,'provenienti'),
	(2799,1,5,'provenienza'),
	(2708,1,5,'province'),
	(2250,1,5,'provincia'),
	(5084,1,5,'provino'),
	(4335,1,5,'pullman'),
	(5461,1,5,'punte'),
	(3349,1,5,'punti'),
	(3065,1,5,'punto'),
	(2892,1,5,'puo'),
	(4646,1,5,'pura'),
	(2226,1,5,'quadrupla'),
	(2959,1,5,'qualche'),
	(3530,1,5,'quale'),
	(4050,1,5,'quali'),
	(4072,1,5,'quando'),
	(4357,1,5,'quanto'),
	(4018,1,5,'quartier'),
	(4121,1,5,'quartiere'),
	(2909,1,5,'quasi'),
	(5111,1,5,'quattro'),
	(5131,1,5,'quei'),
	(4327,1,5,'quella'),
	(3178,1,5,'quelle'),
	(2827,1,5,'quelli'),
	(4614,1,5,'quello'),
	(5028,1,5,'quest'),
	(2720,1,5,'questa'),
	(3741,1,5,'queste'),
	(2280,1,5,'questi'),
	(2212,1,5,'questo'),
	(2703,1,5,'qui'),
	(2797,1,5,'quindi'),
	(3703,1,5,'quota'),
	(5177,1,5,'quote'),
	(2707,1,5,'racchiuse'),
	(4575,1,5,'racchiuso'),
	(4432,1,5,'raccoglie'),
	(4896,1,5,'raccolta'),
	(5079,1,5,'raccolti'),
	(4902,1,5,'raccontando'),
	(2627,1,5,'raccontarvi'),
	(2349,1,5,'racconti'),
	(2850,1,5,'radici'),
	(5609,1,5,'radivino'),
	(2284,1,5,'raffinatezza'),
	(4599,1,5,'ragazzi'),
	(3190,1,5,'raggiungendo'),
	(3121,1,5,'raggiungere'),
	(5482,1,5,'raggiungeremo'),
	(4123,1,5,'raggiungimento'),
	(2880,1,5,'raggruppa'),
	(4146,1,5,'ragione'),
	(5062,1,5,'ragogna'),
	(4975,1,5,'rappresentazion'),
	(3379,1,5,'rara'),
	(4103,1,5,'rarissima'),
	(3219,1,5,'rasa'),
	(2875,1,5,'rauscedo'),
	(5858,1,5,'raveo'),
	(5731,1,5,'realizzazione'),
	(4172,1,5,'realta'),
	(4244,1,5,'redipuglia'),
	(4154,1,5,'refosco'),
	(5031,1,5,'reggimenti'),
	(3619,1,5,'reghena'),
	(2341,1,5,'regionale'),
	(4801,1,5,'regionali'),
	(2289,1,5,'regione'),
	(3072,1,5,'regista'),
	(2404,1,5,'relax'),
	(5544,1,5,'relax1'),
	(5386,1,5,'rendono'),
	(3961,1,5,'reparti'),
	(5905,1,5,'resia'),
	(5487,1,5,'residenza'),
	(4552,1,5,'residenziale'),
	(5912,1,5,'resiutta'),
	(4464,1,5,'respira'),
	(5417,1,5,'restaurata'),
	(4972,1,5,'restauri'),
	(4339,1,5,'resti'),
	(5117,1,5,'resto'),
	(4922,1,5,'restringe'),
	(5415,1,5,'riadattata'),
	(4973,1,5,'riallestito'),
	(2413,1,5,'ricca'),
	(4024,1,5,'ricche'),
	(3359,1,5,'ricchezza'),
	(3196,1,5,'ricco'),
	(4045,1,5,'ricerca'),
	(4082,1,5,'ricercati'),
	(3109,1,5,'ricette'),
	(2227,1,5,'richiesta'),
	(5454,1,5,'riconosciuta'),
	(4928,1,5,'riconosciuti'),
	(3533,1,5,'ricorda'),
	(4161,1,5,'ricordando'),
	(5041,1,5,'ricordata'),
	(4684,1,5,'ricordiamo'),
	(4315,1,5,'ricordo'),
	(5400,1,5,'ricostruita'),
	(4391,1,5,'ricostruite'),
	(4970,1,5,'ricostruito'),
	(4425,1,5,'ricostruzione'),
	(3696,1,5,'ricotta'),
	(4488,1,5,'ricreata'),
	(3919,1,5,'ridente'),
	(2796,1,5,'rientro'),
	(2454,1,5,'riesce'),
	(4158,1,5,'riesling'),
	(3235,1,5,'rievocazione'),
	(4659,1,5,'rigenerante'),
	(4352,1,5,'rigoglioso'),
	(4665,1,5,'riguardante'),
	(4918,1,5,'rilevante'),
	(4407,1,5,'rimane'),
	(4347,1,5,'rimarrete'),
	(4934,1,5,'rimasti'),
	(4725,1,5,'rinascimentale'),
	(4211,1,5,'rinascita'),
	(2474,1,5,'rinomata'),
	(2362,1,5,'rinomate'),
	(3876,1,5,'rinomati'),
	(2560,1,5,'rinomato'),
	(5296,1,5,'ripartira'),
	(5271,1,5,'ripercorrere'),
	(5395,1,5,'riproduzioni'),
	(3108,1,5,'ripropone'),
	(5413,1,5,'risale'),
	(3224,1,5,'risalente'),
	(5426,1,5,'risalenti'),
	(4170,1,5,'risalgono'),
	(5293,1,5,'risalire'),
	(4162,1,5,'riserva'),
	(4412,1,5,'riservate'),
	(4911,1,5,'riservato'),
	(4245,1,5,'risiera'),
	(4250,1,5,'riso'),
	(4536,1,5,'risorgiva'),
	(3068,1,5,'risorgive'),
	(4499,1,5,'ristorande'),
	(2628,1,5,'ristorante'),
	(2243,1,5,'ristoranti'),
	(5073,1,5,'ritirata'),
	(4758,1,5,'ritrovo'),
	(5106,1,5,'riusci'),
	(4915,1,5,'riva'),
	(3969,1,5,'rivolto'),
	(2654,1,5,'roma'),
	(2681,1,5,'romana'),
	(2658,1,5,'romani'),
	(5193,1,5,'romanico'),
	(3117,1,5,'romano'),
	(3050,1,5,'romanzo'),
	(4078,1,5,'rosa'),
	(4006,1,5,'rosazzo'),
	(4059,1,5,'rossastra'),
	(4144,1,5,'rossi'),
	(4156,1,5,'rosso'),
	(5201,1,5,'rota'),
	(5272,1,5,'rotte'),
	(5013,1,5,'rovine'),
	(5404,1,5,'rustica'),
	(4243,1,5,'sabba'),
	(5213,1,5,'sabbioso'),
	(4813,1,5,'sacchis'),
	(4797,1,5,'sacile'),
	(5719,1,5,'sacrari'),
	(4264,1,5,'sacrario'),
	(5104,1,5,'sacrificio'),
	(5040,1,5,'sacro'),
	(2590,1,5,'saggezza'),
	(5140,1,5,'sala'),
	(3753,1,5,'salato'),
	(4023,1,5,'sale'),
	(5025,1,5,'salice'),
	(4336,1,5,'salira'),
	(5076,1,5,'salme'),
	(2290,1,5,'san'),
	(5554,1,5,'sancast'),
	(2273,1,5,'sandanielese'),
	(5005,1,5,'sandi'),
	(4722,1,5,'sant'),
	(3895,1,5,'santa'),
	(4461,1,5,'santi'),
	(5856,1,5,'santina'),
	(4009,1,5,'santuari'),
	(4001,1,5,'santuario'),
	(3893,1,5,'sanvitese'),
	(2210,1,5,'sapore'),
	(2184,1,5,'sapori'),
	(5881,1,5,'sappada'),
	(3869,1,5,'sapra'),
	(3207,1,5,'sara'),
	(3964,1,5,'sarete'),
	(2181,1,5,'sauris'),
	(5529,1,5,'sausap'),
	(4159,1,5,'sauvignon'),
	(4320,1,5,'scalinata'),
	(4671,1,5,'scavi'),
	(4073,1,5,'scelse'),
	(4086,1,5,'scenario'),
	(4319,1,5,'scende'),
	(4340,1,5,'scendera'),
	(3017,1,5,'scia'),
	(2502,1,5,'scoperta'),
	(3894,1,5,'scopri'),
	(2202,1,5,'scoprire'),
	(5211,1,5,'scoprirete'),
	(5755,1,5,'scoprite'),
	(5427,1,5,'scorso'),
	(3130,1,5,'scritti'),
	(3561,1,5,'scrittore'),
	(3015,1,5,'scrittori'),
	(4712,1,5,'scuderia'),
	(4035,1,5,'scultorei'),
	(2762,1,5,'scuola'),
	(4638,1,5,'scuole'),
	(2782,1,5,'sec'),
	(4541,1,5,'secolare'),
	(3124,1,5,'secoli'),
	(3313,1,5,'secolo'),
	(4816,1,5,'seconda'),
	(4474,1,5,'secondo'),
	(3125,1,5,'sede'),
	(3070,1,5,'sedegliano'),
	(4293,1,5,'segnati'),
	(4497,1,5,'segni'),
	(4399,1,5,'segno'),
	(2552,1,5,'seguendo'),
	(3187,1,5,'seguira'),
	(5273,1,5,'seguite'),
	(2772,1,5,'seguito'),
	(4317,1,5,'sei'),
	(5481,1,5,'seicentesco'),
	(4983,1,5,'selezionati'),
	(4767,1,5,'selva'),
	(5455,1,5,'sembra'),
	(5098,1,5,'sembrano'),
	(4655,1,5,'sembrera'),
	(3864,1,5,'sempre'),
	(4348,1,5,'senz'),
	(4276,1,5,'serata'),
	(3031,1,5,'sergio'),
	(5795,1,5,'servizi'),
	(3618,1,5,'sesto'),
	(4400,1,5,'sestro'),
	(4065,1,5,'seta'),
	(4452,1,5,'sette'),
	(4414,1,5,'settecentesca'),
	(3907,1,5,'settecentesco'),
	(4473,1,5,'settembre'),
	(2356,1,5,'sfondo'),
	(4332,1,5,'sfortunato'),
	(4051,1,5,'sgorga'),
	(4606,1,5,'sicuramente'),
	(5458,1,5,'sigg'),
	(4366,1,5,'significative'),
	(4084,1,5,'significativi'),
	(4484,1,5,'signore'),
	(4759,1,5,'signori'),
	(4769,1,5,'silva'),
	(5096,1,5,'silvio'),
	(4402,1,5,'silvis'),
	(3653,1,5,'simboli'),
	(2225,1,5,'singola'),
	(3222,1,5,'sisma'),
	(2222,1,5,'sistemazione'),
	(4727,1,5,'sistina'),
	(4683,1,5,'siti'),
	(5101,1,5,'sito'),
	(3073,1,5,'situata'),
	(2914,1,5,'situato'),
	(5911,1,5,'slavo'),
	(5402,1,5,'slovene'),
	(5822,1,5,'slovenia'),
	(4274,1,5,'sloveno'),
	(4149,1,5,'sociale'),
	(4978,1,5,'sociali'),
	(4605,1,5,'soddisfera'),
	(3984,1,5,'soggiorno'),
	(3810,1,5,'sognare'),
	(4533,1,5,'solcato'),
	(4927,1,5,'soldati'),
	(4038,1,5,'sollevano'),
	(2614,1,5,'solo'),
	(4919,1,5,'solstizio'),
	(2613,1,5,'sono'),
	(5396,1,5,'sonore'),
	(4405,1,5,'soppressa'),
	(4539,1,5,'sopra'),
	(4060,1,5,'soprattutto'),
	(4265,1,5,'sorge'),
	(4887,1,5,'sormontata'),
	(3335,1,5,'sosta'),
	(5399,1,5,'sott'),
	(3185,1,5,'sotterranei'),
	(4540,1,5,'sotto'),
	(4447,1,5,'sparvieri'),
	(2504,1,5,'speciale'),
	(4913,1,5,'specialita'),
	(4730,1,5,'specializzata'),
	(4353,1,5,'specie'),
	(5782,1,5,'specificati'),
	(2204,1,5,'speck'),
	(2785,1,5,'spengemberch'),
	(5348,1,5,'sperimentale'),
	(5353,1,5,'sperimentali'),
	(4479,1,5,'spettacoli'),
	(2587,1,5,'spilimbergo'),
	(5753,1,5,'spirfvg'),
	(5644,1,5,'spirit'),
	(4000,1,5,'spirito'),
	(3892,1,5,'spiritualita'),
	(2459,1,5,'splendida'),
	(4835,1,5,'splendidamente'),
	(2719,1,5,'splendide'),
	(2920,1,5,'splendidi'),
	(2194,1,5,'splendido'),
	(4910,1,5,'spoglie'),
	(4819,1,5,'sponde'),
	(4046,1,5,'spontanee'),
	(3069,1,5,'sposta'),
	(5932,1,5,'sss'),
	(4080,1,5,'stabilimenti'),
	(4248,1,5,'stabilimento'),
	(4177,1,5,'stabilirono'),
	(4714,1,5,'stabiliti'),
	(3695,1,5,'stagionati'),
	(4566,1,5,'stagliano'),
	(4234,1,5,'standard'),
	(5375,1,5,'staranzano'),
	(4871,1,5,'stata'),
	(4421,1,5,'stella'),
	(5452,1,5,'stellata'),
	(5070,1,5,'stellini'),
	(5229,1,5,'steppico'),
	(4255,1,5,'sterminio'),
	(3990,1,5,'stessa'),
	(5818,1,5,'stesso'),
	(4511,1,5,'stile'),
	(2415,1,5,'storia'),
	(4124,1,5,'storica'),
	(4166,1,5,'storicamente'),
	(2561,1,5,'storiche'),
	(2505,1,5,'storici'),
	(2653,1,5,'storico'),
	(2539,1,5,'strada'),
	(4393,1,5,'straordinario'),
	(4537,1,5,'strassoldo'),
	(5103,1,5,'strategica'),
	(4917,1,5,'strategicamente'),
	(4735,1,5,'strucchi'),
	(4734,1,5,'strudel'),
	(4962,1,5,'struttura'),
	(4139,1,5,'strutture'),
	(4025,1,5,'stucchi'),
	(4213,1,5,'studi'),
	(4598,1,5,'studiano'),
	(5036,1,5,'studiare'),
	(2461,1,5,'stupira'),
	(2282,1,5,'stupiranno'),
	(2472,1,5,'sua'),
	(4987,1,5,'subiti'),
	(4270,1,5,'successiva'),
	(4685,1,5,'successivo'),
	(2462,1,5,'sue'),
	(5814,1,5,'sugfriul'),
	(4033,1,5,'suggestione'),
	(2382,1,5,'suggestioni'),
	(2553,1,5,'suggestiva'),
	(5356,1,5,'suggestive'),
	(2345,1,5,'suggestivi'),
	(4125,1,5,'suggestivita'),
	(4602,1,5,'suggestivo'),
	(5559,1,5,'sugmed'),
	(5080,1,5,'sui'),
	(2015,1,5,'sul'),
	(3016,1,5,'sulla'),
	(3295,1,5,'sulle'),
	(2673,1,5,'suo'),
	(2662,1,5,'suoi'),
	(3220,1,5,'suolo'),
	(5792,1,5,'supplementi'),
	(5071,1,5,'supremo'),
	(5871,1,5,'sutrio'),
	(2612,1,5,'svevo'),
	(2777,1,5,'sviluppo'),
	(3226,1,5,'svolgono'),
	(3622,1,5,'sylvis'),
	(4737,1,5,'taberna'),
	(5569,1,5,'tagl1'),
	(2694,1,5,'tagliamento'),
	(4309,1,5,'tajut'),
	(4629,1,5,'tanto'),
	(2822,1,5,'tappa'),
	(4314,1,5,'tarda'),
	(4076,1,5,'tardi'),
	(4443,1,5,'tardo'),
	(3202,1,5,'taule'),
	(4485,1,5,'taverne'),
	(3245,1,5,'tavernieri'),
	(3103,1,5,'tavola'),
	(3808,1,5,'tavole'),
	(3601,1,5,'teatro'),
	(2191,1,5,'tedesco'),
	(4345,1,5,'tema'),
	(4504,1,5,'tempietto'),
	(5075,1,5,'tempio'),
	(2017,1,5,'tempo'),
	(2549,1,5,'tentare'),
	(4403,1,5,'tenuta'),
	(5831,1,5,'terartsap'),
	(3100,1,5,'termale'),
	(5848,1,5,'terme'),
	(4128,1,5,'terminare'),
	(2835,1,5,'termine'),
	(2294,1,5,'terra'),
	(2327,1,5,'terre'),
	(4394,1,5,'terremoto'),
	(4138,1,5,'terreni'),
	(2200,1,5,'territorio'),
	(4796,1,5,'tesori'),
	(5709,1,5,'tespn'),
	(4435,1,5,'testimone'),
	(4631,1,5,'testimonianza'),
	(3142,1,5,'testimonianze'),
	(5418,1,5,'tetto'),
	(4476,1,5,'tiene'),
	(2501,1,5,'tiepolo'),
	(5850,1,5,'timau'),
	(2199,1,5,'tipica'),
	(2513,1,5,'tipiche'),
	(2244,1,5,'tipici'),
	(2253,1,5,'tipico'),
	(4481,1,5,'tiro'),
	(5801,1,5,'titolo'),
	(4145,1,5,'tocai'),
	(2274,1,5,'tocco'),
	(4651,1,5,'tolmezzo'),
	(4580,1,5,'tonalita'),
	(3239,1,5,'torce'),
	(4628,1,5,'tormentato'),
	(4463,1,5,'torna'),
	(4656,1,5,'tornare'),
	(4480,1,5,'tornei'),
	(4592,1,5,'torre'),
	(4528,1,5,'torri'),
	(2556,1,5,'tour'),
	(2466,1,5,'tra'),
	(4506,1,5,'tracce'),
	(5806,1,5,'tradizionale'),
	(4670,1,5,'tradizionali'),
	(2216,1,5,'tradizione'),
	(2970,1,5,'tradizioni'),
	(5072,1,5,'tragica'),
	(4547,1,5,'tragitto'),
	(2410,1,5,'tranquillita'),
	(4201,1,5,'trasferi'),
	(4260,1,5,'trasferimenti'),
	(2773,1,5,'trasferimento'),
	(4031,1,5,'trasformato'),
	(5786,1,5,'trasporti'),
	(4551,1,5,'tratta'),
	(2233,1,5,'trattamento'),
	(4719,1,5,'trattato'),
	(3701,1,5,'tratto'),
	(5401,1,5,'trattoria'),
	(3426,1,5,'tre'),
	(4195,1,5,'trecentesca'),
	(4635,1,5,'trecenteschi'),
	(5410,1,5,'trecento'),
	(2713,1,5,'trekking'),
	(4721,1,5,'tremine'),
	(5011,1,5,'trevigiana'),
	(5008,1,5,'trevigiane'),
	(3925,1,5,'tricolori'),
	(2610,1,5,'trieste'),
	(5808,1,5,'triestine'),
	(5405,1,5,'triestino'),
	(4322,1,5,'trincee'),
	(4558,1,5,'triplice'),
	(4252,1,5,'tristemente'),
	(2546,1,5,'trota'),
	(4358,1,5,'trova'),
	(4593,1,5,'troviamo'),
	(5564,1,5,'trslet'),
	(2001,1,5,'tue'),
	(2619,1,5,'tuffo'),
	(4189,1,5,'turchi'),
	(4185,1,5,'turcs'),
	(4085,1,5,'turismo'),
	(4163,1,5,'turista'),
	(2820,1,5,'turistica'),
	(3708,1,5,'turistico'),
	(2367,1,5,'turoldo'),
	(5279,1,5,'tutt'),
	(3358,1,5,'tutta'),
	(2330,1,5,'tutti'),
	(2201,1,5,'tutto'),
	(2251,1,5,'udine'),
	(5619,1,5,'udtiep'),
	(5416,1,5,'ultima'),
	(3141,1,5,'ultime'),
	(2241,1,5,'ultimo'),
	(4977,1,5,'umani'),
	(2186,1,5,'una'),
	(5746,1,5,'unaporde'),
	(5226,1,5,'ungarico'),
	(2702,1,5,'uniche'),
	(5385,1,5,'unici'),
	(4254,1,5,'unico'),
	(4341,1,5,'unita'),
	(4596,1,5,'unito'),
	(2193,1,5,'uno'),
	(4489,1,5,'urbano'),
	(5425,1,5,'uso'),
	(2218,1,5,'vacanza'),
	(5046,1,5,'vaccari'),
	(3213,1,5,'val'),
	(3167,1,5,'valdobbiadene'),
	(4961,1,5,'vallata'),
	(4649,1,5,'vallate'),
	(3212,1,5,'valle'),
	(5907,1,5,'valresia'),
	(2586,1,5,'valvasone'),
	(3767,1,5,'vanta'),
	(2830,1,5,'vanto'),
	(5350,1,5,'vari'),
	(5390,1,5,'varia'),
	(3867,1,5,'varieta'),
	(4184,1,5,'vecchia'),
	(4246,1,5,'vecchio'),
	(5067,1,5,'vedere'),
	(4876,1,5,'vediamo'),
	(5346,1,5,'vendita'),
	(2656,1,5,'veneta'),
	(3200,1,5,'veneti'),
	(3166,1,5,'veneto'),
	(2375,1,5,'venezia'),
	(5275,1,5,'veneziana'),
	(4423,1,5,'veneziani'),
	(4507,1,5,'veneziano'),
	(2886,1,5,'vengono'),
	(3217,1,5,'venne'),
	(4294,1,5,'vennero'),
	(3208,1,5,'venzone'),
	(4171,1,5,'vera'),
	(4581,1,5,'verde'),
	(4648,1,5,'verdi'),
	(4160,1,5,'verduzzo'),
	(2677,1,5,'vero'),
	(3985,1,5,'verra'),
	(4030,1,5,'versailles'),
	(5397,1,5,'versi'),
	(3189,1,5,'verso'),
	(4216,1,5,'versutta'),
	(4832,1,5,'vetrine'),
	(3331,1,5,'via'),
	(4899,1,5,'vicende'),
	(3979,1,5,'vicino'),
	(2776,1,5,'vide'),
	(3784,1,5,'vie'),
	(3134,1,5,'viene'),
	(4874,1,5,'vieni'),
	(3922,1,5,'vigne'),
	(4401,1,5,'viii'),
	(3444,1,5,'villa'),
	(3814,1,5,'villalta'),
	(3180,1,5,'ville'),
	(3106,1,5,'vini'),
	(4429,1,5,'vinicola'),
	(2851,1,5,'vino'),
	(3221,1,5,'violento'),
	(2246,1,5,'visita'),
	(4321,1,5,'visitano'),
	(2287,1,5,'visitare'),
	(5809,1,5,'visitate'),
	(2725,1,5,'visite'),
	(5009,1,5,'visitera'),
	(2829,1,5,'visiteremo'),
	(3973,1,5,'visiterete'),
	(3062,1,5,'vista'),
	(5128,1,5,'visualizzare'),
	(4620,1,5,'vita'),
	(5347,1,5,'vite'),
	(2890,1,5,'viti'),
	(3781,1,5,'vitigni'),
	(2855,1,5,'vitivinicola'),
	(5614,1,5,'vitmon'),
	(3896,1,5,'vito'),
	(5049,1,5,'vittoria'),
	(4093,1,5,'vittorio'),
	(3905,1,5,'viuzze'),
	(3766,1,5,'vivace'),
	(2873,1,5,'vivai'),
	(2885,1,5,'vivaio'),
	(5909,1,5,'vive'),
	(2215,1,5,'vivere'),
	(4948,1,5,'voce'),
	(4912,1,5,'vogrig'),
	(3982,1,5,'volare'),
	(3976,1,5,'volo'),
	(2774,1,5,'volta'),
	(4032,1,5,'volte'),
	(4567,1,5,'voluto'),
	(2357,1,5,'vostra'),
	(4186,1,5,'votiva'),
	(5086,1,5,'votivo'),
	(5198,1,5,'week'),
	(2270,1,5,'weekend'),
	(2438,1,5,'wellness'),
	(2852,1,5,'wine'),
	(5534,1,5,'wknsan'),
	(4438,1,5,'xii'),
	(5223,1,5,'xiv'),
	(4183,1,5,'xix'),
	(4787,1,5,'xvi'),
	(5224,1,5,'xxi'),
	(5044,1,5,'xxii'),
	(2854,1,5,'zona'),
	(3175,1,5,'zone'),
	(3192,1,5,'zoppola'),
	(3234,1,5,'zucca'),
	(4672,1,5,'zuglio'),
	(5931,1,5,'zzz'),
	(5944,1,5,'zzzz');



# Dump of table pr_sekeyword
# ------------------------------------------------------------

