
CREATE TABLE `pr_sekeyword` (
  `id_sekeyword` int(10) unsigned NOT NULL AUTO_INCREMENT,
  `id_shop` int(10) unsigned NOT NULL DEFAULT '1',
  `id_shop_group` int(10) unsigned NOT NULL DEFAULT '1',
  `keyword` varchar(256) NOT NULL,
  `date_add` datetime NOT NULL,
  PRIMARY KEY (`id_sekeyword`)
) ENGINE=InnoDB DEFAULT CHARSET=utf8;



# Dump of table pr_shop
# ------------------------------------------------------------


CREATE TABLE `pr_shop` (
  `id_shop` int(11) unsigned NOT NULL AUTO_INCREMENT,
  `id_shop_group` int(11) unsigned NOT NULL,
  `name` varchar(64) NOT NULL,
  `id_category` int(11) unsigned NOT NULL DEFAULT '1',
  `id_theme` int(1) unsigned NOT NULL,
  `active` tinyint(1) NOT NULL DEFAULT '1',
  `deleted` tinyint(1) NOT NULL DEFAULT '0',
  PRIMARY KEY (`id_shop`),
  KEY `id_group_shop` (`id_shop_group`),
  KEY `id_category` (`id_category`),
  KEY `id_theme` (`id_theme`)
) ENGINE=InnoDB DEFAULT CHARSET=utf8;


INSERT INTO `pr_shop` (`id_shop`, `id_shop_group`, `name`, `id_category`, `id_theme`, `active`, `deleted`)
VALUES
	(1,1,'Armonie e sapori del Friuli Venezia Giulia',1,7,1,0);



# Dump of table pr_shop_group
# ------------------------------------------------------------


CREATE TABLE `pr_shop_group` (
  `id_shop_group` int(11) unsigned NOT NULL AUTO_INCREMENT,
  `name` varchar(64) NOT NULL,
  `share_customer` tinyint(1) NOT NULL,
  `share_order` tinyint(1) NOT NULL,
  `share_stock` tinyint(1) NOT NULL,
  `active` tinyint(1) NOT NULL DEFAULT '1',
  `deleted` tinyint(1) NOT NULL DEFAULT '0',
  PRIMARY KEY (`id_shop_group`)
) ENGINE=InnoDB DEFAULT CHARSET=utf8;


INSERT INTO `pr_shop_group` (`id_shop_group`, `name`, `share_customer`, `share_order`, `share_stock`, `active`, `deleted`)
VALUES
	(1,'Default',0,0,0,1,0);



# Dump of table pr_shop_url
# ------------------------------------------------------------


CREATE TABLE `pr_shop_url` (
  `id_shop_url` int(11) unsigned NOT NULL AUTO_INCREMENT,
  `id_shop` int(11) unsigned NOT NULL,
  `domain` varchar(255) NOT NULL,
  `domain_ssl` varchar(255) NOT NULL,
  `physical_uri` varchar(64) NOT NULL,
  `virtual_uri` varchar(64) NOT NULL,
  `main` tinyint(1) NOT NULL,
  `active` tinyint(1) NOT NULL,
  PRIMARY KEY (`id_shop_url`),
  UNIQUE KEY `shop_url` (`domain`,`virtual_uri`),
  KEY `id_shop` (`id_shop`)
) ENGINE=InnoDB DEFAULT CHARSET=utf8;


INSERT INTO `pr_shop_url` (`id_shop_url`, `id_shop`, `domain`, `domain_ssl`, `physical_uri`, `virtual_uri`, `main`, `active`)
VALUES
	(1,1,'www.incomingfriuli.it','','/','',1,1);



# Dump of table pr_specific_price
# ------------------------------------------------------------


CREATE TABLE `pr_specific_price` (
  `id_specific_price` int(10) unsigned NOT NULL AUTO_INCREMENT,
  `id_specific_price_rule` int(11) unsigned NOT NULL,
  `id_cart` int(11) unsigned NOT NULL,
  `id_product` int(10) unsigned NOT NULL,
  `id_product_attribute` int(10) unsigned NOT NULL,
  `id_shop` int(11) unsigned NOT NULL DEFAULT '1',
  `id_shop_group` int(11) unsigned NOT NULL,
  `id_currency` int(10) unsigned NOT NULL,
  `id_country` int(10) unsigned NOT NULL,
  `id_group` int(10) unsigned NOT NULL,
  `id_customer` int(10) unsigned NOT NULL,
  `price` decimal(20,6) NOT NULL,
  `from_quantity` mediumint(8) unsigned NOT NULL,
  `reduction` decimal(20,6) NOT NULL,
  `reduction_type` enum('amount','percentage') NOT NULL,
  `from` datetime NOT NULL,
  `to` datetime NOT NULL,
  PRIMARY KEY (`id_specific_price`),
  UNIQUE KEY `id_product_2` (`id_product`,`id_shop`,`id_shop_group`,`id_currency`,`id_country`,`id_group`,`id_customer`,`id_product_attribute`,`from_quantity`,`from`,`to`),
  KEY `from_quantity` (`from_quantity`),
  KEY `id_specific_price_rule` (`id_specific_price_rule`),
  KEY `id_cart` (`id_cart`),
  KEY `id_product` (`id_product`,`id_shop`,`id_currency`,`id_country`,`id_group`,`id_customer`,`from_quantity`,`from`,`to`),
  KEY `id_cart_2` (`id_cart`)
) ENGINE=InnoDB DEFAULT CHARSET=utf8;



# Dump of table pr_specific_price_priority
# ------------------------------------------------------------


CREATE TABLE `pr_specific_price_priority` (
  `id_specific_price_priority` int(11) NOT NULL AUTO_INCREMENT,
  `id_product` int(11) NOT NULL,
  `priority` varchar(80) NOT NULL,
  PRIMARY KEY (`id_specific_price_priority`,`id_product`),
  UNIQUE KEY `id_product` (`id_product`)
) ENGINE=InnoDB DEFAULT CHARSET=utf8;


INSERT INTO `pr_specific_price_priority` (`id_specific_price_priority`, `id_product`, `priority`)
VALUES
	(1,22,'id_shop;id_group;id_country;id_group'),
	(2,7,'id_shop;id_currency;id_country;id_group'),
	(3,23,'id_shop;id_currency;id_country;id_group'),
	(4,36,'id_shop;id_currency;id_country;id_group'),
	(21,37,'id_shop;id_currency;id_country;id_group'),
	(24,38,'id_shop;id_currency;id_country;id_group'),
	(25,39,'id_shop;id_currency;id_country;id_group'),
	(26,40,'id_shop;id_currency;id_country;id_group'),
	(28,41,'id_shop;id_currency;id_country;id_group'),
	(43,42,'id_shop;id_currency;id_country;id_group'),
	(46,43,'id_shop;id_currency;id_country;id_group'),
	(49,44,'id_shop;id_currency;id_country;id_group'),
	(52,45,'id_shop;id_currency;id_country;id_group'),
	(54,21,'id_shop;id_currency;id_country;id_group'),
	(63,27,'id_shop;id_currency;id_country;id_group'),
	(78,46,'id_shop;id_currency;id_country;id_group'),
	(83,47,'id_shop;id_currency;id_country;id_group'),
	(86,19,'id_shop;id_currency;id_country;id_group'),
	(87,28,'id_shop;id_currency;id_country;id_group'),
	(88,49,'id_shop;id_currency;id_country;id_group'),
	(89,29,'id_shop;id_currency;id_country;id_group'),
	(91,13,'id_shop;id_currency;id_country;id_group'),
	(92,17,'id_shop;id_currency;id_country;id_group'),
	(93,50,'id_shop;id_currency;id_country;id_group'),
	(95,51,'id_shop;id_currency;id_country;id_group'),
	(97,52,'id_shop;id_currency;id_country;id_group'),
	(108,11,'id_shop;id_currency;id_country;id_group'),
	(110,53,'id_shop;id_currency;id_country;id_group'),
	(111,12,'id_shop;id_currency;id_country;id_group'),
	(157,54,'id_shop;id_currency;id_country;id_group'),
	(168,15,'id_shop;id_currency;id_country;id_group'),
	(169,18,'id_shop;id_currency;id_country;id_group'),
	(170,14,'id_shop;id_currency;id_country;id_group'),
	(174,48,'id_shop;id_currency;id_country;id_group'),
	(178,55,'id_shop;id_currency;id_country;id_group'),
	(179,56,'id_shop;id_currency;id_country;id_group'),
	(186,57,'id_shop;id_currency;id_country;id_group'),
	(189,58,'id_shop;id_currency;id_country;id_group'),
	(193,59,'id_shop;id_currency;id_country;id_group'),
	(204,60,'id_shop;id_currency;id_country;id_group'),
	(208,61,'id_shop;id_currency;id_country;id_group'),
	(215,62,'id_shop;id_currency;id_country;id_group'),
	(218,64,'id_shop;id_currency;id_country;id_group'),
	(221,65,'id_shop;id_currency;id_country;id_group'),
	(222,66,'id_shop;id_currency;id_country;id_group'),
	(224,67,'id_shop;id_currency;id_country;id_group'),
	(228,68,'id_shop;id_currency;id_country;id_group'),
	(235,69,'id_shop;id_currency;id_country;id_group'),
	(246,70,'id_shop;id_currency;id_country;id_group'),
	(265,71,'id_shop;id_currency;id_country;id_group'),
	(284,72,'id_shop;id_currency;id_country;id_group'),
	(285,73,'id_shop;id_currency;id_country;id_group'),
	(295,74,'id_shop;id_currency;id_country;id_group'),
	(305,75,'id_shop;id_currency;id_country;id_group'),
	(319,76,'id_shop;id_currency;id_country;id_group'),
	(320,78,'id_shop;id_currency;id_country;id_group'),
	(322,79,'id_shop;id_currency;id_country;id_group'),
	(325,80,'id_shop;id_currency;id_country;id_group'),
	(326,81,'id_shop;id_currency;id_country;id_group'),
	(327,82,'id_shop;id_currency;id_country;id_group'),
	(379,83,'id_shop;id_currency;id_country;id_group'),
	(412,84,'id_shop;id_currency;id_country;id_group'),
	(440,85,'id_shop;id_currency;id_country;id_group'),
	(441,86,'id_shop;id_currency;id_country;id_group'),
	(442,87,'id_shop;id_currency;id_country;id_group'),
	(455,88,'id_shop;id_currency;id_country;id_group'),
	(456,89,'id_shop;id_currency;id_country;id_group'),
	(459,90,'id_shop;id_currency;id_country;id_group'),
	(462,91,'id_shop;id_currency;id_country;id_group'),
	(474,92,'id_shop;id_currency;id_country;id_group'),
	(490,93,'id_shop;id_currency;id_country;id_group'),
	(493,94,'id_shop;id_currency;id_country;id_group'),
	(503,95,'id_shop;id_currency;id_country;id_group'),
	(505,96,'id_shop;id_currency;id_country;id_group'),
	(506,97,'id_shop;id_currency;id_country;id_group'),
	(510,98,'id_shop;id_currency;id_country;id_group'),
	(511,99,'id_shop;id_currency;id_country;id_group'),
	(513,100,'id_shop;id_currency;id_country;id_group'),
	(515,101,'id_shop;id_currency;id_country;id_group'),
	(516,102,'id_shop;id_currency;id_country;id_group'),
	(517,103,'id_shop;id_currency;id_country;id_group'),
	(518,104,'id_shop;id_currency;id_country;id_group'),
	(520,105,'id_shop;id_currency;id_country;id_group'),
	(523,106,'id_shop;id_currency;id_country;id_group'),
	(525,107,'id_shop;id_currency;id_country;id_group');



# Dump of table pr_specific_price_rule
# ------------------------------------------------------------


CREATE TABLE `pr_specific_price_rule` (
  `id_specific_price_rule` int(10) unsigned NOT NULL AUTO_INCREMENT,
  `name` varchar(255) NOT NULL,
  `id_shop` int(11) unsigned NOT NULL DEFAULT '1',
  `id_currency` int(10) unsigned NOT NULL,
  `id_country` int(10) unsigned NOT NULL,
  `id_group` int(10) unsigned NOT NULL,
  `from_quantity` mediumint(8) unsigned NOT NULL,
  `price` decimal(20,6) DEFAULT NULL,
  `reduction` decimal(20,6) NOT NULL,
  `reduction_type` enum('amount','percentage') NOT NULL,
  `from` datetime NOT NULL,
  `to` datetime NOT NULL,
  PRIMARY KEY (`id_specific_price_rule`),
  KEY `id_product` (`id_shop`,`id_currency`,`id_country`,`id_group`,`from_quantity`,`from`,`to`)
) ENGINE=InnoDB DEFAULT CHARSET=utf8;



# Dump of table pr_specific_price_rule_condition
# ------------------------------------------------------------


CREATE TABLE `pr_specific_price_rule_condition` (
  `id_specific_price_rule_condition` int(11) unsigned NOT NULL AUTO_INCREMENT,
  `id_specific_price_rule_condition_group` int(11) unsigned NOT NULL,
  `type` varchar(255) NOT NULL,
  `value` varchar(255) NOT NULL,
  PRIMARY KEY (`id_specific_price_rule_condition`),
  KEY `id_specific_price_rule_condition_group` (`id_specific_price_rule_condition_group`)
) ENGINE=InnoDB DEFAULT CHARSET=utf8;



# Dump of table pr_specific_price_rule_condition_group
# ------------------------------------------------------------


CREATE TABLE `pr_specific_price_rule_condition_group` (
  `id_specific_price_rule_condition_group` int(11) unsigned NOT NULL AUTO_INCREMENT,
  `id_specific_price_rule` int(11) unsigned NOT NULL,
  PRIMARY KEY (`id_specific_price_rule_condition_group`,`id_specific_price_rule`)
) ENGINE=InnoDB DEFAULT CHARSET=utf8;



# Dump of table pr_state
# ------------------------------------------------------------


CREATE TABLE `pr_state` (
  `id_state` int(10) unsigned NOT NULL AUTO_INCREMENT,
  `id_country` int(11) unsigned NOT NULL,
  `id_zone` int(11) unsigned NOT NULL,
  `name` varchar(64) NOT NULL,
  `iso_code` varchar(7) NOT NULL,
  `tax_behavior` smallint(1) NOT NULL DEFAULT '0',
  `active` tinyint(1) NOT NULL DEFAULT '0',
  PRIMARY KEY (`id_state`),
  KEY `id_country` (`id_country`),
  KEY `id_zone` (`id_zone`),
  KEY `statename` (`name`)
) ENGINE=InnoDB DEFAULT CHARSET=utf8;


INSERT INTO `pr_state` (`id_state`, `id_country`, `id_zone`, `name`, `iso_code`, `tax_behavior`, `active`)
VALUES
	(1,21,2,'Alabama','AL',0,1),
	(2,21,2,'Alaska','AK',0,1),
	(3,21,2,'Arizona','AZ',0,1),
	(4,21,2,'Arkansas','AR',0,1),
	(5,21,2,'California','CA',0,1),
	(6,21,2,'Colorado','CO',0,1),
	(7,21,2,'Connecticut','CT',0,1),
	(8,21,2,'Delaware','DE',0,1),
	(9,21,2,'Florida','FL',0,1),
	(10,21,2,'Georgia','GA',0,1),
	(11,21,2,'Hawaii','HI',0,1),
	(12,21,2,'Idaho','ID',0,1),
	(13,21,2,'Illinois','IL',0,1),
	(14,21,2,'Indiana','IN',0,1),
	(15,21,2,'Iowa','IA',0,1),
	(16,21,2,'Kansas','KS',0,1),
	(17,21,2,'Kentucky','KY',0,1),
	(18,21,2,'Louisiana','LA',0,1),
	(19,21,2,'Maine','ME',0,1),
	(20,21,2,'Maryland','MD',0,1),
	(21,21,2,'Massachusetts','MA',0,1),
	(22,21,2,'Michigan','MI',0,1),
	(23,21,2,'Minnesota','MN',0,1),
	(24,21,2,'Mississippi','MS',0,1),
	(25,21,2,'Missouri','MO',0,1),
	(26,21,2,'Montana','MT',0,1),
	(27,21,2,'Nebraska','NE',0,1),
	(28,21,2,'Nevada','NV',0,1),
	(29,21,2,'New Hampshire','NH',0,1),
	(30,21,2,'New Jersey','NJ',0,1),
	(31,21,2,'New Mexico','NM',0,1),
	(32,21,2,'New York','NY',0,1),
	(33,21,2,'North Carolina','NC',0,1),
	(34,21,2,'North Dakota','ND',0,1),
	(35,21,2,'Ohio','OH',0,1),
	(36,21,2,'Oklahoma','OK',0,1),
	(37,21,2,'Oregon','OR',0,1),
	(38,21,2,'Pennsylvania','PA',0,1),
	(39,21,2,'Rhode Island','RI',0,1),
	(40,21,2,'South Carolina','SC',0,1),
	(41,21,2,'South Dakota','SD',0,1),
	(42,21,2,'Tennessee','TN',0,1),
	(43,21,2,'Texas','TX',0,1),
	(44,21,2,'Utah','UT',0,1),
	(45,21,2,'Vermont','VT',0,1),
	(46,21,2,'Virginia','VA',0,1),
	(47,21,2,'Washington','WA',0,1),
	(48,21,2,'West Virginia','WV',0,1),
	(49,21,2,'Wisconsin','WI',0,1),
	(50,21,2,'Wyoming','WY',0,1),
	(51,21,2,'Puerto Rico','PR',0,1),
	(52,21,2,'US Virgin Islands','VI',0,1),
	(53,21,2,'District of Columbia','DC',0,1),
	(54,145,2,'Aguascalientes','AGS',0,1),
	(55,145,2,'Baja California','BCN',0,1),
	(56,145,2,'Baja California Sur','BCS',0,1),
	(57,145,2,'Campeche','CAM',0,1),
	(58,145,2,'Chiapas','CHP',0,1),
	(59,145,2,'Chihuahua','CHH',0,1),
	(60,145,2,'Coahuila','COA',0,1),
	(61,145,2,'Colima','COL',0,1),
	(62,145,2,'Distrito Federal','DIF',0,1),
	(63,145,2,'Durango','DUR',0,1),
	(64,145,2,'Guanajuato','GUA',0,1),
	(65,145,2,'Guerrero','GRO',0,1),
	(66,145,2,'Hidalgo','HID',0,1),
	(67,145,2,'Jalisco','JAL',0,1),
	(68,145,2,'Estado de México','MEX',0,1),
	(69,145,2,'Michoacán','MIC',0,1),
	(70,145,2,'Morelos','MOR',0,1),
	(71,145,2,'Nayarit','NAY',0,1),
	(72,145,2,'Nuevo León','NLE',0,1),
	(73,145,2,'Oaxaca','OAX',0,1),
	(74,145,2,'Puebla','PUE',0,1),
	(75,145,2,'Querétaro','QUE',0,1),
	(76,145,2,'Quintana Roo','ROO',0,1),
	(77,145,2,'San Luis Potosí','SLP',0,1),
	(78,145,2,'Sinaloa','SIN',0,1),
	(79,145,2,'Sonora','SON',0,1),
	(80,145,2,'Tabasco','TAB',0,1),
	(81,145,2,'Tamaulipas','TAM',0,1),
	(82,145,2,'Tlaxcala','TLA',0,1),
	(83,145,2,'Veracruz','VER',0,1),
	(84,145,2,'Yucatán','YUC',0,1),
	(85,145,2,'Zacatecas','ZAC',0,1),
	(86,4,2,'Ontario','ON',0,1),
	(87,4,2,'Quebec','QC',0,1),
	(88,4,2,'British Columbia','BC',0,1),
	(89,4,2,'Alberta','AB',0,1),
	(90,4,2,'Manitoba','MB',0,1),
	(91,4,2,'Saskatchewan','SK',0,1),
	(92,4,2,'Nova Scotia','NS',0,1),
	(93,4,2,'New Brunswick','NB',0,1),
	(94,4,2,'Newfoundland and Labrador','NL',0,1),
	(95,4,2,'Prince Edward Island','PE',0,1),
	(96,4,2,'Northwest Territories','NT',0,1),
	(97,4,2,'Yukon','YT',0,1),
	(98,4,2,'Nunavut','NU',0,1),
	(99,44,6,'Buenos Aires','B',0,1),
	(100,44,6,'Catamarca','K',0,1),
	(101,44,6,'Chaco','H',0,1),
	(102,44,6,'Chubut','U',0,1),
	(103,44,6,'Ciudad de Buenos Aires','C',0,1),
	(104,44,6,'Córdoba','X',0,1),
	(105,44,6,'Corrientes','W',0,1),
	(106,44,6,'Entre Ríos','E',0,1),
	(107,44,6,'Formosa','P',0,1),
	(108,44,6,'Jujuy','Y',0,1),
	(109,44,6,'La Pampa','L',0,1),
	(110,44,6,'La Rioja','F',0,1),
	(111,44,6,'Mendoza','M',0,1),
	(112,44,6,'Misiones','N',0,1),
	(113,44,6,'Neuquén','Q',0,1),
	(114,44,6,'Río Negro','R',0,1),
	(115,44,6,'Salta','A',0,1),
	(116,44,6,'San Juan','J',0,1),
	(117,44,6,'San Luis','D',0,1),
	(118,44,6,'Santa Cruz','Z',0,1),
	(119,44,6,'Santa Fe','S',0,1),
	(120,44,6,'Santiago del Estero','G',0,1),
	(121,44,6,'Tierra del Fuego','V',0,1),
	(122,44,6,'Tucumán','T',0,1),
	(123,10,1,'Agrigento','AG',0,1),
	(124,10,1,'Alessandria','AL',0,1),
	(125,10,1,'Ancona','AN',0,1),
	(126,10,1,'Aosta','AO',0,1),
	(127,10,1,'Arezzo','AR',0,1),
	(128,10,1,'Ascoli Piceno','AP',0,1),
	(129,10,1,'Asti','AT',0,1),
	(130,10,1,'Avellino','AV',0,1),
	(131,10,1,'Bari','BA',0,1),
	(132,10,1,'Barletta-Andria-Trani','BT',0,1),
	(133,10,1,'Belluno','BL',0,1),
	(134,10,1,'Benevento','BN',0,1),
	(135,10,1,'Bergamo','BG',0,1),
	(136,10,1,'Biella','BI',0,1),
	(137,10,1,'Bologna','BO',0,1),
	(138,10,1,'Bolzano','BZ',0,1),
	(139,10,1,'Brescia','BS',0,1),
	(140,10,1,'Brindisi','BR',0,1),
	(141,10,1,'Cagliari','CA',0,1),
	(142,10,1,'Caltanissetta','CL',0,1),
	(143,10,1,'Campobasso','CB',0,1),
	(144,10,1,'Carbonia-Iglesias','CI',0,1),
	(145,10,1,'Caserta','CE',0,1),
	(146,10,1,'Catania','CT',0,1),
	(147,10,1,'Catanzaro','CZ',0,1),
	(148,10,1,'Chieti','CH',0,1),
	(149,10,1,'Como','CO',0,1),
	(150,10,1,'Cosenza','CS',0,1),
	(151,10,1,'Cremona','CR',0,1),
	(152,10,1,'Crotone','KR',0,1),
	(153,10,1,'Cuneo','CN',0,1),
	(154,10,1,'Enna','EN',0,1),
	(155,10,1,'Fermo','FM',0,1),
	(156,10,1,'Ferrara','FE',0,1),
	(157,10,1,'Firenze','FI',0,1),
	(158,10,1,'Foggia','FG',0,1),
	(159,10,1,'Forlì-Cesena','FC',0,1),
	(160,10,1,'Frosinone','FR',0,1),
	(161,10,1,'Genova','GE',0,1),
	(162,10,1,'Gorizia','GO',0,1),
	(163,10,1,'Grosseto','GR',0,1),
	(164,10,1,'Imperia','IM',0,1),
	(165,10,1,'Isernia','IS',0,1),
	(166,10,1,'L\'Aquila','AQ',0,1),
	(167,10,1,'La Spezia','SP',0,1),
	(168,10,1,'Latina','LT',0,1),
	(169,10,1,'Lecce','LE',0,1),
	(170,10,1,'Lecco','LC',0,1),
	(171,10,1,'Livorno','LI',0,1),
	(172,10,1,'Lodi','LO',0,1),
	(173,10,1,'Lucca','LU',0,1),
	(174,10,1,'Macerata','MC',0,1),
	(175,10,1,'Mantova','MN',0,1),
	(176,10,1,'Massa','MS',0,1),
	(177,10,1,'Matera','MT',0,1),
	(178,10,1,'Medio Campidano','VS',0,1),
	(179,10,1,'Messina','ME',0,1),
	(180,10,1,'Milano','MI',0,1),
	(181,10,1,'Modena','MO',0,1),
	(182,10,1,'Monza e della Brianza','MB',0,1),
	(183,10,1,'Napoli','NA',0,1),
	(184,10,1,'Novara','NO',0,1),
	(185,10,1,'Nuoro','NU',0,1),
	(186,10,1,'Ogliastra','OG',0,1),
	(187,10,1,'Olbia-Tempio','OT',0,1),
	(188,10,1,'Oristano','OR',0,1),
	(189,10,1,'Padova','PD',0,1),
	(190,10,1,'Palermo','PA',0,1),
	(191,10,1,'Parma','PR',0,1),
	(192,10,1,'Pavia','PV',0,1),
	(193,10,1,'Perugia','PG',0,1),
	(194,10,1,'Pesaro-Urbino','PU',0,1),
	(195,10,1,'Pescara','PE',0,1),
	(196,10,1,'Piacenza','PC',0,1),
	(197,10,1,'Pisa','PI',0,1),
	(198,10,1,'Pistoia','PT',0,1),
	(199,10,1,'Pordenone','PN',0,1),
	(200,10,1,'Potenza','PZ',0,1),
	(201,10,1,'Prato','PO',0,1),
	(202,10,1,'Ragusa','RG',0,1),
	(203,10,1,'Ravenna','RA',0,1),
	(204,10,1,'Reggio Calabria','RC',0,1),
	(205,10,1,'Reggio Emilia','RE',0,1),
	(206,10,1,'Rieti','RI',0,1),
	(207,10,1,'Rimini','RN',0,1),
	(208,10,1,'Roma','RM',0,1),
	(209,10,1,'Rovigo','RO',0,1),
	(210,10,1,'Salerno','SA',0,1),
	(211,10,1,'Sassari','SS',0,1),
	(212,10,1,'Savona','SV',0,1),
	(213,10,1,'Siena','SI',0,1),
	(214,10,1,'Siracusa','SR',0,1),
	(215,10,1,'Sondrio','SO',0,1),
	(216,10,1,'Taranto','TA',0,1),
	(217,10,1,'Teramo','TE',0,1),
	(218,10,1,'Terni','TR',0,1),
	(219,10,1,'Torino','TO',0,1),
	(220,10,1,'Trapani','TP',0,1),
	(221,10,1,'Trento','TN',0,1),
	(222,10,1,'Treviso','TV',0,1),
	(223,10,1,'Trieste','TS',0,1),
	(224,10,1,'Udine','UD',0,1),
	(225,10,1,'Varese','VA',0,1),
	(226,10,1,'Venezia','VE',0,1),
	(227,10,1,'Verbano-Cusio-Ossola','VB',0,1),
	(228,10,1,'Vercelli','VC',0,1),
	(229,10,1,'Verona','VR',0,1),
	(230,10,1,'Vibo Valentia','VV',0,1),
	(231,10,1,'Vicenza','VI',0,1),
	(232,10,1,'Viterbo','VT',0,1),
	(233,111,3,'Aceh','AC',0,1),
	(234,111,3,'Bali','BA',0,1),
	(235,111,3,'Bangka','BB',0,1),
	(236,111,3,'Banten','BT',0,1),
	(237,111,3,'Bengkulu','BE',0,1),
	(238,111,3,'Central Java','JT',0,1),
	(239,111,3,'Central Kalimantan','KT',0,1),
	(240,111,3,'Central Sulawesi','ST',0,1),
	(241,111,3,'Coat of arms of East Java','JI',0,1),
	(242,111,3,'East kalimantan','KI',0,1),
	(243,111,3,'East Nusa Tenggara','NT',0,1),
	(244,111,3,'Lambang propinsi','GO',0,1),
	(245,111,3,'Jakarta','JK',0,1),
	(246,111,3,'Jambi','JA',0,1),
	(247,111,3,'Lampung','LA',0,1),
	(248,111,3,'Maluku','MA',0,1),
	(249,111,3,'North Maluku','MU',0,1),
	(250,111,3,'North Sulawesi','SA',0,1),
	(251,111,3,'North Sumatra','SU',0,1),
	(252,111,3,'Papua','PA',0,1),
	(253,111,3,'Riau','RI',0,1),
	(254,111,3,'Lambang Riau','KR',0,1),
	(255,111,3,'Southeast Sulawesi','SG',0,1),
	(256,111,3,'South Kalimantan','KS',0,1),
	(257,111,3,'South Sulawesi','SN',0,1),
	(258,111,3,'South Sumatra','SS',0,1),
	(259,111,3,'West Java','JB',0,1),
	(260,111,3,'West Kalimantan','KB',0,1),
	(261,111,3,'West Nusa Tenggara','NB',0,1),
	(262,111,3,'Lambang Provinsi Papua Barat','PB',0,1),
	(263,111,3,'West Sulawesi','SR',0,1),
	(264,111,3,'West Sumatra','SB',0,1),
	(265,111,3,'Yogyakarta','YO',0,1),
	(266,11,3,'Aichi','23',0,1),
	(267,11,3,'Akita','5',0,1),
	(268,11,3,'Aomori','2',0,1),
	(269,11,3,'Chiba','12',0,1),
	(270,11,3,'Ehime','38',0,1),
	(271,11,3,'Fukui','18',0,1),
	(272,11,3,'Fukuoka','40',0,1),
	(273,11,3,'Fukushima','7',0,1),
	(274,11,3,'Gifu','21',0,1),
	(275,11,3,'Gunma','10',0,1),
	(276,11,3,'Hiroshima','34',0,1),
	(277,11,3,'Hokkaido','1',0,1),
	(278,11,3,'Hyogo','28',0,1),
	(279,11,3,'Ibaraki','8',0,1),
	(280,11,3,'Ishikawa','17',0,1),
	(281,11,3,'Iwate','3',0,1),
	(282,11,3,'Kagawa','37',0,1),
	(283,11,3,'Kagoshima','46',0,1),
	(284,11,3,'Kanagawa','14',0,1),
	(285,11,3,'Kochi','39',0,1),
	(286,11,3,'Kumamoto','43',0,1),
	(287,11,3,'Kyoto','26',0,1),
	(288,11,3,'Mie','24',0,1),
	(289,11,3,'Miyagi','4',0,1),
	(290,11,3,'Miyazaki','45',0,1),
	(291,11,3,'Nagano','20',0,1),
	(292,11,3,'Nagasaki','42',0,1),
	(293,11,3,'Nara','29',0,1),
	(294,11,3,'Niigata','15',0,1),
	(295,11,3,'Oita','44',0,1),
	(296,11,3,'Okayama','33',0,1),
	(297,11,3,'Okinawa','47',0,1),
	(298,11,3,'Osaka','27',0,1),
	(299,11,3,'Saga','41',0,1),
	(300,11,3,'Saitama','11',0,1),
	(301,11,3,'Shiga','25',0,1),
	(302,11,3,'Shimane','32',0,1),
	(303,11,3,'Shizuoka','22',0,1),
	(304,11,3,'Tochigi','9',0,1),
	(305,11,3,'Tokushima','36',0,1),
	(306,11,3,'Tokyo','13',0,1),
	(307,11,3,'Tottori','31',0,1),
	(308,11,3,'Toyama','16',0,1),
	(309,11,3,'Wakayama','30',0,1),
	(310,11,3,'Yamagata','6',0,1),
	(311,11,3,'Yamaguchi','35',0,1),
	(312,11,3,'Yamanashi','19',0,1),
	(313,21,2,'North California','NC',0,1),
	(314,21,2,'South California','SC',0,1);



# Dump of table pr_statssearch
# ------------------------------------------------------------


CREATE TABLE `pr_statssearch` (
  `id_statssearch` int(10) unsigned NOT NULL AUTO_INCREMENT,
  `id_shop` int(10) NOT NULL DEFAULT '1',
  `id_shop_group` int(10) NOT NULL DEFAULT '1',
  `keywords` varchar(255) NOT NULL,
  `results` int(6) NOT NULL DEFAULT '0',
  `date_add` datetime NOT NULL,
  PRIMARY KEY (`id_statssearch`)
) ENGINE=InnoDB DEFAULT CHARSET=utf8;


INSERT INTO `pr_statssearch` (`id_statssearch`, `id_shop`, `id_shop_group`, `keywords`, `results`, `date_add`)
VALUES
	(1,1,1,'1',0,'2012-04-07 11:41:38'),
	(2,1,1,'1',0,'2012-04-09 03:00:35'),
	(3,1,1,'1',0,'2012-04-09 11:38:37'),
	(4,1,1,'1',0,'2012-04-10 11:36:23'),
	(5,1,1,'1',0,'2012-04-11 11:34:40'),
	(6,1,1,'1',0,'2012-04-12 11:39:10'),
	(7,1,1,'1',0,'2012-04-13 11:30:41'),
	(8,1,1,'1',0,'2012-04-14 11:36:43'),
	(9,1,1,'1',0,'2012-04-15 11:34:30'),
	(10,1,1,'1',0,'2012-04-16 11:33:15'),
	(11,1,1,'1',0,'2012-04-17 11:40:27'),
	(12,1,1,'1',0,'2012-04-18 11:38:51'),
	(13,1,1,'Ristorante A',1,'2012-04-18 17:01:57'),
	(14,1,1,'Albergo B',1,'2012-04-18 17:02:00'),
	(15,1,1,'Ristorante A',1,'2012-04-18 17:02:03'),
	(16,1,1,'1',0,'2012-04-19 11:31:00'),
	(17,1,1,'1',0,'2012-04-20 11:33:19'),
	(18,1,1,'1',0,'2012-04-21 18:45:19'),
	(19,1,1,'1',0,'2012-04-22 11:31:55'),
	(20,1,1,'1',0,'2012-04-23 11:39:37'),
	(21,1,1,'1',0,'2012-04-24 11:35:48'),
	(22,1,1,'1',0,'2012-04-25 11:40:13'),
	(23,1,1,'1',0,'2012-04-26 11:34:53'),
	(24,1,1,'1',0,'2012-04-27 11:54:23'),
	(25,1,1,'1',0,'2012-04-28 11:37:53'),
	(26,1,1,'1',0,'2012-04-29 11:35:45'),
	(27,1,1,'ipod',1,'2012-04-29 17:31:03'),
	(28,1,1,'nano',1,'2012-04-29 18:22:38'),
	(29,1,1,'apple',1,'2012-04-29 18:50:26'),
	(30,1,1,'shuffle',1,'2012-04-29 21:25:32'),
	(31,1,1,'Albergo B',1,'2012-04-30 06:34:07'),
	(32,1,1,'Ipod touch',1,'2012-04-30 09:33:18'),
	(33,1,1,'superdrive',1,'2012-04-30 09:34:21'),
	(34,1,1,'1',0,'2012-04-30 11:33:13'),
	(35,1,1,'Ristorante A',1,'2012-04-30 19:54:41'),
	(36,1,1,'1',0,'2012-05-01 11:32:40'),
	(37,1,1,'1',0,'2012-05-02 11:39:32'),
	(38,1,1,'1',0,'2012-05-03 11:32:20'),
	(39,1,1,'1',0,'2012-05-04 11:31:09'),
	(40,1,1,'Ristorante A',1,'2012-05-05 02:25:53'),
	(41,1,1,'1',0,'2012-05-05 11:38:24'),
	(42,1,1,'apple',1,'2012-05-06 09:28:28'),
	(43,1,1,'Ristorante A',1,'2012-05-06 10:24:16'),
	(44,1,1,'1',0,'2012-05-06 11:35:43'),
	(45,1,1,'nano',1,'2012-05-06 11:36:32'),
	(46,1,1,'nano',1,'2012-05-06 11:36:54'),
	(47,1,1,'nano',1,'2012-05-06 11:37:17'),
	(48,1,1,'nano',1,'2012-05-06 11:37:39'),
	(49,1,1,'1',0,'2012-05-06 11:38:33'),
	(50,1,1,'1',0,'2012-05-06 11:39:14'),
	(51,1,1,'1',0,'2012-05-06 11:39:27'),
	(52,1,1,'1',0,'2012-05-06 11:39:28'),
	(53,1,1,'1',0,'2012-05-06 11:39:29'),
	(54,1,1,'1',0,'2012-05-06 11:39:35'),
	(55,1,1,'nano',1,'2012-05-06 11:39:36'),
	(56,1,1,'1',0,'2012-05-06 11:40:17'),
	(57,1,1,'1',0,'2012-05-06 11:41:07'),
	(58,1,1,'nano',1,'2012-05-06 11:41:08'),
	(59,1,1,'Ristorante A',1,'2012-05-06 11:41:08'),
	(60,1,1,'shuffle',1,'2012-05-06 11:41:10'),
	(61,1,1,'Ipod touch',1,'2012-05-06 11:41:11'),
	(62,1,1,'ipod',3,'2012-05-06 11:41:12'),
	(63,1,1,'apple',2,'2012-05-06 11:41:13'),
	(64,1,1,'1',0,'2012-05-06 11:41:14'),
	(65,1,1,'ipod',1,'2012-05-06 11:42:39'),
	(66,1,1,'shuffle',1,'2012-05-06 11:42:40'),
	(67,1,1,'1',0,'2012-05-06 11:42:49'),
	(68,1,1,'1',0,'2012-05-06 11:42:50'),
	(69,1,1,'1',0,'2012-05-06 11:42:51'),
	(70,1,1,'1',0,'2012-05-06 11:42:52'),
	(71,1,1,'1',0,'2012-05-06 11:42:52'),
	(72,1,1,'Ipod touch',1,'2012-05-06 11:42:53'),
	(73,1,1,'ipod',1,'2012-05-06 11:42:54'),
	(74,1,1,'shuffle',1,'2012-05-06 11:42:55'),
	(75,1,1,'1',0,'2012-05-06 11:44:08'),
	(76,1,1,'1',0,'2012-05-06 11:44:16'),
	(77,1,1,'1',0,'2012-05-06 11:44:19'),
	(78,1,1,'1',0,'2012-05-06 11:44:20'),
	(79,1,1,'nano',1,'2012-05-06 11:44:22'),
	(80,1,1,'shuffle',1,'2012-05-06 11:44:23'),
	(81,1,1,'1',0,'2012-05-06 11:44:24'),
	(82,1,1,'ipod',1,'2012-05-06 21:46:28'),
	(83,1,1,'ipod',3,'2012-05-07 04:16:50'),
	(84,1,1,'nano',1,'2012-05-07 05:38:09'),
	(85,1,1,'ipod',1,'2012-05-07 06:28:55'),
	(86,1,1,'nano',1,'2012-05-07 07:10:48'),
	(87,1,1,'nano',1,'2012-05-07 07:22:02'),
	(88,1,1,'apple',1,'2012-05-07 09:34:21'),
	(89,1,1,'apple',2,'2012-05-07 10:52:05'),
	(90,1,1,'1',0,'2012-05-07 11:31:27'),
	(91,1,1,'shuffle',1,'2012-05-07 11:47:16'),
	(92,1,1,'shuffle',1,'2012-05-07 13:44:41'),
	(93,1,1,'Albergo B',1,'2012-05-07 14:39:27'),
	(94,1,1,'shuffle',1,'2012-05-07 20:23:29'),
	(95,1,1,'Albergo B',1,'2012-05-07 20:45:33'),
	(96,1,1,'Ipod touch',1,'2012-05-08 04:12:43'),
	(97,1,1,'superdrive',1,'2012-05-08 08:01:09'),
	(98,1,1,'Ristorante A',1,'2012-05-08 08:16:37'),
	(99,1,1,'1',0,'2012-05-08 11:30:56'),
	(100,1,1,'Albergo B',1,'2012-05-08 19:07:10'),
	(101,1,1,'superdrive',1,'2012-05-08 21:51:46'),
	(102,1,1,'Ipod touch',1,'2012-05-08 23:12:36'),
	(103,1,1,'Ristorante A',1,'2012-05-09 10:30:23'),
	(104,1,1,'Ristorante A',1,'2012-05-09 11:31:23'),
	(105,1,1,'1',0,'2012-05-09 11:42:56'),
	(106,1,1,'Ristorante A',1,'2012-05-10 20:23:29'),
	(107,1,1,'ipod',1,'2012-05-11 15:31:26'),
	(108,1,1,'nano',1,'2012-05-11 16:11:19'),
	(109,1,1,'apple',1,'2012-05-11 16:39:10'),
	(110,1,1,'shuffle',1,'2012-05-11 17:23:00'),
	(111,1,1,'Albergo B',1,'2012-05-12 00:44:56'),
	(112,1,1,'Ipod touch',1,'2012-05-12 06:01:21'),
	(113,1,1,'superdrive',1,'2012-05-12 07:44:59'),
	(114,1,1,'Ristorante A',1,'2012-05-12 11:58:43'),
	(115,1,1,'Cerca',0,'2012-05-16 09:54:57'),
	(116,1,1,'Cerca',0,'2012-05-16 10:46:54'),
	(117,1,1,'Cerca',0,'2012-05-16 11:59:11'),
	(118,1,1,'Cerca',0,'2012-05-16 12:45:33'),
	(119,1,1,'Search',0,'2012-05-16 18:42:13'),
	(120,1,1,'Search',0,'2012-05-16 21:09:58'),
	(121,1,1,'Search',0,'2012-05-16 22:49:42'),
	(122,1,1,'Suche',0,'2012-05-16 23:37:02'),
	(123,1,1,'Search',0,'2012-05-17 00:19:23'),
	(124,1,1,'Suche',0,'2012-05-17 01:29:01'),
	(125,1,1,'Suche',0,'2012-05-17 02:09:45'),
	(126,1,1,'Suche',0,'2012-05-17 04:41:56'),
	(127,1,1,'Ristorante A',1,'2012-05-17 05:56:22'),
	(128,1,1,'superdrive',1,'2012-05-17 14:53:32'),
	(129,1,1,'Cerca',0,'2012-05-18 11:35:24'),
	(130,1,1,'1',0,'2012-05-22 11:42:11'),
	(131,1,1,'San Daniele',2,'2012-05-23 15:30:48'),
	(132,1,1,'Friuli Tipico',10,'2012-05-24 11:43:35'),
	(133,1,1,'Collina',2,'2012-05-25 02:52:24'),
	(134,1,1,'Udine',7,'2012-05-25 02:55:48'),
	(135,1,1,'Montagna',1,'2012-05-25 02:55:49'),
	(136,1,1,'Borghi',1,'2012-05-25 02:55:51'),
	(137,1,1,'Wellness',1,'2012-05-25 02:55:53'),
	(138,1,1,'Provincia di Trieste',1,'2012-05-25 02:55:55'),
	(139,1,1,'Gorizia',1,'2012-05-25 02:55:57'),
	(140,1,1,'San Daniele',2,'2012-05-25 02:55:59'),
	(141,1,1,'Cicloturismo',1,'2012-05-25 02:56:01'),
	(142,1,1,'Terre di Mezzo',2,'2012-05-25 02:56:03'),
	(143,1,1,'Suggestioni storiche',3,'2012-05-25 02:56:05'),
	(144,1,1,'Suggestioni letterarie',3,'2012-05-25 02:56:07'),
	(145,1,1,'Provincia di Pordenone',4,'2012-05-25 02:56:08'),
	(146,1,1,'Città',4,'2012-05-25 02:56:10'),
	(147,1,1,'Friuli centrale',5,'2012-05-25 02:56:12'),
	(148,1,1,'Friuli Tipico',10,'2012-05-25 02:56:16'),
	(149,1,1,'Enogastronomia',10,'2012-05-25 02:56:18'),
	(150,1,1,'Natura',1,'2012-05-25 02:56:22'),
	(151,1,1,'Arte e Cultura',5,'2012-05-25 02:56:48'),
	(152,1,1,'Friuli Tipico',10,'2012-05-25 11:39:17'),
	(153,1,1,'Friuli Tipico',10,'2012-05-26 11:37:24'),
	(154,1,1,'Friuli Tipico',10,'2012-05-27 11:32:31'),
	(155,1,1,'Friuli Tipico',10,'2012-05-28 11:38:58'),
	(156,1,1,'Friuli Tipico',10,'2012-05-29 11:33:28'),
	(157,1,1,'Friuli Tipico',10,'2012-05-30 11:33:52'),
	(158,1,1,'Friuli Tipico',10,'2012-05-31 11:38:57'),
	(159,1,1,'Friuli Tipico',10,'2012-06-01 11:38:07'),
	(160,1,1,'Friuli Tipico',10,'2012-06-02 11:30:46'),
	(161,1,1,'Friuli Tipico',10,'2012-06-03 11:34:15'),
	(162,1,1,'Friuli Tipico',10,'2012-06-04 11:30:52'),
	(163,1,1,'Friuli Tipico',10,'2012-06-05 11:32:47'),
	(164,1,1,'Friuli Tipico',1,'2012-06-05 11:38:25'),
	(165,1,1,'Cerca',0,'2012-06-05 11:38:34'),
	(166,1,1,'Friuli Tipico',1,'2012-06-05 11:38:37'),
	(167,1,1,'Friuli Tipico',1,'2012-06-05 11:39:38'),
	(168,1,1,'Friuli Tipico',1,'2012-06-05 11:39:42'),
	(169,1,1,'Cerca',0,'2012-06-05 11:39:43'),
	(170,1,1,'Search',0,'2012-06-05 11:39:53'),
	(171,1,1,'Friuli Tipico',1,'2012-06-05 11:39:57'),
	(172,1,1,'1',0,'2012-06-05 11:40:10'),
	(173,1,1,'1',0,'2012-06-05 11:40:33'),
	(174,1,1,'Search',0,'2012-06-05 11:40:36'),
	(175,1,1,'Cerca',0,'2012-06-05 11:40:38'),
	(176,1,1,'1',0,'2012-06-05 11:40:41'),
	(177,1,1,'Friuli Tipico',10,'2012-06-05 11:41:15'),
	(178,1,1,'Cerca',0,'2012-06-05 11:41:18'),
	(179,1,1,'Friuli Tipico',10,'2012-06-05 11:41:22'),
	(180,1,1,'1',0,'2012-06-05 11:41:25'),
	(181,1,1,'1',0,'2012-06-05 11:42:07'),
	(182,1,1,'Cerca',0,'2012-06-05 11:43:13'),
	(183,1,1,'Cerca',0,'2012-06-05 11:43:14'),
	(184,1,1,'Cerca',0,'2012-06-05 11:43:15'),
	(185,1,1,'1',0,'2012-06-05 11:43:53'),
	(186,1,1,'Cerca',0,'2012-06-05 11:44:06'),
	(187,1,1,'1',0,'2012-06-05 11:44:07'),
	(188,1,1,'1',0,'2012-06-05 11:44:08'),
	(189,1,1,'1',0,'2012-06-05 11:44:10'),
	(190,1,1,'1',0,'2012-06-05 11:44:11'),
	(191,1,1,'Friuli Tipico',1,'2012-06-05 11:44:13'),
	(192,1,1,'Search',0,'2012-06-05 11:44:18'),
	(193,1,1,'Friuli Tipico',1,'2012-06-05 11:44:19'),
	(194,1,1,'Friuli Tipico',1,'2012-06-05 11:44:20'),
	(195,1,1,'Search',0,'2012-06-05 11:44:25'),
	(196,1,1,'1',0,'2012-06-05 11:44:35'),
	(197,1,1,'1',0,'2012-06-05 11:44:37'),
	(198,1,1,'1',0,'2012-06-05 11:44:38'),
	(199,1,1,'Friuli Tipico',1,'2012-06-05 11:44:39'),
	(200,1,1,'1',0,'2012-06-05 11:45:13'),
	(201,1,1,'Borghi',1,'2012-06-05 11:45:14'),
	(202,1,1,'1',0,'2012-06-05 11:46:05'),
	(203,1,1,'Friuli Tipico',1,'2012-06-05 11:46:48'),
	(204,1,1,'Friuli Tipico',1,'2012-06-05 11:46:49'),
	(205,1,1,'Search',0,'2012-06-05 11:47:00'),
	(206,1,1,'Cerca',0,'2012-06-05 11:47:02'),
	(207,1,1,'Friuli Tipico',10,'2012-06-05 11:47:03'),
	(208,1,1,'Friuli Tipico',10,'2012-06-05 11:47:05'),
	(209,1,1,'Provincia di Trieste',1,'2012-06-05 11:47:07'),
	(210,1,1,'Gorizia',1,'2012-06-05 11:47:08'),
	(211,1,1,'Enogastronomia',10,'2012-06-05 11:47:10'),
	(212,1,1,'Collina',2,'2012-06-05 11:47:12'),
	(213,1,1,'Cicloturismo',1,'2012-06-05 11:47:13'),
	(214,1,1,'Montagna',1,'2012-06-05 11:47:15'),
	(215,1,1,'Search',0,'2012-06-05 11:48:14'),
	(216,1,1,'Friuli Tipico',1,'2012-06-05 11:48:16'),
	(217,1,1,'Search',0,'2012-06-05 11:48:18'),
	(218,1,1,'1',0,'2012-06-05 11:48:19'),
	(219,1,1,'Provincia di Trieste',1,'2012-06-05 11:48:21'),
	(220,1,1,'Collina',1,'2012-06-05 11:48:23'),
	(221,1,1,'Suche',0,'2012-06-05 11:48:25'),
	(222,1,1,'1',0,'2012-06-05 11:48:27'),
	(223,1,1,'Enogastronomia',1,'2012-06-05 11:48:29'),
	(224,1,1,'Cicloturismo',1,'2012-06-05 11:48:30'),
	(225,1,1,'Search',0,'2012-06-05 11:48:49'),
	(226,1,1,'1',0,'2012-06-05 11:48:53'),
	(227,1,1,'Borghi',1,'2012-06-05 11:48:59'),
	(228,1,1,'Gorizia',1,'2012-06-05 11:49:00'),
	(229,1,1,'Friuli Tipico',10,'2012-06-06 11:40:44'),
	(230,1,1,'Friuli Tipico',10,'2012-06-07 11:31:22'),
	(231,1,1,'Borghi',1,'2012-06-08 03:33:37'),
	(232,1,1,'Enogastronomia',10,'2012-06-08 03:33:38'),
	(233,1,1,'Borghi',1,'2012-06-08 03:33:41'),
	(234,1,1,'Enogastronomia',10,'2012-06-08 03:33:42'),
	(235,1,1,'Friuli Tipico',10,'2012-06-08 03:33:44'),
	(236,1,1,'San Daniele',2,'2012-06-08 03:33:46'),
	(237,1,1,'Friuli Tipico',10,'2012-06-08 03:33:48'),
	(238,1,1,'San Daniele',2,'2012-06-08 03:33:49'),
	(239,1,1,'Sauris',1,'2012-06-08 03:33:51'),
	(240,1,1,'Suggestioni storiche',3,'2012-06-08 03:33:53'),
	(241,1,1,'Sauris',1,'2012-06-08 03:34:00'),
	(242,1,1,'TO',3,'2012-06-08 03:34:03'),
	(243,1,1,'Suggestioni storiche',3,'2012-06-08 03:34:04'),
	(244,1,1,'TO',3,'2012-06-08 03:34:07'),
	(245,1,1,'Trieste',1,'2012-06-08 03:34:08'),
	(246,1,1,'Trieste',1,'2012-06-08 03:34:12'),
	(247,1,1,'Friuli Tipico',10,'2012-06-08 11:43:44'),
	(248,1,1,'Friuli Tipico',10,'2012-06-09 11:36:09'),
	(249,1,1,'Friuli Tipico',10,'2012-06-10 11:40:33'),
	(250,1,1,'Borghi',1,'2012-06-11 03:46:59'),
	(251,1,1,'Borghi',1,'2012-06-11 03:47:04'),
	(252,1,1,'Enogastronomia',10,'2012-06-11 03:47:05'),
	(253,1,1,'Friuli Tipico',10,'2012-06-11 03:47:08'),
	(254,1,1,'Enogastronomia',10,'2012-06-11 03:47:09'),
	(255,1,1,'Friuli Tipico',10,'2012-06-11 03:47:12'),
	(256,1,1,'San Daniele',2,'2012-06-11 03:47:13'),
	(257,1,1,'Sauris',1,'2012-06-11 03:47:16'),
	(258,1,1,'San Daniele',2,'2012-06-11 03:47:17'),
	(259,1,1,'Sauris',1,'2012-06-11 03:47:20'),
	(260,1,1,'Suggestioni storiche',3,'2012-06-11 03:47:21'),
	(261,1,1,'TO',3,'2012-06-11 03:47:24'),
	(262,1,1,'Suggestioni storiche',3,'2012-06-11 03:47:25'),
	(263,1,1,'TO',3,'2012-06-11 03:47:28'),
	(264,1,1,'Trieste',1,'2012-06-11 03:47:29'),
	(265,1,1,'Trieste',1,'2012-06-11 03:47:33'),
	(266,1,1,'Friuli Tipico',10,'2012-06-11 11:31:51'),
	(267,1,1,'Tour in giornata',6,'2012-06-11 16:47:33'),
	(268,1,1,'Friuli Tipico',10,'2012-06-12 11:33:32'),
	(269,1,1,'Friuli Tipico',10,'2012-06-13 11:36:43'),
	(270,1,1,'Borghi',1,'2012-06-14 10:32:56'),
	(271,1,1,'Enogastronomia',10,'2012-06-14 10:33:01'),
	(272,1,1,'Borghi',1,'2012-06-14 10:33:01'),
	(273,1,1,'Enogastronomia',10,'2012-06-14 10:33:06'),
	(274,1,1,'Friuli Tipico',10,'2012-06-14 10:33:07'),
	(275,1,1,'San Daniele',2,'2012-06-14 10:33:11'),
	(276,1,1,'Friuli Tipico',10,'2012-06-14 10:33:12'),
	(277,1,1,'Sauris',1,'2012-06-14 10:33:16'),
	(278,1,1,'San Daniele',2,'2012-06-14 10:33:18'),
	(279,1,1,'Sauris',1,'2012-06-14 10:33:21'),
	(280,1,1,'Suggestioni storiche',3,'2012-06-14 10:33:22'),
	(281,1,1,'TO',3,'2012-06-14 10:33:25'),
	(282,1,1,'Suggestioni storiche',3,'2012-06-14 10:33:26'),
	(283,1,1,'TO',3,'2012-06-14 10:33:30'),
	(284,1,1,'Trieste',1,'2012-06-14 10:33:31'),
	(285,1,1,'Trieste',1,'2012-06-14 10:33:36'),
	(286,1,1,'Friuli Tipico',10,'2012-06-14 11:35:10'),
	(287,1,1,'Friuli Tipico',10,'2012-06-15 11:34:30'),
	(288,1,1,'Friuli Tipico',10,'2012-06-16 11:37:06'),
	(289,1,1,'Borghi',1,'2012-06-16 11:46:07'),
	(290,1,1,'Enogastronomia',10,'2012-06-16 11:46:09'),
	(291,1,1,'Borghi',1,'2012-06-16 11:46:11'),
	(292,1,1,'Enogastronomia',10,'2012-06-16 11:46:14'),
	(293,1,1,'Friuli Tipico',10,'2012-06-16 11:46:14'),
	(294,1,1,'San Daniele',2,'2012-06-16 11:46:18'),
	(295,1,1,'Friuli Tipico',10,'2012-06-16 11:46:19'),
	(296,1,1,'San Daniele',2,'2012-06-16 11:46:21'),
	(297,1,1,'Sauris',1,'2012-06-16 11:46:23'),
	(298,1,1,'Suggestioni storiche',3,'2012-06-16 11:46:25'),
	(299,1,1,'Sauris',1,'2012-06-16 11:46:27'),
	(300,1,1,'Suggestioni storiche',3,'2012-06-16 11:46:29'),
	(301,1,1,'TO',3,'2012-06-16 11:46:31'),
	(302,1,1,'Trieste',1,'2012-06-16 11:46:33'),
	(303,1,1,'TO',3,'2012-06-16 11:46:34'),
	(304,1,1,'Trieste',1,'2012-06-16 11:46:37'),
	(305,1,1,'Friuli Tipico',10,'2012-06-17 11:31:39'),
	(306,1,1,'Friuli Tipico',10,'2012-06-18 11:41:26'),
	(307,1,1,'Borghi',1,'2012-06-19 02:48:05'),
	(308,1,1,'Borghi',1,'2012-06-19 02:48:09'),
	(309,1,1,'Enogastronomia',10,'2012-06-19 02:48:12'),
	(310,1,1,'Friuli Tipico',10,'2012-06-19 02:48:16'),
	(311,1,1,'Enogastronomia',10,'2012-06-19 02:48:18'),
	(312,1,1,'Friuli Tipico',10,'2012-06-19 02:48:21'),
	(313,1,1,'San Daniele',2,'2012-06-19 02:48:22'),
	(314,1,1,'Sauris',1,'2012-06-19 02:48:25'),
	(315,1,1,'San Daniele',2,'2012-06-19 02:48:26'),
	(316,1,1,'Suggestioni storiche',3,'2012-06-19 02:48:30'),
	(317,1,1,'Sauris',1,'2012-06-19 02:48:31'),
	(318,1,1,'Suggestioni storiche',3,'2012-06-19 02:48:34'),
	(319,1,1,'TO',3,'2012-06-19 02:48:35'),
	(320,1,1,'Trieste',1,'2012-06-19 02:48:38'),
	(321,1,1,'TO',3,'2012-06-19 02:48:39'),
	(322,1,1,'Trieste',1,'2012-06-19 02:48:42'),
	(323,1,1,'Friuli Tipico',10,'2012-06-19 11:44:31'),
	(324,1,1,'Friuli Tipico',10,'2012-06-20 11:42:22'),
	(325,1,1,'Friuli Tipico',10,'2012-06-21 11:36:29'),
	(326,1,1,'Borghi',1,'2012-06-22 05:54:10'),
	(327,1,1,'Enogastronomia',10,'2012-06-22 05:54:13'),
	(328,1,1,'Borghi',1,'2012-06-22 05:54:14'),
	(329,1,1,'Enogastronomia',10,'2012-06-22 05:54:18'),
	(330,1,1,'Friuli Tipico',10,'2012-06-22 05:54:19'),
	(331,1,1,'San Daniele',2,'2012-06-22 05:54:22'),
	(332,1,1,'Friuli Tipico',10,'2012-06-22 05:54:24'),
	(333,1,1,'San Daniele',2,'2012-06-22 05:54:26'),
	(334,1,1,'Sauris',1,'2012-06-22 05:54:28'),
	(335,1,1,'Suggestioni storiche',3,'2012-06-22 05:54:29'),
	(336,1,1,'Sauris',1,'2012-06-22 05:54:32'),
	(337,1,1,'Suggestioni storiche',3,'2012-06-22 05:54:33'),
	(338,1,1,'TO',3,'2012-06-22 05:54:36'),
	(339,1,1,'Trieste',1,'2012-06-22 05:54:39'),
	(340,1,1,'TO',3,'2012-06-22 05:54:40'),
	(341,1,1,'Trieste',1,'2012-06-22 05:54:43'),
	(342,1,1,'Friuli Tipico',10,'2012-06-22 11:40:11'),
	(343,1,1,'Friuli Tipico',10,'2012-06-23 11:52:18'),
	(344,1,1,'Friuli Tipico',10,'2012-06-24 11:32:22'),
	(345,1,1,'Friuli Tipico',10,'2012-06-25 11:31:00'),
	(346,1,1,'Borghi',1,'2012-06-25 14:26:01'),
	(347,1,1,'Enogastronomia',10,'2012-06-25 14:26:02'),
	(348,1,1,'Borghi',1,'2012-06-25 14:26:05'),
	(349,1,1,'Enogastronomia',10,'2012-06-25 14:26:06'),
	(350,1,1,'Friuli Tipico',10,'2012-06-25 14:26:09'),
	(351,1,1,'San Daniele',2,'2012-06-25 14:26:10'),
	(352,1,1,'Friuli Tipico',10,'2012-06-25 14:26:13'),
	(353,1,1,'San Daniele',2,'2012-06-25 14:26:14'),
	(354,1,1,'Sauris',1,'2012-06-25 14:26:16'),
	(355,1,1,'Suggestioni storiche',3,'2012-06-25 14:26:17'),
	(356,1,1,'Sauris',1,'2012-06-25 14:26:19'),
	(357,1,1,'Suggestioni storiche',3,'2012-06-25 14:26:21'),
	(358,1,1,'Trieste',1,'2012-06-25 14:26:24'),
	(359,1,1,'Trieste',1,'2012-06-25 14:26:28'),
	(360,1,1,'TO',3,'2012-06-25 14:26:29'),
	(361,1,1,'TO',3,'2012-06-25 14:26:33'),
	(362,1,1,'Friuli Tipico',10,'2012-06-26 11:32:08'),
	(363,1,1,'Friuli Tipico',10,'2012-06-27 11:37:21'),
	(364,1,1,'Friuli Tipico',10,'2012-06-28 11:42:45'),
	(365,1,1,'Borghi',1,'2012-06-28 18:02:10'),
	(366,1,1,'Enogastronomia',10,'2012-06-28 18:02:12'),
	(367,1,1,'Borghi',1,'2012-06-28 18:02:14'),
	(368,1,1,'Enogastronomia',10,'2012-06-28 18:02:16'),
	(369,1,1,'Friuli Tipico',10,'2012-06-28 18:02:17'),
	(370,1,1,'Friuli Tipico',10,'2012-06-28 18:02:21'),
	(371,1,1,'Sauris',1,'2012-06-28 18:02:25'),
	(372,1,1,'Sauris',1,'2012-06-28 18:02:28'),
	(373,1,1,'San Daniele',2,'2012-06-28 18:02:30'),
	(374,1,1,'Suggestioni storiche',3,'2012-06-28 18:02:32'),
	(375,1,1,'San Daniele',2,'2012-06-28 18:02:34'),
	(376,1,1,'Suggestioni storiche',3,'2012-06-28 18:02:35'),
	(377,1,1,'TO',3,'2012-06-28 18:02:37'),
	(378,1,1,'Trieste',1,'2012-06-28 18:02:39'),
	(379,1,1,'TO',3,'2012-06-28 18:02:41'),
	(380,1,1,'Trieste',1,'2012-06-28 18:02:42'),
	(381,1,1,'Friuli Tipico',10,'2012-06-29 11:44:33'),
	(382,1,1,'Friuli Tipico',10,'2012-06-30 11:37:29'),
	(383,1,1,'Friuli Tipico',10,'2012-07-01 11:40:19'),
	(384,1,1,'Borghi',1,'2012-07-01 16:32:24'),
	(385,1,1,'Enogastronomia',10,'2012-07-01 16:32:26'),
	(386,1,1,'Borghi',1,'2012-07-01 16:32:28'),
	(387,1,1,'Enogastronomia',10,'2012-07-01 16:32:30'),
	(388,1,1,'Friuli Tipico',10,'2012-07-01 16:32:31'),
	(389,1,1,'San Daniele',2,'2012-07-01 16:32:34'),
	(390,1,1,'Friuli Tipico',10,'2012-07-01 16:32:35'),
	(391,1,1,'San Daniele',2,'2012-07-01 16:32:37'),
	(392,1,1,'Sauris',1,'2012-07-01 16:32:39'),
	(393,1,1,'Suggestioni storiche',3,'2012-07-01 16:32:41'),
	(394,1,1,'Sauris',1,'2012-07-01 16:32:42'),
	(395,1,1,'Suggestioni storiche',3,'2012-07-01 16:32:45'),
	(396,1,1,'TO',3,'2012-07-01 16:32:46'),
	(397,1,1,'Trieste',1,'2012-07-01 16:32:49'),
	(398,1,1,'TO',3,'2012-07-01 16:32:50'),
	(399,1,1,'Trieste',1,'2012-07-01 16:32:52'),
	(400,1,1,'Friuli Tipico',10,'2012-07-02 12:39:32'),
	(401,1,1,'Friuli Tipico',10,'2012-07-03 11:39:04'),
	(402,1,1,'Borghi',1,'2012-07-04 10:27:52'),
	(403,1,1,'Borghi',1,'2012-07-04 10:27:57'),
	(404,1,1,'Enogastronomia',10,'2012-07-04 10:28:01'),
	(405,1,1,'Friuli Tipico',10,'2012-07-04 10:28:04'),
	(406,1,1,'Friuli Tipico',10,'2012-07-04 10:28:08'),
	(407,1,1,'San Daniele',2,'2012-07-04 10:28:12'),
	(408,1,1,'Enogastronomia',10,'2012-07-04 10:28:13'),
	(409,1,1,'San Daniele',2,'2012-07-04 10:28:15'),
	(410,1,1,'Sauris',1,'2012-07-04 10:28:18'),
	(411,1,1,'Suggestioni storiche',3,'2012-07-04 10:28:19'),
	(412,1,1,'Sauris',1,'2012-07-04 10:28:21'),
	(413,1,1,'Suggestioni storiche',3,'2012-07-04 10:28:23'),
	(414,1,1,'TO',3,'2012-07-04 10:28:25'),
	(415,1,1,'Trieste',1,'2012-07-04 10:28:27'),
	(416,1,1,'TO',3,'2012-07-04 10:28:29'),
	(417,1,1,'Trieste',1,'2012-07-04 10:28:45'),
	(418,1,1,'Friuli Tipico',10,'2012-07-04 11:40:08'),
	(419,1,1,'Friuli Tipico',10,'2012-07-05 11:36:43'),
	(420,1,1,'1',0,'2012-07-05 11:46:52'),
	(421,1,1,'Friuli Tipico',1,'2012-07-05 11:47:09'),
	(422,1,1,'1',0,'2012-07-05 11:47:47'),
	(423,1,1,'Cerca',0,'2012-07-05 11:50:22'),
	(424,1,1,'Friuli Tipico',10,'2012-07-05 11:50:34'),
	(425,1,1,'Friuli Tipico',1,'2012-07-05 11:50:38'),
	(426,1,1,'Cerca',0,'2012-07-05 11:50:47'),
	(427,1,1,'Cerca',0,'2012-07-05 11:50:57'),
	(428,1,1,'Friuli Tipico',1,'2012-07-05 11:51:03'),
	(429,1,1,'Cerca',0,'2012-07-05 11:54:18'),
	(430,1,1,'Cerca',0,'2012-07-05 11:54:24'),
	(431,1,1,'Cerca',0,'2012-07-05 11:54:30'),
	(432,1,1,'Friuli Tipico',1,'2012-07-05 11:54:43'),
	(433,1,1,'Cerca',0,'2012-07-05 11:56:02'),
	(434,1,1,'Cerca',0,'2012-07-05 11:56:10'),
	(435,1,1,'Friuli Tipico',10,'2012-07-05 11:56:15'),
	(436,1,1,'1',0,'2012-07-05 11:57:49'),
	(437,1,1,'Friuli Tipico',1,'2012-07-05 11:57:51'),
	(438,1,1,'1',0,'2012-07-05 11:57:54'),
	(439,1,1,'1',0,'2012-07-05 11:57:56'),
	(440,1,1,'Friuli Tipico',1,'2012-07-05 11:57:59'),
	(441,1,1,'Search',0,'2012-07-05 11:58:01'),
	(442,1,1,'Friuli Tipico',1,'2012-07-05 11:58:04'),
	(443,1,1,'Cerca',0,'2012-07-05 11:58:11'),
	(444,1,1,'1',0,'2012-07-05 11:58:13'),
	(445,1,1,'1',0,'2012-07-05 11:58:16'),
	(446,1,1,'Friuli Tipico',1,'2012-07-05 11:58:19'),
	(447,1,1,'1',0,'2012-07-05 12:00:43'),
	(448,1,1,'1',0,'2012-07-05 12:01:24'),
	(449,1,1,'1',0,'2012-07-05 12:01:27'),
	(450,1,1,'Friuli Tipico',1,'2012-07-05 12:01:29'),
	(451,1,1,'Friuli Tipico',1,'2012-07-05 12:01:32'),
	(452,1,1,'Suche',0,'2012-07-05 12:01:35'),
	(453,1,1,'Friuli Tipico',1,'2012-07-05 12:01:37'),
	(454,1,1,'1',0,'2012-07-05 12:01:40'),
	(455,1,1,'Search',0,'2012-07-05 12:01:42'),
	(456,1,1,'1',0,'2012-07-05 12:01:45'),
	(457,1,1,'Borghi',1,'2012-07-05 12:02:45'),
	(458,1,1,'Provincia di Trieste',1,'2012-07-05 12:02:49'),
	(459,1,1,'1',0,'2012-07-05 12:02:52'),
	(460,1,1,'Gorizia',1,'2012-07-05 12:02:55'),
	(461,1,1,'Enogastronomia',10,'2012-07-05 12:02:59'),
	(462,1,1,'Collina',2,'2012-07-05 12:03:03'),
	(463,1,1,'Cicloturismo',1,'2012-07-05 12:03:07'),
	(464,1,1,'Sauris',1,'2012-07-05 12:03:11'),
	(465,1,1,'Suche',0,'2012-07-05 12:03:15'),
	(466,1,1,'Search',0,'2012-07-05 12:03:18'),
	(467,1,1,'1',0,'2012-07-05 12:05:43'),
	(468,1,1,'Friuli Tipico',10,'2012-07-06 23:00:53'),
	(469,1,1,'Friuli Tipico',10,'2012-07-06 23:03:34'),
	(470,1,1,'Friuli Tipico',10,'2012-07-06 23:03:38'),
	(471,1,1,'Friuli Tipico',10,'2012-07-06 23:03:43'),
	(472,1,1,'Friuli Tipico AND 3408=3408',1,'2012-07-06 23:03:47'),
	(473,1,1,'Friuli Tipico\' AND \'ekXD\'=\'ekXD',1,'2012-07-06 23:03:50'),
	(474,1,1,'Friuli Tipico\' AND \'ekXD\' LIKE \'ekXD',1,'2012-07-06 23:03:53'),
	(475,1,1,'Friuli Tipico\" AND \"ekXD\"=\"ekXD',1,'2012-07-06 23:03:56'),
	(476,1,1,'Friuli Tipico\" AND \"ekXD\" LIKE \"ekXD',1,'2012-07-06 23:03:59'),
	(477,1,1,'Friuli Tipico) AND (3977=3977',1,'2012-07-06 23:04:02'),
	(478,1,1,'Friuli Tipico\') AND (\'LibH\'=\'LibH',1,'2012-07-06 23:04:05'),
	(479,1,1,'Friuli Tipico\') AND (\'LibH\' LIKE \'LibH',1,'2012-07-06 23:04:08'),
	(480,1,1,'Friuli Tipico\") AND (\"LibH\"=\"LibH',1,'2012-07-06 23:04:11'),
	(481,1,1,'Friuli Tipico\") AND (\"LibH\" LIKE \"LibH',1,'2012-07-06 23:04:14'),
	(482,1,1,'Friuli Tipico)) AND ((983=983',1,'2012-07-06 23:04:17'),
	(483,1,1,'Friuli Tipico\')) AND ((\'QCCM\'=\'QCCM',1,'2012-07-06 23:04:20'),
	(484,1,1,'Friuli Tipico\')) AND ((\'QCCM\' LIKE \'QCCM',1,'2012-07-06 23:04:23'),
	(485,1,1,'Friuli Tipico\")) AND ((\"QCCM\"=\"QCCM',1,'2012-07-06 23:04:26'),
	(486,1,1,'Friuli Tipico\")) AND ((\"QCCM\" LIKE \"QCCM',1,'2012-07-06 23:04:32'),
	(487,1,1,'Friuli Tipico))) AND (((3755=3755',1,'2012-07-06 23:04:38'),
	(488,1,1,'Friuli Tipico\'))) AND (((\'hZCT\'=\'hZCT',1,'2012-07-06 23:04:43'),
	(489,1,1,'Friuli Tipico\'))) AND (((\'hZCT\' LIKE \'hZCT',1,'2012-07-06 23:04:49'),
	(490,1,1,'Friuli Tipico\"))) AND (((\"hZCT\"=\"hZCT',1,'2012-07-06 23:04:54'),
	(491,1,1,'Friuli Tipico\"))) AND (((\"hZCT\" LIKE \"hZCT',1,'2012-07-06 23:05:00'),
	(492,1,1,'alert(\"xssvuln\")',1,'2012-07-06 23:05:05'),
	(493,1,1,'alert(\"xssvuln\")',1,'2012-07-06 23:05:07'),
	(494,1,1,'Friuli Tipico',10,'2012-07-07 11:36:39'),
	(495,1,1,'Enogastronomia',10,'2012-07-07 21:34:32'),
	(496,1,1,'Borghi',1,'2012-07-07 21:34:33'),
	(497,1,1,'Enogastronomia',10,'2012-07-07 21:34:37'),
	(498,1,1,'Borghi',1,'2012-07-07 21:34:37'),
	(499,1,1,'Friuli Tipico',10,'2012-07-07 21:34:41'),
	(500,1,1,'San Daniele',2,'2012-07-07 21:34:42'),
	(501,1,1,'Friuli Tipico',10,'2012-07-07 21:34:45'),
	(502,1,1,'San Daniele',2,'2012-07-07 21:34:46'),
	(503,1,1,'Sauris',1,'2012-07-07 21:34:48'),
	(504,1,1,'Suggestioni storiche',3,'2012-07-07 21:34:50'),
	(505,1,1,'Sauris',1,'2012-07-07 21:34:52'),
	(506,1,1,'Suggestioni storiche',3,'2012-07-07 21:34:53'),
	(507,1,1,'TO',3,'2012-07-07 21:34:56'),
	(508,1,1,'Trieste',1,'2012-07-07 21:34:57'),
	(509,1,1,'TO',3,'2012-07-07 21:34:59'),
	(510,1,1,'Trieste',1,'2012-07-07 21:35:02'),
	(511,1,1,'Friuli Tipico',10,'2012-07-08 11:39:54'),
	(512,1,1,'Friuli Tipico',10,'2012-07-09 11:36:49'),
	(513,1,1,'Friuli Tipico',10,'2012-07-10 11:36:18'),
	(514,1,1,'Friuli Tipico',10,'2012-07-11 16:44:36'),
	(515,1,1,'Borghi',1,'2012-07-11 18:56:47'),
	(516,1,1,'Enogastronomia',10,'2012-07-11 18:56:49'),
	(517,1,1,'Borghi',1,'2012-07-11 18:56:51'),
	(518,1,1,'Enogastronomia',10,'2012-07-11 18:56:53'),
	(519,1,1,'Friuli Tipico',10,'2012-07-11 18:56:55'),
	(520,1,1,'San Daniele',2,'2012-07-11 18:56:57'),
	(521,1,1,'Friuli Tipico',10,'2012-07-11 18:56:58'),
	(522,1,1,'San Daniele',2,'2012-07-11 18:57:00'),
	(523,1,1,'Sauris',1,'2012-07-11 18:57:02'),
	(524,1,1,'Suggestioni storiche',3,'2012-07-11 18:57:04'),
	(525,1,1,'Sauris',1,'2012-07-11 18:57:05'),
	(526,1,1,'Suggestioni storiche',3,'2012-07-11 18:57:08'),
	(527,1,1,'TO',3,'2012-07-11 18:57:09'),
	(528,1,1,'Trieste',1,'2012-07-11 18:57:11'),
	(529,1,1,'TO',3,'2012-07-11 18:57:12'),
	(530,1,1,'Trieste',1,'2012-07-11 18:57:15'),
	(531,1,1,'Friuli Tipico',10,'2012-07-12 11:31:41'),
	(532,1,1,'Friuli Tipico',10,'2012-07-13 11:33:50'),
	(533,1,1,'Friuli Tipico',10,'2012-07-14 11:44:21'),
	(534,1,1,'Borghi',1,'2012-07-14 15:24:53'),
	(535,1,1,'Enogastronomia',10,'2012-07-14 15:24:55'),
	(536,1,1,'Borghi',1,'2012-07-14 15:24:57'),
	(537,1,1,'Enogastronomia',10,'2012-07-14 15:24:59'),
	(538,1,1,'Friuli Tipico',10,'2012-07-14 15:25:01'),
	(539,1,1,'San Daniele',2,'2012-07-14 15:25:03'),
	(540,1,1,'Friuli Tipico',10,'2012-07-14 15:25:05'),
	(541,1,1,'San Daniele',2,'2012-07-14 15:25:07'),
	(542,1,1,'Sauris',1,'2012-07-14 15:25:09'),
	(543,1,1,'Suggestioni storiche',3,'2012-07-14 15:25:10'),
	(544,1,1,'Sauris',1,'2012-07-14 15:25:12'),
	(545,1,1,'Suggestioni storiche',3,'2012-07-14 15:25:14'),
	(546,1,1,'TO',3,'2012-07-14 15:25:16'),
	(547,1,1,'Trieste',1,'2012-07-14 15:25:18'),
	(548,1,1,'TO',3,'2012-07-14 15:25:20'),
	(549,1,1,'Trieste',1,'2012-07-14 15:25:21'),
	(550,1,1,'Friuli Tipico',10,'2012-07-15 11:39:45'),
	(551,1,1,'Friuli Tipico',10,'2012-07-16 11:38:12'),
	(552,1,1,'Borghi',1,'2012-07-17 02:20:55'),
	(553,1,1,'Enogastronomia',10,'2012-07-17 02:20:56'),
	(554,1,1,'Borghi',1,'2012-07-17 02:20:58'),
	(555,1,1,'Enogastronomia',10,'2012-07-17 02:21:00'),
	(556,1,1,'Friuli Tipico',10,'2012-07-17 02:21:02'),
	(557,1,1,'San Daniele',2,'2012-07-17 02:21:03'),
	(558,1,1,'Friuli Tipico',10,'2012-07-17 02:21:06'),
	(559,1,1,'San Daniele',2,'2012-07-17 02:21:07'),
	(560,1,1,'Sauris',1,'2012-07-17 02:21:09'),
	(561,1,1,'Suggestioni storiche',3,'2012-07-17 02:21:11'),
	(562,1,1,'Sauris',1,'2012-07-17 02:21:13'),
	(563,1,1,'Suggestioni storiche',3,'2012-07-17 02:21:14'),
	(564,1,1,'TO',3,'2012-07-17 02:21:16'),
	(565,1,1,'Trieste',1,'2012-07-17 02:21:18'),
	(566,1,1,'TO',3,'2012-07-17 02:21:20'),
	(567,1,1,'Trieste',1,'2012-07-17 02:21:21'),
	(568,1,1,'Friuli Tipico',10,'2012-07-17 11:42:33'),
	(569,1,1,'Friuli Tipico',10,'2012-07-18 11:34:46'),
	(570,1,1,'Friuli Tipico',10,'2012-07-19 11:43:20'),
	(571,1,1,'Friuli Tipico',10,'2012-07-20 11:43:55'),
	(572,1,1,'Borghi',1,'2012-07-21 02:57:44'),
	(573,1,1,'Enogastronomia',10,'2012-07-21 02:57:47'),
	(574,1,1,'Borghi',1,'2012-07-21 02:57:48'),
	(575,1,1,'Enogastronomia',10,'2012-07-21 02:57:50'),
	(576,1,1,'Friuli Tipico',10,'2012-07-21 02:57:51'),
	(577,1,1,'San Daniele',2,'2012-07-21 02:57:54'),
	(578,1,1,'Friuli Tipico',10,'2012-07-21 02:57:55'),
	(579,1,1,'San Daniele',2,'2012-07-21 02:57:57'),
	(580,1,1,'Sauris',1,'2012-07-21 02:57:59'),
	(581,1,1,'Suggestioni storiche',3,'2012-07-21 02:58:00'),
	(582,1,1,'Sauris',1,'2012-07-21 02:58:02'),
	(583,1,1,'Suggestioni storiche',3,'2012-07-21 02:58:04'),
	(584,1,1,'TO',3,'2012-07-21 02:58:05'),
	(585,1,1,'Trieste',1,'2012-07-21 02:58:07'),
	(586,1,1,'TO',3,'2012-07-21 02:58:09'),
	(587,1,1,'Trieste',1,'2012-07-21 02:58:11'),
	(588,1,1,'Friuli Tipico',10,'2012-07-21 11:36:09'),
	(589,1,1,'Friuli Tipico',10,'2012-07-22 11:37:45'),
	(590,1,1,'Friuli Tipico',10,'2012-07-23 11:34:57'),
	(591,1,1,'Borghi',1,'2012-07-24 06:50:21'),
	(592,1,1,'Enogastronomia',10,'2012-07-24 06:50:22'),
	(593,1,1,'Borghi',1,'2012-07-24 06:50:24'),
	(594,1,1,'Enogastronomia',10,'2012-07-24 06:50:26'),
	(595,1,1,'Friuli Tipico',10,'2012-07-24 06:50:28'),
	(596,1,1,'San Daniele',2,'2012-07-24 06:50:31'),
	(597,1,1,'Friuli Tipico',10,'2012-07-24 06:50:32'),
	(598,1,1,'San Daniele',2,'2012-07-24 06:50:35'),
	(599,1,1,'Sauris',1,'2012-07-24 06:50:36'),
	(600,1,1,'Suggestioni storiche',3,'2012-07-24 06:50:39'),
	(601,1,1,'Sauris',1,'2012-07-24 06:50:40'),
	(602,1,1,'Suggestioni storiche',3,'2012-07-24 06:50:42'),
	(603,1,1,'TO',3,'2012-07-24 06:50:43'),
	(604,1,1,'Trieste',1,'2012-07-24 06:50:46'),
	(605,1,1,'TO',3,'2012-07-24 06:50:47'),
	(606,1,1,'Trieste',1,'2012-07-24 06:50:49'),
	(607,1,1,'Friuli Tipico',10,'2012-07-24 11:42:39'),
	(608,1,1,'Friuli Tipico',10,'2012-07-25 11:33:08'),
	(609,1,1,'Friuli Tipico',10,'2012-07-26 11:39:42'),
	(610,1,1,'Friuli Tipico',10,'2012-07-27 11:42:50'),
	(611,1,1,'Friuli Tipico',10,'2012-07-28 11:34:16'),
	(612,1,1,'Borghi',1,'2012-07-28 16:41:24'),
	(613,1,1,'Enogastronomia',10,'2012-07-28 16:41:25'),
	(614,1,1,'Borghi',1,'2012-07-28 16:41:27'),
	(615,1,1,'Enogastronomia',10,'2012-07-28 16:41:29'),
	(616,1,1,'Friuli Tipico',10,'2012-07-28 16:41:31'),
	(617,1,1,'San Daniele',2,'2012-07-28 16:41:33'),
	(618,1,1,'Friuli Tipico',10,'2012-07-28 16:41:35'),
	(619,1,1,'San Daniele',2,'2012-07-28 16:41:36'),
	(620,1,1,'Sauris',1,'2012-07-28 16:41:38'),
	(621,1,1,'Suggestioni storiche',3,'2012-07-28 16:41:39'),
	(622,1,1,'Sauris',1,'2012-07-28 16:41:41'),
	(623,1,1,'Suggestioni storiche',3,'2012-07-28 16:41:43'),
	(624,1,1,'TO',3,'2012-07-28 16:41:45'),
	(625,1,1,'Trieste',1,'2012-07-28 16:41:47'),
	(626,1,1,'TO',3,'2012-07-28 16:41:48'),
	(627,1,1,'Trieste',1,'2012-07-28 16:41:51'),
	(628,1,1,'Friuli Tipico',10,'2012-07-29 11:43:06'),
	(629,1,1,'Friuli Tipico',10,'2012-07-30 11:39:29'),
	(630,1,1,'Friuli Tipico',10,'2012-07-31 11:33:24'),
	(631,1,1,'Borghi',1,'2012-07-31 20:09:06'),
	(632,1,1,'Enogastronomia',10,'2012-07-31 20:09:08'),
	(633,1,1,'Borghi',1,'2012-07-31 20:09:11'),
	(634,1,1,'Enogastronomia',10,'2012-07-31 20:09:13'),
	(635,1,1,'Friuli Tipico',10,'2012-07-31 20:09:15'),
	(636,1,1,'San Daniele',2,'2012-07-31 20:09:17'),
	(637,1,1,'Friuli Tipico',10,'2012-07-31 20:09:19'),
	(638,1,1,'San Daniele',2,'2012-07-31 20:09:21'),
	(639,1,1,'Sauris',1,'2012-07-31 20:09:24'),
	(640,1,1,'Suggestioni storiche',3,'2012-07-31 20:09:26'),
	(641,1,1,'Sauris',1,'2012-07-31 20:09:28'),
	(642,1,1,'Suggestioni storiche',3,'2012-07-31 20:09:31'),
	(643,1,1,'TO',3,'2012-07-31 20:09:32'),
	(644,1,1,'Trieste',1,'2012-07-31 20:09:35'),
	(645,1,1,'TO',3,'2012-07-31 20:09:36'),
	(646,1,1,'Trieste',1,'2012-07-31 20:09:40'),
	(647,1,1,'Friuli Tipico',10,'2012-08-01 11:31:52'),
	(648,1,1,'Friuli Tipico',10,'2012-08-02 11:43:08'),
	(649,1,1,'Friuli Tipico',10,'2012-08-03 11:41:26'),
	(650,1,1,'Friuli Tipico',10,'2012-08-04 11:42:30'),
	(651,1,1,'Borghi',1,'2012-08-04 11:54:32'),
	(652,1,1,'Enogastronomia',10,'2012-08-04 11:54:33'),
	(653,1,1,'Borghi',1,'2012-08-04 11:54:36'),
	(654,1,1,'Enogastronomia',10,'2012-08-04 11:54:37'),
	(655,1,1,'Friuli Tipico',10,'2012-08-04 11:54:40'),
	(656,1,1,'San Daniele',2,'2012-08-04 11:54:41'),
	(657,1,1,'Friuli Tipico',10,'2012-08-04 11:54:44'),
	(658,1,1,'San Daniele',2,'2012-08-04 11:54:45'),
	(659,1,1,'Sauris',1,'2012-08-04 11:54:48'),
	(660,1,1,'Suggestioni storiche',3,'2012-08-04 11:54:49'),
	(661,1,1,'Sauris',1,'2012-08-04 11:54:52'),
	(662,1,1,'Suggestioni storiche',3,'2012-08-04 11:54:53'),
	(663,1,1,'TO',3,'2012-08-04 11:54:56'),
	(664,1,1,'Trieste',1,'2012-08-04 11:54:57'),
	(665,1,1,'TO',3,'2012-08-04 11:54:59'),
	(666,1,1,'Trieste',1,'2012-08-04 11:55:00'),
	(667,1,1,'Friuli Tipico',10,'2012-08-05 11:32:33'),
	(668,1,1,'1',0,'2012-08-05 11:41:18'),
	(669,1,1,'Friuli Tipico',1,'2012-08-05 11:41:32'),
	(670,1,1,'1',0,'2012-08-05 11:42:09'),
	(671,1,1,'Cerca',0,'2012-08-05 11:44:11'),
	(672,1,1,'Cerca',0,'2012-08-05 11:44:24'),
	(673,1,1,'Cerca',0,'2012-08-05 11:44:37'),
	(674,1,1,'Cerca',0,'2012-08-05 11:45:46'),
	(675,1,1,'Cerca',0,'2012-08-05 11:45:54'),
	(676,1,1,'Friuli Tipico',10,'2012-08-05 11:46:01'),
	(677,1,1,'Friuli Tipico',1,'2012-08-05 11:46:40'),
	(678,1,1,'Cerca',0,'2012-08-05 11:46:46'),
	(679,1,1,'Cerca',0,'2012-08-05 11:48:12'),
	(680,1,1,'Cerca',0,'2012-08-05 11:48:16'),
	(681,1,1,'Friuli Tipico',1,'2012-08-05 11:48:21'),
	(682,1,1,'1',0,'2012-08-05 11:48:26'),
	(683,1,1,'1',0,'2012-08-05 11:48:29'),
	(684,1,1,'1',0,'2012-08-05 11:49:54'),
	(685,1,1,'1',0,'2012-08-05 11:51:52'),
	(686,1,1,'1',0,'2012-08-05 11:51:55'),
	(687,1,1,'Friuli Tipico',1,'2012-08-05 11:51:57'),
	(688,1,1,'Friuli Tipico',10,'2012-08-05 11:52:00'),
	(689,1,1,'Cerca',0,'2012-08-05 11:52:04'),
	(690,1,1,'1',0,'2012-08-05 11:52:07'),
	(691,1,1,'1',0,'2012-08-05 11:52:10'),
	(692,1,1,'1',0,'2012-08-05 11:52:12'),
	(693,1,1,'Friuli Tipico',1,'2012-08-05 11:52:15'),
	(694,1,1,'Friuli Tipico',1,'2012-08-05 11:52:18'),
	(695,1,1,'Friuli Tipico',1,'2012-08-05 11:56:05'),
	(696,1,1,'Search',0,'2012-08-05 11:56:15'),
	(697,1,1,'Friuli Tipico',1,'2012-08-05 11:56:18'),
	(698,1,1,'1',0,'2012-08-05 11:56:20'),
	(699,1,1,'1',0,'2012-08-05 11:56:22'),
	(700,1,1,'Friuli Tipico',1,'2012-08-05 11:56:25'),
	(701,1,1,'Friuli Tipico',1,'2012-08-05 11:56:27'),
	(702,1,1,'1',0,'2012-08-05 11:56:30'),
	(703,1,1,'Borghi',1,'2012-08-05 11:56:57'),
	(704,1,1,'Provincia di Trieste',1,'2012-08-05 11:57:13'),
	(705,1,1,'1',0,'2012-08-05 11:57:16'),
	(706,1,1,'Friuli Tipico',1,'2012-08-05 11:57:21'),
	(707,1,1,'Suche',0,'2012-08-05 11:57:24'),
	(708,1,1,'Friuli Tipico',1,'2012-08-05 11:57:26'),
	(709,1,1,'1',0,'2012-08-05 11:57:29'),
	(710,1,1,'Search',0,'2012-08-05 11:57:32'),
	(711,1,1,'1',0,'2012-08-05 11:57:35'),
	(712,1,1,'1',0,'2012-08-05 11:57:38'),
	(713,1,1,'Provincia di Trieste',1,'2012-08-05 11:57:41'),
	(714,1,1,'Borghi',1,'2012-08-05 11:57:43'),
	(715,1,1,'Friuli Tipico',10,'2012-08-06 11:39:31'),
	(716,1,1,'Borghi',1,'2012-08-06 19:17:22'),
	(717,1,1,'Enogastronomia',10,'2012-08-06 19:17:25'),
	(718,1,1,'Borghi',1,'2012-08-06 19:17:26'),
	(719,1,1,'Enogastronomia',10,'2012-08-06 19:17:29'),
	(720,1,1,'Friuli Tipico',10,'2012-08-06 19:17:30'),
	(721,1,1,'San Daniele',2,'2012-08-06 19:17:33'),
	(722,1,1,'Friuli Tipico',10,'2012-08-06 19:17:34'),
	(723,1,1,'San Daniele',2,'2012-08-06 19:17:36'),
	(724,1,1,'Sauris',1,'2012-08-06 19:17:38'),
	(725,1,1,'Suggestioni storiche',3,'2012-08-06 19:17:40'),
	(726,1,1,'Sauris',1,'2012-08-06 19:17:41'),
	(727,1,1,'Suggestioni storiche',3,'2012-08-06 19:17:44'),
	(728,1,1,'TO',3,'2012-08-06 19:17:45'),
	(729,1,1,'Trieste',1,'2012-08-06 19:17:48'),
	(730,1,1,'TO',3,'2012-08-06 19:17:50'),
	(731,1,1,'Trieste',1,'2012-08-06 19:17:52'),
	(732,1,1,'Friuli Tipico',10,'2012-08-07 11:41:17'),
	(733,1,1,'Friuli Tipico',10,'2012-08-08 11:40:00'),
	(734,1,1,'Friuli Tipico',10,'2012-08-09 11:33:24'),
	(735,1,1,'Borghi',1,'2012-08-10 09:28:31'),
	(736,1,1,'Enogastronomia',10,'2012-08-10 09:28:32'),
	(737,1,1,'Borghi',1,'2012-08-10 09:28:35'),
	(738,1,1,'Enogastronomia',10,'2012-08-10 09:28:37'),
	(739,1,1,'Friuli Tipico',10,'2012-08-10 09:28:39'),
	(740,1,1,'San Daniele',2,'2012-08-10 09:28:41'),
	(741,1,1,'Friuli Tipico',10,'2012-08-10 09:28:43'),
	(742,1,1,'San Daniele',2,'2012-08-10 09:28:45'),
	(743,1,1,'Sauris',1,'2012-08-10 09:28:47'),
	(744,1,1,'Suggestioni storiche',3,'2012-08-10 09:28:49'),
	(745,1,1,'Sauris',1,'2012-08-10 09:28:51'),
	(746,1,1,'Suggestioni storiche',3,'2012-08-10 09:28:53'),
	(747,1,1,'TO',3,'2012-08-10 09:28:55'),
	(748,1,1,'Trieste',1,'2012-08-10 09:28:57'),
	(749,1,1,'TO',3,'2012-08-10 09:28:59'),
	(750,1,1,'Trieste',1,'2012-08-10 09:29:02'),
	(751,1,1,'Friuli Tipico',10,'2012-08-10 11:35:52'),
	(752,1,1,'Friuli Tipico',10,'2012-08-11 11:32:20'),
	(753,1,1,'Friuli Tipico',10,'2012-08-12 11:36:12'),
	(754,1,1,'Friuli Tipico',10,'2012-08-13 11:36:43'),
	(755,1,1,'Borghi',1,'2012-08-13 20:14:22'),
	(756,1,1,'Enogastronomia',10,'2012-08-13 20:14:25'),
	(757,1,1,'Borghi',1,'2012-08-13 20:14:27'),
	(758,1,1,'Enogastronomia',10,'2012-08-13 20:14:29'),
	(759,1,1,'Friuli Tipico',10,'2012-08-13 20:14:32'),
	(760,1,1,'San Daniele',2,'2012-08-13 20:14:34'),
	(761,1,1,'Friuli Tipico',10,'2012-08-13 20:14:37'),
	(762,1,1,'San Daniele',2,'2012-08-13 20:14:39'),
	(763,1,1,'Sauris',1,'2012-08-13 20:14:41'),
	(764,1,1,'Suggestioni storiche',3,'2012-08-13 20:14:43'),
	(765,1,1,'Sauris',1,'2012-08-13 20:14:45'),
	(766,1,1,'Suggestioni storiche',3,'2012-08-13 20:14:47'),
	(767,1,1,'TO',3,'2012-08-13 20:14:50'),
	(768,1,1,'Trieste',1,'2012-08-13 20:14:52'),
	(769,1,1,'TO',3,'2012-08-13 20:14:55'),
	(770,1,1,'Trieste',1,'2012-08-13 20:14:57'),
	(771,1,1,'TO',3,'2012-08-13 20:14:59'),
	(772,1,1,'Trieste',1,'2012-08-13 20:15:02'),
	(773,1,1,'TO',3,'2012-08-13 20:15:05'),
	(774,1,1,'Trieste',1,'2012-08-13 20:15:07'),
	(775,1,1,'Friuli Tipico',10,'2012-08-14 11:33:44'),
	(776,1,1,'Friuli Tipico',10,'2012-08-15 12:38:14'),
	(777,1,1,'Borghi',1,'2012-08-16 03:37:37'),
	(778,1,1,'Borghi',1,'2012-08-16 03:37:41'),
	(779,1,1,'Enogastronomia',10,'2012-08-16 03:37:43'),
	(780,1,1,'Friuli Tipico',10,'2012-08-16 03:37:46'),
	(781,1,1,'Enogastronomia',10,'2012-08-16 03:37:48'),
	(782,1,1,'Friuli Tipico',10,'2012-08-16 03:37:51'),
	(783,1,1,'San Daniele',2,'2012-08-16 03:37:53'),
	(784,1,1,'Friuli Tipico',10,'2012-08-16 03:37:56'),
	(785,1,1,'San Daniele',2,'2012-08-16 03:37:58'),
	(786,1,1,'Sauris',1,'2012-08-16 03:38:01'),
	(787,1,1,'Suggestioni storiche',3,'2012-08-16 03:38:02'),
	(788,1,1,'Sauris',1,'2012-08-16 03:38:06'),
	(789,1,1,'Suggestioni storiche',3,'2012-08-16 03:38:07'),
	(790,1,1,'TO',3,'2012-08-16 03:38:11'),
	(791,1,1,'Trieste',1,'2012-08-16 03:38:12'),
	(792,1,1,'TO',3,'2012-08-16 03:38:16'),
	(793,1,1,'Trieste',1,'2012-08-16 03:38:17'),
	(794,1,1,'Friuli Tipico',10,'2012-08-16 11:35:33'),
	(795,1,1,'Friuli Tipico',10,'2012-08-17 12:10:36'),
	(796,1,1,'Friuli Tipico',10,'2012-08-18 11:37:01'),
	(797,1,1,'Friuli Tipico',10,'2012-08-19 11:44:18'),
	(798,1,1,'Friuli Tipico',10,'2012-08-20 11:45:04'),
	(799,1,1,'Friuli Tipico',10,'2012-08-21 11:36:44'),
	(800,1,1,'Borghi',1,'2012-08-21 13:23:34'),
	(801,1,1,'Borghi',1,'2012-08-21 13:23:37'),
	(802,1,1,'Enogastronomia',10,'2012-08-21 13:23:38'),
	(803,1,1,'Friuli Tipico',10,'2012-08-21 13:23:40'),
	(804,1,1,'Enogastronomia',10,'2012-08-21 13:23:42'),
	(805,1,1,'Friuli Tipico',10,'2012-08-21 13:23:45'),
	(806,1,1,'San Daniele',2,'2012-08-21 13:23:45'),
	(807,1,1,'Sauris',1,'2012-08-21 13:23:48'),
	(808,1,1,'San Daniele',2,'2012-08-21 13:23:49'),
	(809,1,1,'Sauris',1,'2012-08-21 13:23:52'),
	(810,1,1,'Suggestioni storiche',3,'2012-08-21 13:23:53'),
	(811,1,1,'TO',3,'2012-08-21 13:23:56'),
	(812,1,1,'Suggestioni storiche',3,'2012-08-21 13:23:57'),
	(813,1,1,'TO',3,'2012-08-21 13:23:59'),
	(814,1,1,'Trieste',1,'2012-08-21 13:24:00'),
	(815,1,1,'Trieste',1,'2012-08-21 13:24:04'),
	(816,1,1,'Friuli Tipico',10,'2012-08-22 11:54:03'),
	(817,1,1,'Friuli Tipico',10,'2012-08-23 11:32:56'),
	(818,1,1,'Friuli Tipico',10,'2012-08-24 11:39:46'),
	(819,1,1,'Friuli Tipico',10,'2012-08-25 11:43:53'),
	(820,1,1,'Borghi',1,'2012-08-26 06:53:38'),
	(821,1,1,'Enogastronomia',10,'2012-08-26 06:53:40'),
	(822,1,1,'Borghi',1,'2012-08-26 06:53:41'),
	(823,1,1,'Enogastronomia',10,'2012-08-26 06:53:44'),
	(824,1,1,'Friuli Tipico',10,'2012-08-26 06:53:45'),
	(825,1,1,'San Daniele',2,'2012-08-26 06:53:48'),
	(826,1,1,'Friuli Tipico',10,'2012-08-26 06:53:49'),
	(827,1,1,'San Daniele',2,'2012-08-26 06:53:51'),
	(828,1,1,'Sauris',1,'2012-08-26 06:53:53'),
	(829,1,1,'Suggestioni storiche',3,'2012-08-26 06:53:55'),
	(830,1,1,'Sauris',1,'2012-08-26 06:53:57'),
	(831,1,1,'Suggestioni storiche',3,'2012-08-26 06:53:58'),
	(832,1,1,'TO',3,'2012-08-26 06:54:00'),
	(833,1,1,'Trieste',1,'2012-08-26 06:54:02'),
	(834,1,1,'TO',3,'2012-08-26 06:54:04'),
	(835,1,1,'Trieste',1,'2012-08-26 06:54:05'),
	(836,1,1,'Friuli Tipico',10,'2012-08-26 11:53:28'),
	(837,1,1,'Friuli Tipico',10,'2012-08-27 19:25:42'),
	(838,1,1,'Friuli Tipico',10,'2012-08-28 11:39:25'),
	(839,1,1,'Friuli Tipico',10,'2012-08-29 11:35:45'),
	(840,1,1,'Borghi',1,'2012-08-29 14:17:51'),
	(841,1,1,'Enogastronomia',10,'2012-08-29 14:17:53'),
	(842,1,1,'Borghi',1,'2012-08-29 14:17:55'),
	(843,1,1,'Enogastronomia',10,'2012-08-29 14:17:57'),
	(844,1,1,'Friuli Tipico',10,'2012-08-29 14:17:59'),
	(845,1,1,'San Daniele',2,'2012-08-29 14:18:01'),
	(846,1,1,'Friuli Tipico',10,'2012-08-29 14:18:03'),
	(847,1,1,'San Daniele',2,'2012-08-29 14:18:05'),
	(848,1,1,'Sauris',1,'2012-08-29 14:18:07'),
	(849,1,1,'Suggestioni storiche',3,'2012-08-29 14:18:09'),
	(850,1,1,'Sauris',1,'2012-08-29 14:18:11'),
	(851,1,1,'Suggestioni storiche',3,'2012-08-29 14:18:13'),
	(852,1,1,'TO',3,'2012-08-29 14:18:15'),
	(853,1,1,'Trieste',1,'2012-08-29 14:18:17'),
	(854,1,1,'TO',3,'2012-08-29 14:18:19'),
	(855,1,1,'Trieste',1,'2012-08-29 14:18:21'),
	(856,1,1,'Friuli Tipico',10,'2012-08-30 11:31:27'),
	(857,1,1,'Friuli Tipico',10,'2012-08-31 11:35:35'),
	(858,1,1,'Friuli Tipico',10,'2012-09-01 11:38:59'),
	(859,1,1,'Borghi',1,'2012-09-01 11:56:27'),
	(860,1,1,'Enogastronomia',10,'2012-09-01 11:56:28'),
	(861,1,1,'Borghi',1,'2012-09-01 11:56:33'),
	(862,1,1,'Enogastronomia',10,'2012-09-01 11:56:34'),
	(863,1,1,'Borghi',1,'2012-09-01 11:56:37'),
	(864,1,1,'Friuli Tipico',10,'2012-09-01 11:56:38'),
	(865,1,1,'San Daniele',2,'2012-09-01 11:56:41'),
	(866,1,1,'Friuli Tipico',10,'2012-09-01 11:56:44'),
	(867,1,1,'San Daniele',2,'2012-09-01 11:56:47'),
	(868,1,1,'Sauris',1,'2012-09-01 11:56:49'),
	(869,1,1,'Suggestioni storiche',3,'2012-09-01 11:56:52'),
	(870,1,1,'Sauris',1,'2012-09-01 11:56:53'),
	(871,1,1,'Suggestioni storiche',3,'2012-09-01 11:56:57'),
	(872,1,1,'TO',3,'2012-09-01 11:56:58'),
	(873,1,1,'Suggestioni storiche',3,'2012-09-01 11:57:01'),
	(874,1,1,'TO',3,'2012-09-01 11:57:03'),
	(875,1,1,'Trieste',1,'2012-09-01 11:57:07'),
	(876,1,1,'Trieste',1,'2012-09-01 11:57:12'),
	(877,1,1,'Friuli Tipico',10,'2012-09-02 11:32:42'),
	(878,1,1,'Friuli Tipico',10,'2012-09-03 11:32:24'),
	(879,1,1,'Friuli Tipico',10,'2012-09-04 11:49:03'),
	(880,1,1,'1',0,'2012-09-04 12:04:10'),
	(881,1,1,'Friuli Tipico',1,'2012-09-04 12:04:33'),
	(882,1,1,'1',0,'2012-09-04 12:05:29'),
	(883,1,1,'Cerca',0,'2012-09-04 12:09:07'),
	(884,1,1,'Cerca',0,'2012-09-04 12:09:26'),
	(885,1,1,'Cerca',0,'2012-09-04 12:09:44'),
	(886,1,1,'Cerca',0,'2012-09-04 12:11:36'),
	(887,1,1,'Cerca',0,'2012-09-04 12:11:43'),
	(888,1,1,'Cerca',0,'2012-09-04 12:11:52'),
	(889,1,1,'Friuli Tipico',10,'2012-09-04 12:12:05'),
	(890,1,1,'Cerca',0,'2012-09-04 12:12:21'),
	(891,1,1,'Friuli Tipico',1,'2012-09-04 12:13:13'),
	(892,1,1,'Cerca',0,'2012-09-04 12:15:52'),
	(893,1,1,'Friuli Tipico',1,'2012-09-04 12:16:29'),
	(894,1,1,'1',0,'2012-09-04 12:16:35'),
	(895,1,1,'Friuli Tipico',1,'2012-09-04 12:16:45'),
	(896,1,1,'1',0,'2012-09-04 12:18:33'),
	(897,1,1,'1',0,'2012-09-04 12:19:06'),
	(898,1,1,'1',0,'2012-09-04 12:19:42'),
	(899,1,1,'1',0,'2012-09-04 12:20:37'),
	(900,1,1,'Friuli Tipico',1,'2012-09-04 12:22:58'),
	(901,1,1,'Friuli Tipico',10,'2012-09-04 12:23:23'),
	(902,1,1,'Cerca',0,'2012-09-04 12:23:29'),
	(903,1,1,'1',0,'2012-09-04 12:23:34'),
	(904,1,1,'Friuli Tipico',1,'2012-09-04 12:23:39'),
	(905,1,1,'1',0,'2012-09-04 12:25:02'),
	(906,1,1,'Friuli Tipico',1,'2012-09-04 12:25:22'),
	(907,1,1,'Friuli Tipico',1,'2012-09-04 12:25:40'),
	(908,1,1,'Suche',0,'2012-09-04 12:25:51'),
	(909,1,1,'Friuli Tipico',1,'2012-09-04 12:25:57'),
	(910,1,1,'Borghi',1,'2012-09-04 12:28:28'),
	(911,1,1,'Provincia di Trieste',1,'2012-09-04 12:28:34'),
	(912,1,1,'1',0,'2012-09-04 12:28:43'),
	(913,1,1,'Gorizia',1,'2012-09-04 12:28:48'),
	(914,1,1,'Enogastronomia',10,'2012-09-04 12:28:55'),
	(915,1,1,'Collina',2,'2012-09-04 12:29:02'),
	(916,1,1,'Borghi',1,'2012-09-04 12:29:14'),
	(917,1,1,'Gorizia',1,'2012-09-04 12:29:17'),
	(918,1,1,'Provincia di Trieste',1,'2012-09-04 12:29:21'),
	(919,1,1,'Search',0,'2012-09-04 12:29:25'),
	(920,1,1,'Collina',1,'2012-09-04 12:29:28'),
	(921,1,1,'Friuli Tipico',1,'2012-09-04 12:29:32'),
	(922,1,1,'1',0,'2012-09-04 12:29:35'),
	(923,1,1,'Friuli Tipico',1,'2012-09-04 12:29:39'),
	(924,1,1,'Suche',0,'2012-09-04 12:29:43'),
	(925,1,1,'Enogastronomia',1,'2012-09-04 12:29:48'),
	(926,1,1,'Friuli Tipico',10,'2012-09-05 22:27:28'),
	(927,1,1,'Borghi',1,'2012-09-06 01:05:56'),
	(928,1,1,'Enogastronomia',10,'2012-09-06 01:05:57'),
	(929,1,1,'Borghi',1,'2012-09-06 01:05:59'),
	(930,1,1,'Enogastronomia',10,'2012-09-06 01:06:00'),
	(931,1,1,'Friuli Tipico',10,'2012-09-06 01:06:03'),
	(932,1,1,'San Daniele',2,'2012-09-06 01:06:04'),
	(933,1,1,'Friuli Tipico',10,'2012-09-06 01:06:06'),
	(934,1,1,'San Daniele',2,'2012-09-06 01:06:07'),
	(935,1,1,'Sauris',1,'2012-09-06 01:06:09'),
	(936,1,1,'Suggestioni storiche',3,'2012-09-06 01:06:11'),
	(937,1,1,'Sauris',1,'2012-09-06 01:06:12'),
	(938,1,1,'Suggestioni storiche',3,'2012-09-06 01:06:14'),
	(939,1,1,'TO',3,'2012-09-06 01:06:15'),
	(940,1,1,'Trieste',1,'2012-09-06 01:06:17'),
	(941,1,1,'TO',3,'2012-09-06 01:06:19'),
	(942,1,1,'Trieste',1,'2012-09-06 01:06:20'),
	(943,1,1,'Friuli Tipico',10,'2012-09-06 11:44:18'),
	(944,1,1,'Friuli Tipico',10,'2012-09-07 11:36:19'),
	(945,1,1,'Friuli Tipico',10,'2012-09-08 11:38:53'),
	(946,1,1,'Borghi',1,'2012-09-08 22:01:30'),
	(947,1,1,'Enogastronomia',10,'2012-09-08 22:01:31'),
	(948,1,1,'Borghi',1,'2012-09-08 22:01:33'),
	(949,1,1,'Enogastronomia',10,'2012-09-08 22:01:35'),
	(950,1,1,'Friuli Tipico',10,'2012-09-08 22:01:37'),
	(951,1,1,'San Daniele',2,'2012-09-08 22:01:38'),
	(952,1,1,'Friuli Tipico',10,'2012-09-08 22:01:40'),
	(953,1,1,'San Daniele',2,'2012-09-08 22:01:42'),
	(954,1,1,'Sauris',1,'2012-09-08 22:01:44'),
	(955,1,1,'Suggestioni storiche',3,'2012-09-08 22:01:45'),
	(956,1,1,'Sauris',1,'2012-09-08 22:01:47'),
	(957,1,1,'Suggestioni storiche',3,'2012-09-08 22:01:49'),
	(958,1,1,'TO',3,'2012-09-08 22:01:50'),
	(959,1,1,'Trieste',1,'2012-09-08 22:01:52'),
	(960,1,1,'TO',3,'2012-09-08 22:01:54'),
	(961,1,1,'Trieste',1,'2012-09-08 22:01:55'),
	(962,1,1,'Friuli Tipico',10,'2012-09-09 11:50:00'),
	(963,1,1,'Friuli Tipico',10,'2012-09-10 11:39:52'),
	(964,1,1,'Friuli Tipico',10,'2012-09-11 22:09:51'),
	(965,1,1,'Borghi',1,'2012-09-12 06:30:57'),
	(966,1,1,'Enogastronomia',10,'2012-09-12 06:30:58'),
	(967,1,1,'Borghi',1,'2012-09-12 06:31:01'),
	(968,1,1,'Enogastronomia',10,'2012-09-12 06:31:02'),
	(969,1,1,'Friuli Tipico',10,'2012-09-12 06:31:05'),
	(970,1,1,'San Daniele',2,'2012-09-12 06:31:06'),
	(971,1,1,'Friuli Tipico',10,'2012-09-12 06:31:09'),
	(972,1,1,'San Daniele',2,'2012-09-12 06:31:10'),
	(973,1,1,'Sauris',1,'2012-09-12 06:31:14'),
	(974,1,1,'Suggestioni storiche',3,'2012-09-12 06:31:14'),
	(975,1,1,'Sauris',1,'2012-09-12 06:31:17'),
	(976,1,1,'Suggestioni storiche',3,'2012-09-12 06:31:18'),
	(977,1,1,'TO',3,'2012-09-12 06:31:21'),
	(978,1,1,'Trieste',1,'2012-09-12 06:31:22'),
	(979,1,1,'TO',3,'2012-09-12 06:31:24'),
	(980,1,1,'Trieste',1,'2012-09-12 06:31:26'),
	(981,1,1,'Friuli Tipico',10,'2012-09-12 11:36:59'),
	(982,1,1,'Friuli Tipico',10,'2012-09-13 13:30:07'),
	(983,1,1,'Borghi',1,'2012-09-14 01:42:43'),
	(984,1,1,'Enogastronomia',10,'2012-09-14 01:42:45'),
	(985,1,1,'Borghi',1,'2012-09-14 01:42:47'),
	(986,1,1,'Enogastronomia',10,'2012-09-14 01:42:49'),
	(987,1,1,'Friuli Tipico',10,'2012-09-14 01:42:51'),
	(988,1,1,'San Daniele',2,'2012-09-14 01:42:53'),
	(989,1,1,'Friuli Tipico',10,'2012-09-14 01:42:55'),
	(990,1,1,'San Daniele',2,'2012-09-14 01:42:57'),
	(991,1,1,'Sauris',1,'2012-09-14 01:42:58'),
	(992,1,1,'Suggestioni storiche',3,'2012-09-14 01:43:02'),
	(993,1,1,'Sauris',1,'2012-09-14 01:43:02'),
	(994,1,1,'Suggestioni storiche',3,'2012-09-14 01:43:06'),
	(995,1,1,'TO',3,'2012-09-14 01:43:07'),
	(996,1,1,'Trieste',1,'2012-09-14 01:43:10'),
	(997,1,1,'TO',3,'2012-09-14 01:43:12'),
	(998,1,1,'Trieste',1,'2012-09-14 01:43:13'),
	(999,1,1,'Friuli Tipico',10,'2012-09-15 03:52:03'),
	(1000,1,1,'Friuli Tipico',10,'2012-09-15 13:38:47'),
	(1001,1,1,'Friuli Tipico',10,'2012-09-16 11:39:03'),
	(1002,1,1,'Friuli Tipico',10,'2012-09-17 11:36:51'),
	(1003,1,1,'Borghi',1,'2012-09-18 08:05:15'),
	(1004,1,1,'Enogastronomia',10,'2012-09-18 08:05:16'),
	(1005,1,1,'Borghi',1,'2012-09-18 08:05:18'),
	(1006,1,1,'Enogastronomia',10,'2012-09-18 08:05:20'),
	(1007,1,1,'Friuli Tipico',10,'2012-09-18 08:05:22'),
	(1008,1,1,'San Daniele',2,'2012-09-18 08:05:23'),
	(1009,1,1,'Friuli Tipico',10,'2012-09-18 08:05:26'),
	(1010,1,1,'San Daniele',2,'2012-09-18 08:05:26'),
	(1011,1,1,'Sauris',1,'2012-09-18 08:05:30'),
	(1012,1,1,'Suggestioni storiche',3,'2012-09-18 08:05:30'),
	(1013,1,1,'Sauris',1,'2012-09-18 08:05:33'),
	(1014,1,1,'Suggestioni storiche',3,'2012-09-18 08:05:34'),
	(1015,1,1,'TO',3,'2012-09-18 08:05:36'),
	(1016,1,1,'Trieste',1,'2012-09-18 08:05:38'),
	(1017,1,1,'TO',3,'2012-09-18 08:05:40'),
	(1018,1,1,'Trieste',1,'2012-09-18 08:05:41'),
	(1019,1,1,'Friuli Tipico',10,'2012-09-18 11:40:35'),
	(1020,1,1,'Friuli Tipico',10,'2012-09-19 11:33:51'),
	(1021,1,1,'Friuli Tipico',10,'2012-09-20 11:40:00'),
	(1022,1,1,'Borghi',1,'2012-09-20 15:20:20'),
	(1023,1,1,'Enogastronomia',10,'2012-09-20 15:20:21'),
	(1024,1,1,'Borghi',1,'2012-09-20 15:20:23'),
	(1025,1,1,'Enogastronomia',10,'2012-09-20 15:20:24'),
	(1026,1,1,'Friuli Tipico',10,'2012-09-20 15:20:27'),
	(1027,1,1,'San Daniele',2,'2012-09-20 15:20:28'),
	(1028,1,1,'San Daniele',2,'2012-09-20 15:20:32'),
	(1029,1,1,'Friuli Tipico',10,'2012-09-20 15:20:33'),
	(1030,1,1,'Sauris',1,'2012-09-20 15:20:36'),
	(1031,1,1,'Suggestioni storiche',3,'2012-09-20 15:20:37'),
	(1032,1,1,'Sauris',1,'2012-09-20 15:20:40'),
	(1033,1,1,'Suggestioni storiche',3,'2012-09-20 15:20:43'),
	(1034,1,1,'TO',3,'2012-09-20 15:20:44'),
	(1035,1,1,'Trieste',1,'2012-09-20 15:20:46'),
	(1036,1,1,'TO',3,'2012-09-20 15:20:47'),
	(1037,1,1,'Trieste',1,'2012-09-20 15:20:50'),
	(1038,1,1,'Friuli Tipico',10,'2012-09-21 11:40:11'),
	(1039,1,1,'Friuli Tipico',10,'2012-09-22 11:35:01'),
	(1040,1,1,'Friuli Tipico',10,'2012-09-22 13:18:19'),
	(1041,1,1,'Borghi',1,'2012-09-23 01:08:54'),
	(1042,1,1,'Enogastronomia',10,'2012-09-23 01:08:57'),
	(1043,1,1,'Borghi',1,'2012-09-23 01:08:58'),
	(1044,1,1,'Enogastronomia',10,'2012-09-23 01:09:01'),
	(1045,1,1,'Friuli Tipico',10,'2012-09-23 01:09:02'),
	(1046,1,1,'San Daniele',2,'2012-09-23 01:09:05'),
	(1047,1,1,'Friuli Tipico',10,'2012-09-23 01:09:06'),
	(1048,1,1,'San Daniele',2,'2012-09-23 01:09:08'),
	(1049,1,1,'Sauris',1,'2012-09-23 01:09:10'),
	(1050,1,1,'Suggestioni storiche',3,'2012-09-23 01:09:11'),
	(1051,1,1,'Sauris',1,'2012-09-23 01:09:13'),
	(1052,1,1,'Suggestioni storiche',3,'2012-09-23 01:09:15'),
	(1053,1,1,'TO',3,'2012-09-23 01:09:16'),
	(1054,1,1,'Trieste',1,'2012-09-23 01:09:18'),
	(1055,1,1,'TO',3,'2012-09-23 01:09:19'),
	(1056,1,1,'Trieste',1,'2012-09-23 01:09:21'),
	(1057,1,1,'Friuli Tipico',10,'2012-09-23 11:46:50'),
	(1058,1,1,'Friuli Tipico',10,'2012-09-24 11:30:55'),
	(1059,1,1,'Friuli Tipico',10,'2012-09-25 11:30:59'),
	(1060,1,1,'Friuli Tipico',10,'2012-09-26 11:44:51'),
	(1061,1,1,'Friuli Tipico',10,'2012-09-27 11:38:16'),
	(1062,1,1,'Friuli Tipico',10,'2012-09-28 11:37:27'),
	(1063,1,1,'Friuli Tipico',10,'2012-09-29 11:36:25'),
	(1064,1,1,'Friuli Tipico',10,'2012-09-30 11:39:51'),
	(1065,1,1,'Friuli Tipico',10,'2012-10-01 11:30:54'),
	(1066,1,1,'Arte e Cultura',5,'2012-10-02 07:08:01'),
	(1067,1,1,'Borghi',1,'2012-10-02 07:08:06'),
	(1068,1,1,'Montagna',1,'2012-10-02 07:08:11'),
	(1069,1,1,'Natura',1,'2012-10-02 07:08:16'),
	(1070,1,1,'San Daniele',2,'2012-10-02 07:08:21'),
	(1071,1,1,'Suggestioni storiche',3,'2012-10-02 07:08:26'),
	(1072,1,1,'Wellness',1,'2012-10-02 07:08:32'),
	(1073,1,1,'Aquileia',1,'2012-10-02 07:20:55'),
	(1074,1,1,'Città',4,'2012-10-02 07:21:00'),
	(1075,1,1,'Collina',2,'2012-10-02 07:21:05'),
	(1076,1,1,'Enogastronomia',10,'2012-10-02 07:21:10'),
	(1077,1,1,'Friuli Tipico',10,'2012-10-02 07:21:15'),
	(1078,1,1,'Friuli centrale',5,'2012-10-02 07:21:20'),
	(1079,1,1,'Provincia di Gorizia',1,'2012-10-02 07:21:25'),
	(1080,1,1,'Provincia di Pordenone',4,'2012-10-02 07:21:30'),
	(1081,1,1,'Provincia di Udine',7,'2012-10-02 07:21:40'),
	(1082,1,1,'Suggestioni letterarie',3,'2012-10-02 07:21:55'),
	(1083,1,1,'Terre di Mezzo',2,'2012-10-02 07:21:58'),
	(1084,1,1,'Trieste',1,'2012-10-02 07:22:03'),
	(1085,1,1,'Udine',7,'2012-10-02 07:22:19'),
	(1086,1,1,'Friuli Tipico',10,'2012-10-02 11:37:08'),
	(1087,1,1,'Enogastronomia',10,'2012-10-02 14:11:55'),
	(1088,1,1,'Enogastronomia',10,'2012-10-02 14:11:59'),
	(1089,1,1,'Provincia di Gorizia',1,'2012-10-02 14:12:00'),
	(1090,1,1,'San Daniele',2,'2012-10-02 14:12:02'),
	(1091,1,1,'Provincia di Gorizia',1,'2012-10-02 14:12:03'),
	(1092,1,1,'San Daniele',2,'2012-10-02 14:12:06'),
	(1093,1,1,'Suggestioni letterarie',3,'2012-10-02 14:12:07'),
	(1094,1,1,'Suggestioni letterarie',3,'2012-10-02 14:12:10'),
	(1095,1,1,'Friuli Tipico',10,'2012-10-03 11:39:03'),
	(1096,1,1,'Friuli Tipico',10,'2012-10-04 11:31:21'),
	(1097,1,1,'1',0,'2012-10-04 11:39:53'),
	(1098,1,1,'Friuli Tipico',1,'2012-10-04 11:40:08'),
	(1099,1,1,'1',0,'2012-10-04 11:40:45'),
	(1100,1,1,'Cerca',0,'2012-10-04 11:43:01'),
	(1101,1,1,'Friuli Tipico',10,'2012-10-04 11:43:12'),
	(1102,1,1,'Friuli Tipico',1,'2012-10-04 11:43:30'),
	(1103,1,1,'Cerca',0,'2012-10-04 11:43:34'),
	(1104,1,1,'Cerca',0,'2012-10-04 11:43:39'),
	(1105,1,1,'Friuli Tipico',1,'2012-10-04 11:43:42'),
	(1106,1,1,'Search',0,'2012-10-04 11:43:47'),
	(1107,1,1,'1',0,'2012-10-04 11:43:52'),
	(1108,1,1,'Cerca',0,'2012-10-04 11:46:26'),
	(1109,1,1,'Friuli Tipico',1,'2012-10-04 11:46:33'),
	(1110,1,1,'Cerca',0,'2012-10-04 11:47:33'),
	(1111,1,1,'Cerca',0,'2012-10-04 11:48:52'),
	(1112,1,1,'Cerca',0,'2012-10-04 11:48:57'),
	(1113,1,1,'Friuli Tipico',10,'2012-10-04 11:49:08'),
	(1114,1,1,'Cerca',0,'2012-10-04 11:49:21'),
	(1115,1,1,'1',0,'2012-10-04 11:49:24'),
	(1116,1,1,'1',0,'2012-10-04 11:50:25'),
	(1117,1,1,'Cerca',0,'2012-10-04 11:50:34'),
	(1118,1,1,'1',0,'2012-10-04 11:50:46'),
	(1119,1,1,'1',0,'2012-10-04 11:50:48'),
	(1120,1,1,'1',0,'2012-10-04 11:50:51'),
	(1121,1,1,'1',0,'2012-10-04 11:50:53'),
	(1122,1,1,'Friuli Tipico',1,'2012-10-04 11:50:56'),
	(1123,1,1,'Friuli Tipico',1,'2012-10-04 11:51:07'),
	(1124,1,1,'Search',0,'2012-10-04 11:51:09'),
	(1125,1,1,'1',0,'2012-10-04 11:51:12'),
	(1126,1,1,'1',0,'2012-10-04 11:52:32'),
	(1127,1,1,'1',0,'2012-10-04 11:52:41'),
	(1128,1,1,'Friuli Tipico',1,'2012-10-04 11:54:27'),
	(1129,1,1,'Search',0,'2012-10-04 11:54:36'),
	(1130,1,1,'Friuli Tipico',1,'2012-10-04 11:54:38'),
	(1131,1,1,'1',0,'2012-10-04 11:54:41'),
	(1132,1,1,'Friuli Tipico',1,'2012-10-04 11:54:43'),
	(1133,1,1,'1',0,'2012-10-04 11:54:45'),
	(1134,1,1,'1',0,'2012-10-04 11:54:48'),
	(1135,1,1,'1',0,'2012-10-04 11:54:50'),
	(1136,1,1,'Provincia di Trieste',1,'2012-10-04 11:55:40'),
	(1137,1,1,'1',0,'2012-10-04 11:55:47'),
	(1138,1,1,'Gorizia',1,'2012-10-04 11:55:53'),
	(1139,1,1,'Enogastronomia',10,'2012-10-04 11:55:57'),
	(1140,1,1,'Friuli Tipico',10,'2012-10-05 11:34:32'),
	(1141,1,1,'Friuli Tipico',10,'2012-10-06 15:26:18'),
	(1142,1,1,'Friuli Tipico',10,'2012-10-07 11:37:55'),
	(1143,1,1,'Friuli Tipico',10,'2012-10-08 11:38:26'),
	(1144,1,1,'Friuli Tipico',10,'2012-10-09 11:39:32'),
	(1145,1,1,'Friuli Tipico',10,'2012-10-10 11:40:52'),
	(1146,1,1,'Friuli Tipico',10,'2012-10-11 11:39:38'),
	(1147,1,1,'Suggestioni letterarie',3,'2012-10-11 17:50:40'),
	(1148,1,1,'Enogastronomia',10,'2012-10-12 05:07:56'),
	(1149,1,1,'Enogastronomia',10,'2012-10-12 05:08:00'),
	(1150,1,1,'Provincia di Gorizia',1,'2012-10-12 05:08:01'),
	(1151,1,1,'San Daniele',2,'2012-10-12 05:08:04'),
	(1152,1,1,'Provincia di Gorizia',1,'2012-10-12 05:08:04'),
	(1153,1,1,'San Daniele',2,'2012-10-12 05:08:08'),
	(1154,1,1,'Sauris',1,'2012-10-12 05:08:09'),
	(1155,1,1,'Suggestioni letterarie',3,'2012-10-12 05:08:11'),
	(1156,1,1,'Sauris',1,'2012-10-12 05:08:12'),
	(1157,1,1,'Suggestioni letterarie',3,'2012-10-12 05:08:15'),
	(1158,1,1,'Friuli Tipico',10,'2012-10-12 11:34:17'),
	(1159,1,1,'Friuli Tipico',10,'2012-10-13 11:31:58'),
	(1160,1,1,'Enogastronomia',10,'2012-10-14 05:19:42'),
	(1161,1,1,'Enogastronomia',10,'2012-10-14 05:19:47'),
	(1162,1,1,'Provincia di Gorizia',1,'2012-10-14 05:19:49'),
	(1163,1,1,'San Daniele',2,'2012-10-14 05:19:51'),
	(1164,1,1,'Provincia di Gorizia',1,'2012-10-14 05:19:53'),
	(1165,1,1,'San Daniele',2,'2012-10-14 05:19:55'),
	(1166,1,1,'Sauris',1,'2012-10-14 05:19:57'),
	(1167,1,1,'Suggestioni letterarie',3,'2012-10-14 05:19:59'),
	(1168,1,1,'Sauris',1,'2012-10-14 05:20:00'),
	(1169,1,1,'Suggestioni letterarie',3,'2012-10-14 05:20:03'),
	(1170,1,1,'Friuli Tipico',10,'2012-10-14 11:31:07'),
	(1171,1,1,'Friuli Tipico',10,'2012-10-15 11:35:54'),
	(1172,1,1,'Friuli Tipico',10,'2012-10-16 11:31:14'),
	(1173,1,1,'Friuli Tipico',10,'2012-10-17 11:31:47'),
	(1174,1,1,'Friuli Tipico',10,'2012-10-18 11:31:48'),
	(1175,1,1,'Friuli Tipico',10,'2012-10-19 11:35:54'),
	(1176,1,1,'Friuli Tipico',10,'2012-10-20 11:39:39'),
	(1177,1,1,'Friuli Tipico',10,'2012-10-21 11:33:55'),
	(1178,1,1,'Friuli Tipico',10,'2012-10-22 11:32:19'),
	(1179,1,1,'Friuli Tipico',10,'2012-10-23 11:36:31'),
	(1180,1,1,'Enogastronomia',10,'2012-10-23 21:19:54'),
	(1181,1,1,'Enogastronomia',10,'2012-10-23 21:19:59'),
	(1182,1,1,'San Daniele',2,'2012-10-23 21:20:04'),
	(1183,1,1,'Sauris',1,'2012-10-23 21:20:05'),
	(1184,1,1,'San Daniele',2,'2012-10-23 21:20:07'),
	(1185,1,1,'Sauris',1,'2012-10-23 21:20:09'),
	(1186,1,1,'San Daniele',2,'2012-10-23 21:20:13'),
	(1187,1,1,'Suggestioni letterarie',3,'2012-10-23 21:20:14'),
	(1188,1,1,'Suggestioni letterarie',3,'2012-10-23 21:20:18'),
	(1189,1,1,'Friuli Tipico',10,'2012-10-24 11:33:59'),
	(1190,1,1,'Friuli Tipico',10,'2012-10-25 11:38:45'),
	(1191,1,1,'Friuli Tipico',10,'2012-10-26 11:39:59'),
	(1192,1,1,'Friuli Tipico',10,'2012-10-27 11:35:42'),
	(1193,1,1,'Friuli Tipico',10,'2012-10-28 10:40:06'),
	(1194,1,1,'Friuli Tipico',10,'2012-10-29 10:31:35'),
	(1195,1,1,'Friuli Tipico',10,'2012-10-30 10:39:35'),
	(1196,1,1,'Friuli Tipico',10,'2012-10-31 10:40:02'),
	(1197,1,1,'Friuli Tipico',10,'2012-11-01 10:34:04'),
	(1198,1,1,'Cicloturismo',1,'2012-11-01 22:38:38'),
	(1199,1,1,'Aquileia',1,'2012-11-01 22:39:18'),
	(1200,1,1,'Provincia di Gorizia',1,'2012-11-01 22:39:23'),
	(1201,1,1,'Gorizia',1,'2012-11-01 22:40:30'),
	(1202,1,1,'Trieste',1,'2012-11-01 22:59:08'),
	(1203,1,1,'Natura',1,'2012-11-01 23:09:04'),
	(1204,1,1,'Sauris',1,'2012-11-02 03:19:43'),
	(1205,1,1,'Friuli Tipico',10,'2012-11-02 10:36:00'),
	(1206,1,1,'Friuli Tipico',10,'2012-11-03 10:34:20'),
	(1207,1,1,'1',0,'2012-11-03 10:41:59'),
	(1208,1,1,'Friuli Tipico',1,'2012-11-03 10:42:12'),
	(1209,1,1,'1',0,'2012-11-03 10:42:43'),
	(1210,1,1,'Cerca',0,'2012-11-03 10:44:31'),
	(1211,1,1,'Friuli Tipico',10,'2012-11-03 10:44:40'),
	(1212,1,1,'Friuli Tipico',1,'2012-11-03 10:44:54'),
	(1213,1,1,'Cerca',0,'2012-11-03 10:44:58'),
	(1214,1,1,'Cerca',0,'2012-11-03 10:45:00'),
	(1215,1,1,'Friuli Tipico',1,'2012-11-03 10:45:03'),
	(1216,1,1,'Search',0,'2012-11-03 10:45:07'),
	(1217,1,1,'1',0,'2012-11-03 10:45:11'),
	(1218,1,1,'1',0,'2012-11-03 10:45:13'),
	(1219,1,1,'1',0,'2012-11-03 10:48:31'),
	(1220,1,1,'Cerca',0,'2012-11-03 10:48:45'),
	(1221,1,1,'Cerca',0,'2012-11-03 10:50:33'),
	(1222,1,1,'1',0,'2012-11-03 10:50:47'),
	(1223,1,1,'Cerca',0,'2012-11-03 10:50:53'),
	(1224,1,1,'Friuli Tipico',1,'2012-11-03 10:50:55'),
	(1225,1,1,'1',0,'2012-11-03 10:51:21'),
	(1226,1,1,'Cerca',0,'2012-11-03 10:52:35'),
	(1227,1,1,'Cerca',0,'2012-11-03 10:52:42'),
	(1228,1,1,'Friuli Tipico',10,'2012-11-03 10:53:58'),
	(1229,1,1,'Cerca',0,'2012-11-03 10:54:09'),
	(1230,1,1,'Friuli Tipico',1,'2012-11-03 10:54:12'),
	(1231,1,1,'1',0,'2012-11-03 10:54:14'),
	(1232,1,1,'1',0,'2012-11-03 10:54:16'),
	(1233,1,1,'Friuli Tipico',1,'2012-11-03 10:55:19'),
	(1234,1,1,'Friuli Tipico',1,'2012-11-03 10:55:21'),
	(1235,1,1,'Friuli Tipico',1,'2012-11-03 10:55:30'),
	(1236,1,1,'Suche',0,'2012-11-03 10:55:45'),
	(1237,1,1,'Cerca',0,'2012-11-03 10:55:47'),
	(1238,1,1,'Cerca',0,'2012-11-03 10:55:49'),
	(1239,1,1,'Search',0,'2012-11-03 10:55:51'),
	(1240,1,1,'1',0,'2012-11-03 10:56:35'),
	(1241,1,1,'Friuli Tipico',1,'2012-11-03 10:57:16'),
	(1242,1,1,'Friuli Tipico',10,'2012-11-03 10:57:25'),
	(1243,1,1,'Search',0,'2012-11-03 10:57:28'),
	(1244,1,1,'Enogastronomia',10,'2012-11-03 10:57:34'),
	(1245,1,1,'Friuli Tipico',10,'2012-11-04 11:32:31'),
	(1246,1,1,'Friuli Tipico',10,'2012-11-05 11:33:37'),
	(1247,1,1,'Natura',1,'2012-11-05 17:53:58'),
	(1248,1,1,'Trieste',1,'2012-11-05 19:36:42'),
	(1249,1,1,'Cicloturismo',1,'2012-11-05 20:12:58'),
	(1250,1,1,'Sauris',1,'2012-11-05 21:43:38'),
	(1251,1,1,'Aquileia',1,'2012-11-05 22:04:13'),
	(1252,1,1,'Provincia di Gorizia',1,'2012-11-05 22:04:21'),
	(1253,1,1,'Friuli Tipico',10,'2012-11-06 11:31:20'),
	(1254,1,1,'Friuli Tipico',10,'2012-11-07 11:31:05'),
	(1255,1,1,'Friuli Tipico',10,'2012-11-08 11:38:49'),
	(1256,1,1,'Friuli Tipico',10,'2012-11-09 11:31:45'),
	(1257,1,1,'Friuli Tipico',10,'2012-11-10 11:35:05'),
	(1258,1,1,'Natura',1,'2012-11-10 18:10:23'),
	(1259,1,1,'Cicloturismo',1,'2012-11-10 18:11:36'),
	(1260,1,1,'Trieste',1,'2012-11-10 18:21:20'),
	(1261,1,1,'Sauris',1,'2012-11-10 18:23:45'),
	(1262,1,1,'Gorizia',1,'2012-11-10 18:25:34'),
	(1263,1,1,'Aquileia',1,'2012-11-10 19:17:31'),
	(1264,1,1,'Provincia di Gorizia',1,'2012-11-10 19:17:39'),
	(1265,1,1,'Friuli Tipico',10,'2012-11-11 11:32:38'),
	(1266,1,1,'Friuli Tipico',10,'2012-11-12 11:34:59'),
	(1267,1,1,'Friuli Tipico',10,'2012-11-13 11:40:39'),
	(1268,1,1,'Friuli Tipico',10,'2012-11-14 11:36:40'),
	(1269,1,1,'Friuli Tipico',10,'2012-11-15 11:33:11'),
	(1270,1,1,'Gorizia',1,'2012-11-16 10:34:37'),
	(1271,1,1,'Trieste',1,'2012-11-16 10:39:36'),
	(1272,1,1,'Friuli Tipico',10,'2012-11-16 11:41:25'),
	(1273,1,1,'Cicloturismo',1,'2012-11-17 05:08:23'),
	(1274,1,1,'Sauris',1,'2012-11-17 05:09:56'),
	(1275,1,1,'Natura',1,'2012-11-17 07:38:44'),
	(1276,1,1,'Friuli Tipico',10,'2012-11-17 12:15:52'),
	(1277,1,1,'Friuli Tipico',10,'2012-11-18 11:31:05'),
	(1278,1,1,'Friuli Tipico',10,'2012-11-19 11:38:39'),
	(1279,1,1,'Friuli Tipico',10,'2012-11-20 11:40:11'),
	(1280,1,1,'Friuli Tipico',10,'2012-11-21 11:32:04'),
	(1281,1,1,'Friuli Tipico',10,'2012-11-22 11:35:45'),
	(1282,1,1,'Natura',1,'2012-11-22 16:34:30'),
	(1283,1,1,'Cicloturismo',1,'2012-11-22 16:38:43'),
	(1284,1,1,'Sauris',1,'2012-11-22 16:44:51'),
	(1285,1,1,'Natura',1,'2012-11-22 16:44:58'),
	(1286,1,1,'Cicloturismo',1,'2012-11-22 16:46:27'),
	(1287,1,1,'Natura',1,'2012-11-22 16:57:05'),
	(1288,1,1,'Sauris',1,'2012-11-22 16:58:56'),
	(1289,1,1,'Friuli Tipico',10,'2012-11-23 11:34:58'),
	(1290,1,1,'Friuli Tipico',10,'2012-11-24 11:40:38'),
	(1291,1,1,'Friuli Tipico',10,'2012-11-25 11:40:44'),
	(1292,1,1,'Friuli Tipico',10,'2012-11-26 11:36:13'),
	(1293,1,1,'Friuli Tipico',10,'2012-11-27 11:31:17'),
	(1294,1,1,'Friuli Tipico',10,'2012-11-28 11:37:48'),
	(1295,1,1,'Friuli Tipico',10,'2012-11-29 11:31:11'),
	(1296,1,1,'Friuli Tipico',10,'2012-11-30 11:35:44'),
	(1297,1,1,'Friuli Tipico',10,'2012-12-01 11:34:45'),
	(1298,1,1,'Friuli Tipico',10,'2012-12-02 11:38:00'),
	(1299,1,1,'Friuli Tipico',10,'2012-12-03 11:32:27'),
	(1300,1,1,'1',0,'2012-12-03 11:40:28'),
	(1301,1,1,'Friuli Tipico',1,'2012-12-03 11:40:55'),
	(1302,1,1,'1',0,'2012-12-03 11:41:15'),
	(1303,1,1,'Cerca',0,'2012-12-03 11:43:13'),
	(1304,1,1,'Friuli Tipico',10,'2012-12-03 11:43:27'),
	(1305,1,1,'Friuli Tipico',1,'2012-12-03 11:43:33'),
	(1306,1,1,'Cerca',0,'2012-12-03 11:43:37'),
	(1307,1,1,'Cerca',0,'2012-12-03 11:43:45'),
	(1308,1,1,'Friuli Tipico',1,'2012-12-03 11:43:56'),
	(1309,1,1,'Cerca',0,'2012-12-03 11:46:47'),
	(1310,1,1,'Cerca',0,'2012-12-03 11:46:57'),
	(1311,1,1,'Cerca',0,'2012-12-03 11:47:41'),
	(1312,1,1,'Cerca',0,'2012-12-03 11:47:47'),
	(1313,1,1,'Cerca',0,'2012-12-03 11:47:53'),
	(1314,1,1,'Friuli Tipico',10,'2012-12-03 11:47:58'),
	(1315,1,1,'Cerca',0,'2012-12-03 11:48:03'),
	(1316,1,1,'1',0,'2012-12-03 11:48:06'),
	(1317,1,1,'1',0,'2012-12-03 11:49:23'),
	(1318,1,1,'Friuli Tipico',1,'2012-12-03 11:50:06'),
	(1319,1,1,'Friuli Tipico',1,'2012-12-03 11:51:56'),
	(1320,1,1,'1',0,'2012-12-03 11:51:58'),
	(1321,1,1,'1',0,'2012-12-03 11:52:00'),
	(1322,1,1,'1',0,'2012-12-03 11:52:06'),
	(1323,1,1,'1',0,'2012-12-03 11:52:08'),
	(1324,1,1,'1',0,'2012-12-03 11:52:10'),
	(1325,1,1,'1',0,'2012-12-03 11:54:00'),
	(1326,1,1,'1',0,'2012-12-03 11:54:03'),
	(1327,1,1,'Friuli Tipico',1,'2012-12-03 11:54:09'),
	(1328,1,1,'Friuli Tipico',1,'2012-12-03 11:55:12'),
	(1329,1,1,'Friuli Tipico',1,'2012-12-03 11:55:14'),
	(1330,1,1,'Friuli Tipico',1,'2012-12-03 11:55:17'),
	(1331,1,1,'Suche',0,'2012-12-03 11:55:19'),
	(1332,1,1,'Cerca',0,'2012-12-03 11:55:22'),
	(1333,1,1,'Cerca',0,'2012-12-03 11:55:24'),
	(1334,1,1,'1',0,'2012-12-03 11:55:26'),
	(1335,1,1,'1',0,'2012-12-03 11:55:29'),
	(1336,1,1,'1',0,'2012-12-03 11:55:31'),
	(1337,1,1,'Cerca',0,'2012-12-03 11:55:34'),
	(1338,1,1,'Borghi',1,'2012-12-03 11:57:22'),
	(1339,1,1,'Friuli Tipico',1,'2012-12-03 11:57:38'),
	(1340,1,1,'1',0,'2012-12-03 11:58:28'),
	(1341,1,1,'1',0,'2012-12-03 11:58:31'),
	(1342,1,1,'Friuli Tipico',10,'2012-12-03 11:58:35'),
	(1343,1,1,'Friuli Tipico',10,'2012-12-04 11:38:56'),
	(1344,1,1,'Friuli Tipico',10,'2012-12-05 11:38:11'),
	(1345,1,1,'Friuli Tipico',10,'2012-12-06 12:12:01'),
	(1346,1,1,'Friuli Tipico',10,'2012-12-07 11:35:25'),
	(1347,1,1,'Friuli Tipico',10,'2012-12-08 11:40:53'),
	(1348,1,1,'Friuli Tipico',10,'2012-12-09 11:39:03'),
	(1349,1,1,'Friuli Tipico',10,'2012-12-10 11:38:28'),
	(1350,1,1,'Friuli Tipico',10,'2012-12-11 11:40:58'),
	(1351,1,1,'Friuli Tipico',10,'2012-12-12 11:35:26'),
	(1352,1,1,'Friuli Tipico',10,'2012-12-13 11:37:11'),
	(1353,1,1,'Cerca',0,'2012-12-13 23:50:17'),
	(1354,1,1,'Friuli Tipico',10,'2012-12-14 11:31:14'),
	(1355,1,1,'Enogastronomia',10,'2012-12-14 14:45:46'),
	(1356,1,1,'Friuli Tipico',10,'2012-12-15 11:38:27'),
	(1357,1,1,'Friuli Tipico',10,'2012-12-16 11:31:17'),
	(1358,1,1,'Terre di Mezzo',2,'2012-12-16 13:04:33'),
	(1359,1,1,'Friuli Tipico',10,'2012-12-17 11:36:51'),
	(1360,1,1,'Cicloturismo',1,'2012-12-18 10:36:12'),
	(1361,1,1,'Friuli Tipico',10,'2012-12-18 11:31:05'),
	(1362,1,1,'Wellness',1,'2012-12-18 15:23:47'),
	(1363,1,1,'Suggestioni storiche',3,'2012-12-18 16:25:18'),
	(1364,1,1,'Friuli Tipico',10,'2012-12-19 11:37:52'),
	(1365,1,1,'Friuli Tipico',10,'2012-12-20 11:40:18'),
	(1366,1,1,'Cicloturismo',1,'2012-12-21 08:31:47'),
	(1367,1,1,'Friuli Tipico',10,'2012-12-21 11:35:21'),
	(1368,1,1,'Suggestioni storiche',3,'2012-12-21 12:31:55'),
	(1369,1,1,'Wellness',1,'2012-12-21 17:18:27'),
	(1370,1,1,'Friuli Tipico',10,'2012-12-22 11:31:06'),
	(1371,1,1,'Friuli Tipico',10,'2012-12-23 11:30:57'),
	(1372,1,1,'Friuli Tipico',10,'2012-12-24 11:41:23'),
	(1373,1,1,'Friuli Tipico',10,'2012-12-25 11:30:38'),
	(1374,1,1,'Friuli Tipico',10,'2012-12-26 11:31:03'),
	(1375,1,1,'Friuli Tipico',10,'2012-12-27 11:36:06'),
	(1376,1,1,'Friuli Tipico',10,'2012-12-28 11:34:41'),
	(1377,1,1,'Friuli Tipico',10,'2012-12-29 11:31:18'),
	(1378,1,1,'Friuli Tipico',10,'2012-12-30 11:38:43'),
	(1379,1,1,'Friuli Tipico',10,'2012-12-31 11:36:07'),
	(1380,1,1,'Friuli Tipico',10,'2013-01-01 11:36:46'),
	(1381,1,1,'Enogastronomia',10,'2013-01-01 21:11:48'),
	(1382,1,1,'Enogastronomia',10,'2013-01-01 21:11:50'),
	(1383,1,1,'San Daniele',2,'2013-01-01 21:11:52'),
	(1384,1,1,'Suggestioni letterarie',3,'2013-01-01 21:11:53'),
	(1385,1,1,'San Daniele',2,'2013-01-01 21:11:54'),
	(1386,1,1,'Suggestioni letterarie',3,'2013-01-01 21:11:55'),
	(1387,1,1,'Friuli Tipico',10,'2013-01-02 11:40:19'),
	(1388,1,1,'1',0,'2013-01-02 11:43:49'),
	(1389,1,1,'Friuli Tipico',1,'2013-01-02 11:44:06'),
	(1390,1,1,'1',0,'2013-01-02 11:44:35'),
	(1391,1,1,'Cerca',0,'2013-01-02 11:46:09'),
	(1392,1,1,'Friuli Tipico',10,'2013-01-02 11:46:14'),
	(1393,1,1,'Friuli Tipico',1,'2013-01-02 11:46:22'),
	(1394,1,1,'Cerca',0,'2013-01-02 11:46:25'),
	(1395,1,1,'Cerca',0,'2013-01-02 11:46:26'),
	(1396,1,1,'Friuli Tipico',1,'2013-01-02 11:46:29'),
	(1397,1,1,'Search',0,'2013-01-02 11:46:31'),
	(1398,1,1,'Cerca',0,'2013-01-02 11:48:05'),
	(1399,1,1,'Friuli Tipico',1,'2013-01-02 11:48:09'),
	(1400,1,1,'1',0,'2013-01-02 11:48:16'),
	(1401,1,1,'1',0,'2013-01-02 11:48:39'),
	(1402,1,1,'Cerca',0,'2013-01-02 11:48:47'),
	(1403,1,1,'1',0,'2013-01-02 11:49:39'),
	(1404,1,1,'1',0,'2013-01-02 11:49:41'),
	(1405,1,1,'Cerca',0,'2013-01-02 11:49:43'),
	(1406,1,1,'Cerca',0,'2013-01-02 11:50:22'),
	(1407,1,1,'Cerca',0,'2013-01-02 11:50:29'),
	(1408,1,1,'Friuli Tipico',10,'2013-01-02 11:51:13'),
	(1409,1,1,'Friuli Tipico',1,'2013-01-02 11:51:19'),
	(1410,1,1,'1',0,'2013-01-02 11:51:20'),
	(1411,1,1,'1',0,'2013-01-02 11:51:23'),
	(1412,1,1,'1',0,'2013-01-02 11:51:26'),
	(1413,1,1,'Friuli Tipico',1,'2013-01-02 11:51:27'),
	(1414,1,1,'1',0,'2013-01-02 11:51:28'),
	(1415,1,1,'1',0,'2013-01-02 11:51:30'),
	(1416,1,1,'Cerca',0,'2013-01-02 11:52:08'),
	(1417,1,1,'Borghi',1,'2013-01-02 11:52:17'),
	(1418,1,1,'Provincia di Trieste',1,'2013-01-02 11:52:18'),
	(1419,1,1,'Friuli Tipico',1,'2013-01-02 11:52:31'),
	(1420,1,1,'Friuli Tipico',1,'2013-01-02 11:52:32'),
	(1421,1,1,'Provincia di Trieste',1,'2013-01-02 11:52:33'),
	(1422,1,1,'Friuli Tipico',1,'2013-01-02 11:52:34'),
	(1423,1,1,'Suche',0,'2013-01-02 11:52:35'),
	(1424,1,1,'Cerca',0,'2013-01-02 11:52:37'),
	(1425,1,1,'Cerca',0,'2013-01-02 11:52:38'),
	(1426,1,1,'1',0,'2013-01-02 11:52:39'),
	(1427,1,1,'Search',0,'2013-01-02 11:52:40'),
	(1428,1,1,'1',0,'2013-01-02 11:52:41'),
	(1429,1,1,'Friuli Tipico',10,'2013-01-03 11:34:13'),
	(1430,1,1,'Friuli Tipico',10,'2013-01-04 11:37:37'),
	(1431,1,1,'Enogastronomia',10,'2013-01-05 04:23:33'),
	(1432,1,1,'Enogastronomia',10,'2013-01-05 04:23:34'),
	(1433,1,1,'San Daniele',2,'2013-01-05 04:23:36'),
	(1434,1,1,'Suggestioni letterarie',3,'2013-01-05 04:23:37'),
	(1435,1,1,'San Daniele',2,'2013-01-05 04:23:38'),
	(1436,1,1,'Suggestioni letterarie',3,'2013-01-05 04:23:39'),
	(1437,1,1,'Friuli Tipico',10,'2013-01-05 11:39:31'),
	(1438,1,1,'Friuli Tipico',10,'2013-01-06 11:37:42'),
	(1439,1,1,'Friuli Tipico',10,'2013-01-07 11:34:16'),
	(1440,1,1,'Enogastronomia',10,'2013-01-07 15:55:45'),
	(1441,1,1,'Enogastronomia',10,'2013-01-07 15:55:47'),
	(1442,1,1,'San Daniele',2,'2013-01-07 15:55:47'),
	(1443,1,1,'San Daniele',2,'2013-01-07 15:55:48'),
	(1444,1,1,'Suggestioni letterarie',3,'2013-01-07 15:55:50'),
	(1445,1,1,'Suggestioni letterarie',3,'2013-01-07 15:55:51'),
	(1446,1,1,'Montagna',1,'2013-01-08 09:28:31'),
	(1447,1,1,'Friuli centrale',5,'2013-01-08 09:28:35'),
	(1448,1,1,'San Daniele',2,'2013-01-08 09:28:37'),
	(1449,1,1,'Provincia di Pordenone',4,'2013-01-08 09:29:01'),
	(1450,1,1,'Wellness',1,'2013-01-08 09:33:36'),
	(1451,1,1,'Provincia di Trieste',1,'2013-01-08 09:48:32'),
	(1452,1,1,'Provincia di Udine',7,'2013-01-08 10:06:32'),
	(1453,1,1,'Collina',2,'2013-01-08 10:08:27'),
	(1454,1,1,'Arte e Cultura',5,'2013-01-08 10:10:32'),
	(1455,1,1,'Suggestioni letterarie',3,'2013-01-08 10:10:34'),
	(1456,1,1,'Suggestioni storiche',3,'2013-01-08 10:10:35'),
	(1457,1,1,'Terre di Mezzo',2,'2013-01-08 10:10:37'),
	(1458,1,1,'Cicloturismo',1,'2013-01-08 10:10:42'),
	(1459,1,1,'Friuli Tipico',10,'2013-01-08 11:38:34'),
	(1460,1,1,'Friuli Tipico',10,'2013-01-09 11:39:48'),
	(1461,1,1,'Friuli Tipico',10,'2013-01-10 11:34:05'),
	(1462,1,1,'Friuli Tipico',10,'2013-01-11 11:39:31'),
	(1463,1,1,'Enogastronomia',10,'2013-01-12 02:04:00'),
	(1464,1,1,'San Daniele',2,'2013-01-12 02:04:01'),
	(1465,1,1,'Enogastronomia',10,'2013-01-12 02:04:02'),
	(1466,1,1,'San Daniele',2,'2013-01-12 02:04:03'),
	(1467,1,1,'Suggestioni letterarie',3,'2013-01-12 02:04:04'),
	(1468,1,1,'Suggestioni letterarie',3,'2013-01-12 02:04:05'),
	(1469,1,1,'Friuli Tipico',10,'2013-01-12 11:39:18'),
	(1470,1,1,'Arte e Cultura',5,'2013-01-13 01:41:50'),
	(1471,1,1,'Provincia di Udine',7,'2013-01-13 01:41:53'),
	(1472,1,1,'Friuli centrale',5,'2013-01-13 01:47:47'),
	(1473,1,1,'Friuli Tipico',10,'2013-01-13 11:39:52'),
	(1474,1,1,'Friuli Tipico',10,'2013-01-14 11:36:31'),
	(1475,1,1,'Friuli Tipico',10,'2013-01-15 11:40:28'),
	(1476,1,1,'enogastronomia',10,'2013-01-31 16:54:43'),
	(1477,1,1,'friuli tipico',10,'2013-01-31 16:54:45'),
	(1478,1,1,'provincia di udine',7,'2013-01-31 16:54:48'),
	(1479,1,1,'friuli centrale',5,'2013-01-31 16:54:51'),
	(1480,1,1,'arte e cultura',5,'2013-01-31 16:54:53'),
	(1481,1,1,'città',4,'2013-01-31 16:54:56'),
	(1482,1,1,'provincia di pordenone',4,'2013-01-31 16:54:58'),
	(1483,1,1,'suggestioni letterarie',3,'2013-01-31 16:55:00'),
	(1484,1,1,'suggestioni storiche',3,'2013-01-31 16:55:02'),
	(1485,1,1,'terre di mezzo',2,'2013-01-31 16:55:05'),
	(1486,1,1,'san daniele',2,'2013-01-31 16:55:08'),
	(1487,1,1,'collina',2,'2013-01-31 16:55:10'),
	(1488,1,1,'cicloturismo',1,'2013-01-31 16:55:14'),
	(1489,1,1,'provincia di trieste',1,'2013-01-31 16:55:16'),
	(1490,1,1,'borghi',1,'2013-01-31 16:55:18'),
	(1491,1,1,'sauris',1,'2013-01-31 16:55:21'),
	(1492,1,1,'udine',7,'2013-01-31 16:55:23'),
	(1493,1,1,'provincia di gorizia',1,'2013-01-31 16:55:27'),
	(1494,1,1,'natura',1,'2013-01-31 16:55:29'),
	(1495,1,1,'Friuli centrale',5,'2013-02-01 03:44:00'),
	(1496,1,1,'Aquileia',1,'2013-02-01 03:44:02'),
	(1497,1,1,'Enogastronomia',10,'2013-02-01 03:44:04'),
	(1498,1,1,'Gorizia',1,'2013-02-01 03:44:05'),
	(1499,1,1,'Enogastronomia',1,'2013-02-01 03:44:14'),
	(1500,1,1,'1',0,'2013-02-01 03:44:15'),
	(1501,1,1,'Friuli centrale',5,'2013-03-03 03:41:11'),
	(1502,1,1,'Aquileia',1,'2013-03-03 03:41:15'),
	(1503,1,1,'Enogastronomia',10,'2013-03-03 03:41:17'),
	(1504,1,1,'Enogastronomia',1,'2013-03-03 03:41:21'),
	(1505,1,1,'1',0,'2013-03-03 03:41:24'),
	(1506,1,1,'Enogastronomia',10,'2013-03-08 15:49:39'),
	(1507,1,1,'Friuli Tipico',10,'2013-03-08 15:49:41'),
	(1508,1,1,'Provincia di Udine',7,'2013-03-08 15:49:42'),
	(1509,1,1,'Friuli centrale',5,'2013-03-08 15:49:43'),
	(1510,1,1,'Arte e Cultura',5,'2013-03-08 15:49:43'),
	(1511,1,1,'Città',4,'2013-03-08 15:49:44'),
	(1512,1,1,'Provincia di Pordenone',4,'2013-03-08 15:49:45'),
	(1513,1,1,'Suggestioni letterarie',3,'2013-03-08 15:49:46'),
	(1514,1,1,'Suggestioni storiche',3,'2013-03-08 15:49:47'),
	(1515,1,1,'Terre di Mezzo',2,'2013-03-08 15:49:48'),
	(1516,1,1,'San Daniele',2,'2013-03-08 15:49:48'),
	(1517,1,1,'Collina',2,'2013-03-08 15:49:49'),
	(1518,1,1,'Provincia di Gorizia',1,'2013-03-08 15:49:50'),
	(1519,1,1,'Natura',1,'2013-03-08 15:49:51'),
	(1520,1,1,'Aquileia',1,'2013-03-08 15:49:54'),
	(1521,1,1,'Trieste',1,'2013-03-08 15:49:55'),
	(1522,1,1,'Montagna',1,'2013-03-08 15:49:56'),
	(1523,1,1,'Gorizia',1,'2013-03-08 15:49:57'),
	(1524,1,1,'Wellness',1,'2013-03-08 15:49:58'),
	(1525,1,1,'Cicloturismo',1,'2013-03-08 15:49:59'),
	(1526,1,1,'Enogastronomia',1,'2013-03-08 15:51:59'),
	(1527,1,1,'Enogastronomia',1,'2013-03-08 15:52:01'),
	(1528,1,1,'Enogastronomia',1,'2013-03-08 15:52:02'),
	(1529,1,1,'Friuli Tipico',1,'2013-03-08 15:52:04'),
	(1530,1,1,'Friuli Tipico',1,'2013-03-08 15:52:05'),
	(1531,1,1,'Provincia di Udine',1,'2013-03-08 15:52:05'),
	(1532,1,1,'Provincia di Udine',1,'2013-03-08 15:52:06'),
	(1533,1,1,'Friuli centrale',1,'2013-03-08 15:52:07'),
	(1534,1,1,'Friuli centrale',1,'2013-03-08 15:52:08'),
	(1535,1,1,'Arte e Cultura',1,'2013-03-08 15:52:08'),
	(1536,1,1,'Arte e Cultura',1,'2013-03-08 15:52:09'),
	(1537,1,1,'Città',1,'2013-03-08 15:52:10'),
	(1538,1,1,'Città',1,'2013-03-08 15:52:11'),
	(1539,1,1,'Provincia di Pordenone',1,'2013-03-08 15:52:11'),
	(1540,1,1,'Provincia di Pordenone',1,'2013-03-08 15:52:12'),
	(1541,1,1,'Suggestioni letterarie',1,'2013-03-08 15:52:13'),
	(1542,1,1,'Suggestioni letterarie',1,'2013-03-08 15:52:14'),
	(1543,1,1,'Suggestioni storiche',1,'2013-03-08 15:52:15'),
	(1544,1,1,'Suggestioni storiche',1,'2013-03-08 15:52:16'),
	(1545,1,1,'Terre di Mezzo',1,'2013-03-08 15:52:16'),
	(1546,1,1,'Terre di Mezzo',1,'2013-03-08 15:52:17'),
	(1547,1,1,'San Daniele',1,'2013-03-08 15:52:18'),
	(1548,1,1,'San Daniele',1,'2013-03-08 15:52:19'),
	(1549,1,1,'Collina',1,'2013-03-08 15:52:21'),
	(1550,1,1,'Collina',1,'2013-03-08 15:52:22'),
	(1551,1,1,'Provincia di Gorizia',1,'2013-03-08 15:52:23'),
	(1552,1,1,'Provincia di Gorizia',1,'2013-03-08 15:52:24'),
	(1553,1,1,'Natura',1,'2013-03-08 15:52:25'),
	(1554,1,1,'Natura',1,'2013-03-08 15:52:26'),
	(1555,1,1,'Trieste',1,'2013-03-08 15:52:27'),
	(1556,1,1,'Trieste',1,'2013-03-08 15:52:28'),
	(1557,1,1,'Montagna',1,'2013-03-08 15:52:30'),
	(1558,1,1,'Montagna',1,'2013-03-08 15:52:31'),
	(1559,1,1,'Gorizia',1,'2013-03-08 15:52:32'),
	(1560,1,1,'Gorizia',1,'2013-03-08 15:52:33'),
	(1561,1,1,'Wellness',1,'2013-03-08 15:52:33'),
	(1562,1,1,'Wellness',1,'2013-03-08 15:52:35'),
	(1563,1,1,'Cicloturismo',1,'2013-03-08 15:52:36'),
	(1564,1,1,'Cicloturismo',1,'2013-03-08 15:52:37'),
	(1565,1,1,'Enogastronomia',1,'2013-03-08 15:54:16'),
	(1566,1,1,'Enogastronomia',1,'2013-03-08 15:54:16'),
	(1567,1,1,'Enogastronomia',10,'2013-03-08 15:54:17'),
	(1568,1,1,'Enogastronomia',1,'2013-03-08 15:54:43'),
	(1569,1,1,'Enogastronomia',10,'2013-03-23 05:21:33'),
	(1570,1,1,'Arte e Cultura',5,'2013-03-30 02:24:51'),
	(1571,1,1,'Arte e Cultura',5,'2013-03-30 02:26:36'),
	(1572,1,1,'Enogastronomia',10,'2013-03-30 03:04:41'),
	(1573,1,1,'Enogastronomia',10,'2013-03-30 03:05:43'),
	(1574,1,1,'Enogastronomia',10,'2013-03-30 03:06:14'),
	(1575,1,1,'Enogastronomia',2,'2013-03-30 03:06:24'),
	(1576,1,1,'Enogastronomia',10,'2013-03-30 03:06:48'),
	(1577,1,1,'Enogastronomia',2,'2013-03-30 03:06:58'),
	(1578,1,1,'Enogastronomia',10,'2013-03-30 03:10:02'),
	(1579,1,1,'Enogastronomia',2,'2013-03-30 03:10:10'),
	(1580,1,1,'Enogastronomia',10,'2013-03-30 03:15:49'),
	(1581,1,1,'Enogastronomia',2,'2013-03-30 03:15:54'),
	(1582,1,1,'Enogastronomia',10,'2013-03-30 03:17:03'),
	(1583,1,1,'Enogastronomia',2,'2013-03-30 03:17:20'),
	(1584,1,1,'Enogastronomia',10,'2013-03-30 03:48:00'),
	(1585,1,1,'Enogastronomia',2,'2013-03-30 03:48:07'),
	(1586,1,1,'Enogastronomia',10,'2013-03-30 03:49:25'),
	(1587,1,1,'Enogastronomia',2,'2013-03-30 03:49:33'),
	(1588,1,1,'Enogastronomia',10,'2013-03-30 03:51:49'),
	(1589,1,1,'Enogastronomia',2,'2013-03-30 03:51:54'),
	(1590,1,1,'Gorizia',1,'2013-04-02 03:52:47'),
	(1591,1,1,'1',0,'2013-04-02 03:52:49'),
	(1592,1,1,'Tour in giornata',2,'2013-04-16 08:37:53'),
	(1593,1,1,'Tour in giornata',2,'2013-04-16 08:37:54'),
	(1594,1,1,'Tour in giornata',2,'2013-04-16 08:38:27'),
	(1595,1,1,'frecce tricolori',2,'2013-04-16 08:51:52'),
	(1596,1,1,'frecce tricolori',2,'2013-04-16 08:52:52'),
	(1597,1,1,'Suggestioni letterarie',4,'2013-04-16 08:59:20'),
	(1598,1,1,'Suggestioni letterarie',4,'2013-04-16 09:01:46'),
	(1599,1,1,'Tour in giornata',2,'2013-04-18 08:00:54'),
	(1600,1,1,'Grande Guerra',2,'2013-04-18 08:01:21'),
	(1601,1,1,'Valvasone',2,'2013-04-18 08:01:38'),
	(1602,1,1,'frecce tricolori',2,'2013-04-18 08:01:48'),
	(1603,1,1,'Grande Guerra',2,'2013-04-18 08:05:26'),
	(1604,1,1,'Provincia di Udine',7,'2013-04-26 04:05:37'),
	(1605,1,1,'Castello di Miramare',3,'2013-04-26 04:05:44'),
	(1606,1,1,'Udine',9,'2013-04-26 04:18:34'),
	(1607,1,1,'Castello di Miramare',3,'2013-04-26 04:18:53'),
	(1608,1,1,'San Vito al Tagliamento',3,'2013-04-26 04:19:00'),
	(1609,1,1,'Casarsa della Delizia',2,'2013-04-26 04:19:09'),
	(1610,1,1,'Friuli centrale',5,'2013-04-26 04:21:32'),
	(1611,1,1,'Provincia di Udine',7,'2013-05-01 10:46:11'),
	(1612,1,1,'Provincia di Udine',7,'2013-05-01 10:47:27'),
	(1613,1,1,'Provincia di Udine',7,'2013-05-01 10:48:13'),
	(1614,1,1,'Trieste',4,'2013-05-13 19:08:00'),
	(1615,1,1,'Provincia di Pordenone',5,'2013-05-13 21:52:55'),
	(1616,1,1,'Vini',6,'2013-05-13 21:52:55'),
	(1617,1,1,'Provincia di Udine',7,'2013-05-13 21:53:27'),
	(1618,1,1,'Udine',10,'2013-05-13 22:12:54'),
	(1619,1,1,'Arte e Cultura',6,'2013-05-13 23:57:27'),
	(1620,1,1,'San Daniele',7,'2013-05-13 23:57:30'),
	(1621,1,1,'Gorizia',6,'2013-05-13 23:57:49'),
	(1622,1,1,'Cividale del Friuli',5,'2013-05-14 00:01:55'),
	(1623,1,1,'Vini',1,'2013-05-14 00:19:16'),
	(1624,1,1,'Aquileia',3,'2013-05-14 00:43:50'),
	(1625,1,1,'Provincia di Udine',1,'2013-05-14 02:38:15'),
	(1626,1,1,'Udine',1,'2013-05-14 02:38:28'),
	(1627,1,1,'Udine',1,'2013-05-14 02:38:28'),
	(1628,1,1,'Città',3,'2013-05-14 02:52:40'),
	(1629,1,1,'Gorizia',1,'2013-05-14 03:30:46'),
	(1630,1,1,'Provincia di Udine',1,'2013-05-14 03:44:21'),
	(1631,1,1,'Provincia di Udine',1,'2013-05-15 12:53:11'),
	(1632,1,1,'Udine',1,'2013-05-15 12:53:21'),
	(1633,1,1,'Udine',1,'2013-05-15 12:53:25'),
	(1634,1,1,'Città',3,'2013-05-15 13:27:33'),
	(1635,1,1,'Ragogna',5,'2013-05-15 16:11:47'),
	(1636,1,1,'Trieste',1,'2013-05-15 16:12:24'),
	(1637,1,1,'Enogastronomia',10,'2013-05-15 16:13:12'),
	(1638,1,1,'degustazioni',3,'2013-05-15 16:13:35'),
	(1639,1,1,'Valvasone',6,'2013-05-15 16:15:34'),
	(1640,1,1,'Grande Guerra',10,'2013-05-15 16:17:05'),
	(1641,1,1,'Provincia di Udine',1,'2013-05-15 16:19:03'),
	(1642,1,1,'Vini',1,'2013-05-15 16:21:59'),
	(1643,1,1,'Villa Manin',4,'2013-05-15 16:22:51'),
	(1644,1,1,'Vino',6,'2013-05-15 16:23:51'),
	(1645,1,1,'Pomponio Amalteo',3,'2013-05-15 16:29:38'),
	(1646,1,1,'Provincia di Pordenone',1,'2013-05-15 16:30:05'),
	(1647,1,1,'Cividale del Friuli',1,'2013-05-15 16:33:43'),
	(1648,1,1,'Arte e Cultura',1,'2013-05-15 16:34:04'),
	(1649,1,1,'Museo della Grande Guerra',3,'2013-05-15 16:35:10'),
	(1650,1,1,'Gorizia',1,'2013-05-15 16:37:10'),
	(1651,1,1,'San Daniele',1,'2013-05-15 16:38:21'),
	(1652,1,1,'Gorizia',1,'2013-05-15 16:38:28'),
	(1653,1,1,'Arte e Cultura',1,'2013-05-15 16:39:27'),
	(1654,1,1,'Friuli centrale',5,'2013-05-15 16:40:43'),
	(1655,1,1,'Provincia di Pordenone',1,'2013-05-15 16:41:36'),
	(1656,1,1,'Spilimbergo',5,'2013-05-15 16:41:49'),
	(1657,1,1,'Sacrario di Redipuglia',5,'2013-05-15 16:42:12'),
	(1658,1,1,'Suggestioni letterarie',4,'2013-05-15 16:42:32'),
	(1659,1,1,'Terre di Mezzo',3,'2013-05-15 16:44:40'),
	(1660,1,1,'Cividale del Friuli',1,'2013-05-15 16:45:35'),
	(1661,1,1,'San Daniele',1,'2013-05-15 16:49:46'),
	(1662,1,1,'Udine',5,'2013-05-15 16:50:20'),
	(1663,1,1,'Pordenone',9,'2013-05-15 16:50:26'),
	(1664,1,1,'Trieste',1,'2013-05-15 16:50:52'),
	(1665,1,1,'Sacrario di Caporetto',5,'2013-05-15 16:51:23'),
	(1666,1,1,'Fagarè della Battaglia',4,'2013-05-21 16:54:38'),
	(1667,1,1,'Fagarè della Battaglia',1,'2013-05-21 19:08:38'),
	(1668,1,1,'Fagarè della Battaglia',1,'2013-05-21 20:32:15'),
	(1669,1,1,'Arte e Cultura',6,'2013-05-23 22:16:42'),
	(1670,1,1,'Cividale del Friuli',5,'2013-05-23 22:16:44'),
	(1671,1,1,'Enogastronomia',10,'2013-05-23 22:16:47'),
	(1672,1,1,'Fagarè della Battaglia',4,'2013-05-23 22:16:49'),
	(1673,1,1,'Friuli Tipico',10,'2013-05-23 22:16:51'),
	(1674,1,1,'Friuli centrale',5,'2013-05-23 22:16:54'),
	(1675,1,1,'Gorizia',6,'2013-05-23 22:16:56'),
	(1676,1,1,'Grande Guerra',10,'2013-05-23 22:16:58'),
	(1677,1,1,'Provincia di Pordenone',5,'2013-05-23 22:17:01'),
	(1678,1,1,'Provincia di Udine',7,'2013-05-23 22:17:03'),
	(1679,1,1,'Ragogna',5,'2013-05-23 22:17:06'),
	(1680,1,1,'Sacrario di Caporetto',6,'2013-05-23 22:17:08'),
	(1681,1,1,'Sacrario di Redipuglia',6,'2013-05-23 22:17:10'),
	(1682,1,1,'San Daniele',8,'2013-05-23 22:17:13'),
	(1683,1,1,'Spilimbergo',5,'2013-05-23 22:17:15'),
	(1684,1,1,'Udine',10,'2013-05-23 22:17:18'),
	(1685,1,1,'Valvasone',6,'2013-05-23 22:17:21'),
	(1686,1,1,'Villa Manin',4,'2013-05-23 22:17:23'),
	(1687,1,1,'Vini',6,'2013-05-23 22:17:26'),
	(1688,1,1,'Vino',6,'2013-05-23 22:17:28'),
	(1689,1,1,'Arte e Cultura',1,'2013-05-24 06:25:41'),
	(1690,1,1,'Cividale del Friuli',1,'2013-05-24 06:25:45'),
	(1691,1,1,'Enogastronomia',1,'2013-05-24 06:25:52'),
	(1692,1,1,'Fagarè della Battaglia',1,'2013-05-24 06:25:54'),
	(1693,1,1,'Friuli Tipico',1,'2013-05-24 06:25:57'),
	(1694,1,1,'Friuli centrale',1,'2013-05-24 06:25:59'),
	(1695,1,1,'Gorizia',1,'2013-05-24 06:26:02'),
	(1696,1,1,'Grande Guerra',1,'2013-05-24 06:26:05'),
	(1697,1,1,'Provincia di Pordenone',1,'2013-05-24 06:26:07'),
	(1698,1,1,'Provincia di Udine',1,'2013-05-24 06:26:10'),
	(1699,1,1,'Ragogna',1,'2013-05-24 06:26:12'),
	(1700,1,1,'Sacrario di Caporetto',1,'2013-05-24 06:26:15'),
	(1701,1,1,'Sacrario di Redipuglia',1,'2013-05-24 06:26:17'),
	(1702,1,1,'San Daniele',1,'2013-05-24 06:26:20'),
	(1703,1,1,'Spilimbergo',1,'2013-05-24 06:26:22'),
	(1704,1,1,'Udine',1,'2013-05-24 06:26:26'),
	(1705,1,1,'Valvasone',1,'2013-05-24 06:26:40'),
	(1706,1,1,'Villa Manin',1,'2013-05-24 06:26:43'),
	(1707,1,1,'Vini',1,'2013-05-24 06:26:45'),
	(1708,1,1,'Vino',1,'2013-05-24 06:26:48'),
	(1709,1,1,'Arte e Cultura',1,'2013-05-24 06:27:48'),
	(1710,1,1,'Cividale del Friuli',1,'2013-05-24 06:27:51'),
	(1711,1,1,'Enogastronomia',1,'2013-05-24 06:27:53'),
	(1712,1,1,'Fagarè della Battaglia',1,'2013-05-24 06:27:56'),
	(1713,1,1,'Friuli Tipico',1,'2013-05-24 06:27:58'),
	(1714,1,1,'Friuli centrale',1,'2013-05-24 06:28:01'),
	(1715,1,1,'Gorizia',1,'2013-05-24 06:28:03'),
	(1716,1,1,'Grande Guerra',1,'2013-05-24 06:28:06'),
	(1717,1,1,'Provincia di Pordenone',1,'2013-05-24 06:28:08'),
	(1718,1,1,'Provincia di Udine',1,'2013-05-24 06:28:12'),
	(1719,1,1,'Ragogna',1,'2013-05-24 06:28:17'),
	(1720,1,1,'Sacrario di Caporetto',1,'2013-05-24 06:28:20'),
	(1721,1,1,'Sacrario di Redipuglia',1,'2013-05-24 06:28:23'),
	(1722,1,1,'San Daniele',1,'2013-05-24 06:28:25'),
	(1723,1,1,'Spilimbergo',1,'2013-05-24 06:28:28'),
	(1724,1,1,'Udine',1,'2013-05-24 06:28:30'),
	(1725,1,1,'Valvasone',1,'2013-05-24 06:28:33'),
	(1726,1,1,'Villa Manin',1,'2013-05-24 06:28:40'),
	(1727,1,1,'Vini',1,'2013-05-24 06:28:42'),
	(1728,1,1,'Vino',1,'2013-05-24 06:28:44'),
	(1729,1,1,'Pordenone',9,'2013-05-24 06:33:52'),
	(1730,1,1,'Valvasone',6,'2013-05-24 10:48:07'),
	(1731,1,1,'Sacrario di Caporetto',6,'2013-05-24 10:59:25'),
	(1732,1,1,'Villa Manin',4,'2013-05-24 10:59:35'),
	(1733,1,1,'Vini',6,'2013-05-24 11:00:04'),
	(1734,1,1,'Arte e Cultura',6,'2013-05-24 11:00:17'),
	(1735,1,1,'Grande Guerra',10,'2013-05-24 11:29:04'),
	(1736,1,1,'Udine',10,'2013-05-24 17:47:18'),
	(1737,1,1,'Pordenone',1,'2013-05-25 17:10:21'),
	(1738,1,1,'Trieste',4,'2013-05-25 17:14:11'),
	(1739,1,1,'Trieste',1,'2013-05-25 23:38:14'),
	(1740,1,1,'Suggestioni letterarie',4,'2013-05-25 23:41:46'),
	(1741,1,1,'Pordenone',1,'2013-05-26 09:39:10'),
	(1742,1,1,'Suggestioni letterarie',1,'2013-05-26 09:39:13'),
	(1743,1,1,'Trieste',1,'2013-05-26 09:39:16'),
	(1744,1,1,'Suggestioni letterarie',1,'2013-05-26 22:59:43'),
	(1745,1,1,'Valvasone',1,'2013-06-01 06:55:08'),
	(1746,1,1,'Valvasone',1,'2013-06-01 08:07:25'),
	(1747,1,1,'Grande Guerra',2,'2013-06-02 04:40:01'),
	(1748,1,1,'Grande Guerra',10,'2013-06-02 09:40:14'),
	(1749,1,1,'Grande Guerra',1,'2013-06-02 10:08:54'),
	(1750,1,1,'Udine',6,'2013-06-02 11:33:12'),
	(1751,1,1,'Udine',10,'2013-06-02 11:54:14'),
	(1752,1,1,'Grande Guerra',1,'2013-06-02 12:17:18'),
	(1753,1,1,'Grande Guerra',1,'2013-06-02 13:25:45'),
	(1754,1,1,'Udine',1,'2013-06-02 15:11:01'),
	(1755,1,1,'Udine',1,'2013-06-02 15:29:15'),
	(1756,1,1,'Udine',6,'2013-06-02 16:09:36'),
	(1757,1,1,'Ragogna',5,'2013-06-02 16:11:14'),
	(1758,1,1,'Cividale del Friuli',5,'2013-06-02 16:17:16'),
	(1759,1,1,'Natura',1,'2013-06-02 16:17:16'),
	(1760,1,1,'Sacrario di Redipuglia',6,'2013-06-02 16:17:16'),
	(1761,1,1,'Terre di Mezzo',3,'2013-06-02 16:17:17'),
	(1762,1,1,'Villa Manin',4,'2013-06-02 16:17:17'),
	(1763,1,1,'Valvasone',7,'2013-06-02 16:17:17'),
	(1764,1,1,'Vino',6,'2013-06-02 16:17:19'),
	(1765,1,1,'Pordenone',10,'2013-06-02 16:20:01'),
	(1766,1,1,'Spilimbergo',6,'2013-06-02 16:20:02'),
	(1767,1,1,'Grande Guerra',10,'2013-06-02 16:28:07'),
	(1768,1,1,'Vini',6,'2013-06-02 16:28:23'),
	(1769,1,1,'Sacrario di Caporetto',6,'2013-06-02 16:28:23'),
	(1770,1,1,'Udine',1,'2013-06-02 19:52:33'),
	(1771,1,1,'Grande Guerra',2,'2013-06-02 21:12:59'),
	(1772,1,1,'Città',4,'2013-06-02 21:37:31'),
	(1773,1,1,'Grande Guerra',1,'2013-06-03 01:58:44'),
	(1774,1,1,'Grande Guerra',10,'2013-06-04 02:52:39'),
	(1775,1,1,'Città',1,'2013-06-05 22:12:15'),
	(1776,1,1,'Città',1,'2013-06-05 22:13:50'),
	(1777,1,1,'Grande Guerra',10,'2013-06-10 01:57:09'),
	(1778,1,1,'Codroipo',1,'2013-06-11 05:28:24'),
	(1779,1,1,'abbazia',2,'2013-06-11 09:30:47'),
	(1780,1,1,'cantine',2,'2013-06-11 11:13:35'),
	(1781,1,1,'Pasolini',4,'2013-06-11 12:52:11'),
	(1782,1,1,'castello',4,'2013-06-11 16:34:44'),
	(1783,1,1,'Castelli',2,'2013-06-11 16:41:03'),
	(1784,1,1,'prosciutto',2,'2013-06-11 19:24:34'),
	(1785,1,1,'Codroipo',1,'2013-06-11 20:45:16'),
	(1786,1,1,'Codroipo',1,'2013-06-11 21:14:28'),
	(1787,1,1,'Udine',10,'2013-06-12 04:24:10'),
	(1788,1,1,'Trieste',4,'2013-06-12 06:52:49'),
	(1789,1,1,'cantine',1,'2013-06-12 08:27:30'),
	(1790,1,1,'cantine',1,'2013-06-12 10:05:53'),
	(1791,1,1,'Castelli',1,'2013-06-12 10:08:14'),
	(1792,1,1,'abbazia',1,'2013-06-12 10:21:56'),
	(1793,1,1,'Gorizia',6,'2013-06-12 11:46:50'),
	(1794,1,1,'abbazia',1,'2013-06-12 14:07:29'),
	(1795,1,1,'castello',1,'2013-06-12 15:04:41'),
	(1796,1,1,'Pasolini',1,'2013-06-12 15:35:19'),
	(1797,1,1,'castello',1,'2013-06-12 19:06:11'),
	(1798,1,1,'Castelli',1,'2013-06-12 19:58:46'),
	(1799,1,1,'Pasolini',1,'2013-06-13 00:16:39'),
	(1800,1,1,'prosciutto',1,'2013-06-13 01:49:02'),
	(1801,1,1,'Pordenone',10,'2013-06-13 01:58:43'),
	(1802,1,1,'prosciutto',1,'2013-06-13 13:47:08'),
	(1803,1,1,'San Daniele',8,'2013-06-13 14:41:04'),
	(1804,1,1,'Fagarè della Battaglia',4,'2013-06-13 15:30:57'),
	(1805,1,1,'Fagarè della Battaglia',4,'2013-06-13 15:40:16'),
	(1806,1,1,'Spilimbergo',6,'2013-06-13 16:23:34'),
	(1807,1,1,'Friuli Tipico',10,'2013-06-13 16:35:20'),
	(1808,1,1,'Città',4,'2013-06-13 19:05:47'),
	(1809,1,1,'abbazia',1,'2013-06-13 20:36:18'),
	(1810,1,1,'Enogastronomia',10,'2013-06-13 20:47:34'),
	(1811,1,1,'Arte e Cultura',6,'2013-06-14 00:21:51'),
	(1812,1,1,'Friuli centrale',5,'2013-06-14 01:41:13'),
	(1813,1,1,'Provincia di Udine',7,'2013-06-14 02:31:33'),
	(1814,1,1,'Spilimbergo',1,'2013-06-14 07:30:12'),
	(1815,1,1,'Cividale del Friuli',5,'2013-06-14 09:00:09'),
	(1816,1,1,'Provincia di Pordenone',6,'2013-06-14 11:14:35'),
	(1817,1,1,'castello',1,'2013-06-14 16:30:31'),
	(1818,1,1,'Arte e Cultura',1,'2013-06-14 18:40:28'),
	(1819,1,1,'Gorizia',1,'2013-06-14 20:06:04'),
	(1820,1,1,'Trieste',1,'2013-06-15 00:59:36'),
	(1821,1,1,'Spilimbergo',1,'2013-06-15 02:04:24'),
	(1822,1,1,'Cividale del Friuli',1,'2013-06-15 10:00:53'),
	(1823,1,1,'Arte e Cultura',1,'2013-06-15 13:26:17'),
	(1824,1,1,'prosciutto',1,'2013-06-15 14:50:33'),
	(1825,1,1,'Cividale del Friuli',1,'2013-06-15 15:36:49'),
	(1826,1,1,'Pordenone',1,'2013-06-15 18:31:37'),
	(1827,1,1,'San Daniele',1,'2013-06-15 19:54:09'),
	(1828,1,1,'Trieste',1,'2013-06-15 20:55:27'),
	(1829,1,1,'Gorizia',1,'2013-06-15 22:51:36'),
	(1830,1,1,'Città',1,'2013-06-15 23:16:33'),
	(1831,1,1,'Città',1,'2013-06-16 00:13:06'),
	(1832,1,1,'Friuli centrale',1,'2013-06-16 00:41:06'),
	(1833,1,1,'Friuli centrale',1,'2013-06-16 01:38:45'),
	(1834,1,1,'Provincia di Udine',1,'2013-06-16 02:34:36'),
	(1835,1,1,'Provincia di Udine',1,'2013-06-16 04:57:16'),
	(1836,1,1,'Provincia di Pordenone',1,'2013-06-16 07:41:25'),
	(1837,1,1,'Enogastronomia',1,'2013-06-16 07:57:26'),
	(1838,1,1,'Provincia di Pordenone',1,'2013-06-16 08:09:42'),
	(1839,1,1,'Suggestioni letterarie',4,'2013-06-16 08:42:08'),
	(1840,1,1,'Friuli Tipico',1,'2013-06-16 11:40:01'),
	(1841,1,1,'Enogastronomia',1,'2013-06-16 11:55:06'),
	(1842,1,1,'Friuli Tipico',1,'2013-06-16 18:27:43'),
	(1843,1,1,'Pordenone',1,'2013-06-16 22:59:52'),
	(1844,1,1,'San Daniele',1,'2013-06-16 23:53:10'),
	(1845,1,1,'Friuli Tipico',1,'2013-06-17 00:05:42'),
	(1846,1,1,'Suggestioni letterarie',1,'2013-06-17 08:16:19'),
	(1847,1,1,'Suggestioni letterarie',1,'2013-06-17 09:12:42'),
	(1848,1,1,'Enogastronomia',10,'2013-06-17 12:16:32'),
	(1849,1,1,'Friuli Tipico',1,'2013-06-18 21:42:56'),
	(1850,1,1,'spiritualità',2,'2013-06-18 23:20:13'),
	(1851,1,1,'spiritualità',1,'2013-06-19 01:56:36'),
	(1852,1,1,'spiritualità',1,'2013-06-19 02:34:43'),
	(1853,1,1,'Enogastronomia',10,'2013-06-19 02:49:55'),
	(1854,1,1,'Friuli Tipico',1,'2013-06-19 07:25:56'),
	(1855,1,1,'Friuli Tipico',1,'2013-06-19 09:13:31'),
	(1856,1,1,'Friuli Tipico',1,'2013-06-19 09:46:35'),
	(1857,1,1,'Friuli Tipico',10,'2013-06-19 10:49:19'),
	(1858,1,1,'Enogastronomia',10,'2013-06-20 21:58:39'),
	(1859,1,1,'Sacrario di Caporetto',6,'2013-06-21 05:27:58'),
	(1860,1,1,'Grande Guerra',10,'2013-06-21 05:29:00'),
	(1861,1,1,'Ragogna',5,'2013-06-21 05:36:13'),
	(1862,1,1,'Provincia di Pordenone',6,'2013-06-21 05:44:37'),
	(1863,1,1,'Udine',10,'2013-06-21 05:55:33'),
	(1864,1,1,'Udine',1,'2013-06-21 09:10:51'),
	(1865,1,1,'Sacrario di Caporetto',1,'2013-06-21 09:48:01'),
	(1866,1,1,'Enogastronomia',10,'2013-06-21 13:55:13'),
	(1867,1,1,'Friuli centrale',5,'2013-06-21 14:01:35'),
	(1868,1,1,'Ragogna',1,'2013-06-21 14:22:14'),
	(1869,1,1,'Città',4,'2013-06-21 14:41:36'),
	(1870,1,1,'Provincia di Udine',7,'2013-06-21 17:56:44'),
	(1871,1,1,'Friuli centrale',1,'2013-06-21 20:21:48'),
	(1872,1,1,'Pordenone',10,'2013-06-21 20:22:01'),
	(1873,1,1,'Fagarè della Battaglia',4,'2013-06-21 20:22:18'),
	(1874,1,1,'Grande Guerra',1,'2013-06-21 20:22:22'),
	(1875,1,1,'Trieste',4,'2013-06-21 20:22:51'),
	(1876,1,1,'Ragogna',1,'2013-06-21 20:25:04'),
	(1877,1,1,'Enogastronomia',1,'2013-06-21 20:26:25'),
	(1878,1,1,'Valvasone',7,'2013-06-21 21:41:34'),
	(1879,1,1,'Friuli Tipico',10,'2013-06-22 09:09:05'),
	(1880,1,1,'Grande Guerra',10,'2013-06-23 08:40:56'),
	(1881,1,1,'Enogastronomia',1,'2013-06-23 09:27:46'),
	(1882,1,1,'Enogastronomia',10,'2013-06-23 09:47:22'),
	(1883,1,1,'Enogastronomia',1,'2013-06-23 11:41:24'),
	(1884,1,1,'Friuli centrale',5,'2013-06-24 10:26:20'),
	(1885,1,1,'Arte e Cultura',6,'2013-06-24 18:58:22'),
	(1886,1,1,'Vino',6,'2013-06-24 20:32:48'),
	(1887,1,1,'Enogastronomia',10,'2013-06-24 21:09:01'),
	(1888,1,1,'Provincia di Udine',7,'2013-06-24 22:08:20'),
	(1889,1,1,'Cividale del Friuli',5,'2013-06-25 11:37:10'),
	(1890,1,1,'Suggestioni letterarie',4,'2013-06-25 11:37:28'),
	(1891,1,1,'Vini',6,'2013-06-25 11:38:15'),
	(1892,1,1,'Sacrario di Redipuglia',6,'2013-06-25 11:42:37'),
	(1893,1,1,'Gorizia',6,'2013-06-25 12:13:39'),
	(1894,1,1,'San Daniele',8,'2013-06-25 12:13:41'),
	(1895,1,1,'Spilimbergo',6,'2013-06-25 12:14:44'),
	(1896,1,1,'Friuli centrale',5,'2013-06-25 12:16:50'),
	(1897,1,1,'Trieste',4,'2013-06-25 12:17:59'),
	(1898,1,1,'Sacrario di Caporetto',6,'2013-06-25 12:18:04'),
	(1899,1,1,'Provincia di Pordenone',6,'2013-06-25 12:18:42'),
	(1900,1,1,'Vino',6,'2013-06-25 12:19:48'),
	(1901,1,1,'Spilimbergo',6,'2013-06-25 16:09:34'),
	(1902,1,1,'Udine',10,'2013-06-25 20:00:52'),
	(1903,1,1,'Grande Guerra',10,'2013-06-25 20:35:40'),
	(1904,1,1,'Valvasone',7,'2013-06-25 20:40:05'),
	(1905,1,1,'Enogastronomia',10,'2013-06-25 20:44:29'),
	(1906,1,1,'Friuli Tipico',10,'2013-06-25 20:53:13'),
	(1907,1,1,'Provincia di Udine',7,'2013-06-25 20:57:34'),
	(1908,1,1,'Udine',10,'2013-06-25 21:02:22'),
	(1909,1,1,'Ragogna',5,'2013-06-25 21:06:50'),
	(1910,1,1,'Arte e Cultura',6,'2013-06-25 21:11:27'),
	(1911,1,1,'Villa Manin',4,'2013-06-25 21:37:44'),
	(1912,1,1,'Friuli centrale',5,'2013-06-25 22:45:35'),
	(1913,1,1,'Arte e Cultura',6,'2013-06-26 10:43:11'),
	(1914,1,1,'Suggestioni letterarie',4,'2013-06-26 16:22:53'),
	(1915,1,1,'Vini',6,'2013-06-26 18:45:24'),
	(1916,1,1,'Friuli Tipico',10,'2013-06-26 20:20:45'),
	(1917,1,1,'Vino',6,'2013-06-26 22:54:56'),
	(1918,1,1,'Villa Manin',4,'2013-06-26 23:58:47'),
	(1919,1,1,'Udine',1,'2013-06-27 00:45:26'),
	(1920,1,1,'Gorizia',6,'2013-06-27 05:24:03'),
	(1921,1,1,'Provincia di Pordenone',6,'2013-06-27 06:57:25'),
	(1922,1,1,'Sacrario di Caporetto',6,'2013-06-27 08:44:17'),
	(1923,1,1,'Provincia di Udine',7,'2013-06-27 13:40:36'),
	(1924,1,1,'Valvasone',7,'2013-06-27 16:28:47'),
	(1925,1,1,'Grande Guerra',10,'2013-06-27 18:26:15'),
	(1926,1,1,'Enogastronomia',10,'2013-06-27 20:19:19'),
	(1927,1,1,'Udine',10,'2013-06-27 21:47:02'),
	(1928,1,1,'San Daniele',8,'2013-06-28 06:30:12'),
	(1929,1,1,'Arte e Cultura',6,'2013-06-28 11:06:34'),
	(1930,1,1,'Valvasone',7,'2013-06-28 18:35:30'),
	(1931,1,1,'Villa Manin',4,'2013-06-28 22:00:11'),
	(1932,1,1,'Grande Guerra',10,'2013-06-29 13:35:02'),
	(1933,1,1,'Friuli centrale',5,'2013-06-29 23:15:22'),
	(1934,1,1,'Villa Manin',4,'2013-06-30 00:19:19'),
	(1935,1,1,'Valvasone',7,'2013-06-30 09:19:37'),
	(1936,1,1,'Vini',6,'2013-06-30 10:41:36'),
	(1937,1,1,'Vino',6,'2013-06-30 11:11:39'),
	(1938,1,1,'Udine',10,'2013-06-30 11:44:50'),
	(1939,1,1,'San Daniele',8,'2013-06-30 11:57:39'),
	(1940,1,1,'Ragogna',5,'2013-06-30 13:07:27'),
	(1941,1,1,'Villa Manin',4,'2013-06-30 13:51:41'),
	(1942,1,1,'Ragogna',5,'2013-06-30 14:45:18'),
	(1943,1,1,'Arte e Cultura',6,'2013-06-30 15:00:33'),
	(1944,1,1,'Spilimbergo',6,'2013-06-30 15:06:48'),
	(1945,1,1,'Sacrario di Caporetto',6,'2013-06-30 15:12:15'),
	(1946,1,1,'Provincia di Pordenone',6,'2013-06-30 15:23:24'),
	(1947,1,1,'Valvasone',7,'2013-06-30 15:25:15'),
	(1948,1,1,'Pordenone',10,'2013-06-30 17:42:11'),
	(1949,1,1,'Gorizia',6,'2013-06-30 21:48:13'),
	(1950,1,1,'Sacrario di Caporetto',6,'2013-07-01 08:59:55'),
	(1951,1,1,'Valvasone',7,'2013-07-01 11:23:37'),
	(1952,1,1,'Friuli Tipico',10,'2013-07-01 12:59:09'),
	(1953,1,1,'Provincia di Udine',7,'2013-07-01 18:08:11'),
	(1954,1,1,'Pordenone',10,'2013-07-01 18:08:25'),
	(1955,1,1,'Trieste',4,'2013-07-01 18:08:28'),
	(1956,1,1,'San Daniele',8,'2013-07-01 18:08:33'),
	(1957,1,1,'Friuli centrale',5,'2013-07-01 18:08:34'),
	(1958,1,1,'Ragogna',5,'2013-07-01 18:08:36'),
	(1959,1,1,'Arte e Cultura',6,'2013-07-01 18:08:41'),
	(1960,1,1,'Spilimbergo',6,'2013-07-01 18:08:43'),
	(1961,1,1,'Sacrario di Redipuglia',6,'2013-07-01 18:08:44'),
	(1962,1,1,'Sacrario di Caporetto',6,'2013-07-01 18:08:48'),
	(1963,1,1,'Vini',6,'2013-07-01 18:08:50'),
	(1964,1,1,'Valvasone',7,'2013-07-01 18:08:52'),
	(1965,1,1,'Provincia di Pordenone',6,'2013-07-01 18:08:54'),
	(1966,1,1,'Grande Guerra',10,'2013-07-01 18:08:57'),
	(1967,1,1,'Enogastronomia',10,'2013-07-01 18:09:01'),
	(1968,1,1,'Cividale del Friuli',5,'2013-07-01 18:09:10'),
	(1969,1,1,'Vino',6,'2013-07-01 18:09:18'),
	(1970,1,1,'Udine',10,'2013-07-01 18:09:19'),
	(1971,1,1,'Gorizia',6,'2013-07-01 18:09:31'),
	(1972,1,1,'Friuli Tipico',10,'2013-07-01 18:09:33'),
	(1973,1,1,'Cividale del Friuli',5,'2013-07-01 18:41:10'),
	(1974,1,1,'Provincia di Udine',7,'2013-07-01 20:18:16'),
	(1975,1,1,'Ragogna',1,'2013-07-01 23:15:49'),
	(1976,1,1,'Villa Manin',1,'2013-07-02 03:37:29'),
	(1977,1,1,'Vino',1,'2013-07-02 10:26:00'),
	(1978,1,1,'Provincia di Pordenone',6,'2013-07-02 11:57:00'),
	(1979,1,1,'Valvasone',7,'2013-07-02 12:19:21'),
	(1980,1,1,'Città',4,'2013-07-02 19:29:13'),
	(1981,1,1,'Cividale del Friuli',5,'2013-07-02 20:20:45'),
	(1982,1,1,'Villa Manin',1,'2013-07-03 02:39:25'),
	(1983,1,1,'Vino',1,'2013-07-03 03:33:46'),
	(1984,1,1,'Udine',10,'2013-07-03 08:31:48'),
	(1985,1,1,'San Daniele',8,'2013-07-03 21:08:14'),
	(1986,1,1,'Vini',1,'2013-07-03 22:41:50'),
	(1987,1,1,'Sacrario di Caporetto',1,'2013-07-04 02:50:36'),
	(1988,1,1,'Ragogna',1,'2013-07-04 07:24:08'),
	(1989,1,1,'Arte e Cultura',6,'2013-07-04 08:29:50'),
	(1990,1,1,'Vini',1,'2013-07-04 10:35:25'),
	(1991,1,1,'Sacrario di Redipuglia',6,'2013-07-04 14:42:52'),
	(1992,1,1,'Sacrario di Caporetto',1,'2013-07-04 17:53:29'),
	(1993,1,1,'Enogastronomia',10,'2013-07-04 22:32:02'),
	(1994,1,1,'Sacrario di Redipuglia',1,'2013-07-05 00:58:11'),
	(1995,1,1,'Sacrario di Redipuglia',1,'2013-07-05 12:13:39'),
	(1996,1,1,'Udine',10,'2013-07-06 18:58:16'),
	(1997,1,1,'Pordenone',10,'2013-07-06 21:28:56'),
	(1998,1,1,'Vini',6,'2013-07-07 22:08:16'),
	(1999,1,1,'Vino',6,'2013-07-08 08:34:11'),
	(2000,1,1,'Friuli centrale',5,'2013-07-08 20:45:10'),
	(2001,1,1,'Gorizia',6,'2013-07-09 08:00:21'),
	(2002,1,1,'Friuli Tipico',10,'2013-07-10 17:02:09'),
	(2003,1,1,'Cividale del Friuli',5,'2013-07-10 18:23:49'),
	(2004,1,1,'Sacrario di Caporetto',6,'2013-07-11 08:18:33'),
	(2005,1,1,'Villa Manin',4,'2013-07-11 20:02:58'),
	(2006,1,1,'Cividale del Friuli',5,'2013-07-11 20:04:35'),
	(2007,1,1,'Provincia di Pordenone',6,'2013-07-12 05:02:40'),
	(2008,1,1,'Provincia di Udine',7,'2013-07-12 19:45:44'),
	(2009,1,1,'Villa Manin',4,'2013-07-12 23:09:42'),
	(2010,1,1,'San Daniele',8,'2013-07-14 16:51:42'),
	(2011,1,1,'Arte e Cultura',1,'2013-07-15 04:37:20'),
	(2012,1,1,'Arte e Cultura',1,'2013-07-15 04:38:28'),
	(2013,1,1,'Pordenone',10,'2013-07-15 04:44:25'),
	(2014,1,1,'Sacrario di Caporetto',6,'2013-07-15 05:12:37'),
	(2015,1,1,'Arte e Cultura',6,'2013-07-16 04:09:28'),
	(2016,1,1,'Enogastronomia',10,'2013-07-16 19:39:19'),
	(2017,1,1,'Valvasone',7,'2013-07-17 05:48:31'),
	(2018,1,1,'Gorizia',6,'2013-07-17 07:55:35'),
	(2019,1,1,'Pordenone',10,'2013-07-17 10:29:44'),
	(2020,1,1,'Valvasone',7,'2013-07-17 11:11:59'),
	(2021,1,1,'Spilimbergo',6,'2013-07-17 11:42:32'),
	(2022,1,1,'Enogastronomia',10,'2013-07-17 12:14:16'),
	(2023,1,1,'Arte e Cultura',6,'2013-07-17 14:16:47'),
	(2024,1,1,'Friuli centrale',5,'2013-07-17 16:59:45'),
	(2025,1,1,'Vino',6,'2013-07-17 23:52:56'),
	(2026,1,1,'Valvasone',7,'2013-07-18 07:37:31'),
	(2027,1,1,'Suggestioni letterarie',4,'2013-07-18 10:54:08'),
	(2028,1,1,'abbazia',2,'2013-07-18 11:32:47'),
	(2029,1,1,'Gorizia',6,'2013-07-18 14:07:53'),
	(2030,1,1,'Grande Guerra',10,'2013-07-18 18:57:01'),
	(2031,1,1,'abbazia',2,'2013-07-19 12:45:29'),
	(2032,1,1,'Suche',0,'2013-07-20 04:05:46'),
	(2033,1,1,'apple',1,'2013-07-20 04:12:48'),
	(2034,1,1,'Friuli centrale',5,'2013-07-20 04:30:47'),
	(2035,1,1,'Ipod touch',1,'2013-07-20 05:00:45'),
	(2036,1,1,'Suche',0,'2013-07-20 05:54:44'),
	(2037,1,1,'nano',1,'2013-07-20 05:58:44'),
	(2038,1,1,'Albergo B',1,'2013-07-20 05:59:14'),
	(2039,1,1,'nano',1,'2013-07-20 06:00:08'),
	(2040,1,1,'Friuli Tipico',10,'2013-07-20 06:12:26'),
	(2041,1,1,'nano',1,'2013-07-20 06:30:25'),
	(2042,1,1,'Cividale del Friuli',5,'2013-07-20 09:26:05'),
	(2043,1,1,'Provincia di Udine',7,'2013-07-20 10:34:06'),
	(2044,1,1,'Cividale del Friuli',5,'2013-07-20 12:24:02'),
	(2045,1,1,'Vino',6,'2013-07-20 15:04:07'),
	(2046,1,1,'Fagarè della Battaglia',1,'2013-07-20 16:08:42'),
	(2047,1,1,'Grande Guerra',10,'2013-07-20 16:59:02'),
	(2048,1,1,'Vini',6,'2013-07-21 02:41:51'),
	(2049,1,1,'San Daniele',8,'2013-07-21 03:01:11'),
	(2050,1,1,'apple',1,'2013-07-21 05:54:26'),
	(2051,1,1,'Suche',0,'2013-07-21 05:54:37'),
	(2052,1,1,'Cividale del Friuli',5,'2013-07-21 10:49:16'),
	(2053,1,1,'Provincia di Pordenone',6,'2013-07-21 17:26:18'),
	(2054,1,1,'Arte e Cultura',6,'2013-07-22 03:44:31'),
	(2055,1,1,'Città',4,'2013-07-22 03:45:26'),
	(2056,1,1,'Provincia di Udine',7,'2013-07-22 05:10:29'),
	(2057,1,1,'Ipod touch',1,'2013-07-22 06:07:01'),
	(2058,1,1,'nano',1,'2013-07-22 06:58:53'),
	(2059,1,1,'Friuli centrale',5,'2013-07-22 12:39:07'),
	(2060,1,1,'Provincia di Pordenone',6,'2013-07-22 16:57:12'),
	(2061,1,1,'Friuli Tipico',10,'2013-07-22 17:10:01'),
	(2062,1,1,'Villa Manin',4,'2013-07-23 04:18:26'),
	(2063,1,1,'apple',1,'2013-07-23 04:31:26'),
	(2064,1,1,'Cividale del Friuli',1,'2013-07-23 22:21:02'),
	(2065,1,1,'Enogastronomia',1,'2013-07-23 22:21:04'),
	(2066,1,1,'Fagarè della Battaglia',1,'2013-07-23 22:21:06'),
	(2067,1,1,'Friuli Tipico',1,'2013-07-23 22:21:08'),
	(2068,1,1,'Friuli centrale',1,'2013-07-23 22:21:10'),
	(2069,1,1,'Gorizia',1,'2013-07-23 22:21:12'),
	(2070,1,1,'Grande Guerra',1,'2013-07-23 22:21:13'),
	(2071,1,1,'Provincia di Pordenone',1,'2013-07-23 22:21:15'),
	(2072,1,1,'Provincia di Udine',1,'2013-07-23 22:21:17'),
	(2073,1,1,'Ragogna',1,'2013-07-23 22:21:19'),
	(2074,1,1,'Sacrario di Caporetto',1,'2013-07-23 22:21:20'),
	(2075,1,1,'Sacrario di Redipuglia',1,'2013-07-23 22:21:22'),
	(2076,1,1,'San Daniele',1,'2013-07-23 22:21:24'),
	(2077,1,1,'Spilimbergo',1,'2013-07-23 22:21:26'),
	(2078,1,1,'Udine',1,'2013-07-23 22:21:28'),
	(2079,1,1,'Valvasone',1,'2013-07-23 22:21:31'),
	(2080,1,1,'Villa Manin',1,'2013-07-23 22:21:34'),
	(2081,1,1,'Vini',1,'2013-07-23 22:21:36'),
	(2082,1,1,'Vino',1,'2013-07-23 22:21:38'),
	(2083,1,1,'Cividale del Friuli',1,'2013-07-23 22:21:40'),
	(2084,1,1,'Enogastronomia',1,'2013-07-23 22:21:42'),
	(2085,1,1,'Fagarè della Battaglia',1,'2013-07-23 22:21:43'),
	(2086,1,1,'Friuli Tipico',1,'2013-07-23 22:21:45'),
	(2087,1,1,'Friuli centrale',1,'2013-07-23 22:21:49'),
	(2088,1,1,'Gorizia',1,'2013-07-23 22:21:51'),
	(2089,1,1,'Grande Guerra',1,'2013-07-23 22:21:54'),
	(2090,1,1,'Provincia di Pordenone',1,'2013-07-23 22:21:56'),
	(2091,1,1,'Provincia di Udine',1,'2013-07-23 22:21:58'),
	(2092,1,1,'Ragogna',1,'2013-07-23 22:22:00'),
	(2093,1,1,'Sacrario di Caporetto',1,'2013-07-23 22:22:02'),
	(2094,1,1,'Sacrario di Redipuglia',1,'2013-07-23 22:22:04'),
	(2095,1,1,'San Daniele',1,'2013-07-23 22:22:07'),
	(2096,1,1,'Spilimbergo',1,'2013-07-23 22:22:08'),
	(2097,1,1,'Udine',1,'2013-07-23 22:22:11'),
	(2098,1,1,'Valvasone',1,'2013-07-23 22:22:14'),
	(2099,1,1,'Villa Manin',1,'2013-07-23 22:22:17'),
	(2100,1,1,'Vini',1,'2013-07-23 22:22:19'),
	(2101,1,1,'Vino',1,'2013-07-23 22:22:22'),
	(2102,1,1,'Villa Manin',4,'2013-07-24 05:58:16'),
	(2103,1,1,'Udine',10,'2013-07-24 06:58:44'),
	(2104,1,1,'Pordenone',1,'2013-07-24 22:26:45'),
	(2105,1,1,'Suggestioni letterarie',1,'2013-07-24 22:26:48'),
	(2106,1,1,'Trieste',1,'2013-07-24 22:26:52'),
	(2107,1,1,'Pordenone',1,'2013-07-24 22:27:00'),
	(2108,1,1,'Trieste',1,'2013-07-24 22:27:04'),
	(2109,1,1,'Sacrario di Redipuglia',6,'2013-07-25 00:51:33'),
	(2110,1,1,'Suche',0,'2013-07-25 01:05:42'),
	(2111,1,1,'Albergo B',1,'2013-07-25 02:17:23'),
	(2112,1,1,'Friuli centrale',5,'2013-07-25 18:17:30'),
	(2113,1,1,'Suche',0,'2013-07-25 22:56:24'),
	(2114,1,1,'Arte e Cultura',6,'2013-07-26 04:25:27'),
	(2115,1,1,'Cividale del Friuli',5,'2013-07-26 04:25:28'),
	(2116,1,1,'Enogastronomia',10,'2013-07-26 04:25:30'),
	(2117,1,1,'Friuli Tipico',10,'2013-07-26 04:25:32'),
	(2118,1,1,'Friuli centrale',5,'2013-07-26 04:25:34'),
	(2119,1,1,'Gorizia',6,'2013-07-26 04:25:36'),
	(2120,1,1,'Grande Guerra',10,'2013-07-26 04:25:38'),
	(2121,1,1,'Provincia di Pordenone',6,'2013-07-26 04:25:40'),
	(2122,1,1,'Provincia di Udine',7,'2013-07-26 04:25:42'),
	(2123,1,1,'Ragogna',5,'2013-07-26 04:25:44'),
	(2124,1,1,'Sacrario di Caporetto',6,'2013-07-26 04:27:43'),
	(2125,1,1,'Sacrario di Redipuglia',6,'2013-07-26 04:27:45'),
	(2126,1,1,'San Daniele',8,'2013-07-26 04:27:47'),
	(2127,1,1,'Spilimbergo',6,'2013-07-26 04:27:49'),
	(2128,1,1,'Udine',10,'2013-07-26 04:27:50'),
	(2129,1,1,'Valvasone',7,'2013-07-26 04:27:54'),
	(2130,1,1,'Villa Manin',4,'2013-07-26 04:27:56'),
	(2131,1,1,'Vini',6,'2013-07-26 04:27:58'),
	(2132,1,1,'Vino',6,'2013-07-26 04:28:01'),
	(2133,1,1,'Suche',0,'2013-07-26 05:47:37'),
	(2134,1,1,'Ipod touch',1,'2013-07-26 10:56:40'),
	(2135,1,1,'nano',1,'2013-07-26 12:43:23'),
	(2136,1,1,'Sacrario di Caporetto',6,'2013-07-26 16:50:46'),
	(2137,1,1,'Fagarè della Battaglia',4,'2013-07-26 18:02:40'),
	(2138,1,1,'Trieste',4,'2013-07-26 18:02:42'),
	(2139,1,1,'Suggestioni letterarie',4,'2013-07-27 03:42:20'),
	(2140,1,1,'Pordenone',10,'2013-07-27 13:49:04'),
	(2141,1,1,'apple',1,'2013-07-27 14:04:42'),
	(2142,1,1,'Friuli centrale',5,'2013-07-28 01:36:35'),
	(2143,1,1,'Albergo B',1,'2013-07-28 07:00:49'),
	(2144,1,1,'Valvasone',7,'2013-07-28 14:24:30'),
	(2145,1,1,'Albergo B',1,'2013-07-28 15:39:06'),
	(2146,1,1,'Ipod touch',1,'2013-07-28 21:12:09'),
	(2147,1,1,'nano',1,'2013-07-28 23:45:41'),
	(2148,1,1,'Spilimbergo',6,'2013-07-29 03:59:06'),
	(2149,1,1,'Vino',6,'2013-07-29 04:35:27'),
	(2150,1,1,'apple',1,'2013-07-29 10:03:54'),
	(2151,1,1,'Gorizia',6,'2013-07-29 15:59:43'),
	(2152,1,1,'Valvasone',7,'2013-07-29 18:04:21'),
	(2153,1,1,'Friuli Tipico',10,'2013-07-30 03:04:34'),
	(2154,1,1,'Vini',6,'2013-07-30 12:21:54'),
	(2155,1,1,'Friuli Tipico',10,'2013-07-31 00:34:12'),
	(2156,1,1,'Udine',10,'2013-07-31 00:35:04'),
	(2157,1,1,'Provincia di Udine',7,'2013-07-31 02:06:54'),
	(2158,1,1,'San Daniele',8,'2013-08-01 03:55:52'),
	(2159,1,1,'Valvasone',1,'2013-08-01 06:02:18'),
	(2160,1,1,'Valvasone',1,'2013-08-01 07:38:56'),
	(2161,1,1,'Valvasone',7,'2013-08-01 13:42:42'),
	(2162,1,1,'Sacrario di Redipuglia',6,'2013-08-01 15:08:47'),
	(2163,1,1,'Spilimbergo',6,'2013-08-01 19:45:51'),
	(2164,1,1,'Friuli centrale',5,'2013-08-01 20:33:11'),
	(2165,1,1,'Ragogna',5,'2013-08-02 19:50:54'),
	(2166,1,1,'Arte e Cultura',6,'2013-08-03 01:37:38'),
	(2167,1,1,'Valvasone',7,'2013-08-04 09:58:07'),
	(2168,1,1,'Vini',6,'2013-08-04 10:43:11'),
	(2169,1,1,'Vino',6,'2013-08-04 11:51:05'),
	(2170,1,1,'Valvasone',1,'2013-08-04 12:48:56'),
	(2171,1,1,'Enogastronomia',10,'2013-08-04 14:09:39'),
	(2172,1,1,'Ragogna',5,'2013-08-04 18:37:58'),
	(2173,1,1,'Sacrario di Caporetto',6,'2013-08-04 20:05:03'),
	(2174,1,1,'Grande Guerra',10,'2013-08-05 10:19:59'),
	(2175,1,1,'Valvasone',7,'2013-08-06 10:02:33'),
	(2176,1,1,'Valvasone',1,'2013-08-06 13:30:09'),
	(2177,1,1,'Fagarè della Battaglia',4,'2013-08-06 15:12:58'),
	(2178,1,1,'Provincia di Udine',7,'2013-08-06 15:16:11'),
	(2179,1,1,'Enogastronomia',10,'2013-08-06 15:18:21'),
	(2180,1,1,'Sacrario di Redipuglia',6,'2013-08-06 15:51:37'),
	(2181,1,1,'Grande Guerra',10,'2013-08-06 16:30:55'),
	(2182,1,1,'Friuli Tipico',10,'2013-08-07 01:02:05'),
	(2183,1,1,'Gorizia',6,'2013-08-07 09:27:58'),
	(2184,1,1,'Cividale del Friuli',5,'2013-08-08 11:44:01'),
	(2185,1,1,'Valvasone',1,'2013-08-08 18:28:19'),
	(2186,1,1,'Sacrario di Redipuglia',6,'2013-08-08 19:51:15'),
	(2187,1,1,'castello',1,'2013-08-09 02:40:03'),
	(2188,1,1,'Friuli centrale',5,'2013-08-09 07:51:36'),
	(2189,1,1,'Sacrario di Redipuglia',6,'2013-08-09 08:28:27'),
	(2190,1,1,'Cividale del Friuli',5,'2013-08-09 13:23:55'),
	(2191,1,1,'Provincia di Pordenone',6,'2013-08-09 23:23:03'),
	(2192,1,1,'Friuli centrale',5,'2013-08-10 10:04:43'),
	(2193,1,1,'Sacrario di Redipuglia',6,'2013-08-11 08:41:21'),
	(2194,1,1,'Udine',10,'2013-08-11 23:04:42'),
	(2195,1,1,'Udine',10,'2013-08-13 13:45:59'),
	(2196,1,1,'Sacrario di Caporetto',6,'2013-08-13 14:14:54'),
	(2197,1,1,'Vino',6,'2013-08-13 19:48:35'),
	(2198,1,1,'Suggestioni letterarie',1,'2013-08-15 02:18:03'),
	(2199,1,1,'Sacrario di Redipuglia',6,'2013-08-15 11:43:29'),
	(2200,1,1,'Gorizia',6,'2013-08-15 22:07:28'),
	(2201,1,1,'Fagarè della Battaglia',4,'2013-08-16 00:39:31'),
	(2202,1,1,'Vini',6,'2013-08-16 19:15:42'),
	(2203,1,1,'Friuli centrale',5,'2013-08-17 09:11:41'),
	(2204,1,1,'Gorizia',6,'2013-08-17 17:19:08'),
	(2205,1,1,'Spilimbergo',6,'2013-08-17 17:59:00'),
	(2206,1,1,'Enogastronomia',10,'2013-08-17 18:39:55'),
	(2207,1,1,'Città',4,'2013-08-17 23:36:27'),
	(2208,1,1,'Friuli centrale',5,'2013-08-18 11:32:58'),
	(2209,1,1,'San Daniele',8,'2013-08-18 21:55:59'),
	(2210,1,1,'Arte e Cultura',6,'2013-08-19 01:22:03'),
	(2211,1,1,'Friuli centrale',5,'2013-08-19 10:54:28'),
	(2212,1,1,'Provincia di Udine',7,'2013-08-19 12:08:53'),
	(2213,1,1,'Sacrario di Caporetto',6,'2013-08-19 13:38:44'),
	(2214,1,1,'Grande Guerra',10,'2013-08-19 14:25:30'),
	(2215,1,1,'Provincia di Udine',7,'2013-08-19 20:43:42'),
	(2216,1,1,'Grande Guerra',10,'2013-08-20 11:53:30'),
	(2217,1,1,'Suggestioni letterarie',4,'2013-08-20 12:46:22'),
	(2218,1,1,'Villa Manin',4,'2013-08-21 21:59:16'),
	(2219,1,1,'Valvasone',7,'2013-08-22 03:20:36'),
	(2220,1,1,'Ragogna',5,'2013-08-23 01:32:18'),
	(2221,1,1,'Grande Guerra',10,'2013-08-23 02:54:07'),
	(2222,1,1,'Udine',10,'2013-08-23 02:54:09'),
	(2223,1,1,'Valvasone',7,'2013-08-23 02:54:47'),
	(2224,1,1,'Provincia di Udine',7,'2013-08-23 02:54:49'),
	(2225,1,1,'Sacrario di Caporetto',6,'2013-08-23 02:55:27'),
	(2226,1,1,'Vini',6,'2013-08-23 02:55:30'),
	(2227,1,1,'Vino',6,'2013-08-23 02:55:32'),
	(2228,1,1,'Sacrario di Redipuglia',6,'2013-08-23 02:56:07'),
	(2229,1,1,'Spilimbergo',6,'2013-08-23 02:56:42'),
	(2230,1,1,'Arte e Cultura',6,'2013-08-23 02:57:18'),
	(2231,1,1,'Gorizia',6,'2013-08-23 02:57:53'),
	(2232,1,1,'Provincia di Pordenone',6,'2013-08-23 02:58:28'),
	(2233,1,1,'Friuli centrale',5,'2013-08-23 02:58:33'),
	(2234,1,1,'San Daniele',8,'2013-08-23 02:58:46'),
	(2235,1,1,'Cividale del Friuli',5,'2013-08-23 02:58:49'),
	(2236,1,1,'Ragogna',5,'2013-08-23 02:58:51'),
	(2237,1,1,'Pordenone',10,'2013-08-23 02:58:54'),
	(2238,1,1,'Pordenone',10,'2013-08-23 05:05:52'),
	(2239,1,1,'Cividale del Friuli',5,'2013-08-23 07:53:17'),
	(2240,1,1,'Provincia di Pordenone',6,'2013-08-23 14:10:42'),
	(2241,1,1,'Friuli Tipico',10,'2013-08-23 17:30:28'),
	(2242,1,1,'Sacrario di Redipuglia',6,'2013-08-24 16:46:55'),
	(2243,1,1,'Città',1,'2013-08-25 02:10:02'),
	(2244,1,1,'Città',1,'2013-08-25 02:10:04'),
	(2245,1,1,'Villa Manin',4,'2013-08-27 13:30:37'),
	(2246,1,1,'Friuli centrale',5,'2013-08-27 13:54:02'),
	(2247,1,1,'Provincia di Pordenone',6,'2013-08-27 14:17:47'),
	(2248,1,1,'Sacrario di Redipuglia',6,'2013-08-27 14:41:40'),
	(2249,1,1,'Valvasone',7,'2013-08-27 15:05:26'),
	(2250,1,1,'Enogastronomia',10,'2013-08-27 15:29:15'),
	(2251,1,1,'Provincia di Udine',7,'2013-08-27 16:28:04'),
	(2252,1,1,'Fagarè della Battaglia',4,'2013-08-27 17:03:05'),
	(2253,1,1,'Arte e Cultura',6,'2013-08-27 17:25:58'),
	(2254,1,1,'Valvasone',7,'2013-08-27 23:06:18'),
	(2255,1,1,'San Daniele',8,'2013-08-28 00:27:56'),
	(2256,1,1,'Vini',6,'2013-08-28 00:37:28'),
	(2257,1,1,'Friuli Tipico',10,'2013-08-28 00:48:50'),
	(2258,1,1,'Grande Guerra',10,'2013-08-28 00:52:08'),
	(2259,1,1,'Udine',10,'2013-08-28 00:55:54'),
	(2260,1,1,'Vino',6,'2013-08-28 04:45:53'),
	(2261,1,1,'Città',4,'2013-08-28 08:14:26'),
	(2262,1,1,'Vini',6,'2013-08-30 09:11:32'),
	(2263,1,1,'Ragogna',5,'2013-08-30 17:17:01'),
	(2264,1,1,'Sacrario di Caporetto',6,'2013-08-30 22:52:05'),
	(2265,1,1,'Spilimbergo',6,'2013-08-31 11:01:39'),
	(2266,1,1,'Friuli centrale',5,'2013-08-31 12:06:14'),
	(2267,1,1,'Friuli Tipico',1,'2013-08-31 14:57:04'),
	(2268,1,1,'Udine',6,'2013-08-31 16:03:35'),
	(2269,1,1,'Grande Guerra',1,'2013-08-31 17:49:22'),
	(2270,1,1,'Grande Guerra',2,'2013-08-31 19:56:59'),
	(2271,1,1,'Spilimbergo',6,'2013-09-01 15:48:49'),
	(2272,1,1,'San Daniele',8,'2013-09-02 04:33:52'),
	(2273,1,1,'Enogastronomia',10,'2013-09-02 07:12:16'),
	(2274,1,1,'Friuli Tipico',10,'2013-09-02 07:12:18'),
	(2275,1,1,'Grande Guerra',10,'2013-09-02 07:12:19'),
	(2276,1,1,'Udine',10,'2013-09-02 07:12:20'),
	(2277,1,1,'Valvasone',7,'2013-09-02 07:12:22'),
	(2278,1,1,'Provincia di Udine',7,'2013-09-02 07:12:23'),
	(2279,1,1,'Provincia di Pordenone',6,'2013-09-02 07:12:24'),
	(2280,1,1,'Vini',6,'2013-09-02 07:12:25'),
	(2281,1,1,'Sacrario di Caporetto',6,'2013-09-02 07:12:27'),
	(2282,1,1,'Valvasone',7,'2013-09-02 20:04:03'),
	(2283,1,1,'Vini',6,'2013-09-03 03:03:50'),
	(2284,1,1,'Friuli centrale',5,'2013-09-03 03:36:05'),
	(2285,1,1,'Vino',6,'2013-09-03 04:21:25'),
	(2286,1,1,'Arte e Cultura',6,'2013-09-03 14:56:55'),
	(2287,1,1,'Vini',6,'2013-09-04 13:56:35'),
	(2288,1,1,'Vino',6,'2013-09-04 13:56:42'),
	(2289,1,1,'Udine',10,'2013-09-04 13:56:49'),
	(2290,1,1,'Gorizia',6,'2013-09-04 13:56:57'),
	(2291,1,1,'Ragogna',5,'2013-09-04 13:57:06'),
	(2292,1,1,'Trieste',4,'2013-09-04 13:57:14'),
	(2293,1,1,'Valvasone',7,'2013-09-04 13:57:19'),
	(2294,1,1,'San Daniele',8,'2013-09-04 13:57:26'),
	(2295,1,1,'Spilimbergo',6,'2013-09-04 13:57:31'),
	(2296,1,1,'Friuli Tipico',10,'2013-09-04 13:57:39'),
	(2297,1,1,'Grande Guerra',10,'2013-09-04 13:57:47'),
	(2298,1,1,'Arte e Cultura',6,'2013-09-04 13:57:53'),
	(2299,1,1,'Enogastronomia',10,'2013-09-04 13:57:58'),
	(2300,1,1,'Friuli centrale',5,'2013-09-04 13:58:03'),
	(2301,1,1,'Provincia di Udine',7,'2013-09-04 13:58:08'),
	(2302,1,1,'Cividale del Friuli',5,'2013-09-04 13:58:13'),
	(2303,1,1,'Sacrario di Caporetto',6,'2013-09-04 13:58:21'),
	(2304,1,1,'Provincia di Pordenone',6,'2013-09-04 13:58:30'),
	(2305,1,1,'Sacrario di Redipuglia',6,'2013-09-04 13:58:39'),
	(2306,1,1,'Suggestioni letterarie',4,'2013-09-04 13:58:48'),
	(2307,1,1,'Ragogna',5,'2013-09-04 14:57:07'),
	(2308,1,1,'Codroipo',1,'2013-09-04 18:22:57'),
	(2309,1,1,'Udine',10,'2013-09-04 20:40:25'),
	(2310,1,1,'Codroipo',1,'2013-09-05 03:04:00'),
	(2311,1,1,'Enogastronomia',10,'2013-09-05 04:56:55'),
	(2312,1,1,'Search',0,'2013-09-05 13:44:23'),
	(2313,1,1,'Enogastronomia',10,'2013-09-06 02:26:34'),
	(2314,1,1,'Ragogna',5,'2013-09-06 03:41:30'),
	(2315,1,1,'Sacrario di Caporetto',6,'2013-09-06 06:11:40'),
	(2316,1,1,'cantine',1,'2013-09-06 16:04:42'),
	(2317,1,1,'Sacrario di Redipuglia',6,'2013-09-06 16:46:36'),
	(2318,1,1,'prosciutto',1,'2013-09-06 18:41:24'),
	(2319,1,1,'/proc/self/environ',1,'2013-09-06 19:18:21'),
	(2320,1,1,'/proc/self/environ',1,'2013-09-06 19:18:22'),
	(2321,1,1,'/proc/self/environ',1,'2013-09-06 19:18:22'),
	(2322,1,1,'/proc/self/environ',1,'2013-09-06 19:18:22'),
	(2323,1,1,'/proc/self/environ',1,'2013-09-06 19:18:24'),
	(2324,1,1,'/proc/self/environ',1,'2013-09-06 19:18:24'),
	(2325,1,1,'/proc/self/environ',1,'2013-09-06 19:18:25'),
	(2326,1,1,'/proc/self/environ',1,'2013-09-06 19:18:25'),
	(2327,1,1,'../../../../../../../../../../proc/self/environ',1,'2013-09-06 19:18:26'),
	(2328,1,1,'../../../../../../../../../../proc/self/environ',1,'2013-09-06 19:18:27'),
	(2329,1,1,'../../../../../../../../../../proc/self/environ',1,'2013-09-06 19:18:28'),
	(2330,1,1,'../../../../../../../../../../proc/self/environ',1,'2013-09-06 19:18:28'),
	(2331,1,1,'/../../../../../../../../../../proc/self/environ',1,'2013-09-06 19:18:29'),
	(2332,1,1,'/../../../../../../../../../../proc/self/environ',1,'2013-09-06 19:18:29'),
	(2333,1,1,'/../../../../../../../../../../proc/self/environ',1,'2013-09-06 19:18:31'),
	(2334,1,1,'/../../../../../../../../../../proc/self/environ',1,'2013-09-06 19:18:31'),
	(2335,1,1,'/etc/passwd',1,'2013-09-06 19:18:32'),
	(2336,1,1,'/etc/passwd',1,'2013-09-06 19:18:32'),
	(2337,1,1,'/etc/passwd',1,'2013-09-06 19:18:34'),
	(2338,1,1,'/etc/passwd',1,'2013-09-06 19:18:34'),
	(2339,1,1,'/etc/passwd',1,'2013-09-06 19:18:35'),
	(2340,1,1,'../../../../../../../../../../etc/passwd',1,'2013-09-06 19:18:37'),
	(2341,1,1,'/etc/passwd',1,'2013-09-06 19:18:38'),
	(2342,1,1,'../../../../../../../../../../etc/passwd',1,'2013-09-06 19:18:38'),
	(2343,1,1,'/etc/passwd',1,'2013-09-06 19:18:39'),
	(2344,1,1,'/../../../../../../../../../../etc/passwd',1,'2013-09-06 19:18:40'),
	(2345,1,1,'../../../../../../../../../../etc/passwd',1,'2013-09-06 19:18:40'),
	(2346,1,1,'/../../../../../../../../../../etc/passwd',1,'2013-09-06 19:18:40'),
	(2347,1,1,'/etc/passwd',1,'2013-09-06 19:18:41'),
	(2348,1,1,'../../../../../../../../../../etc/passwd',1,'2013-09-06 19:18:42'),
	(2349,1,1,'../../../../../../../../../../etc/passwd',1,'2013-09-06 19:18:42'),
	(2350,1,1,'/../../../../../../../../../../etc/passwd',1,'2013-09-06 19:18:43'),
	(2351,1,1,'../../../../../../../../../../etc/passwd',1,'2013-09-06 19:18:43'),
	(2352,1,1,'/../../../../../../../../../../etc/passwd',1,'2013-09-06 19:18:44'),
	(2353,1,1,'/../../../../../../../../../../etc/passwd',1,'2013-09-06 19:18:44'),
	(2354,1,1,'../../../../../../../../../../etc/passwd',1,'2013-09-06 19:18:45'),
	(2355,1,1,'/../../../../../../../../../../etc/passwd',1,'2013-09-06 19:18:45'),
	(2356,1,1,'../../../../../../../../../../etc/passwd',1,'2013-09-06 19:18:48'),
	(2357,1,1,'/../../../../../../../../../../etc/passwd',1,'2013-09-06 19:18:48'),
	(2358,1,1,'/../../../../../../../../../../etc/passwd',1,'2013-09-06 19:18:50'),
	(2359,1,1,'Pasolini',1,'2013-09-06 19:55:11'),
	(2360,1,1,'Castelli',1,'2013-09-06 21:56:53'),
	(2361,1,1,'Castelli',1,'2013-09-07 02:33:22'),
	(2362,1,1,'Friuli Tipico',10,'2013-09-07 03:50:42'),
	(2363,1,1,'Pasolini',1,'2013-09-07 04:01:28'),
	(2364,1,1,'abbazia',1,'2013-09-07 05:49:13'),
	(2365,1,1,'Search',0,'2013-09-07 18:02:24'),
	(2366,1,1,'Search',0,'2013-09-07 23:41:51'),
	(2367,1,1,'Search',0,'2013-09-08 05:38:01'),
	(2368,1,1,'Pordenone',10,'2013-09-08 15:06:02'),
	(2369,1,1,'Grande Guerra',10,'2013-09-08 15:47:18'),
	(2370,1,1,'Pordenone',10,'2013-09-09 14:57:24'),
	(2371,1,1,'Cividale del Friuli',5,'2013-09-10 15:12:49'),
	(2372,1,1,'Provincia di Pordenone',6,'2013-09-11 16:05:28'),
	(2373,1,1,'Udine',10,'2013-09-13 18:08:06'),
	(2374,1,1,'Spilimbergo',6,'2013-09-14 00:30:14'),
	(2375,1,1,'Enogastronomia',10,'2013-09-14 01:16:49'),
	(2376,1,1,'Gorizia',6,'2013-09-14 03:10:50'),
	(2377,1,1,'spiritualità',2,'2013-09-14 07:20:01'),
	(2378,1,1,'Arte e Cultura',6,'2013-09-14 08:15:26'),
	(2379,1,1,'superdrive',1,'2013-09-14 09:43:55'),
	(2380,1,1,'Udine',10,'2013-09-14 13:12:13'),
	(2381,1,1,'Ristorante A',1,'2013-09-14 14:05:41'),
	(2382,1,1,'shuffle',1,'2013-09-14 15:20:30'),
	(2383,1,1,'shuffle',1,'2013-09-14 20:44:22'),
	(2384,1,1,'shuffle',1,'2013-09-14 23:43:57'),
	(2385,1,1,'superdrive',1,'2013-09-15 01:09:18'),
	(2386,1,1,'superdrive',1,'2013-09-15 01:32:44'),
	(2387,1,1,'Ristorante A',1,'2013-09-15 01:44:44'),
	(2388,1,1,'superdrive',1,'2013-09-15 03:01:32'),
	(2389,1,1,'Ristorante A',1,'2013-09-15 03:28:02'),
	(2390,1,1,'San Daniele',8,'2013-09-15 08:24:37'),
	(2391,1,1,'Ristorante A',1,'2013-09-16 07:20:36'),
	(2392,1,1,'Trieste',4,'2013-09-16 08:31:50'),
	(2393,1,1,'Villa Manin',4,'2013-09-16 08:31:54'),
	(2394,1,1,'shuffle',1,'2013-09-16 14:17:17'),
	(2395,1,1,'superdrive',1,'2013-09-16 19:32:26'),
	(2396,1,1,'Fagarè della Battaglia',4,'2013-09-16 21:39:16'),
	(2397,1,1,'Friuli centrale',5,'2013-09-17 12:15:08'),
	(2398,1,1,'Provincia di Udine',7,'2013-09-17 13:08:18'),
	(2399,1,1,'Grande Guerra',10,'2013-09-17 15:50:57'),
	(2400,1,1,'Friuli centrale',5,'2013-09-18 01:15:44'),
	(2401,1,1,'Cividale del Friuli',5,'2013-09-18 03:09:48'),
	(2402,1,1,'Arte e Cultura',6,'2013-09-18 08:18:16'),
	(2403,1,1,'Cividale del Friuli',5,'2013-09-18 08:18:21'),
	(2404,1,1,'Enogastronomia',10,'2013-09-18 08:18:26'),
	(2405,1,1,'Fagarè della Battaglia',4,'2013-09-18 08:18:31'),
	(2406,1,1,'Friuli Tipico',10,'2013-09-18 08:18:36'),
	(2407,1,1,'Gorizia',6,'2013-09-18 08:18:44'),
	(2408,1,1,'Provincia di Pordenone',6,'2013-09-18 08:18:51'),
	(2409,1,1,'Ragogna',5,'2013-09-18 08:18:56'),
	(2410,1,1,'Sacrario di Caporetto',6,'2013-09-18 08:26:18'),
	(2411,1,1,'Sacrario di Redipuglia',6,'2013-09-18 08:26:21'),
	(2412,1,1,'Spilimbergo',6,'2013-09-18 08:26:27'),
	(2413,1,1,'Udine',10,'2013-09-18 08:26:32'),
	(2414,1,1,'Vini',6,'2013-09-18 08:26:37'),
	(2415,1,1,'Vino',6,'2013-09-18 08:26:42'),
	(2416,1,1,'Friuli centrale',5,'2013-09-18 08:27:59'),
	(2417,1,1,'Grande Guerra',10,'2013-09-18 08:28:05'),
	(2418,1,1,'Provincia di Udine',7,'2013-09-18 08:28:12'),
	(2419,1,1,'San Daniele',8,'2013-09-18 08:28:17'),
	(2420,1,1,'Suggestioni letterarie',4,'2013-09-18 08:28:22'),
	(2421,1,1,'Valvasone',7,'2013-09-18 08:28:27'),
	(2422,1,1,'Villa Manin',4,'2013-09-19 03:44:03'),
	(2423,1,1,'apple',1,'2013-09-19 06:55:19'),
	(2424,1,1,'abbazia',2,'2013-09-19 09:20:21'),
	(2425,1,1,'Albergo B',1,'2013-09-19 10:47:04'),
	(2426,1,1,'Suggestioni letterarie',4,'2013-09-19 12:49:48'),
	(2427,1,1,'Ipod touch',1,'2013-09-19 15:12:53'),
	(2428,1,1,'Pordenone',10,'2013-09-20 00:26:30'),
	(2429,1,1,'abbazia',1,'2013-09-20 21:16:10'),
	(2430,1,1,'Albergo B',1,'2013-09-21 02:29:07'),
	(2431,1,1,'Albergo B',1,'2013-09-21 03:54:21'),
	(2432,1,1,'apple',1,'2013-09-21 05:09:21'),
	(2433,1,1,'Ipod touch',1,'2013-09-21 06:11:58'),
	(2434,1,1,'Valvasone',7,'2013-09-21 10:25:17'),
	(2435,1,1,'Friuli Tipico',10,'2013-09-21 19:29:40'),
	(2436,1,1,'Provincia di Pordenone',6,'2013-09-21 20:22:24'),
	(2437,1,1,'nano',1,'2013-09-22 14:00:13'),
	(2438,1,1,'Arte e Cultura',6,'2013-09-22 17:00:56'),
	(2439,1,1,'Villa Manin',1,'2013-09-22 17:13:19'),
	(2440,1,1,'Vino',1,'2013-09-22 19:19:15'),
	(2441,1,1,'nano',1,'2013-09-22 22:53:38'),
	(2442,1,1,'Sacrario di Redipuglia',6,'2013-09-22 23:21:09'),
	(2443,1,1,'San Daniele',8,'2013-09-23 20:26:28'),
	(2444,1,1,'Ragogna',1,'2013-09-25 08:26:17'),
	(2445,1,1,'Vini',1,'2013-09-25 10:25:58'),
	(2446,1,1,'Sacrario di Caporetto',1,'2013-09-25 16:55:01'),
	(2447,1,1,'Valvasone',7,'2013-09-26 22:46:10'),
	(2448,1,1,'Sacrario di Redipuglia',1,'2013-09-27 04:46:51'),
	(2449,1,1,'Vino',6,'2013-09-27 14:48:51'),
	(2450,1,1,'Vini',6,'2013-09-27 22:54:17'),
	(2451,1,1,'Sacrario di Caporetto',6,'2013-09-28 21:17:49'),
	(2452,1,1,'Città',4,'2013-09-28 22:10:21'),
	(2453,1,1,'Valvasone',7,'2013-09-29 05:01:29'),
	(2454,1,1,'Friuli Tipico',10,'2013-09-29 18:19:00'),
	(2455,1,1,'cantine',1,'2013-09-29 22:48:36'),
	(2456,1,1,'Gorizia',6,'2013-10-01 07:28:24'),
	(2457,1,1,'Vini',6,'2013-10-01 15:31:28'),
	(2458,1,1,'Vino',6,'2013-10-01 16:08:51'),
	(2459,1,1,'ipod',1,'2013-10-01 17:11:32'),
	(2460,1,1,'Spilimbergo',1,'2013-10-01 17:46:20'),
	(2461,1,1,'Spilimbergo',1,'2013-10-01 19:22:19'),
	(2462,1,1,'shuffle',1,'2013-10-01 19:23:12'),
	(2463,1,1,'Arte e Cultura',1,'2013-10-01 19:42:21'),
	(2464,1,1,'Gorizia',1,'2013-10-01 21:59:49'),
	(2465,1,1,'Trieste',1,'2013-10-01 22:01:00'),
	(2466,1,1,'nano',1,'2013-10-01 22:05:31'),
	(2467,1,1,'Suggestioni letterarie',4,'2013-10-01 22:46:02'),
	(2468,1,1,'Trieste',4,'2013-10-01 22:46:04'),
	(2469,1,1,'apple',1,'2013-10-01 23:40:28'),
	(2470,1,1,'Ragogna',5,'2013-10-02 04:12:24'),
	(2471,1,1,'abbazia',1,'2013-10-02 07:09:27'),
	(2472,1,1,'Cividale del Friuli',1,'2013-10-02 10:49:01'),
	(2473,1,1,'Udine',10,'2013-10-02 12:27:35'),
	(2474,1,1,'Arte e Cultura',1,'2013-10-03 03:31:12'),
	(2475,1,1,'Arte e Cultura',1,'2013-10-03 03:31:47'),
	(2476,1,1,'Cividale del Friuli',1,'2013-10-03 07:00:51'),
	(2477,1,1,'Gorizia',1,'2013-10-03 07:01:45'),
	(2478,1,1,'Città',1,'2013-10-03 08:32:21'),
	(2479,1,1,'Provincia di Udine',1,'2013-10-03 09:32:34'),
	(2480,1,1,'Pordenone',1,'2013-10-03 11:03:27'),
	(2481,1,1,'San Daniele',1,'2013-10-03 12:48:23'),
	(2482,1,1,'Città',1,'2013-10-03 13:43:27'),
	(2483,1,1,'Friuli centrale',1,'2013-10-03 15:36:02'),
	(2484,1,1,'Provincia di Udine',1,'2013-10-03 15:39:55'),
	(2485,1,1,'Provincia di Pordenone',1,'2013-10-03 16:21:39'),
	(2486,1,1,'Enogastronomia',1,'2013-10-03 16:53:35'),
	(2487,1,1,'Friuli Tipico',1,'2013-10-03 16:53:35'),
	(2488,1,1,'castello',1,'2013-10-03 18:23:14'),
	(2489,1,1,'Castelli',1,'2013-10-03 18:42:32'),
	(2490,1,1,'Trieste',1,'2013-10-03 20:01:23'),
	(2491,1,1,'Pasolini',1,'2013-10-03 20:10:49'),
	(2492,1,1,'abbazia',1,'2013-10-03 23:01:29'),
	(2493,1,1,'Sacrario di Caporetto',6,'2013-10-03 23:57:33'),
	(2494,1,1,'Sacrario di Redipuglia',6,'2013-10-04 00:59:06'),
	(2495,1,1,'Provincia di Udine',7,'2013-10-04 18:58:23'),
	(2496,1,1,'ipod',1,'2013-10-05 02:57:09'),
	(2497,1,1,'Friuli centrale',1,'2013-10-05 02:58:08'),
	(2498,1,1,'Enogastronomia',1,'2013-10-05 04:25:09'),
	(2499,1,1,'Grande Guerra',10,'2013-10-05 05:05:47'),
	(2500,1,1,'Provincia di Pordenone',6,'2013-10-05 05:05:49'),
	(2501,1,1,'Arte e Cultura',6,'2013-10-05 05:05:51'),
	(2502,1,1,'Friuli Tipico',10,'2013-10-05 05:05:52'),
	(2503,1,1,'Ragogna',5,'2013-10-05 05:05:53'),
	(2504,1,1,'Pordenone',10,'2013-10-05 05:05:55'),
	(2505,1,1,'San Daniele',8,'2013-10-05 05:05:57'),
	(2506,1,1,'Valvasone',7,'2013-10-05 05:05:58'),
	(2507,1,1,'Friuli centrale',5,'2013-10-05 05:05:59'),
	(2508,1,1,'Cividale del Friuli',5,'2013-10-05 05:06:01'),
	(2509,1,1,'Vini',6,'2013-10-05 05:06:02'),
	(2510,1,1,'Provincia di Udine',7,'2013-10-05 05:06:04'),
	(2511,1,1,'Sacrario di Redipuglia',6,'2013-10-05 05:06:05'),
	(2512,1,1,'Sacrario di Caporetto',6,'2013-10-05 05:06:06'),
	(2513,1,1,'Spilimbergo',6,'2013-10-05 05:06:07'),
	(2514,1,1,'Udine',10,'2013-10-05 05:06:09'),
	(2515,1,1,'Enogastronomia',10,'2013-10-05 05:06:10'),
	(2516,1,1,'Vino',6,'2013-10-05 05:06:13'),
	(2517,1,1,'Trieste',4,'2013-10-05 05:06:15'),
	(2518,1,1,'Gorizia',6,'2013-10-05 05:06:16'),
	(2519,1,1,'Provincia di Udine',1,'2013-10-05 05:08:56'),
	(2520,1,1,'Friuli Tipico',1,'2013-10-05 05:08:57'),
	(2521,1,1,'Cividale del Friuli',1,'2013-10-05 05:08:58'),
	(2522,1,1,'Vino',1,'2013-10-05 05:08:59'),
	(2523,1,1,'Enogastronomia',10,'2013-10-05 05:09:01'),
	(2524,1,1,'Vini',1,'2013-10-05 05:09:03'),
	(2525,1,1,'Friuli centrale',1,'2013-10-05 05:09:05'),
	(2526,1,1,'Valvasone',1,'2013-10-05 05:09:10'),
	(2527,1,1,'Valvasone',1,'2013-10-05 05:09:15'),
	(2528,1,1,'Sacrario di Redipuglia',1,'2013-10-05 05:09:16'),
	(2529,1,1,'Sacrario di Caporetto',1,'2013-10-05 05:09:17'),
	(2530,1,1,'Grande Guerra',2,'2013-10-05 05:09:18'),
	(2531,1,1,'Grande Guerra',1,'2013-10-05 05:09:20'),
	(2532,1,1,'Friuli Tipico',1,'2013-10-05 05:09:21'),
	(2533,1,1,'Arte e Cultura',1,'2013-10-05 05:09:22'),
	(2534,1,1,'Grande Guerra',1,'2013-10-05 05:09:23'),
	(2535,1,1,'Pordenone',1,'2013-10-05 05:09:24'),
	(2536,1,1,'Friuli centrale',1,'2013-10-05 05:09:28'),
	(2537,1,1,'Cividale del Friuli',1,'2013-10-05 05:09:29'),
	(2538,1,1,'Udine',6,'2013-10-05 05:09:32'),
	(2539,1,1,'Trieste',1,'2013-10-05 05:09:33'),
	(2540,1,1,'Spilimbergo',1,'2013-10-05 05:09:34'),
	(2541,1,1,'Vino',1,'2013-10-05 05:09:35'),
	(2542,1,1,'Trieste',1,'2013-10-05 05:09:36'),
	(2543,1,1,'Vini',1,'2013-10-05 05:09:38'),
	(2544,1,1,'Sacrario di Redipuglia',1,'2013-10-05 05:09:40'),
	(2545,1,1,'Provincia di Pordenone',1,'2013-10-05 05:09:42'),
	(2546,1,1,'Gorizia',1,'2013-10-05 05:09:47'),
	(2547,1,1,'Suggestioni letterarie',1,'2013-10-05 06:41:01'),
	(2548,1,1,'Friuli Tipico',1,'2013-10-05 07:31:17'),
	(2549,1,1,'ipod',1,'2013-10-05 08:05:33'),
	(2550,1,1,'Provincia di Pordenone',1,'2013-10-05 09:05:58'),
	(2551,1,1,'Pordenone',1,'2013-10-05 09:51:56'),
	(2552,1,1,'Search',0,'2013-10-05 11:56:44'),
	(2553,1,1,'Suggestioni letterarie',1,'2013-10-05 16:22:40'),
	(2554,1,1,'Pordenone',10,'2013-10-05 22:51:31'),
	(2555,1,1,'Fagarè della Battaglia',1,'2013-10-06 03:18:41'),
	(2556,1,1,'spiritualità',1,'2013-10-06 13:57:24'),
	(2557,1,1,'spiritualità',1,'2013-10-06 18:28:50'),
	(2558,1,1,'castello',1,'2013-10-07 06:52:55'),
	(2559,1,1,'ipod',1,'2013-10-08 12:59:56'),
	(2560,1,1,'prosciutto',1,'2013-10-08 19:00:21'),
	(2561,1,1,'Gorizia',6,'2013-10-09 09:12:06'),
	(2562,1,1,'Cividale del Friuli',5,'2013-10-09 14:45:50'),
	(2563,1,1,'shuffle',1,'2013-10-09 21:40:42'),
	(2564,1,1,'superdrive',1,'2013-10-10 00:33:43'),
	(2565,1,1,'Pordenone',10,'2013-10-10 18:50:20'),
	(2566,1,1,'Cividale del Friuli',5,'2013-10-10 23:17:41'),
	(2567,1,1,'Enogastronomia',10,'2013-10-10 23:17:45'),
	(2568,1,1,'Pordenone',10,'2013-10-11 06:28:13'),
	(2569,1,1,'Cividale del Friuli',1,'2013-10-12 01:56:06'),
	(2570,1,1,'Enogastronomia',1,'2013-10-12 01:56:26'),
	(2571,1,1,'Cividale del Friuli',1,'2013-10-12 01:56:37'),
	(2572,1,1,'Enogastronomia',1,'2013-10-12 01:56:44'),
	(2573,1,1,'Fagarè della Battaglia',1,'2013-10-12 04:34:38'),
	(2574,1,1,'Friuli Tipico',1,'2013-10-12 04:34:41'),
	(2575,1,1,'Friuli centrale',1,'2013-10-12 04:34:43'),
	(2576,1,1,'Gorizia',1,'2013-10-12 04:34:47'),
	(2577,1,1,'Grande Guerra',1,'2013-10-12 04:34:54'),
	(2578,1,1,'Provincia di Pordenone',1,'2013-10-12 04:34:58'),
	(2579,1,1,'Provincia di Udine',1,'2013-10-12 04:35:02'),
	(2580,1,1,'Ragogna',1,'2013-10-12 04:35:04'),
	(2581,1,1,'Sacrario di Caporetto',1,'2013-10-12 04:35:06'),
	(2582,1,1,'Sacrario di Redipuglia',1,'2013-10-12 04:35:08'),
	(2583,1,1,'San Daniele',1,'2013-10-12 04:35:10'),
	(2584,1,1,'Spilimbergo',1,'2013-10-12 04:35:13'),
	(2585,1,1,'Udine',1,'2013-10-12 04:35:16'),
	(2586,1,1,'Valvasone',1,'2013-10-12 04:35:19'),
	(2587,1,1,'Villa Manin',1,'2013-10-12 04:35:25'),
	(2588,1,1,'Vini',1,'2013-10-12 04:35:27'),
	(2589,1,1,'Vino',1,'2013-10-12 04:35:29'),
	(2590,1,1,'Fagarè della Battaglia',1,'2013-10-12 04:35:36'),
	(2591,1,1,'Friuli Tipico',1,'2013-10-12 04:35:38'),
	(2592,1,1,'Friuli centrale',1,'2013-10-12 04:35:42'),
	(2593,1,1,'Gorizia',1,'2013-10-12 04:35:44'),
	(2594,1,1,'Grande Guerra',1,'2013-10-12 04:35:46'),
	(2595,1,1,'Provincia di Pordenone',1,'2013-10-12 04:35:48'),
	(2596,1,1,'Provincia di Udine',1,'2013-10-12 04:36:58'),
	(2597,1,1,'Ragogna',1,'2013-10-12 04:37:00'),
	(2598,1,1,'Sacrario di Caporetto',1,'2013-10-12 04:37:04'),
	(2599,1,1,'Sacrario di Redipuglia',1,'2013-10-12 04:37:08'),
	(2600,1,1,'San Daniele',1,'2013-10-12 04:37:11'),
	(2601,1,1,'Spilimbergo',1,'2013-10-12 04:37:13'),
	(2602,1,1,'Udine',1,'2013-10-12 04:37:15'),
	(2603,1,1,'Valvasone',1,'2013-10-12 04:37:18'),
	(2604,1,1,'Villa Manin',1,'2013-10-12 04:37:21'),
	(2605,1,1,'Vini',1,'2013-10-12 04:37:23'),
	(2606,1,1,'Vino',1,'2013-10-12 04:37:27'),
	(2607,1,1,'Grande Guerra',10,'2013-10-12 05:36:58'),
	(2608,1,1,'Udine',10,'2013-10-12 05:37:00'),
	(2609,1,1,'Valvasone',7,'2013-10-12 05:37:01'),
	(2610,1,1,'Provincia di Udine',7,'2013-10-12 05:37:02'),
	(2611,1,1,'Provincia di Pordenone',6,'2013-10-12 05:37:03'),
	(2612,1,1,'Vini',6,'2013-10-12 05:37:05'),
	(2613,1,1,'Sacrario di Caporetto',6,'2013-10-12 05:37:06'),
	(2614,1,1,'Vino',6,'2013-10-12 05:37:08'),
	(2615,1,1,'Sacrario di Redipuglia',6,'2013-10-12 05:37:09'),
	(2616,1,1,'Spilimbergo',6,'2013-10-12 05:37:10'),
	(2617,1,1,'Arte e Cultura',6,'2013-10-12 05:37:12'),
	(2618,1,1,'Gorizia',6,'2013-10-12 05:37:13'),
	(2619,1,1,'Ragogna',5,'2013-10-12 05:37:14'),
	(2620,1,1,'Friuli centrale',5,'2013-10-12 05:37:16'),
	(2621,1,1,'San Daniele',8,'2013-10-12 05:37:17'),
	(2622,1,1,'Cividale del Friuli',5,'2013-10-12 05:37:19'),
	(2623,1,1,'Suggestioni letterarie',4,'2013-10-12 05:37:20'),
	(2624,1,1,'Pordenone',1,'2013-10-12 23:14:55'),
	(2625,1,1,'Suggestioni letterarie',1,'2013-10-12 23:14:56'),
	(2626,1,1,'Trieste',1,'2013-10-12 23:14:58'),
	(2627,1,1,'Pordenone',1,'2013-10-12 23:15:11'),
	(2628,1,1,'Trieste',1,'2013-10-12 23:15:16'),
	(2629,1,1,'Friuli centrale',5,'2013-10-13 21:48:11'),
	(2630,1,1,'Friuli centrale',5,'2013-10-13 23:31:35'),
	(2631,1,1,'Friuli Tipico',10,'2013-10-14 05:56:10'),
	(2632,1,1,'Friuli centrale',5,'2013-10-14 05:56:13'),
	(2633,1,1,'Gorizia',6,'2013-10-14 05:56:23'),
	(2634,1,1,'Grande Guerra',10,'2013-10-14 05:56:27'),
	(2635,1,1,'Provincia di Pordenone',6,'2013-10-14 05:56:33'),
	(2636,1,1,'Provincia di Udine',7,'2013-10-14 05:56:38'),
	(2637,1,1,'Ragogna',5,'2013-10-14 05:56:46'),
	(2638,1,1,'Sacrario di Caporetto',6,'2013-10-14 05:56:52'),
	(2639,1,1,'Sacrario di Redipuglia',6,'2013-10-14 05:56:56'),
	(2640,1,1,'San Daniele',8,'2013-10-14 05:57:01'),
	(2641,1,1,'Spilimbergo',6,'2013-10-14 05:57:09'),
	(2642,1,1,'Udine',10,'2013-10-14 05:57:14'),
	(2643,1,1,'Valvasone',7,'2013-10-14 05:57:23'),
	(2644,1,1,'Vini',6,'2013-10-14 05:57:27'),
	(2645,1,1,'Vino',6,'2013-10-14 05:57:31'),
	(2646,1,1,'Vino',6,'2013-10-15 18:35:50'),
	(2647,1,1,'Vini',6,'2013-10-15 18:35:55'),
	(2648,1,1,'Udine',10,'2013-10-15 18:36:05'),
	(2649,1,1,'Ragogna',5,'2013-10-15 18:36:20'),
	(2650,1,1,'Gorizia',6,'2013-10-15 18:36:31'),
	(2651,1,1,'Trieste',4,'2013-10-15 18:37:00'),
	(2652,1,1,'Pordenone',10,'2013-10-15 18:37:30'),
	(2653,1,1,'Valvasone',7,'2013-10-15 18:37:50'),
	(2654,1,1,'Spilimbergo',6,'2013-10-15 18:38:06'),
	(2655,1,1,'San Daniele',8,'2013-10-15 18:38:31'),
	(2656,1,1,'Enogastronomia',10,'2013-10-15 18:38:55'),
	(2657,1,1,'Grande Guerra',10,'2013-10-15 18:39:30'),
	(2658,1,1,'Friuli Tipico',10,'2013-10-15 18:39:35'),
	(2659,1,1,'Spilimbergo',6,'2013-10-16 07:32:51'),
	(2660,1,1,'Udine',1,'2013-10-16 16:51:00'),
	(2661,1,1,'Fagarè della Battaglia',1,'2013-10-16 19:57:05'),
	(2662,1,1,'Enogastronomia',10,'2013-10-17 18:06:00'),
	(2663,1,1,'Spilimbergo',6,'2013-10-17 18:43:48'),
	(2664,1,1,'Udine',10,'2013-10-17 19:30:00'),
	(2665,1,1,'Udine',10,'2013-10-19 06:29:14'),
	(2666,1,1,'Grande Guerra',1,'2013-10-19 09:22:59'),
	(2667,1,1,'Arte e Cultura',6,'2013-10-19 11:47:39'),
	(2668,1,1,'Enogastronomia',10,'2013-10-19 14:54:24'),
	(2669,1,1,'Ragogna',5,'2013-10-19 15:25:24'),
	(2670,1,1,'Udine',10,'2013-10-19 15:29:58'),
	(2671,1,1,'Udine',1,'2013-10-19 16:12:04'),
	(2672,1,1,'Arte e Cultura',6,'2013-10-19 17:55:19'),
	(2673,1,1,'Provincia di Udine',7,'2013-10-19 18:00:00'),
	(2674,1,1,'Suche',0,'2013-10-19 18:48:43'),
	(2675,1,1,'Friuli centrale',5,'2013-10-19 19:01:34'),
	(2676,1,1,'nano',1,'2013-10-19 20:01:02'),
	(2677,1,1,'Arte e Cultura',6,'2013-10-19 23:27:11'),
	(2678,1,1,'Città',4,'2013-10-20 00:20:17'),
	(2679,1,1,'apple',1,'2013-10-20 01:51:25'),
	(2680,1,1,'Udine',10,'2013-10-20 16:03:56'),
	(2681,1,1,'Enogastronomia',10,'2013-10-20 21:05:22'),
	(2682,1,1,'Fagarè della Battaglia',4,'2013-10-22 01:38:56'),
	(2683,1,1,'Grande Guerra',10,'2013-10-22 03:14:58'),
	(2684,1,1,'Valvasone',1,'2013-10-22 11:02:38'),
	(2685,1,1,'Villa Manin',1,'2013-10-22 13:15:40'),
	(2686,1,1,'Albergo B',1,'2013-10-22 16:41:11'),
	(2687,1,1,'Ipod touch',1,'2013-10-22 18:40:19'),
	(2688,1,1,'Friuli Tipico',10,'2013-10-22 22:44:48'),
	(2689,1,1,'Grande Guerra',10,'2013-10-23 06:56:44'),
	(2690,1,1,'Provincia di Pordenone',6,'2013-10-23 06:56:45'),
	(2691,1,1,'Arte e Cultura',6,'2013-10-23 06:56:47'),
	(2692,1,1,'Friuli Tipico',10,'2013-10-23 06:56:48'),
	(2693,1,1,'Ragogna',5,'2013-10-23 06:56:49'),
	(2694,1,1,'Trieste',4,'2013-10-23 06:56:50'),
	(2695,1,1,'San Daniele',8,'2013-10-23 06:56:52'),
	(2696,1,1,'Valvasone',7,'2013-10-23 06:56:53'),
	(2697,1,1,'Friuli centrale',5,'2013-10-23 06:56:54'),
	(2698,1,1,'Cividale del Friuli',5,'2013-10-23 06:56:55'),
	(2699,1,1,'Vini',6,'2013-10-23 06:56:57'),
	(2700,1,1,'Provincia di Udine',7,'2013-10-23 06:56:58'),
	(2701,1,1,'Sacrario di Redipuglia',6,'2013-10-23 06:57:00'),
	(2702,1,1,'Sacrario di Caporetto',6,'2013-10-23 06:57:01'),
	(2703,1,1,'Spilimbergo',6,'2013-10-23 06:57:04'),
	(2704,1,1,'Udine',10,'2013-10-23 06:57:05'),
	(2705,1,1,'Enogastronomia',10,'2013-10-23 06:57:06'),
	(2706,1,1,'Vino',6,'2013-10-23 06:57:09'),
	(2707,1,1,'Suggestioni letterarie',4,'2013-10-23 06:57:10'),
	(2708,1,1,'Gorizia',6,'2013-10-23 06:57:11'),
	(2709,1,1,'Sacrario di Redipuglia',1,'2013-10-23 07:00:23'),
	(2710,1,1,'Cividale del Friuli',1,'2013-10-23 07:00:25'),
	(2711,1,1,'Enogastronomia',1,'2013-10-23 07:00:26'),
	(2712,1,1,'Friuli Tipico',1,'2013-10-23 07:00:28'),
	(2713,1,1,'Gorizia',1,'2013-10-23 07:00:29'),
	(2714,1,1,'Valvasone',1,'2013-10-23 07:00:30'),
	(2715,1,1,'Friuli centrale',1,'2013-10-23 07:00:31'),
	(2716,1,1,'Cividale del Friuli',1,'2013-10-23 07:00:44'),
	(2717,1,1,'Suggestioni letterarie',1,'2013-10-23 07:00:45'),
	(2718,1,1,'Sacrario di Redipuglia',1,'2013-10-23 07:00:46'),
	(2719,1,1,'Spilimbergo',1,'2013-10-23 07:00:50'),
	(2720,1,1,'Enogastronomia',10,'2013-10-23 07:00:52'),
	(2721,1,1,'Valvasone',1,'2013-10-23 07:01:05'),
	(2722,1,1,'Sacrario di Caporetto',1,'2013-10-23 07:01:06'),
	(2723,1,1,'Provincia di Udine',1,'2013-10-23 07:01:07'),
	(2724,1,1,'San Daniele',1,'2013-10-23 07:01:08'),
	(2725,1,1,'Vini',1,'2013-10-23 07:01:13'),
	(2726,1,1,'Provincia di Udine',1,'2013-10-23 07:01:16'),
	(2727,1,1,'Suggestioni letterarie',1,'2013-10-23 07:01:20'),
	(2728,1,1,'Vino',1,'2013-10-23 07:01:22'),
	(2729,1,1,'Gorizia',1,'2013-10-23 07:01:24'),
	(2730,1,1,'Grande Guerra',1,'2013-10-23 07:01:29'),
	(2731,1,1,'Provincia di Pordenone',1,'2013-10-23 07:01:30'),
	(2732,1,1,'San Daniele',1,'2013-10-23 07:01:37'),
	(2733,1,1,'Arte e Cultura',1,'2013-10-23 07:01:38'),
	(2734,1,1,'Grande Guerra',2,'2013-10-23 07:01:39'),
	(2735,1,1,'Udine',1,'2013-10-23 07:01:41'),
	(2736,1,1,'Provincia di Pordenone',1,'2013-10-23 07:01:41'),
	(2737,1,1,'Sacrario di Caporetto',1,'2013-10-23 07:01:43'),
	(2738,1,1,'Udine',6,'2013-10-23 07:01:47'),
	(2739,1,1,'Udine',1,'2013-10-23 07:01:51'),
	(2740,1,1,'Trieste',1,'2013-10-23 07:01:52'),
	(2741,1,1,'Grande Guerra',1,'2013-10-23 07:01:53'),
	(2742,1,1,'Arte e Cultura',1,'2013-10-23 07:01:54'),
	(2743,1,1,'Spilimbergo',1,'2013-10-23 07:01:55'),
	(2744,1,1,'Ragogna',1,'2013-10-23 07:01:56'),
	(2745,1,1,'Ragogna',1,'2013-10-23 07:01:57'),
	(2746,1,1,'Trieste',1,'2013-10-23 07:02:03'),
	(2747,1,1,'Friuli Tipico',1,'2013-10-23 07:02:06'),
	(2748,1,1,'Vino',1,'2013-10-23 07:02:07'),
	(2749,1,1,'Friuli Tipico',1,'2013-10-23 07:02:10'),
	(2750,1,1,'Enogastronomia',1,'2013-10-23 07:02:13'),
	(2751,1,1,'Friuli centrale',1,'2013-10-23 07:02:14'),
	(2752,1,1,'Vini',1,'2013-10-23 07:02:15'),
	(2753,1,1,'Grande Guerra',10,'2013-10-23 07:06:19'),
	(2754,1,1,'Grande Guerra',1,'2013-10-23 07:06:24'),
	(2755,1,1,'Udine',1,'2013-10-23 07:06:48'),
	(2756,1,1,'Udine',10,'2013-10-23 07:06:58'),
	(2757,1,1,'Friuli Tipico',10,'2013-10-23 07:07:14'),
	(2758,1,1,'Grande Guerra',1,'2013-10-23 07:07:45'),
	(2759,1,1,'Friuli Tipico',1,'2013-10-23 07:08:15'),
	(2760,1,1,'Udine',1,'2013-10-23 07:08:20'),
	(2761,1,1,'Friuli Tipico',1,'2013-10-23 07:08:23'),
	(2762,1,1,'Udine',6,'2013-10-23 07:13:05'),
	(2763,1,1,'Grande Guerra',2,'2013-10-23 07:13:16'),
	(2764,1,1,'Friuli Tipico',1,'2013-10-23 07:13:28'),
	(2765,1,1,'Provincia di Udine',7,'2013-10-23 15:32:46'),
	(2766,1,1,'Vino',1,'2013-10-23 15:36:40'),
	(2767,1,1,'nano',1,'2013-10-23 16:46:14'),
	(2768,1,1,'apple',1,'2013-10-23 18:14:48'),
	(2769,1,1,'Cividale del Friuli',5,'2013-10-23 19:19:51'),
	(2770,1,1,'Grande Guerra',10,'2013-10-23 19:19:56'),
	(2771,1,1,'Grande Guerra',1,'2013-10-23 20:41:36'),
	(2772,1,1,'Ipod touch',1,'2013-10-23 21:27:00'),
	(2773,1,1,'Albergo B',1,'2013-10-23 23:02:15'),
	(2774,1,1,'Friuli Tipico',10,'2013-10-24 04:54:38'),
	(2775,1,1,'Provincia di Pordenone',6,'2013-10-24 06:19:50'),
	(2776,1,1,'Vino',1,'2013-10-25 01:34:50'),
	(2777,1,1,'Villa Manin',1,'2013-10-25 04:26:28'),
	(2778,1,1,'Vino',6,'2013-10-25 05:35:57'),
	(2779,1,1,'Vini',6,'2013-10-25 05:36:02'),
	(2780,1,1,'Udine',10,'2013-10-25 05:36:12'),
	(2781,1,1,'Gorizia',6,'2013-10-25 05:36:32'),
	(2782,1,1,'Ragogna',5,'2013-10-25 05:37:17'),
	(2783,1,1,'Valvasone',7,'2013-10-25 05:37:52'),
	(2784,1,1,'Spilimbergo',6,'2013-10-25 05:38:32'),
	(2785,1,1,'Villa Manin',4,'2013-10-25 05:38:57'),
	(2786,1,1,'San Daniele',8,'2013-10-25 05:39:02'),
	(2787,1,1,'Enogastronomia',10,'2013-10-25 05:39:27'),
	(2788,1,1,'Grande Guerra',10,'2013-10-25 05:40:22'),
	(2789,1,1,'Friuli Tipico',10,'2013-10-25 05:40:32'),
	(2790,1,1,'Friuli centrale',5,'2013-10-25 05:41:08'),
	(2791,1,1,'Arte e Cultura',6,'2013-10-25 05:41:37'),
	(2792,1,1,'Enogastronomia',10,'2013-10-25 12:30:50'),
	(2793,1,1,'Friuli Tipico',10,'2013-10-25 12:30:51'),
	(2794,1,1,'Grande Guerra',10,'2013-10-25 12:30:53'),
	(2795,1,1,'Udine',10,'2013-10-25 12:30:55'),
	(2796,1,1,'Valvasone',7,'2013-10-25 12:30:57'),
	(2797,1,1,'Provincia di Udine',7,'2013-10-25 12:30:58'),
	(2798,1,1,'Provincia di Pordenone',6,'2013-10-25 12:31:00'),
	(2799,1,1,'Vini',6,'2013-10-25 12:31:01'),
	(2800,1,1,'Sacrario di Caporetto',6,'2013-10-25 12:31:03'),
	(2801,1,1,'Vini',1,'2013-10-26 11:16:04'),
	(2802,1,1,'Sacrario di Caporetto',1,'2013-10-26 12:17:40'),
	(2803,1,1,'San Daniele',8,'2013-10-27 16:55:57'),
	(2804,1,1,'Valvasone',7,'2013-10-27 21:38:25'),
	(2805,1,1,'San Daniele',8,'2013-10-27 23:54:42'),
	(2806,1,1,'Sacrario di Redipuglia',1,'2013-10-28 03:22:48'),
	(2807,1,1,'Sacrario di Caporetto',6,'2013-10-28 09:05:53'),
	(2808,1,1,'Gorizia',6,'2013-10-28 09:16:28'),
	(2809,1,1,'Ragogna',5,'2013-10-28 09:20:29'),
	(2810,1,1,'Vino',6,'2013-10-28 09:22:14'),
	(2811,1,1,'Cividale del Friuli',5,'2013-10-28 09:29:33'),
	(2812,1,1,'Spilimbergo',6,'2013-10-28 09:29:50'),
	(2813,1,1,'Enogastronomia',10,'2013-10-29 04:03:37'),
	(2814,1,1,'Provincia di Udine',7,'2013-10-29 05:21:12'),
	(2815,1,1,'Città',1,'2013-10-29 10:05:03'),
	(2816,1,1,'Città',1,'2013-10-29 10:05:04'),
	(2817,1,1,'Suggestioni letterarie',1,'2013-10-29 10:18:42'),
	(2818,1,1,'Sacrario di Caporetto',6,'2013-10-30 13:38:14'),
	(2819,1,1,'Sacrario di Redipuglia',6,'2013-10-31 00:07:58'),
	(2820,1,1,'Sacrario di Redipuglia',6,'2013-10-31 03:27:39'),
	(2821,1,1,'Vini',6,'2013-10-31 13:09:04'),
	(2822,1,1,'Udine',10,'2013-10-31 14:29:27'),
	(2823,1,1,'Vino',6,'2013-10-31 14:30:50'),
	(2824,1,1,'Ragogna',5,'2013-10-31 16:12:12'),
	(2825,1,1,'Enogastronomia',10,'2013-11-01 13:14:45'),
	(2826,1,1,'Sacrario di Caporetto',6,'2013-11-01 22:02:32'),
	(2827,1,1,'Vino',6,'2013-11-03 01:29:59'),
	(2828,1,1,'Vini',6,'2013-11-03 13:18:17'),
	(2829,1,1,'Friuli Tipico',10,'2013-11-04 20:26:24'),
	(2830,1,1,'Vino',6,'2013-11-04 20:26:27'),
	(2831,1,1,'Vini',6,'2013-11-04 20:26:29'),
	(2832,1,1,'Grande Guerra',10,'2013-11-04 20:26:30'),
	(2833,1,1,'San Daniele',8,'2013-11-04 20:26:31'),
	(2834,1,1,'Villa Manin',4,'2013-11-04 20:26:34'),
	(2835,1,1,'Ragogna',5,'2013-11-04 20:26:35'),
	(2836,1,1,'Valvasone',7,'2013-11-04 20:26:36'),
	(2837,1,1,'Cividale del Friuli',5,'2013-11-04 20:26:38'),
	(2838,1,1,'Friuli centrale',5,'2013-11-04 20:26:39'),
	(2839,1,1,'Sacrario di Redipuglia',6,'2013-11-04 20:26:40'),
	(2840,1,1,'Provincia di Udine',7,'2013-11-04 20:26:45'),
	(2841,1,1,'Gorizia',6,'2013-11-04 20:26:47'),
	(2842,1,1,'Spilimbergo',6,'2013-11-04 20:26:48'),
	(2843,1,1,'Provincia di Pordenone',6,'2013-11-04 20:26:49'),
	(2844,1,1,'Udine',10,'2013-11-04 20:26:50'),
	(2845,1,1,'Enogastronomia',10,'2013-11-04 20:26:52'),
	(2846,1,1,'Arte e Cultura',6,'2013-11-04 20:26:56'),
	(2847,1,1,'Città',4,'2013-11-04 20:26:57'),
	(2848,1,1,'Sacrario di Caporetto',6,'2013-11-04 20:26:59'),
	(2849,1,1,'Enogastronomia',1,'2013-11-04 20:30:42'),
	(2850,1,1,'Grande Guerra',1,'2013-11-04 20:30:45'),
	(2851,1,1,'Provincia di Udine',1,'2013-11-04 20:30:46'),
	(2852,1,1,'Friuli centrale',1,'2013-11-04 20:30:50'),
	(2853,1,1,'Spilimbergo',1,'2013-11-04 20:30:51'),
	(2854,1,1,'Friuli Tipico',1,'2013-11-04 20:30:58'),
	(2855,1,1,'Vino',1,'2013-11-04 20:31:00'),
	(2856,1,1,'Grande Guerra',2,'2013-11-04 20:31:01'),
	(2857,1,1,'Grande Guerra',1,'2013-11-04 20:31:02'),
	(2858,1,1,'Gorizia',1,'2013-11-04 20:31:03'),
	(2859,1,1,'Sacrario di Redipuglia',1,'2013-11-04 20:31:05'),
	(2860,1,1,'Enogastronomia',10,'2013-11-04 20:31:11'),
	(2861,1,1,'Vini',1,'2013-11-04 20:31:13'),
	(2862,1,1,'Ragogna',1,'2013-11-04 20:31:14'),
	(2863,1,1,'Enogastronomia',1,'2013-11-04 20:31:15'),
	(2864,1,1,'Arte e Cultura',1,'2013-11-04 20:31:16'),
	(2865,1,1,'Udine',1,'2013-11-04 20:31:17'),
	(2866,1,1,'Città',1,'2013-11-04 20:31:21'),
	(2867,1,1,'Friuli Tipico',1,'2013-11-04 20:31:27'),
	(2868,1,1,'Friuli Tipico',1,'2013-11-04 20:31:29'),
	(2869,1,1,'Villa Manin',1,'2013-11-04 20:31:37'),
	(2870,1,1,'Spilimbergo',1,'2013-11-04 20:31:42'),
	(2871,1,1,'Villa Manin',1,'2013-11-04 20:31:43'),
	(2872,1,1,'Vini',1,'2013-11-04 20:31:46'),
	(2873,1,1,'Gorizia',1,'2013-11-04 20:31:47'),
	(2874,1,1,'Udine',6,'2013-11-04 20:31:48'),
	(2875,1,1,'Città',1,'2013-11-04 20:31:49'),
	(2876,1,1,'Cividale del Friuli',1,'2013-11-04 20:31:51'),
	(2877,1,1,'San Daniele',1,'2013-11-04 20:31:52'),
	(2878,1,1,'Ragogna',1,'2013-11-04 20:31:55'),
	(2879,1,1,'Sacrario di Caporetto',1,'2013-11-04 20:31:56'),
	(2880,1,1,'Friuli centrale',1,'2013-11-04 20:31:57'),
	(2881,1,1,'Valvasone',1,'2013-11-04 20:32:00'),
	(2882,1,1,'Provincia di Pordenone',1,'2013-11-04 20:32:02'),
	(2883,1,1,'Provincia di Udine',1,'2013-11-04 20:32:04'),
	(2884,1,1,'Vino',1,'2013-11-04 20:32:05'),
	(2885,1,1,'Cividale del Friuli',1,'2013-11-04 20:32:06'),
	(2886,1,1,'Arte e Cultura',1,'2013-11-04 20:32:07'),
	(2887,1,1,'Provincia di Pordenone',1,'2013-11-04 20:32:12'),
	(2888,1,1,'Udine',1,'2013-11-04 20:32:13'),
	(2889,1,1,'Valvasone',1,'2013-11-04 20:32:20'),
	(2890,1,1,'Sacrario di Caporetto',1,'2013-11-04 20:32:23'),
	(2891,1,1,'Sacrario di Redipuglia',1,'2013-11-04 20:32:30'),
	(2892,1,1,'San Daniele',1,'2013-11-04 20:32:34'),
	(2893,1,1,'Grande Guerra',10,'2013-11-04 20:37:39'),
	(2894,1,1,'Friuli Tipico',1,'2013-11-04 20:37:43'),
	(2895,1,1,'Udine',1,'2013-11-04 20:37:44'),
	(2896,1,1,'Friuli Tipico',10,'2013-11-04 20:38:00'),
	(2897,1,1,'Enogastronomia',1,'2013-11-04 20:38:28'),
	(2898,1,1,'Grande Guerra',1,'2013-11-04 20:38:41'),
	(2899,1,1,'Udine',1,'2013-11-04 20:38:47'),
	(2900,1,1,'Friuli Tipico',1,'2013-11-04 20:38:49'),
	(2901,1,1,'Udine',10,'2013-11-04 20:39:01'),
	(2902,1,1,'Enogastronomia',1,'2013-11-04 20:39:09'),
	(2903,1,1,'Grande Guerra',1,'2013-11-04 20:39:17'),
	(2904,1,1,'Enogastronomia',10,'2013-11-04 20:39:20'),
	(2905,1,1,'Enogastronomia',10,'2013-11-04 20:44:32'),
	(2906,1,1,'Friuli Tipico',1,'2013-11-04 20:44:33'),
	(2907,1,1,'Udine',6,'2013-11-04 20:45:21'),
	(2908,1,1,'Grande Guerra',2,'2013-11-04 20:45:55'),
	(2909,1,1,'Gorizia',6,'2013-11-05 00:03:06'),
	(2910,1,1,'Arte e Cultura',1,'2013-11-05 00:03:14'),
	(2911,1,1,'Friuli Tipico',1,'2013-11-05 11:35:29'),
	(2912,1,1,'Castelli',1,'2013-11-06 05:49:34'),
	(2913,1,1,'Pasolini',1,'2013-11-06 07:41:30'),
	(2914,1,1,'abbazia',1,'2013-11-06 08:38:37'),
	(2915,1,1,'spiritualità',1,'2013-11-06 12:02:13'),
	(2916,1,1,'Cividale del Friuli',5,'2013-11-06 13:42:58'),
	(2917,1,1,'castello',1,'2013-11-06 14:50:01'),
	(2918,1,1,'Provincia di Pordenone',6,'2013-11-07 00:14:47'),
	(2919,1,1,'San Daniele',8,'2013-11-07 04:48:31'),
	(2920,1,1,'San Daniele',1,'2013-11-07 09:09:43'),
	(2921,1,1,'cantine',1,'2013-11-07 13:02:37'),
	(2922,1,1,'prosciutto',1,'2013-11-07 14:13:15'),
	(2923,1,1,'Pasolini',1,'2013-11-07 15:47:56'),
	(2924,1,1,'Castelli',1,'2013-11-07 17:53:09'),
	(2925,1,1,'Provincia di Udine',7,'2013-11-08 00:42:17'),
	(2926,1,1,'Udine',10,'2013-11-08 10:23:43'),
	(2927,1,1,'Fagarè della Battaglia',4,'2013-11-08 18:49:05'),
	(2928,1,1,'Friuli Tipico',1,'2013-11-08 19:48:03'),
	(2929,1,1,'spiritualità',2,'2013-11-08 20:16:01'),
	(2930,1,1,'Pordenone',1,'2013-11-08 23:43:02'),
	(2931,1,1,'Sacrario di Redipuglia',6,'2013-11-10 21:09:13'),
	(2932,1,1,'Provincia di Udine',7,'2013-11-13 11:11:19'),
	(2933,1,1,'Friuli centrale',5,'2013-11-13 15:47:44'),
	(2934,1,1,'Enogastronomia',10,'2013-11-13 19:03:52'),
	(2935,1,1,'San Daniele',8,'2013-11-14 02:22:57'),
	(2936,1,1,'Città',4,'2013-11-14 09:43:42'),
	(2937,1,1,'Villa Manin',4,'2013-11-14 09:45:14'),
	(2938,1,1,'Vino',6,'2013-11-14 17:08:50'),
	(2939,1,1,'Vini',6,'2013-11-14 17:08:55'),
	(2940,1,1,'Udine',10,'2013-11-14 17:08:59'),
	(2941,1,1,'Città',4,'2013-11-14 17:09:14'),
	(2942,1,1,'Ragogna',5,'2013-11-14 17:09:40'),
	(2943,1,1,'Gorizia',6,'2013-11-14 17:10:05'),
	(2944,1,1,'Valvasone',7,'2013-11-14 17:10:35'),
	(2945,1,1,'Spilimbergo',6,'2013-11-14 17:11:15'),
	(2946,1,1,'Villa Manin',4,'2013-11-14 17:11:40'),
	(2947,1,1,'San Daniele',8,'2013-11-14 17:12:00'),
	(2948,1,1,'Enogastronomia',10,'2013-11-14 17:12:10'),
	(2949,1,1,'Friuli Tipico',10,'2013-11-14 17:12:25'),
	(2950,1,1,'Grande Guerra',10,'2013-11-14 17:12:35'),
	(2951,1,1,'Friuli centrale',5,'2013-11-14 17:13:39'),
	(2952,1,1,'Friuli Tipico',1,'2013-11-15 03:10:59'),
	(2953,1,1,'Enogastronomia',10,'2013-11-15 06:17:20'),
	(2954,1,1,'Ristorante A',1,'2013-11-15 07:05:14'),
	(2955,1,1,'shuffle',1,'2013-11-15 07:17:46'),
	(2956,1,1,'Friuli centrale',5,'2013-11-15 15:34:11'),
	(2957,1,1,'Ristorante A',1,'2013-11-16 08:42:42'),
	(2958,1,1,'shuffle',1,'2013-11-16 10:14:24'),
	(2959,1,1,'superdrive',1,'2013-11-16 11:56:41'),
	(2960,1,1,'Arte e Cultura',6,'2013-11-18 08:50:46'),
	(2961,1,1,'Cividale del Friuli',5,'2013-11-18 08:50:51'),
	(2962,1,1,'Friuli Tipico',10,'2013-11-18 08:50:56'),
	(2963,1,1,'Provincia di Pordenone',6,'2013-11-18 08:51:01'),
	(2964,1,1,'Ragogna',5,'2013-11-18 08:51:06'),
	(2965,1,1,'San Daniele',8,'2013-11-18 08:51:11'),
	(2966,1,1,'Udine',10,'2013-11-18 08:51:16'),
	(2967,1,1,'Vino',6,'2013-11-18 08:51:21'),
	(2968,1,1,'Enogastronomia',10,'2013-11-18 08:52:10'),
	(2969,1,1,'Friuli centrale',5,'2013-11-18 08:52:16'),
	(2970,1,1,'Gorizia',6,'2013-11-18 08:52:21'),
	(2971,1,1,'Grande Guerra',10,'2013-11-18 08:52:26'),
	(2972,1,1,'Provincia di Udine',7,'2013-11-18 08:52:31'),
	(2973,1,1,'Sacrario di Caporetto',6,'2013-11-18 08:52:36'),
	(2974,1,1,'Sacrario di Redipuglia',6,'2013-11-18 08:52:41'),
	(2975,1,1,'Spilimbergo',6,'2013-11-18 08:52:46'),
	(2976,1,1,'Valvasone',7,'2013-11-18 08:52:51'),
	(2977,1,1,'Vini',6,'2013-11-18 08:52:56'),
	(2978,1,1,'prosciutto',1,'2013-11-18 15:43:08'),
	(2979,1,1,'Codroipo',1,'2013-11-18 18:03:44'),
	(2980,1,1,'San Daniele',8,'2013-11-18 22:59:26'),
	(2981,1,1,'Friuli Tipico',10,'2013-11-19 10:26:28'),
	(2982,1,1,'Vino',6,'2013-11-19 10:26:30'),
	(2983,1,1,'Sacrario di Caporetto',6,'2013-11-19 10:26:32'),
	(2984,1,1,'Grande Guerra',10,'2013-11-19 10:26:33'),
	(2985,1,1,'San Daniele',8,'2013-11-19 10:26:35'),
	(2986,1,1,'Fagarè della Battaglia',4,'2013-11-19 10:26:37'),
	(2987,1,1,'Ragogna',5,'2013-11-19 10:26:38'),
	(2988,1,1,'Valvasone',7,'2013-11-19 10:26:39'),
	(2989,1,1,'Cividale del Friuli',5,'2013-11-19 10:26:41'),
	(2990,1,1,'Friuli centrale',5,'2013-11-19 10:26:42'),
	(2991,1,1,'Sacrario di Redipuglia',6,'2013-11-19 10:26:43'),
	(2992,1,1,'Provincia di Udine',7,'2013-11-19 10:26:44'),
	(2993,1,1,'Gorizia',6,'2013-11-19 10:26:46'),
	(2994,1,1,'Spilimbergo',6,'2013-11-19 10:26:47'),
	(2995,1,1,'Provincia di Pordenone',6,'2013-11-19 10:26:48'),
	(2996,1,1,'Udine',10,'2013-11-19 10:26:50'),
	(2997,1,1,'Enogastronomia',10,'2013-11-19 10:26:51'),
	(2998,1,1,'Arte e Cultura',6,'2013-11-19 10:26:54'),
	(2999,1,1,'Villa Manin',4,'2013-11-19 10:26:56'),
	(3000,1,1,'Vini',6,'2013-11-19 10:26:57'),
	(3001,1,1,'Enogastronomia',1,'2013-11-19 10:30:07'),
	(3002,1,1,'Friuli centrale',1,'2013-11-19 10:30:09'),
	(3003,1,1,'Sacrario di Redipuglia',1,'2013-11-19 10:30:10'),
	(3004,1,1,'Fagarè della Battaglia',1,'2013-11-19 10:30:14'),
	(3005,1,1,'Provincia di Udine',1,'2013-11-19 10:30:15'),
	(3006,1,1,'Friuli Tipico',1,'2013-11-19 10:30:16'),
	(3007,1,1,'Valvasone',1,'2013-11-19 10:30:18'),
	(3008,1,1,'Friuli centrale',1,'2013-11-19 10:30:19'),
	(3009,1,1,'Udine',1,'2013-11-19 10:30:20'),
	(3010,1,1,'Grande Guerra',2,'2013-11-19 10:30:22'),
	(3011,1,1,'Enogastronomia',1,'2013-11-19 10:30:25'),
	(3012,1,1,'Gorizia',1,'2013-11-19 10:30:27'),
	(3013,1,1,'Sacrario di Caporetto',1,'2013-11-19 10:30:28'),
	(3014,1,1,'Valvasone',1,'2013-11-19 10:30:29'),
	(3015,1,1,'Spilimbergo',1,'2013-11-19 10:30:30'),
	(3016,1,1,'Friuli Tipico',1,'2013-11-19 10:30:39'),
	(3017,1,1,'Villa Manin',1,'2013-11-19 10:30:42'),
	(3018,1,1,'Grande Guerra',1,'2013-11-19 10:30:46'),
	(3019,1,1,'Sacrario di Caporetto',1,'2013-11-19 10:30:53'),
	(3020,1,1,'Udine',1,'2013-11-19 10:30:56'),
	(3021,1,1,'Ragogna',1,'2013-11-19 10:30:57'),
	(3022,1,1,'Fagarè della Battaglia',1,'2013-11-19 10:30:59'),
	(3023,1,1,'Spilimbergo',1,'2013-11-19 10:31:00'),
	(3024,1,1,'Vini',1,'2013-11-19 10:31:05'),
	(3025,1,1,'Cividale del Friuli',1,'2013-11-19 10:31:08'),
	(3026,1,1,'Grande Guerra',1,'2013-11-19 10:31:12'),
	(3027,1,1,'Enogastronomia',10,'2013-11-19 10:31:14'),
	(3028,1,1,'Arte e Cultura',1,'2013-11-19 10:31:18'),
	(3029,1,1,'Udine',6,'2013-11-19 10:31:19'),
	(3030,1,1,'Provincia di Pordenone',1,'2013-11-19 10:31:21'),
	(3031,1,1,'Villa Manin',1,'2013-11-19 10:31:22'),
	(3032,1,1,'Ragogna',1,'2013-11-19 10:31:23'),
	(3033,1,1,'Arte e Cultura',1,'2013-11-19 10:31:29'),
	(3034,1,1,'Vino',1,'2013-11-19 10:31:31'),
	(3035,1,1,'Gorizia',1,'2013-11-19 10:31:33'),
	(3036,1,1,'Provincia di Pordenone',1,'2013-11-19 10:31:44'),
	(3037,1,1,'Provincia di Udine',1,'2013-11-19 10:31:46'),
	(3038,1,1,'Friuli Tipico',1,'2013-11-19 10:31:49'),
	(3039,1,1,'San Daniele',1,'2013-11-19 10:31:50'),
	(3040,1,1,'Vini',1,'2013-11-19 10:31:58'),
	(3041,1,1,'Vino',1,'2013-11-19 10:31:59'),
	(3042,1,1,'San Daniele',1,'2013-11-19 10:32:00'),
	(3043,1,1,'Cividale del Friuli',1,'2013-11-19 10:32:05'),
	(3044,1,1,'Sacrario di Redipuglia',1,'2013-11-19 10:32:07'),
	(3045,1,1,'Enogastronomia',10,'2013-11-19 10:36:53'),
	(3046,1,1,'Grande Guerra',1,'2013-11-19 10:37:12'),
	(3047,1,1,'Udine',1,'2013-11-19 10:37:23'),
	(3048,1,1,'Udine',10,'2013-11-19 10:37:38'),
	(3049,1,1,'Enogastronomia',1,'2013-11-19 10:37:47'),
	(3050,1,1,'Grande Guerra',1,'2013-11-19 10:37:58'),
	(3051,1,1,'Friuli Tipico',10,'2013-11-19 10:38:04'),
	(3052,1,1,'Udine',1,'2013-11-19 10:38:11'),
	(3053,1,1,'Grande Guerra',10,'2013-11-19 10:38:17'),
	(3054,1,1,'Friuli Tipico',1,'2013-11-19 10:38:28'),
	(3055,1,1,'Enogastronomia',1,'2013-11-19 10:38:33'),
	(3056,1,1,'Friuli Tipico',1,'2013-11-19 10:38:37'),
	(3057,1,1,'Spilimbergo',6,'2013-11-19 10:43:02'),
	(3058,1,1,'Grande Guerra',2,'2013-11-19 10:43:39'),
	(3059,1,1,'Friuli Tipico',1,'2013-11-19 10:44:02'),
	(3060,1,1,'Enogastronomia',10,'2013-11-19 10:44:31'),
	(3061,1,1,'Udine',6,'2013-11-19 10:44:42'),
	(3062,1,1,'Grande Guerra',10,'2013-11-19 11:56:01'),
	(3063,1,1,'Grande Guerra',10,'2013-11-21 17:21:06'),
	(3064,1,1,'Udine',6,'2013-11-21 18:03:31'),
	(3065,1,1,'Albergo B',1,'2013-11-21 21:27:03'),
	(3066,1,1,'Villa Manin',4,'2013-11-21 23:07:38'),
	(3067,1,1,'nano',1,'2013-11-22 01:44:41'),
	(3068,1,1,'Grande Guerra',2,'2013-11-22 08:39:57'),
	(3069,1,1,'Udine',6,'2013-11-22 13:11:50'),
	(3070,1,1,'Grande Guerra',2,'2013-11-22 14:21:52'),
	(3071,1,1,'Ipod touch',1,'2013-11-22 16:41:15'),
	(3072,1,1,'apple',1,'2013-11-23 09:54:02'),
	(3073,1,1,'nano',1,'2013-11-23 12:04:55'),
	(3074,1,1,'Suggestioni letterarie',4,'2013-11-23 13:23:46'),
	(3075,1,1,'abbazia',2,'2013-11-23 13:50:14'),
	(3076,1,1,'Vino',6,'2013-11-24 11:00:31'),
	(3077,1,1,'Vini',6,'2013-11-24 11:00:36'),
	(3078,1,1,'Udine',10,'2013-11-24 11:00:47'),
	(3079,1,1,'Ragogna',5,'2013-11-24 11:01:21'),
	(3080,1,1,'Gorizia',6,'2013-11-24 11:01:27'),
	(3081,1,1,'Valvasone',7,'2013-11-24 11:02:11'),
	(3082,1,1,'Spilimbergo',6,'2013-11-24 11:02:56'),
	(3083,1,1,'Villa Manin',4,'2013-11-24 11:03:33'),
	(3084,1,1,'San Daniele',8,'2013-11-24 11:03:46'),
	(3085,1,1,'Enogastronomia',10,'2013-11-24 11:03:51'),
	(3086,1,1,'Grande Guerra',10,'2013-11-24 11:04:32'),
	(3087,1,1,'Friuli Tipico',10,'2013-11-24 11:04:46'),
	(3088,1,1,'Friuli centrale',5,'2013-11-24 11:05:42'),
	(3089,1,1,'Arte e Cultura',6,'2013-11-24 16:37:50'),
	(3090,1,1,'Valvasone',7,'2013-11-25 06:17:21'),
	(3091,1,1,'apple',1,'2013-11-26 10:55:52'),
	(3092,1,1,'Albergo B',1,'2013-11-26 12:41:24'),
	(3093,1,1,'Città',4,'2013-11-27 10:18:01'),
	(3094,1,1,'Vini',6,'2013-11-27 14:15:26'),
	(3095,1,1,'Albergo B',1,'2013-11-27 17:31:45'),
	(3096,1,1,'Udine',10,'2013-11-30 07:45:53'),
	(3097,1,1,'Grande Guerra',10,'2013-11-30 11:09:34'),
	(3098,1,1,'Città',4,'2013-11-30 13:14:46'),
	(3099,1,1,'Vino',6,'2013-12-01 00:24:33'),
	(3100,1,1,'Vini',6,'2013-12-01 00:24:38'),
	(3101,1,1,'Udine',10,'2013-12-01 00:24:42'),
	(3102,1,1,'Città',4,'2013-12-01 00:24:47'),
	(3103,1,1,'Gorizia',6,'2013-12-01 00:25:33'),
	(3104,1,1,'Ragogna',5,'2013-12-01 00:25:42'),
	(3105,1,1,'Valvasone',7,'2013-12-01 00:26:27'),
	(3106,1,1,'Spilimbergo',6,'2013-12-01 00:26:48'),
	(3107,1,1,'Villa Manin',4,'2013-12-01 00:27:32'),
	(3108,1,1,'San Daniele',8,'2013-12-01 00:27:37'),
	(3109,1,1,'Enogastronomia',10,'2013-12-01 00:27:47'),
	(3110,1,1,'Grande Guerra',10,'2013-12-01 00:28:07'),
	(3111,1,1,'Friuli Tipico',10,'2013-12-01 00:28:23'),
	(3112,1,1,'Friuli centrale',5,'2013-12-01 00:29:48'),
	(3113,1,1,'Sacrario di Redipuglia',1,'2013-12-01 14:48:16'),
	(3114,1,1,'ipod',1,'2013-12-01 14:58:36'),
	(3115,1,1,'shuffle',1,'2013-12-01 17:43:28'),
	(3116,1,1,'Spilimbergo',1,'2013-12-01 19:56:26'),
	(3117,1,1,'Friuli Tipico',10,'2013-12-03 06:38:38'),
	(3118,1,1,'Sacrario di Redipuglia',6,'2013-12-03 06:38:39'),
	(3119,1,1,'Vini',6,'2013-12-03 06:38:42'),
	(3120,1,1,'Grande Guerra',10,'2013-12-03 06:38:44'),
	(3121,1,1,'San Daniele',8,'2013-12-03 06:38:45'),
	(3122,1,1,'Fagarè della Battaglia',4,'2013-12-03 06:38:47'),
	(3123,1,1,'Ragogna',5,'2013-12-03 06:38:48'),
	(3124,1,1,'Valvasone',7,'2013-12-03 06:38:49'),
	(3125,1,1,'Cividale del Friuli',5,'2013-12-03 06:38:53'),
	(3126,1,1,'Friuli centrale',5,'2013-12-03 06:38:54'),
	(3127,1,1,'Spilimbergo',6,'2013-12-03 06:38:55'),
	(3128,1,1,'Provincia di Udine',7,'2013-12-03 06:38:56'),
	(3129,1,1,'Provincia di Pordenone',6,'2013-12-03 06:38:59'),
	(3130,1,1,'Arte e Cultura',6,'2013-12-03 06:39:01'),
	(3131,1,1,'Sacrario di Caporetto',6,'2013-12-03 06:39:02'),
	(3132,1,1,'Udine',10,'2013-12-03 06:39:04'),
	(3133,1,1,'Enogastronomia',10,'2013-12-03 06:39:05'),
	(3134,1,1,'Gorizia',6,'2013-12-03 06:39:08'),
	(3135,1,1,'Villa Manin',4,'2013-12-03 06:39:11'),
	(3136,1,1,'Vino',6,'2013-12-03 06:39:12'),
	(3137,1,1,'Enogastronomia',1,'2013-12-03 06:42:22'),
	(3138,1,1,'Friuli centrale',1,'2013-12-03 06:42:25'),
	(3139,1,1,'Spilimbergo',1,'2013-12-03 06:42:26'),
	(3140,1,1,'Fagarè della Battaglia',1,'2013-12-03 06:42:29'),
	(3141,1,1,'Provincia di Udine',1,'2013-12-03 06:42:30'),
	(3142,1,1,'Friuli Tipico',1,'2013-12-03 06:42:31'),
	(3143,1,1,'Gorizia',1,'2013-12-03 06:42:32'),
	(3144,1,1,'Valvasone',1,'2013-12-03 06:42:33'),
	(3145,1,1,'Friuli centrale',1,'2013-12-03 06:42:35'),
	(3146,1,1,'Udine',1,'2013-12-03 06:42:36'),
	(3147,1,1,'Grande Guerra',2,'2013-12-03 06:42:37'),
	(3148,1,1,'Udine',6,'2013-12-03 06:42:39'),
	(3149,1,1,'Provincia di Pordenone',1,'2013-12-03 06:42:42'),
	(3150,1,1,'Valvasone',1,'2013-12-03 06:42:54'),
	(3151,1,1,'Arte e Cultura',1,'2013-12-03 06:42:55'),
	(3152,1,1,'Friuli Tipico',1,'2013-12-03 06:43:04'),
	(3153,1,1,'Villa Manin',1,'2013-12-03 06:43:08'),
	(3154,1,1,'Grande Guerra',1,'2013-12-03 06:43:13'),
	(3155,1,1,'Sacrario di Caporetto',1,'2013-12-03 06:43:24'),
	(3156,1,1,'Ragogna',1,'2013-12-03 06:43:25'),
	(3157,1,1,'Fagarè della Battaglia',1,'2013-12-03 06:43:27'),
	(3158,1,1,'Provincia di Pordenone',1,'2013-12-03 06:43:28'),
	(3159,1,1,'Vino',1,'2013-12-03 06:43:31'),
	(3160,1,1,'Cividale del Friuli',1,'2013-12-03 06:43:33'),
	(3161,1,1,'Grande Guerra',1,'2013-12-03 06:43:38'),
	(3162,1,1,'Enogastronomia',1,'2013-12-03 06:43:40'),
	(3163,1,1,'Gorizia',1,'2013-12-03 06:43:47'),
	(3164,1,1,'Udine',1,'2013-12-03 06:43:48'),
	(3165,1,1,'Villa Manin',1,'2013-12-03 06:43:50'),
	(3166,1,1,'Ragogna',1,'2013-12-03 06:43:51'),
	(3167,1,1,'Enogastronomia',10,'2013-12-03 06:43:52'),
	(3168,1,1,'Arte e Cultura',1,'2013-12-03 06:43:53'),
	(3169,1,1,'Sacrario di Redipuglia',1,'2013-12-03 06:44:00'),
	(3170,1,1,'Provincia di Udine',1,'2013-12-03 06:44:01'),
	(3171,1,1,'Sacrario di Caporetto',1,'2013-12-03 06:44:03'),
	(3172,1,1,'Friuli Tipico',1,'2013-12-03 06:44:07'),
	(3173,1,1,'San Daniele',1,'2013-12-03 06:44:09'),
	(3174,1,1,'Vini',1,'2013-12-03 06:44:10'),
	(3175,1,1,'Vini',1,'2013-12-03 06:44:13'),
	(3176,1,1,'Vino',1,'2013-12-03 06:44:14'),
	(3177,1,1,'Sacrario di Redipuglia',1,'2013-12-03 06:44:15'),
	(3178,1,1,'San Daniele',1,'2013-12-03 06:44:16'),
	(3179,1,1,'Cividale del Friuli',1,'2013-12-03 06:44:19'),
	(3180,1,1,'Spilimbergo',1,'2013-12-03 06:44:21'),
	(3181,1,1,'Grande Guerra',1,'2013-12-03 06:48:24'),
	(3182,1,1,'Friuli Tipico',10,'2013-12-03 06:48:30'),
	(3183,1,1,'Friuli Tipico',1,'2013-12-03 06:48:39'),
	(3184,1,1,'Udine',10,'2013-12-03 06:48:47'),
	(3185,1,1,'Enogastronomia',10,'2013-12-03 06:49:04'),
	(3186,1,1,'Grande Guerra',1,'2013-12-03 06:49:10'),
	(3187,1,1,'Udine',1,'2013-12-03 06:49:13'),
	(3188,1,1,'Grande Guerra',10,'2013-12-03 06:49:35'),
	(3189,1,1,'Enogastronomia',1,'2013-12-03 06:49:40'),
	(3190,1,1,'Friuli Tipico',1,'2013-12-03 06:49:59'),
	(3191,1,1,'Enogastronomia',1,'2013-12-03 06:50:03'),
	(3192,1,1,'Udine',1,'2013-12-03 06:50:21'),
	(3193,1,1,'Udine',6,'2013-12-03 06:55:11'),
	(3194,1,1,'Grande Guerra',2,'2013-12-03 06:55:20'),
	(3195,1,1,'Friuli Tipico',1,'2013-12-03 06:55:40'),
	(3196,1,1,'Enogastronomia',10,'2013-12-03 06:55:42'),
	(3197,1,1,'ipod',1,'2013-12-03 10:54:43'),
	(3198,1,1,'Pordenone',10,'2013-12-03 12:51:22'),
	(3199,1,1,'Spilimbergo',1,'2013-12-03 14:08:57'),
	(3200,1,1,'Città',1,'2013-12-03 17:20:02'),
	(3201,1,1,'Udine',10,'2013-12-03 18:55:28'),
	(3202,1,1,'Sacrario di Caporetto',6,'2013-12-03 20:06:19'),
	(3203,1,1,'Codroipo',1,'2013-12-03 23:24:21'),
	(3204,1,1,'nano',1,'2013-12-04 02:11:06'),
	(3205,1,1,'apple',1,'2013-12-04 03:41:00'),
	(3206,1,1,'Gorizia',1,'2013-12-04 04:34:53'),
	(3207,1,1,'Cividale del Friuli',1,'2013-12-04 06:21:04'),
	(3208,1,1,'Città',1,'2013-12-04 07:48:54'),
	(3209,1,1,'Vino',6,'2013-12-04 19:48:31'),
	(3210,1,1,'Vini',6,'2013-12-04 19:48:33'),
	(3211,1,1,'Udine',10,'2013-12-04 19:48:34'),
	(3212,1,1,'Ragogna',5,'2013-12-04 19:48:36'),
	(3213,1,1,'Gorizia',6,'2013-12-04 19:48:38'),
	(3214,1,1,'Valvasone',7,'2013-12-04 19:48:39'),
	(3215,1,1,'San Daniele',8,'2013-12-04 19:48:41'),
	(3216,1,1,'Villa Manin',4,'2013-12-04 19:48:42'),
	(3217,1,1,'Spilimbergo',6,'2013-12-04 19:48:44'),
	(3218,1,1,'Friuli Tipico',10,'2013-12-04 19:48:45'),
	(3219,1,1,'Grande Guerra',10,'2013-12-04 19:48:47'),
	(3220,1,1,'Enogastronomia',10,'2013-12-04 19:48:49'),
	(3221,1,1,'Arte e Cultura',6,'2013-12-04 19:48:51'),
	(3222,1,1,'Friuli centrale',5,'2013-12-04 19:48:52'),
	(3223,1,1,'Provincia di Udine',7,'2013-12-04 19:48:53'),
	(3224,1,1,'Cividale del Friuli',5,'2013-12-04 19:48:55'),
	(3225,1,1,'Sacrario di Caporetto',6,'2013-12-04 19:48:56'),
	(3226,1,1,'Provincia di Pordenone',6,'2013-12-04 19:48:58'),
	(3227,1,1,'Sacrario di Redipuglia',6,'2013-12-04 19:48:59'),
	(3228,1,1,'Fagarè della Battaglia',4,'2013-12-04 19:49:00'),
	(3229,1,1,'Vini',1,'2013-12-04 20:02:07'),
	(3230,1,1,'ipod',1,'2013-12-04 20:20:14'),
	(3231,1,1,'Trieste',4,'2013-12-04 21:19:42'),
	(3232,1,1,'Gorizia',1,'2013-12-04 21:36:33'),
	(3233,1,1,'abbazia',1,'2013-12-04 22:16:09'),
	(3234,1,1,'cantine',2,'2013-12-05 05:43:58'),
	(3235,1,1,'Ragogna',1,'2013-12-05 08:46:13'),
	(3236,1,1,'Pasolini',4,'2013-12-05 09:00:50'),
	(3237,1,1,'castello',4,'2013-12-05 10:38:25'),
	(3238,1,1,'Castelli',2,'2013-12-05 12:08:04'),
	(3239,1,1,'Search',0,'2013-12-05 12:10:06'),
	(3240,1,1,'Friuli centrale',1,'2013-12-05 13:28:59'),
	(3241,1,1,'Codroipo',1,'2013-12-05 14:06:35'),
	(3242,1,1,'Valvasone',1,'2013-12-05 14:27:58'),
	(3243,1,1,'Suggestioni letterarie',1,'2013-12-05 15:30:56'),
	(3244,1,1,'prosciutto',2,'2013-12-05 16:04:26'),
	(3245,1,1,'superdrive',1,'2013-12-05 16:18:07'),
	(3246,1,1,'Provincia di Pordenone',1,'2013-12-05 16:57:31'),
	(3247,1,1,'Friuli Tipico',10,'2013-12-05 16:58:45'),
	(3248,1,1,'Enogastronomia',1,'2013-12-05 17:32:14'),
	(3249,1,1,'Search',0,'2013-12-05 17:33:33'),
	(3250,1,1,'Friuli centrale',1,'2013-12-05 18:26:51'),
	(3251,1,1,'cantine',1,'2013-12-05 18:58:14'),
	(3252,1,1,'Provincia di Udine',1,'2013-12-05 19:59:35'),
	(3253,1,1,'Provincia di Udine',1,'2013-12-05 22:00:47'),
	(3254,1,1,'Cividale del Friuli',1,'2013-12-05 22:35:11'),
	(3255,1,1,'Sacrario di Caporetto',1,'2013-12-05 23:43:33'),
	(3256,1,1,'Provincia di Pordenone',1,'2013-12-06 00:06:28'),
	(3257,1,1,'Grande Guerra',1,'2013-12-06 00:41:38'),
	(3258,1,1,'Grande Guerra',1,'2013-12-06 01:19:24'),
	(3259,1,1,'Udine',1,'2013-12-06 02:54:40'),
	(3260,1,1,'Friuli Tipico',1,'2013-12-06 05:08:40'),
	(3261,1,1,'Udine',1,'2013-12-06 07:00:24'),
	(3262,1,1,'Friuli Tipico',1,'2013-12-06 19:19:51'),
	(3263,1,1,'Spilimbergo',1,'2013-12-07 01:03:19'),
	(3264,1,1,'Cividale del Friuli',1,'2013-12-07 03:04:35'),
	(3265,1,1,'Search',0,'2013-12-07 06:45:15'),
	(3266,1,1,'ipod',1,'2013-12-07 09:59:10'),
	(3267,1,1,'Arte e Cultura',6,'2013-12-07 16:43:37'),
	(3268,1,1,'Cividale del Friuli',5,'2013-12-07 16:43:39'),
	(3269,1,1,'Enogastronomia',10,'2013-12-07 16:43:41'),
	(3270,1,1,'Friuli Tipico',10,'2013-12-07 16:43:42'),
	(3271,1,1,'Friuli centrale',5,'2013-12-07 16:43:43'),
	(3272,1,1,'Gorizia',6,'2013-12-07 16:43:45'),
	(3273,1,1,'Grande Guerra',10,'2013-12-07 16:43:46'),
	(3274,1,1,'Provincia di Pordenone',6,'2013-12-07 16:43:48'),
	(3275,1,1,'Provincia di Udine',7,'2013-12-07 16:43:49'),
	(3276,1,1,'Ragogna',5,'2013-12-07 16:43:51'),
	(3277,1,1,'Sacrario di Caporetto',6,'2013-12-07 16:43:52'),
	(3278,1,1,'Sacrario di Redipuglia',6,'2013-12-07 16:43:53'),
	(3279,1,1,'San Daniele',8,'2013-12-07 16:43:55'),
	(3280,1,1,'Spilimbergo',6,'2013-12-07 16:43:56'),
	(3281,1,1,'Suggestioni letterarie',4,'2013-12-07 16:43:58'),
	(3282,1,1,'Trieste',4,'2013-12-07 16:43:59'),
	(3283,1,1,'Udine',10,'2013-12-07 16:44:01'),
	(3284,1,1,'Valvasone',7,'2013-12-07 16:44:02'),
	(3285,1,1,'Vini',6,'2013-12-07 16:44:03'),
	(3286,1,1,'Vino',6,'2013-12-07 16:44:05'),
	(3287,1,1,'Vini',6,'2013-12-08 19:54:12'),
	(3288,1,1,'Vini',1,'2013-12-08 19:54:16'),
	(3289,1,1,'Vino',6,'2013-12-08 19:54:22'),
	(3290,1,1,'Vino',1,'2013-12-08 19:54:27'),
	(3291,1,1,'Vini',1,'2013-12-08 19:54:32'),
	(3292,1,1,'Vino',1,'2013-12-08 19:54:37'),
	(3293,1,1,'Udine',10,'2013-12-08 19:54:42'),
	(3294,1,1,'Udine',1,'2013-12-08 19:54:47'),
	(3295,1,1,'Udine',1,'2013-12-08 19:54:52'),
	(3296,1,1,'Ragogna',5,'2013-12-08 20:00:42'),
	(3297,1,1,'Gorizia',6,'2013-12-08 20:00:46'),
	(3298,1,1,'Ragogna',1,'2013-12-08 20:00:52'),
	(3299,1,1,'Ragogna',1,'2013-12-08 20:02:16'),
	(3300,1,1,'Gorizia',1,'2013-12-08 20:02:22'),
	(3301,1,1,'Trieste',4,'2013-12-08 20:02:26'),
	(3302,1,1,'Trieste',1,'2013-12-08 20:02:31'),
	(3303,1,1,'Gorizia',1,'2013-12-08 20:02:37'),
	(3304,1,1,'Trieste',1,'2013-12-08 20:02:42'),
	(3305,1,1,'Valvasone',7,'2013-12-08 20:06:57'),
	(3306,1,1,'Valvasone',1,'2013-12-08 20:07:02'),
	(3307,1,1,'Udine',6,'2013-12-08 20:07:06'),
	(3308,1,1,'Udine',10,'2013-12-08 20:07:12'),
	(3309,1,1,'Udine',1,'2013-12-08 20:07:17'),
	(3310,1,1,'Udine',1,'2013-12-08 20:07:22'),
	(3311,1,1,'Valvasone',1,'2013-12-08 20:08:47'),
	(3312,1,1,'Udine',6,'2013-12-08 20:08:52'),
	(3313,1,1,'Spilimbergo',6,'2013-12-08 20:08:57'),
	(3314,1,1,'Spilimbergo',1,'2013-12-08 20:09:06'),
	(3315,1,1,'Spilimbergo',1,'2013-12-08 20:09:17'),
	(3316,1,1,'San Daniele',8,'2013-12-08 20:09:47'),
	(3317,1,1,'San Daniele',1,'2013-12-08 20:09:52'),
	(3318,1,1,'San Daniele',1,'2013-12-08 20:10:02'),
	(3319,1,1,'Enogastronomia',10,'2013-12-08 20:10:22'),
	(3320,1,1,'Enogastronomia',1,'2013-12-08 20:10:27'),
	(3321,1,1,'Enogastronomia',1,'2013-12-08 20:10:38'),
	(3322,1,1,'Friuli Tipico',10,'2013-12-08 20:12:12'),
	(3323,1,1,'Grande Guerra',10,'2013-12-08 20:13:47'),
	(3324,1,1,'Friuli Tipico',1,'2013-12-08 20:15:30'),
	(3325,1,1,'Grande Guerra',1,'2013-12-08 20:15:32'),
	(3326,1,1,'Grande Guerra',1,'2013-12-08 20:15:33'),
	(3327,1,1,'Friuli Tipico',1,'2013-12-08 20:15:36'),
	(3328,1,1,'Friuli centrale',5,'2013-12-08 20:16:02'),
	(3329,1,1,'Friuli centrale',1,'2013-12-08 20:16:11'),
	(3330,1,1,'Friuli centrale',1,'2013-12-08 20:16:17'),
	(3331,1,1,'Arte e Cultura',6,'2013-12-08 20:16:31'),
	(3332,1,1,'Arte e Cultura',1,'2013-12-08 20:16:36'),
	(3333,1,1,'Arte e Cultura',1,'2013-12-08 20:16:52'),
	(3334,1,1,'Enogastronomia',10,'2013-12-08 20:16:57'),
	(3335,1,1,'Enogastronomia',10,'2013-12-08 20:17:02'),
	(3336,1,1,'Enogastronomia',1,'2013-12-08 20:17:06'),
	(3337,1,1,'Enogastronomia',10,'2013-12-08 20:17:12'),
	(3338,1,1,'Enogastronomia',1,'2013-12-08 20:17:16'),
	(3339,1,1,'Friuli Tipico',1,'2013-12-08 20:17:23'),
	(3340,1,1,'Friuli Tipico',10,'2013-12-08 20:17:27'),
	(3341,1,1,'Friuli Tipico',1,'2013-12-08 20:17:32'),
	(3342,1,1,'Friuli Tipico',1,'2013-12-08 20:17:42'),
	(3343,1,1,'Grande Guerra',2,'2013-12-08 20:18:03'),
	(3344,1,1,'Grande Guerra',10,'2013-12-08 20:18:07'),
	(3345,1,1,'Grande Guerra',1,'2013-12-08 20:18:18'),
	(3346,1,1,'Grande Guerra',1,'2013-12-08 20:18:27'),
	(3347,1,1,'Friuli Tipico',1,'2013-12-08 20:18:33'),
	(3348,1,1,'Grande Guerra',2,'2013-12-08 20:18:38'),
	(3349,1,1,'Provincia di Udine',7,'2013-12-08 20:23:37'),
	(3350,1,1,'Provincia di Udine',1,'2013-12-08 20:24:07'),
	(3351,1,1,'Provincia di Udine',1,'2013-12-08 20:24:17'),
	(3352,1,1,'Cividale del Friuli',5,'2013-12-08 20:25:12'),
	(3353,1,1,'Cividale del Friuli',1,'2013-12-08 20:25:17'),
	(3354,1,1,'Cividale del Friuli',1,'2013-12-08 20:25:21'),
	(3355,1,1,'Suggestioni letterarie',4,'2013-12-08 20:25:51'),
	(3356,1,1,'Suggestioni letterarie',1,'2013-12-08 20:25:57'),
	(3357,1,1,'Suggestioni letterarie',1,'2013-12-08 20:26:17'),
	(3358,1,1,'Sacrario di Caporetto',6,'2013-12-08 20:26:22'),
	(3359,1,1,'Sacrario di Caporetto',1,'2013-12-08 20:26:28'),
	(3360,1,1,'Sacrario di Caporetto',1,'2013-12-08 20:26:32'),
	(3361,1,1,'Sacrario di Redipuglia',6,'2013-12-08 20:26:42'),
	(3362,1,1,'Sacrario di Redipuglia',1,'2013-12-08 20:26:47'),
	(3363,1,1,'Sacrario di Redipuglia',1,'2013-12-08 20:26:52'),
	(3364,1,1,'Provincia di Pordenone',6,'2013-12-08 20:26:57'),
	(3365,1,1,'Provincia di Pordenone',1,'2013-12-08 20:27:01'),
	(3366,1,1,'Provincia di Pordenone',1,'2013-12-08 20:27:08'),
	(3367,1,1,'Trieste',1,'2013-12-09 01:36:19'),
	(3368,1,1,'Trieste',1,'2013-12-09 02:23:46'),
	(3369,1,1,'Ragogna',1,'2013-12-09 02:42:49'),
	(3370,1,1,'castello',1,'2013-12-09 03:22:40'),
	(3371,1,1,'Vini',6,'2013-12-09 03:36:51'),
	(3372,1,1,'Vini',1,'2013-12-09 03:36:55'),
	(3373,1,1,'Vino',6,'2013-12-09 03:37:02'),
	(3374,1,1,'Vino',1,'2013-12-09 03:37:06'),
	(3375,1,1,'Vini',1,'2013-12-09 03:37:10'),
	(3376,1,1,'Vino',1,'2013-12-09 03:37:16'),
	(3377,1,1,'Udine',10,'2013-12-09 03:37:21'),
	(3378,1,1,'Udine',1,'2013-12-09 03:37:26'),
	(3379,1,1,'Udine',1,'2013-12-09 03:37:30'),
	(3380,1,1,'Trieste',4,'2013-12-09 03:43:00'),
	(3381,1,1,'Trieste',1,'2013-12-09 03:43:11'),
	(3382,1,1,'Trieste',1,'2013-12-09 03:43:15'),
	(3383,1,1,'Gorizia',6,'2013-12-09 03:43:26'),
	(3384,1,1,'Ragogna',5,'2013-12-09 03:43:41'),
	(3385,1,1,'Gorizia',1,'2013-12-09 03:43:47'),
	(3386,1,1,'Gorizia',1,'2013-12-09 03:43:51'),
	(3387,1,1,'Ragogna',1,'2013-12-09 03:45:17'),
	(3388,1,1,'Ragogna',1,'2013-12-09 03:45:21'),
	(3389,1,1,'Pordenone',1,'2013-12-09 03:45:48'),
	(3390,1,1,'Valvasone',7,'2013-12-09 03:50:46'),
	(3391,1,1,'Valvasone',1,'2013-12-09 03:50:56'),
	(3392,1,1,'Enogastronomia',1,'2013-12-09 04:56:45'),
	(3393,1,1,'Vini',6,'2013-12-09 06:03:42'),
	(3394,1,1,'Vini',1,'2013-12-09 06:03:47'),
	(3395,1,1,'Vino',6,'2013-12-09 06:03:52'),
	(3396,1,1,'Vino',1,'2013-12-09 06:03:57'),
	(3397,1,1,'Vini',1,'2013-12-09 06:04:02'),
	(3398,1,1,'Vino',1,'2013-12-09 06:04:06'),
	(3399,1,1,'Udine',10,'2013-12-09 06:04:12'),
	(3400,1,1,'Udine',1,'2013-12-09 06:04:17'),
	(3401,1,1,'Udine',1,'2013-12-09 06:04:23'),
	(3402,1,1,'Gorizia',6,'2013-12-09 06:08:36'),
	(3403,1,1,'Gorizia',1,'2013-12-09 06:08:47'),
	(3404,1,1,'Gorizia',1,'2013-12-09 06:08:52'),
	(3405,1,1,'Trieste',4,'2013-12-09 06:09:01'),
	(3406,1,1,'Ragogna',5,'2013-12-09 06:10:32'),
	(3407,1,1,'Enogastronomia',10,'2013-12-09 06:37:36'),
	(3408,1,1,'Vini',6,'2013-12-09 06:40:22'),
	(3409,1,1,'Vini',1,'2013-12-09 06:40:27'),
	(3410,1,1,'Vino',6,'2013-12-09 06:40:32'),
	(3411,1,1,'Vino',1,'2013-12-09 06:40:37'),
	(3412,1,1,'Vini',1,'2013-12-09 06:40:42'),
	(3413,1,1,'Vino',1,'2013-12-09 06:40:47'),
	(3414,1,1,'Udine',10,'2013-12-09 06:40:53'),
	(3415,1,1,'Udine',1,'2013-12-09 06:40:57'),
	(3416,1,1,'Udine',1,'2013-12-09 06:41:04'),
	(3417,1,1,'Trieste',4,'2013-12-09 06:48:12'),
	(3418,1,1,'Trieste',1,'2013-12-09 06:48:17'),
	(3419,1,1,'Ragogna',5,'2013-12-09 06:48:22'),
	(3420,1,1,'Ragogna',1,'2013-12-09 06:48:28'),
	(3421,1,1,'Trieste',1,'2013-12-09 06:48:33'),
	(3422,1,1,'Gorizia',6,'2013-12-09 06:48:38'),
	(3423,1,1,'Gorizia',1,'2013-12-09 06:48:42'),
	(3424,1,1,'Ragogna',1,'2013-12-09 06:48:47'),
	(3425,1,1,'Gorizia',1,'2013-12-09 06:48:52'),
	(3426,1,1,'Valvasone',7,'2013-12-09 06:52:57'),
	(3427,1,1,'Valvasone',1,'2013-12-09 06:53:02'),
	(3428,1,1,'Udine',6,'2013-12-09 06:53:08'),
	(3429,1,1,'Udine',10,'2013-12-09 06:53:13'),
	(3430,1,1,'Valvasone',1,'2013-12-09 06:53:16'),
	(3431,1,1,'Udine',1,'2013-12-09 06:53:22'),
	(3432,1,1,'Udine',1,'2013-12-09 06:54:47'),
	(3433,1,1,'Udine',6,'2013-12-09 06:54:52'),
	(3434,1,1,'Spilimbergo',6,'2013-12-09 06:55:07'),
	(3435,1,1,'Spilimbergo',1,'2013-12-09 06:55:17'),
	(3436,1,1,'Spilimbergo',1,'2013-12-09 06:55:28'),
	(3437,1,1,'San Daniele',8,'2013-12-09 06:55:52'),
	(3438,1,1,'San Daniele',1,'2013-12-09 06:56:07'),
	(3439,1,1,'San Daniele',1,'2013-12-09 06:56:12'),
	(3440,1,1,'Enogastronomia',10,'2013-12-09 06:56:27'),
	(3441,1,1,'Enogastronomia',1,'2013-12-09 06:56:37'),
	(3442,1,1,'Enogastronomia',1,'2013-12-09 06:56:43'),
	(3443,1,1,'Friuli Tipico',10,'2013-12-09 06:57:02'),
	(3444,1,1,'Grande Guerra',10,'2013-12-09 06:58:28'),
	(3445,1,1,'Grande Guerra',1,'2013-12-09 06:58:32'),
	(3446,1,1,'Friuli Tipico',1,'2013-12-09 07:00:03'),
	(3447,1,1,'Friuli Tipico',1,'2013-12-09 07:00:12'),
	(3448,1,1,'Grande Guerra',1,'2013-12-09 07:01:42'),
	(3449,1,1,'Friuli centrale',5,'2013-12-09 07:02:23'),
	(3450,1,1,'Friuli centrale',1,'2013-12-09 07:02:28'),
	(3451,1,1,'Friuli centrale',1,'2013-12-09 07:02:32'),
	(3452,1,1,'Arte e Cultura',6,'2013-12-09 07:02:37'),
	(3453,1,1,'Arte e Cultura',1,'2013-12-09 07:02:42'),
	(3454,1,1,'Arte e Cultura',1,'2013-12-09 07:02:58'),
	(3455,1,1,'Enogastronomia',10,'2013-12-09 07:03:02'),
	(3456,1,1,'Enogastronomia',10,'2013-12-09 07:03:20'),
	(3457,1,1,'Enogastronomia',1,'2013-12-09 07:03:21'),
	(3458,1,1,'Enogastronomia',1,'2013-12-09 07:03:23'),
	(3459,1,1,'Enogastronomia',10,'2013-12-09 07:03:25'),
	(3460,1,1,'Friuli Tipico',1,'2013-12-09 07:03:48'),
	(3461,1,1,'Friuli Tipico',10,'2013-12-09 07:03:52'),
	(3462,1,1,'Friuli Tipico',1,'2013-12-09 07:03:59'),
	(3463,1,1,'Friuli Tipico',1,'2013-12-09 07:04:02'),
	(3464,1,1,'Grande Guerra',2,'2013-12-09 07:04:23'),
	(3465,1,1,'Grande Guerra',10,'2013-12-09 07:04:27'),
	(3466,1,1,'Friuli Tipico',1,'2013-12-09 07:04:32'),
	(3467,1,1,'Grande Guerra',1,'2013-12-09 07:04:37'),
	(3468,1,1,'Grande Guerra',1,'2013-12-09 07:04:42'),
	(3469,1,1,'Grande Guerra',2,'2013-12-09 07:04:47'),
	(3470,1,1,'Provincia di Udine',7,'2013-12-09 07:09:42'),
	(3471,1,1,'Provincia di Udine',1,'2013-12-09 07:10:02'),
	(3472,1,1,'Provincia di Udine',1,'2013-12-09 07:10:22'),
	(3473,1,1,'Cividale del Friuli',5,'2013-12-09 07:10:52'),
	(3474,1,1,'Cividale del Friuli',1,'2013-12-09 07:11:02'),
	(3475,1,1,'Cividale del Friuli',1,'2013-12-09 07:11:37'),
	(3476,1,1,'Suggestioni letterarie',4,'2013-12-09 07:12:02'),
	(3477,1,1,'Suggestioni letterarie',1,'2013-12-09 07:12:07'),
	(3478,1,1,'Suggestioni letterarie',1,'2013-12-09 07:12:26'),
	(3479,1,1,'Sacrario di Caporetto',6,'2013-12-09 07:12:37'),
	(3480,1,1,'Sacrario di Caporetto',1,'2013-12-09 07:12:42'),
	(3481,1,1,'Sacrario di Caporetto',1,'2013-12-09 07:12:47'),
	(3482,1,1,'Sacrario di Redipuglia',6,'2013-12-09 07:12:52'),
	(3483,1,1,'Sacrario di Redipuglia',1,'2013-12-09 07:12:57'),
	(3484,1,1,'Sacrario di Redipuglia',1,'2013-12-09 07:13:02'),
	(3485,1,1,'Provincia di Pordenone',6,'2013-12-09 07:13:07'),
	(3486,1,1,'Provincia di Pordenone',1,'2013-12-09 07:13:13'),
	(3487,1,1,'Provincia di Pordenone',1,'2013-12-09 07:13:17'),
	(3488,1,1,'Vino',6,'2013-12-09 09:26:57'),
	(3489,1,1,'Vino',1,'2013-12-09 09:27:02'),
	(3490,1,1,'Vini',6,'2013-12-09 09:27:07'),
	(3491,1,1,'Vini',1,'2013-12-09 09:27:11'),
	(3492,1,1,'Vino',1,'2013-12-09 09:27:16'),
	(3493,1,1,'Vini',1,'2013-12-09 09:27:21'),
	(3494,1,1,'Udine',10,'2013-12-09 09:27:26'),
	(3495,1,1,'Udine',1,'2013-12-09 09:27:32'),
	(3496,1,1,'Udine',1,'2013-12-09 09:27:37'),
	(3497,1,1,'Ragogna',5,'2013-12-09 09:30:27'),
	(3498,1,1,'Gorizia',6,'2013-12-09 09:32:08'),
	(3499,1,1,'Ragogna',1,'2013-12-09 09:33:33'),
	(3500,1,1,'Gorizia',1,'2013-12-09 09:34:56'),
	(3501,1,1,'Trieste',4,'2013-12-09 09:35:02'),
	(3502,1,1,'Ragogna',1,'2013-12-09 09:35:06'),
	(3503,1,1,'Gorizia',1,'2013-12-09 09:35:11'),
	(3504,1,1,'Trieste',1,'2013-12-09 09:35:23'),
	(3505,1,1,'Trieste',1,'2013-12-09 09:35:26'),
	(3506,1,1,'Valvasone',7,'2013-12-09 09:40:51'),
	(3507,1,1,'Udine',6,'2013-12-09 09:40:56'),
	(3508,1,1,'Udine',10,'2013-12-09 09:41:02'),
	(3509,1,1,'Valvasone',1,'2013-12-09 09:41:14'),
	(3510,1,1,'Udine',1,'2013-12-09 09:41:17'),
	(3511,1,1,'Valvasone',1,'2013-12-09 09:41:19'),
	(3512,1,1,'Udine',1,'2013-12-09 09:41:21'),
	(3513,1,1,'Udine',6,'2013-12-09 09:41:32'),
	(3514,1,1,'Spilimbergo',6,'2013-12-09 09:41:57'),
	(3515,1,1,'Spilimbergo',1,'2013-12-09 09:42:01'),
	(3516,1,1,'Spilimbergo',1,'2013-12-09 09:42:07'),
	(3517,1,1,'San Daniele',8,'2013-12-09 09:42:26'),
	(3518,1,1,'San Daniele',1,'2013-12-09 09:42:41'),
	(3519,1,1,'San Daniele',1,'2013-12-09 09:42:47'),
	(3520,1,1,'Enogastronomia',10,'2013-12-09 09:42:57'),
	(3521,1,1,'Enogastronomia',1,'2013-12-09 09:43:17'),
	(3522,1,1,'Enogastronomia',1,'2013-12-09 09:43:22'),
	(3523,1,1,'Grande Guerra',10,'2013-12-09 09:45:02'),
	(3524,1,1,'Friuli Tipico',10,'2013-12-09 09:45:06'),
	(3525,1,1,'Grande Guerra',1,'2013-12-09 09:46:37'),
	(3526,1,1,'Friuli Tipico',1,'2013-12-09 09:46:42'),
	(3527,1,1,'Friuli Tipico',1,'2013-12-09 09:46:52'),
	(3528,1,1,'Grande Guerra',1,'2013-12-09 09:48:22'),
	(3529,1,1,'Friuli centrale',5,'2013-12-09 09:48:51'),
	(3530,1,1,'Friuli centrale',1,'2013-12-09 09:49:02'),
	(3531,1,1,'Friuli centrale',1,'2013-12-09 09:49:07'),
	(3532,1,1,'Arte e Cultura',6,'2013-12-09 09:49:16'),
	(3533,1,1,'Arte e Cultura',1,'2013-12-09 09:49:22'),
	(3534,1,1,'Enogastronomia',10,'2013-12-09 09:49:27'),
	(3535,1,1,'Enogastronomia',10,'2013-12-09 09:49:31'),
	(3536,1,1,'Arte e Cultura',1,'2013-12-09 09:49:37'),
	(3537,1,1,'Enogastronomia',1,'2013-12-09 09:49:46'),
	(3538,1,1,'Enogastronomia',1,'2013-12-09 09:49:52'),
	(3539,1,1,'Enogastronomia',10,'2013-12-09 09:49:58'),
	(3540,1,1,'Grande Guerra',2,'2013-12-09 09:50:27'),
	(3541,1,1,'Grande Guerra',10,'2013-12-09 09:50:31'),
	(3542,1,1,'Friuli Tipico',1,'2013-12-09 09:50:41'),
	(3543,1,1,'Friuli Tipico',10,'2013-12-09 09:50:47'),
	(3544,1,1,'Friuli Tipico',1,'2013-12-09 09:50:57'),
	(3545,1,1,'Grande Guerra',1,'2013-12-09 09:51:02'),
	(3546,1,1,'Grande Guerra',1,'2013-12-09 09:51:07'),
	(3547,1,1,'Friuli Tipico',1,'2013-12-09 09:51:12'),
	(3548,1,1,'Friuli Tipico',1,'2013-12-09 09:51:17'),
	(3549,1,1,'Grande Guerra',2,'2013-12-09 09:51:22'),
	(3550,1,1,'Provincia di Udine',7,'2013-12-09 09:56:27'),
	(3551,1,1,'Provincia di Udine',1,'2013-12-09 09:56:36'),
	(3552,1,1,'Provincia di Udine',1,'2013-12-09 09:56:47'),
	(3553,1,1,'Cividale del Friuli',5,'2013-12-09 09:57:22'),
	(3554,1,1,'Cividale del Friuli',1,'2013-12-09 09:57:37'),
	(3555,1,1,'Cividale del Friuli',1,'2013-12-09 09:58:12'),
	(3556,1,1,'Suggestioni letterarie',4,'2013-12-09 09:58:22'),
	(3557,1,1,'Suggestioni letterarie',1,'2013-12-09 09:58:37'),
	(3558,1,1,'Suggestioni letterarie',1,'2013-12-09 09:58:52'),
	(3559,1,1,'Sacrario di Caporetto',6,'2013-12-09 09:59:12'),
	(3560,1,1,'Sacrario di Caporetto',1,'2013-12-09 09:59:18'),
	(3561,1,1,'Sacrario di Caporetto',1,'2013-12-09 09:59:21'),
	(3562,1,1,'Provincia di Pordenone',6,'2013-12-09 09:59:27'),
	(3563,1,1,'Provincia di Pordenone',1,'2013-12-09 09:59:31'),
	(3564,1,1,'Provincia di Pordenone',1,'2013-12-09 09:59:38'),
	(3565,1,1,'Sacrario di Redipuglia',6,'2013-12-09 09:59:42'),
	(3566,1,1,'Sacrario di Redipuglia',1,'2013-12-09 09:59:47'),
	(3567,1,1,'Sacrario di Redipuglia',1,'2013-12-09 09:59:51'),
	(3568,1,1,'Vini',6,'2013-12-09 12:22:41'),
	(3569,1,1,'Vini',1,'2013-12-09 12:22:46'),
	(3570,1,1,'Vino',6,'2013-12-09 12:22:51'),
	(3571,1,1,'Vino',1,'2013-12-09 12:22:56'),
	(3572,1,1,'Vini',1,'2013-12-09 12:23:01'),
	(3573,1,1,'Vino',1,'2013-12-09 12:23:06'),
	(3574,1,1,'Udine',10,'2013-12-09 12:23:11'),
	(3575,1,1,'Udine',1,'2013-12-09 12:23:16'),
	(3576,1,1,'Udine',1,'2013-12-09 12:23:21'),
	(3577,1,1,'Trieste',4,'2013-12-09 12:26:05'),
	(3578,1,1,'Trieste',1,'2013-12-09 12:26:25'),
	(3579,1,1,'Trieste',1,'2013-12-09 12:30:41'),
	(3580,1,1,'Ragogna',5,'2013-12-09 12:30:46'),
	(3581,1,1,'Ragogna',1,'2013-12-09 12:30:51'),
	(3582,1,1,'Gorizia',6,'2013-12-09 12:30:56'),
	(3583,1,1,'Gorizia',1,'2013-12-09 12:31:01'),
	(3584,1,1,'Ragogna',1,'2013-12-09 12:31:06'),
	(3585,1,1,'Gorizia',1,'2013-12-09 12:31:10'),
	(3586,1,1,'Udine',6,'2013-12-09 12:36:36'),
	(3587,1,1,'Udine',10,'2013-12-09 12:36:40'),
	(3588,1,1,'Udine',1,'2013-12-09 12:36:46'),
	(3589,1,1,'Valvasone',7,'2013-12-09 12:37:01'),
	(3590,1,1,'Valvasone',1,'2013-12-09 12:37:06'),
	(3591,1,1,'Udine',6,'2013-12-09 12:37:11'),
	(3592,1,1,'Valvasone',1,'2013-12-09 12:37:15'),
	(3593,1,1,'Udine',1,'2013-12-09 12:37:21'),
	(3594,1,1,'Spilimbergo',6,'2013-12-09 12:37:41'),
	(3595,1,1,'Spilimbergo',1,'2013-12-09 12:37:45'),
	(3596,1,1,'Spilimbergo',1,'2013-12-09 12:37:50'),
	(3597,1,1,'San Daniele',8,'2013-12-09 12:38:27'),
	(3598,1,1,'San Daniele',1,'2013-12-09 12:38:31'),
	(3599,1,1,'San Daniele',1,'2013-12-09 12:38:36'),
	(3600,1,1,'Enogastronomia',10,'2013-12-09 12:38:40'),
	(3601,1,1,'Enogastronomia',1,'2013-12-09 12:39:01'),
	(3602,1,1,'Enogastronomia',1,'2013-12-09 12:39:07'),
	(3603,1,1,'Grande Guerra',10,'2013-12-09 12:41:40'),
	(3604,1,1,'Grande Guerra',1,'2013-12-09 12:41:53'),
	(3605,1,1,'Friuli Tipico',10,'2013-12-09 12:42:08'),
	(3606,1,1,'Friuli Tipico',1,'2013-12-09 12:42:14'),
	(3607,1,1,'Friuli Tipico',1,'2013-12-09 12:43:04'),
	(3608,1,1,'Grande Guerra',1,'2013-12-09 12:44:06'),
	(3609,1,1,'Friuli centrale',5,'2013-12-09 12:44:43'),
	(3610,1,1,'Friuli centrale',1,'2013-12-09 12:44:46'),
	(3611,1,1,'Friuli centrale',1,'2013-12-09 12:44:52'),
	(3612,1,1,'Enogastronomia',10,'2013-12-09 12:44:57'),
	(3613,1,1,'Enogastronomia',10,'2013-12-09 12:45:01'),
	(3614,1,1,'Enogastronomia',1,'2013-12-09 12:45:11'),
	(3615,1,1,'Enogastronomia',1,'2013-12-09 12:45:15'),
	(3616,1,1,'Enogastronomia',10,'2013-12-09 12:45:21'),
	(3617,1,1,'Arte e Cultura',6,'2013-12-09 12:45:31'),
	(3618,1,1,'Arte e Cultura',1,'2013-12-09 12:45:41'),
	(3619,1,1,'Arte e Cultura',1,'2013-12-09 12:45:46'),
	(3620,1,1,'Friuli Tipico',1,'2013-12-09 12:46:01'),
	(3621,1,1,'Friuli Tipico',10,'2013-12-09 12:46:06'),
	(3622,1,1,'Friuli Tipico',1,'2013-12-09 12:46:16'),
	(3623,1,1,'Friuli Tipico',1,'2013-12-09 12:46:21'),
	(3624,1,1,'Friuli Tipico',1,'2013-12-09 12:46:26'),
	(3625,1,1,'Grande Guerra',2,'2013-12-09 12:46:36'),
	(3626,1,1,'Grande Guerra',10,'2013-12-09 12:46:40'),
	(3627,1,1,'Grande Guerra',1,'2013-12-09 12:46:50'),
	(3628,1,1,'Grande Guerra',2,'2013-12-09 12:46:56'),
	(3629,1,1,'Grande Guerra',1,'2013-12-09 12:47:06'),
	(3630,1,1,'Provincia di Udine',7,'2013-12-09 12:52:31'),
	(3631,1,1,'Provincia di Udine',1,'2013-12-09 12:52:46'),
	(3632,1,1,'Provincia di Udine',1,'2013-12-09 12:52:51'),
	(3633,1,1,'Cividale del Friuli',5,'2013-12-09 12:53:16'),
	(3634,1,1,'Cividale del Friuli',1,'2013-12-09 12:53:21'),
	(3635,1,1,'Cividale del Friuli',1,'2013-12-09 12:53:41'),
	(3636,1,1,'Suggestioni letterarie',4,'2013-12-09 12:54:15'),
	(3637,1,1,'Suggestioni letterarie',1,'2013-12-09 12:54:25'),
	(3638,1,1,'Suggestioni letterarie',1,'2013-12-09 12:54:45'),
	(3639,1,1,'Sacrario di Caporetto',6,'2013-12-09 12:54:55'),
	(3640,1,1,'Sacrario di Caporetto',1,'2013-12-09 12:55:00'),
	(3641,1,1,'Sacrario di Caporetto',1,'2013-12-09 12:55:06'),
	(3642,1,1,'Provincia di Pordenone',6,'2013-12-09 12:55:11'),
	(3643,1,1,'Provincia di Pordenone',1,'2013-12-09 12:55:16'),
	(3644,1,1,'Provincia di Pordenone',1,'2013-12-09 12:55:21'),
	(3645,1,1,'Sacrario di Redipuglia',6,'2013-12-09 12:55:26'),
	(3646,1,1,'Sacrario di Redipuglia',1,'2013-12-09 12:55:31'),
	(3647,1,1,'Sacrario di Redipuglia',1,'2013-12-09 12:55:36'),
	(3648,1,1,'Enogastronomia',1,'2013-12-09 20:45:31'),
	(3649,1,1,'Cividale del Friuli',1,'2013-12-10 04:17:51'),
	(3650,1,1,'Enogastronomia',1,'2013-12-10 05:32:16'),
	(3651,1,1,'Spilimbergo',1,'2013-12-10 06:39:54'),
	(3652,1,1,'Friuli Tipico',1,'2013-12-10 13:48:20'),
	(3653,1,1,'superdrive',1,'2013-12-11 09:55:42'),
	(3654,1,1,'Ristorante A',1,'2013-12-11 10:58:00'),
	(3655,1,1,'Ristorante A',1,'2013-12-11 14:10:21'),
	(3656,1,1,'shuffle',1,'2013-12-11 18:23:45'),
	(3657,1,1,'Search',0,'2013-12-11 18:23:47'),
	(3658,1,1,'superdrive',1,'2013-12-11 21:45:55'),
	(3659,1,1,'prosciutto',1,'2013-12-11 23:01:35'),
	(3660,1,1,'Arte e Cultura',1,'2013-12-12 01:30:26'),
	(3661,1,1,'Friuli Tipico',10,'2013-12-12 03:01:17'),
	(3662,1,1,'Suche',0,'2013-12-13 10:30:05'),
	(3663,1,1,'Suche',0,'2013-12-13 11:16:49'),
	(3664,1,1,'Suche',0,'2013-12-13 11:47:04'),
	(3665,1,1,'Suggestioni letterarie',1,'2013-12-14 14:10:34'),
	(3666,1,1,'spiritualità',1,'2013-12-14 16:27:32'),
	(3667,1,1,'Ipod touch',1,'2013-12-14 17:31:04'),
	(3668,1,1,'Fagarè della Battaglia',1,'2013-12-14 20:18:53'),
	(3669,1,1,'nano',1,'2013-12-15 01:24:55'),
	(3670,1,1,'apple',1,'2013-12-15 06:00:26'),
	(3671,1,1,'nano',1,'2013-12-15 22:37:03'),
	(3672,1,1,'Friuli Tipico',10,'2013-12-16 22:27:45'),
	(3673,1,1,'Sacrario di Redipuglia',6,'2013-12-16 22:27:47'),
	(3674,1,1,'Sacrario di Caporetto',6,'2013-12-16 22:27:48'),
	(3675,1,1,'Grande Guerra',10,'2013-12-16 22:27:50'),
	(3676,1,1,'San Daniele',8,'2013-12-16 22:27:51'),
	(3677,1,1,'Fagarè della Battaglia',4,'2013-12-16 22:27:52'),
	(3678,1,1,'Ragogna',5,'2013-12-16 22:27:54'),
	(3679,1,1,'Valvasone',7,'2013-12-16 22:27:55'),
	(3680,1,1,'Cividale del Friuli',5,'2013-12-16 22:27:56'),
	(3681,1,1,'Friuli centrale',5,'2013-12-16 22:27:58'),
	(3682,1,1,'Spilimbergo',6,'2013-12-16 22:27:59'),
	(3683,1,1,'Provincia di Udine',7,'2013-12-16 22:28:00'),
	(3684,1,1,'Provincia di Pordenone',6,'2013-12-16 22:28:02'),
	(3685,1,1,'Arte e Cultura',6,'2013-12-16 22:28:03'),
	(3686,1,1,'Vini',6,'2013-12-16 22:28:04'),
	(3687,1,1,'Udine',10,'2013-12-16 22:28:05'),
	(3688,1,1,'Enogastronomia',10,'2013-12-16 22:28:07'),
	(3689,1,1,'Gorizia',6,'2013-12-16 22:28:10'),
	(3690,1,1,'Villa Manin',4,'2013-12-16 22:28:15'),
	(3691,1,1,'Vino',6,'2013-12-16 22:28:16'),
	(3692,1,1,'Enogastronomia',1,'2013-12-16 22:31:14'),
	(3693,1,1,'Friuli centrale',1,'2013-12-16 22:31:16'),
	(3694,1,1,'Spilimbergo',1,'2013-12-16 22:31:17'),
	(3695,1,1,'Fagarè della Battaglia',1,'2013-12-16 22:31:20'),
	(3696,1,1,'Provincia di Udine',1,'2013-12-16 22:31:21'),
	(3697,1,1,'Friuli Tipico',1,'2013-12-16 22:31:22'),
	(3698,1,1,'Gorizia',1,'2013-12-16 22:31:23'),
	(3699,1,1,'Valvasone',1,'2013-12-16 22:31:24'),
	(3700,1,1,'Friuli centrale',1,'2013-12-16 22:31:25'),
	(3701,1,1,'Udine',1,'2013-12-16 22:31:26'),
	(3702,1,1,'Grande Guerra',2,'2013-12-16 22:31:28'),
	(3703,1,1,'Udine',6,'2013-12-16 22:31:30'),
	(3704,1,1,'Provincia di Pordenone',1,'2013-12-16 22:31:33'),
	(3705,1,1,'Valvasone',1,'2013-12-16 22:31:35'),
	(3706,1,1,'Arte e Cultura',1,'2013-12-16 22:31:36'),
	(3707,1,1,'Friuli Tipico',1,'2013-12-16 22:31:43'),
	(3708,1,1,'Villa Manin',1,'2013-12-16 22:31:46'),
	(3709,1,1,'Grande Guerra',1,'2013-12-16 22:31:49'),
	(3710,1,1,'Vini',1,'2013-12-16 22:31:59'),
	(3711,1,1,'Ragogna',1,'2013-12-16 22:32:00'),
	(3712,1,1,'Fagarè della Battaglia',1,'2013-12-16 22:32:02'),
	(3713,1,1,'Provincia di Pordenone',1,'2013-12-16 22:32:03'),
	(3714,1,1,'Vino',1,'2013-12-16 22:32:05'),
	(3715,1,1,'Cividale del Friuli',1,'2013-12-16 22:32:08'),
	(3716,1,1,'Grande Guerra',1,'2013-12-16 22:32:12'),
	(3717,1,1,'Enogastronomia',1,'2013-12-16 22:32:14'),
	(3718,1,1,'Gorizia',1,'2013-12-16 22:32:17'),
	(3719,1,1,'Udine',1,'2013-12-16 22:32:18'),
	(3720,1,1,'Villa Manin',1,'2013-12-16 22:32:20'),
	(3721,1,1,'Ragogna',1,'2013-12-16 22:32:21'),
	(3722,1,1,'Enogastronomia',10,'2013-12-16 22:32:22'),
	(3723,1,1,'Arte e Cultura',1,'2013-12-16 22:32:24'),
	(3724,1,1,'Sacrario di Redipuglia',1,'2013-12-16 22:32:29'),
	(3725,1,1,'Provincia di Udine',1,'2013-12-16 22:32:30'),
	(3726,1,1,'Vini',1,'2013-12-16 22:32:32'),
	(3727,1,1,'Friuli Tipico',1,'2013-12-16 22:32:37'),
	(3728,1,1,'San Daniele',1,'2013-12-16 22:32:38'),
	(3729,1,1,'Sacrario di Caporetto',1,'2013-12-16 22:32:39'),
	(3730,1,1,'Sacrario di Caporetto',1,'2013-12-16 22:32:42'),
	(3731,1,1,'Vino',1,'2013-12-16 22:32:43'),
	(3732,1,1,'Sacrario di Redipuglia',1,'2013-12-16 22:32:44'),
	(3733,1,1,'San Daniele',1,'2013-12-16 22:32:45'),
	(3734,1,1,'Cividale del Friuli',1,'2013-12-16 22:32:49'),
	(3735,1,1,'Spilimbergo',1,'2013-12-16 22:32:51'),
	(3736,1,1,'Grande Guerra',1,'2013-12-16 22:36:34'),
	(3737,1,1,'Friuli Tipico',10,'2013-12-16 22:36:38'),
	(3738,1,1,'Friuli Tipico',1,'2013-12-16 22:36:47'),
	(3739,1,1,'Udine',10,'2013-12-16 22:36:55'),
	(3740,1,1,'Enogastronomia',10,'2013-12-16 22:37:10'),
	(3741,1,1,'Grande Guerra',1,'2013-12-16 22:37:16'),
	(3742,1,1,'Udine',1,'2013-12-16 22:37:19'),
	(3743,1,1,'Grande Guerra',10,'2013-12-16 22:37:37'),
	(3744,1,1,'Enogastronomia',1,'2013-12-16 22:37:42'),
	(3745,1,1,'Friuli Tipico',1,'2013-12-16 22:38:00'),
	(3746,1,1,'Enogastronomia',1,'2013-12-16 22:38:04'),
	(3747,1,1,'Udine',1,'2013-12-16 22:38:21'),
	(3748,1,1,'Udine',6,'2013-12-16 22:42:18'),
	(3749,1,1,'Grande Guerra',2,'2013-12-16 22:42:25'),
	(3750,1,1,'Friuli Tipico',1,'2013-12-16 22:42:44'),
	(3751,1,1,'Enogastronomia',10,'2013-12-16 22:42:46'),
	(3752,1,1,'Friuli centrale',5,'2013-12-19 16:59:36'),
	(3753,1,1,'Vini',6,'2013-12-20 23:05:31'),
	(3754,1,1,'Vini',1,'2013-12-20 23:05:36'),
	(3755,1,1,'Vino',6,'2013-12-20 23:05:41'),
	(3756,1,1,'Vino',1,'2013-12-20 23:05:47'),
	(3757,1,1,'Vini',1,'2013-12-20 23:05:51'),
	(3758,1,1,'Vino',1,'2013-12-20 23:05:56'),
	(3759,1,1,'Udine',10,'2013-12-20 23:06:02'),
	(3760,1,1,'Udine',1,'2013-12-20 23:06:06'),
	(3761,1,1,'Udine',1,'2013-12-20 23:06:11'),
	(3762,1,1,'Città',4,'2013-12-20 23:06:17'),
	(3763,1,1,'Città',1,'2013-12-20 23:06:21'),
	(3764,1,1,'Città',1,'2013-12-20 23:09:06'),
	(3765,1,1,'Gorizia',6,'2013-12-20 23:10:43'),
	(3766,1,1,'Ragogna',5,'2013-12-20 23:10:52'),
	(3767,1,1,'Gorizia',1,'2013-12-20 23:10:57'),
	(3768,1,1,'Gorizia',1,'2013-12-20 23:12:21'),
	(3769,1,1,'Ragogna',1,'2013-12-20 23:13:47'),
	(3770,1,1,'Ragogna',1,'2013-12-20 23:13:58'),
	(3771,1,1,'Udine',6,'2013-12-20 23:19:26'),
	(3772,1,1,'Udine',10,'2013-12-20 23:19:31'),
	(3773,1,1,'Valvasone',7,'2013-12-20 23:19:41'),
	(3774,1,1,'Valvasone',1,'2013-12-20 23:19:46'),
	(3775,1,1,'Udine',1,'2013-12-20 23:19:56'),
	(3776,1,1,'Valvasone',1,'2013-12-20 23:20:00'),
	(3777,1,1,'Udine',6,'2013-12-20 23:20:06'),
	(3778,1,1,'Udine',1,'2013-12-20 23:20:12'),
	(3779,1,1,'Spilimbergo',6,'2013-12-20 23:20:31'),
	(3780,1,1,'Spilimbergo',1,'2013-12-20 23:20:36'),
	(3781,1,1,'Spilimbergo',1,'2013-12-20 23:20:41'),
	(3782,1,1,'San Daniele',8,'2013-12-20 23:21:06'),
	(3783,1,1,'San Daniele',1,'2013-12-20 23:21:12'),
	(3784,1,1,'Villa Manin',4,'2013-12-20 23:21:16'),
	(3785,1,1,'Villa Manin',1,'2013-12-20 23:21:21'),
	(3786,1,1,'San Daniele',1,'2013-12-20 23:21:36'),
	(3787,1,1,'Villa Manin',1,'2013-12-20 23:21:41'),
	(3788,1,1,'Enogastronomia',10,'2013-12-20 23:21:46'),
	(3789,1,1,'Enogastronomia',1,'2013-12-20 23:22:00'),
	(3790,1,1,'Enogastronomia',1,'2013-12-20 23:22:11'),
	(3791,1,1,'Friuli Tipico',10,'2013-12-20 23:25:21'),
	(3792,1,1,'Grande Guerra',10,'2013-12-20 23:26:51'),
	(3793,1,1,'Grande Guerra',1,'2013-12-20 23:26:56'),
	(3794,1,1,'Friuli Tipico',1,'2013-12-20 23:27:01'),
	(3795,1,1,'Grande Guerra',1,'2013-12-20 23:27:06'),
	(3796,1,1,'Friuli Tipico',1,'2013-12-20 23:27:11'),
	(3797,1,1,'Friuli centrale',5,'2013-12-20 23:27:46'),
	(3798,1,1,'Friuli centrale',1,'2013-12-20 23:27:51'),
	(3799,1,1,'Friuli centrale',1,'2013-12-20 23:27:57'),
	(3800,1,1,'Enogastronomia',10,'2013-12-20 23:28:01'),
	(3801,1,1,'Enogastronomia',10,'2013-12-20 23:28:06'),
	(3802,1,1,'Enogastronomia',1,'2013-12-20 23:28:15'),
	(3803,1,1,'Arte e Cultura',6,'2013-12-20 23:28:20'),
	(3804,1,1,'Arte e Cultura',1,'2013-12-20 23:28:26'),
	(3805,1,1,'Arte e Cultura',1,'2013-12-20 23:28:35'),
	(3806,1,1,'Enogastronomia',10,'2013-12-20 23:28:46'),
	(3807,1,1,'Enogastronomia',1,'2013-12-20 23:28:51'),
	(3808,1,1,'Grande Guerra',2,'2013-12-20 23:29:21'),
	(3809,1,1,'Grande Guerra',10,'2013-12-20 23:29:27'),
	(3810,1,1,'Friuli Tipico',1,'2013-12-20 23:29:31'),
	(3811,1,1,'Friuli Tipico',10,'2013-12-20 23:29:36'),
	(3812,1,1,'Friuli Tipico',1,'2013-12-20 23:29:41'),
	(3813,1,1,'Grande Guerra',1,'2013-12-20 23:29:46'),
	(3814,1,1,'Friuli Tipico',1,'2013-12-20 23:29:51'),
	(3815,1,1,'Grande Guerra',2,'2013-12-20 23:30:01'),
	(3816,1,1,'Friuli Tipico',1,'2013-12-20 23:30:06'),
	(3817,1,1,'Grande Guerra',1,'2013-12-20 23:30:12'),
	(3818,1,1,'Provincia di Udine',7,'2013-12-20 23:35:31'),
	(3819,1,1,'Provincia di Udine',1,'2013-12-20 23:35:36'),
	(3820,1,1,'Provincia di Udine',1,'2013-12-20 23:35:56'),
	(3821,1,1,'Cividale del Friuli',5,'2013-12-20 23:36:45'),
	(3822,1,1,'Cividale del Friuli',1,'2013-12-20 23:36:51'),
	(3823,1,1,'Cividale del Friuli',1,'2013-12-20 23:37:00'),
	(3824,1,1,'Sacrario di Caporetto',6,'2013-12-20 23:37:41'),
	(3825,1,1,'Sacrario di Caporetto',1,'2013-12-20 23:37:46'),
	(3826,1,1,'Sacrario di Caporetto',1,'2013-12-20 23:37:52'),
	(3827,1,1,'Provincia di Pordenone',6,'2013-12-20 23:38:02'),
	(3828,1,1,'Provincia di Pordenone',1,'2013-12-20 23:38:05'),
	(3829,1,1,'Provincia di Pordenone',1,'2013-12-20 23:38:10'),
	(3830,1,1,'Sacrario di Redipuglia',6,'2013-12-20 23:38:16'),
	(3831,1,1,'Sacrario di Redipuglia',1,'2013-12-20 23:38:21'),
	(3832,1,1,'Sacrario di Redipuglia',1,'2013-12-20 23:38:26'),
	(3833,1,1,'Vino',6,'2013-12-21 01:07:47'),
	(3834,1,1,'Vino',1,'2013-12-21 01:07:51'),
	(3835,1,1,'Vino',1,'2013-12-21 01:07:56'),
	(3836,1,1,'Vini',6,'2013-12-21 01:08:01'),
	(3837,1,1,'Vini',1,'2013-12-21 01:08:06'),
	(3838,1,1,'Vini',1,'2013-12-21 01:08:10'),
	(3839,1,1,'Udine',10,'2013-12-21 01:08:16'),
	(3840,1,1,'Udine',1,'2013-12-21 01:08:20'),
	(3841,1,1,'Udine',1,'2013-12-21 01:08:25'),
	(3842,1,1,'Ragogna',5,'2013-12-21 01:12:37'),
	(3843,1,1,'Gorizia',6,'2013-12-21 01:12:47'),
	(3844,1,1,'Ragogna',1,'2013-12-21 01:12:52'),
	(3845,1,1,'Ragogna',1,'2013-12-21 01:12:57'),
	(3846,1,1,'Gorizia',1,'2013-12-21 01:15:56'),
	(3847,1,1,'Gorizia',1,'2013-12-21 01:16:01'),
	(3848,1,1,'Valvasone',7,'2013-12-21 01:21:37'),
	(3849,1,1,'Udine',6,'2013-12-21 01:21:42'),
	(3850,1,1,'Udine',10,'2013-12-21 01:21:46'),
	(3851,1,1,'Udine',1,'2013-12-21 01:21:51'),
	(3852,1,1,'Valvasone',1,'2013-12-21 01:21:56'),
	(3853,1,1,'Valvasone',1,'2013-12-21 01:22:01'),
	(3854,1,1,'Udine',6,'2013-12-21 01:22:06'),
	(3855,1,1,'Udine',1,'2013-12-21 01:22:11'),
	(3856,1,1,'Spilimbergo',6,'2013-12-21 01:22:27'),
	(3857,1,1,'Spilimbergo',1,'2013-12-21 01:22:31'),
	(3858,1,1,'Spilimbergo',1,'2013-12-21 01:22:36'),
	(3859,1,1,'San Daniele',8,'2013-12-21 01:23:02'),
	(3860,1,1,'Villa Manin',4,'2013-12-21 01:23:07'),
	(3861,1,1,'Villa Manin',1,'2013-12-21 01:23:18'),
	(3862,1,1,'Villa Manin',1,'2013-12-21 01:23:22'),
	(3863,1,1,'San Daniele',1,'2013-12-21 01:23:27'),
	(3864,1,1,'San Daniele',1,'2013-12-21 01:23:31'),
	(3865,1,1,'Enogastronomia',10,'2013-12-21 01:23:56'),
	(3866,1,1,'Enogastronomia',1,'2013-12-21 01:24:02'),
	(3867,1,1,'Enogastronomia',1,'2013-12-21 01:24:12'),
	(3868,1,1,'Grande Guerra',10,'2013-12-21 01:24:37'),
	(3869,1,1,'Grande Guerra',1,'2013-12-21 01:27:22'),
	(3870,1,1,'Grande Guerra',1,'2013-12-21 01:27:26'),
	(3871,1,1,'Friuli Tipico',10,'2013-12-21 01:27:37'),
	(3872,1,1,'Friuli Tipico',1,'2013-12-21 01:29:02'),
	(3873,1,1,'Friuli Tipico',1,'2013-12-21 01:29:12'),
	(3874,1,1,'Friuli centrale',5,'2013-12-21 01:29:46'),
	(3875,1,1,'Friuli centrale',1,'2013-12-21 01:29:51'),
	(3876,1,1,'Friuli centrale',1,'2013-12-21 01:29:57'),
	(3877,1,1,'Enogastronomia',10,'2013-12-21 01:30:05'),
	(3878,1,1,'Enogastronomia',10,'2013-12-21 01:30:12'),
	(3879,1,1,'Enogastronomia',1,'2013-12-21 01:30:18'),
	(3880,1,1,'Enogastronomia',1,'2013-12-21 01:30:31'),
	(3881,1,1,'Arte e Cultura',6,'2013-12-21 01:30:37'),
	(3882,1,1,'Enogastronomia',10,'2013-12-21 01:30:41'),
	(3883,1,1,'Arte e Cultura',1,'2013-12-21 01:30:47'),
	(3884,1,1,'Arte e Cultura',1,'2013-12-21 01:30:51'),
	(3885,1,1,'Friuli Tipico',1,'2013-12-21 01:30:56'),
	(3886,1,1,'Friuli Tipico',10,'2013-12-21 01:31:01'),
	(3887,1,1,'Friuli Tipico',1,'2013-12-21 01:31:26'),
	(3888,1,1,'Grande Guerra',2,'2013-12-21 01:31:36'),
	(3889,1,1,'Grande Guerra',10,'2013-12-21 01:31:40'),
	(3890,1,1,'Friuli Tipico',1,'2013-12-21 01:31:46'),
	(3891,1,1,'Friuli Tipico',1,'2013-12-21 01:31:51'),
	(3892,1,1,'Vino',6,'2013-12-21 02:03:24'),
	(3893,1,1,'Vino',1,'2013-12-21 02:03:29'),
	(3894,1,1,'Vino',1,'2013-12-21 02:03:34'),
	(3895,1,1,'Vini',6,'2013-12-21 02:03:39'),
	(3896,1,1,'Vini',1,'2013-12-21 02:03:44'),
	(3897,1,1,'Vini',1,'2013-12-21 02:03:50'),
	(3898,1,1,'Udine',10,'2013-12-21 02:03:54'),
	(3899,1,1,'Udine',1,'2013-12-21 02:04:00'),
	(3900,1,1,'Udine',1,'2013-12-21 02:04:04'),
	(3901,1,1,'Vini',6,'2013-12-21 02:55:44'),
	(3902,1,1,'Vini',1,'2013-12-21 02:55:50'),
	(3903,1,1,'Vini',1,'2013-12-21 02:55:53'),
	(3904,1,1,'Vino',6,'2013-12-21 02:55:59'),
	(3905,1,1,'Vino',1,'2013-12-21 02:56:05'),
	(3906,1,1,'Vino',1,'2013-12-21 02:56:09'),
	(3907,1,1,'Udine',10,'2013-12-21 02:56:15'),
	(3908,1,1,'Udine',1,'2013-12-21 02:56:19'),
	(3909,1,1,'Udine',1,'2013-12-21 02:56:24'),
	(3910,1,1,'Gorizia',6,'2013-12-21 03:02:01'),
	(3911,1,1,'Ragogna',5,'2013-12-21 03:03:34'),
	(3912,1,1,'Ragogna',1,'2013-12-21 03:03:44'),
	(3913,1,1,'Gorizia',1,'2013-12-21 03:03:50'),
	(3914,1,1,'Gorizia',1,'2013-12-21 03:03:54'),
	(3915,1,1,'Ragogna',1,'2013-12-21 03:03:59'),
	(3916,1,1,'Udine',6,'2013-12-21 03:08:05'),
	(3917,1,1,'Udine',10,'2013-12-21 03:08:11'),
	(3918,1,1,'Udine',1,'2013-12-21 03:08:24'),
	(3919,1,1,'Udine',1,'2013-12-21 03:08:30'),
	(3920,1,1,'Valvasone',7,'2013-12-21 03:09:56'),
	(3921,1,1,'Udine',6,'2013-12-21 03:10:00'),
	(3922,1,1,'Valvasone',1,'2013-12-21 03:10:06'),
	(3923,1,1,'Valvasone',1,'2013-12-21 03:10:09'),
	(3924,1,1,'Spilimbergo',6,'2013-12-21 03:10:14'),
	(3925,1,1,'Spilimbergo',1,'2013-12-21 03:10:35'),
	(3926,1,1,'Spilimbergo',1,'2013-12-21 03:10:40'),
	(3927,1,1,'Villa Manin',4,'2013-12-21 03:11:04'),
	(3928,1,1,'Villa Manin',1,'2013-12-21 03:11:19'),
	(3929,1,1,'Villa Manin',1,'2013-12-21 03:11:25'),
	(3930,1,1,'San Daniele',8,'2013-12-21 03:11:29'),
	(3931,1,1,'San Daniele',1,'2013-12-21 03:11:35'),
	(3932,1,1,'San Daniele',1,'2013-12-21 03:11:39'),
	(3933,1,1,'Enogastronomia',10,'2013-12-21 03:11:55'),
	(3934,1,1,'Enogastronomia',1,'2013-12-21 03:12:00'),
	(3935,1,1,'Enogastronomia',1,'2013-12-21 03:12:09'),
	(3936,1,1,'Grande Guerra',10,'2013-12-21 03:15:14'),
	(3937,1,1,'Grande Guerra',1,'2013-12-21 03:15:19'),
	(3938,1,1,'Grande Guerra',1,'2013-12-21 03:15:29'),
	(3939,1,1,'Friuli Tipico',10,'2013-12-21 03:16:59'),
	(3940,1,1,'Friuli Tipico',1,'2013-12-21 03:17:04'),
	(3941,1,1,'Friuli Tipico',1,'2013-12-21 03:17:09'),
	(3942,1,1,'Friuli centrale',5,'2013-12-21 03:17:30'),
	(3943,1,1,'Friuli centrale',1,'2013-12-21 03:17:45'),
	(3944,1,1,'Friuli centrale',1,'2013-12-21 03:17:48'),
	(3945,1,1,'Arte e Cultura',6,'2013-12-21 03:17:59'),
	(3946,1,1,'Arte e Cultura',1,'2013-12-21 03:18:14'),
	(3947,1,1,'Arte e Cultura',1,'2013-12-21 03:18:24'),
	(3948,1,1,'Enogastronomia',10,'2013-12-21 03:18:29'),
	(3949,1,1,'Enogastronomia',10,'2013-12-21 03:18:33'),
	(3950,1,1,'Enogastronomia',1,'2013-12-21 03:18:39'),
	(3951,1,1,'Enogastronomia',1,'2013-12-21 03:18:44'),
	(3952,1,1,'Enogastronomia',10,'2013-12-21 03:18:50'),
	(3953,1,1,'Grande Guerra',2,'2013-12-21 03:18:59'),
	(3954,1,1,'Grande Guerra',10,'2013-12-21 03:19:04'),
	(3955,1,1,'Grande Guerra',1,'2013-12-21 03:19:24'),
	(3956,1,1,'Friuli Tipico',1,'2013-12-21 03:19:29'),
	(3957,1,1,'Friuli Tipico',10,'2013-12-21 03:19:35'),
	(3958,1,1,'Grande Guerra',1,'2013-12-21 03:19:49'),
	(3959,1,1,'Grande Guerra',2,'2013-12-21 03:19:54'),
	(3960,1,1,'Friuli Tipico',1,'2013-12-21 03:19:58'),
	(3961,1,1,'Friuli Tipico',1,'2013-12-21 03:20:04'),
	(3962,1,1,'Friuli Tipico',1,'2013-12-21 03:20:09'),
	(3963,1,1,'Provincia di Udine',7,'2013-12-21 03:25:20'),
	(3964,1,1,'Provincia di Udine',1,'2013-12-21 03:25:24'),
	(3965,1,1,'Provincia di Udine',1,'2013-12-21 03:25:29'),
	(3966,1,1,'Vini',1,'2013-12-22 14:54:51'),
	(3967,1,1,'Sacrario di Caporetto',1,'2013-12-22 16:02:02'),
	(3968,1,1,'Sacrario di Redipuglia',1,'2013-12-22 17:23:32'),
	(3969,1,1,'Vino',6,'2013-12-23 17:52:36'),
	(3970,1,1,'nano',1,'2013-12-25 23:29:21'),
	(3971,1,1,'Udine',1,'2013-12-26 15:52:54'),
	(3972,1,1,'Vino',6,'2013-12-26 19:46:47'),
	(3973,1,1,'Vini',6,'2013-12-26 19:46:49'),
	(3974,1,1,'Udine',10,'2013-12-26 19:46:50'),
	(3975,1,1,'Ragogna',5,'2013-12-26 19:46:51'),
	(3976,1,1,'Gorizia',6,'2013-12-26 19:46:53'),
	(3977,1,1,'Valvasone',7,'2013-12-26 19:46:55'),
	(3978,1,1,'San Daniele',8,'2013-12-26 19:46:56'),
	(3979,1,1,'Villa Manin',4,'2013-12-26 19:46:58'),
	(3980,1,1,'Spilimbergo',6,'2013-12-26 19:47:01'),
	(3981,1,1,'Friuli Tipico',10,'2013-12-26 19:47:03'),
	(3982,1,1,'Grande Guerra',10,'2013-12-26 19:47:05'),
	(3983,1,1,'Enogastronomia',10,'2013-12-26 19:47:06'),
	(3984,1,1,'Arte e Cultura',6,'2013-12-26 19:47:07'),
	(3985,1,1,'Friuli centrale',5,'2013-12-26 19:47:08'),
	(3986,1,1,'Provincia di Udine',7,'2013-12-26 19:47:10'),
	(3987,1,1,'Cividale del Friuli',5,'2013-12-26 19:47:13'),
	(3988,1,1,'Sacrario di Caporetto',6,'2013-12-26 19:47:15'),
	(3989,1,1,'Provincia di Pordenone',6,'2013-12-26 19:47:16'),
	(3990,1,1,'Sacrario di Redipuglia',6,'2013-12-26 19:47:18'),
	(3991,1,1,'Fagarè della Battaglia',4,'2013-12-26 19:47:19'),
	(3992,1,1,'Vino',6,'2013-12-28 15:20:58'),
	(3993,1,1,'Vino',1,'2013-12-28 15:21:06'),
	(3994,1,1,'Vini',6,'2013-12-28 15:21:14'),
	(3995,1,1,'Vini',1,'2013-12-28 15:21:23'),
	(3996,1,1,'Vino',1,'2013-12-28 15:21:30'),
	(3997,1,1,'Vini',1,'2013-12-28 15:21:36'),
	(3998,1,1,'Udine',10,'2013-12-28 15:21:44'),
	(3999,1,1,'Udine',1,'2013-12-28 15:21:54'),
	(4000,1,1,'Udine',1,'2013-12-28 15:22:01'),
	(4001,1,1,'Trieste',4,'2013-12-28 15:27:39'),
	(4002,1,1,'Gorizia',6,'2013-12-28 15:27:47'),
	(4003,1,1,'Trieste',1,'2013-12-28 15:27:56'),
	(4004,1,1,'Gorizia',1,'2013-12-28 15:29:40'),
	(4005,1,1,'Ragogna',5,'2013-12-28 15:31:43'),
	(4006,1,1,'Ragogna',1,'2013-12-28 15:31:49'),
	(4007,1,1,'Ragogna',1,'2013-12-28 15:32:05'),
	(4008,1,1,'Trieste',1,'2013-12-28 15:32:10'),
	(4009,1,1,'Gorizia',1,'2013-12-28 15:32:17'),
	(4010,1,1,'Valvasone',7,'2013-12-28 15:37:26'),
	(4011,1,1,'Valvasone',1,'2013-12-28 15:37:46'),
	(4012,1,1,'Valvasone',1,'2013-12-28 15:37:51'),
	(4013,1,1,'Pordenone',10,'2013-12-28 15:37:56'),
	(4014,1,1,'Pordenone',1,'2013-12-28 15:38:04'),
	(4015,1,1,'Udine',6,'2013-12-28 15:40:00'),
	(4016,1,1,'Udine',10,'2013-12-28 15:40:08'),
	(4017,1,1,'Udine',1,'2013-12-28 15:40:20'),
	(4018,1,1,'Udine',1,'2013-12-28 15:40:26'),
	(4019,1,1,'Pordenone',1,'2013-12-28 15:40:31'),
	(4020,1,1,'Udine',6,'2013-12-28 15:40:37'),
	(4021,1,1,'Spilimbergo',6,'2013-12-28 15:41:01'),
	(4022,1,1,'Spilimbergo',1,'2013-12-28 15:41:18'),
	(4023,1,1,'Spilimbergo',1,'2013-12-28 15:41:23'),
	(4024,1,1,'San Daniele',8,'2013-12-28 15:42:03'),
	(4025,1,1,'San Daniele',1,'2013-12-28 15:42:09'),
	(4026,1,1,'San Daniele',1,'2013-12-28 15:42:30'),
	(4027,1,1,'Enogastronomia',10,'2013-12-28 15:42:56'),
	(4028,1,1,'Enogastronomia',1,'2013-12-28 15:43:13'),
	(4029,1,1,'Enogastronomia',1,'2013-12-28 15:43:18'),
	(4030,1,1,'Friuli Tipico',10,'2013-12-28 15:44:09'),
	(4031,1,1,'Grande Guerra',10,'2013-12-28 15:44:19'),
	(4032,1,1,'Grande Guerra',1,'2013-12-28 15:44:27'),
	(4033,1,1,'Grande Guerra',1,'2013-12-28 15:44:33'),
	(4034,1,1,'Friuli Tipico',1,'2013-12-28 15:49:53'),
	(4035,1,1,'Friuli Tipico',1,'2013-12-28 15:50:06'),
	(4036,1,1,'Friuli centrale',5,'2013-12-28 15:50:33'),
	(4037,1,1,'Friuli centrale',1,'2013-12-28 15:50:43'),
	(4038,1,1,'Friuli centrale',1,'2013-12-28 15:50:50'),
	(4039,1,1,'Arte e Cultura',6,'2013-12-28 15:51:44'),
	(4040,1,1,'Enogastronomia',10,'2013-12-28 15:51:51'),
	(4041,1,1,'Enogastronomia',10,'2013-12-28 15:51:59'),
	(4042,1,1,'Arte e Cultura',1,'2013-12-28 15:52:07'),
	(4043,1,1,'Arte e Cultura',1,'2013-12-28 15:52:13'),
	(4044,1,1,'Enogastronomia',1,'2013-12-28 15:52:21'),
	(4045,1,1,'Enogastronomia',1,'2013-12-28 15:52:26'),
	(4046,1,1,'Enogastronomia',10,'2013-12-28 15:52:33'),
	(4047,1,1,'Grande Guerra',2,'2013-12-28 15:53:08'),
	(4048,1,1,'Grande Guerra',10,'2013-12-28 15:53:13'),
	(4049,1,1,'Grande Guerra',1,'2013-12-28 15:53:21'),
	(4050,1,1,'Grande Guerra',2,'2013-12-28 15:53:42'),
	(4051,1,1,'Friuli Tipico',1,'2013-12-28 15:53:49'),
	(4052,1,1,'Friuli Tipico',10,'2013-12-28 15:53:55'),
	(4053,1,1,'Friuli Tipico',1,'2013-12-28 15:54:03'),
	(4054,1,1,'Grande Guerra',1,'2013-12-28 15:54:08'),
	(4055,1,1,'Friuli Tipico',1,'2013-12-28 15:54:13'),
	(4056,1,1,'Friuli Tipico',1,'2013-12-28 15:54:19'),
	(4057,1,1,'Provincia di Udine',7,'2013-12-28 16:00:59'),
	(4058,1,1,'Provincia di Udine',1,'2013-12-28 16:01:05'),
	(4059,1,1,'Provincia di Udine',1,'2013-12-28 16:01:44'),
	(4060,1,1,'Cividale del Friuli',5,'2013-12-28 16:02:45'),
	(4061,1,1,'Cividale del Friuli',1,'2013-12-28 16:02:57'),
	(4062,1,1,'Cividale del Friuli',1,'2013-12-28 16:03:09'),
	(4063,1,1,'Sacrario di Caporetto',6,'2013-12-28 16:04:36'),
	(4064,1,1,'Sacrario di Caporetto',1,'2013-12-28 16:04:45'),
	(4065,1,1,'Sacrario di Caporetto',1,'2013-12-28 16:04:54'),
	(4066,1,1,'Sacrario di Redipuglia',6,'2013-12-28 16:05:01'),
	(4067,1,1,'Sacrario di Redipuglia',1,'2013-12-28 16:05:10'),
	(4068,1,1,'Sacrario di Redipuglia',1,'2013-12-28 16:05:18'),
	(4069,1,1,'Provincia di Pordenone',6,'2013-12-28 16:05:24'),
	(4070,1,1,'Provincia di Pordenone',1,'2013-12-28 16:05:32'),
	(4071,1,1,'Provincia di Pordenone',1,'2013-12-28 16:05:43'),
	(4072,1,1,'Vini',6,'2013-12-28 16:59:37'),
	(4073,1,1,'Vini',1,'2013-12-28 16:59:43'),
	(4074,1,1,'Vini',1,'2013-12-28 16:59:49'),
	(4075,1,1,'Vino',6,'2013-12-28 16:59:56'),
	(4076,1,1,'Vino',1,'2013-12-28 17:00:01'),
	(4077,1,1,'Vino',1,'2013-12-28 17:00:08'),
	(4078,1,1,'Udine',10,'2013-12-28 17:00:34'),
	(4079,1,1,'Udine',1,'2013-12-28 17:00:41'),
	(4080,1,1,'Udine',1,'2013-12-28 17:00:48'),
	(4081,1,1,'Gorizia',6,'2013-12-28 17:03:56'),
	(4082,1,1,'Ragogna',5,'2013-12-28 17:04:05'),
	(4083,1,1,'Gorizia',1,'2013-12-28 17:05:47'),
	(4084,1,1,'Gorizia',1,'2013-12-28 17:09:04'),
	(4085,1,1,'Ragogna',1,'2013-12-28 17:09:28'),
	(4086,1,1,'Ragogna',1,'2013-12-28 17:09:33'),
	(4087,1,1,'Valvasone',7,'2013-12-28 17:16:08'),
	(4088,1,1,'Valvasone',1,'2013-12-28 17:16:15'),
	(4089,1,1,'Valvasone',1,'2013-12-28 17:16:20'),
	(4090,1,1,'Udine',6,'2013-12-28 17:16:35'),
	(4091,1,1,'Udine',10,'2013-12-28 17:16:41'),
	(4092,1,1,'Udine',1,'2013-12-28 17:16:48'),
	(4093,1,1,'Udine',1,'2013-12-28 17:16:54'),
	(4094,1,1,'Udine',6,'2013-12-28 17:17:00'),
	(4095,1,1,'Spilimbergo',6,'2013-12-28 17:17:15'),
	(4096,1,1,'Spilimbergo',1,'2013-12-28 17:17:37'),
	(4097,1,1,'Spilimbergo',1,'2013-12-28 17:17:45'),
	(4098,1,1,'Vino',6,'2013-12-28 21:24:02'),
	(4099,1,1,'Vino',1,'2013-12-28 21:24:08'),
	(4100,1,1,'Vino',1,'2013-12-28 21:24:15'),
	(4101,1,1,'Vini',6,'2013-12-28 21:24:19'),
	(4102,1,1,'Vini',1,'2013-12-28 21:24:27'),
	(4103,1,1,'Vini',1,'2013-12-28 21:24:34'),
	(4104,1,1,'Udine',10,'2013-12-28 21:24:38'),
	(4105,1,1,'Udine',1,'2013-12-28 21:24:45'),
	(4106,1,1,'Udine',1,'2013-12-28 21:24:51'),
	(4107,1,1,'Ragogna',5,'2013-12-28 21:28:11'),
	(4108,1,1,'Ragogna',1,'2013-12-28 21:28:26'),
	(4109,1,1,'Ragogna',1,'2013-12-28 21:28:51'),
	(4110,1,1,'Vini',6,'2013-12-29 02:33:01'),
	(4111,1,1,'Vini',1,'2013-12-29 02:33:09'),
	(4112,1,1,'Vino',6,'2013-12-29 02:33:14'),
	(4113,1,1,'Vino',1,'2013-12-29 02:33:23'),
	(4114,1,1,'Vini',1,'2013-12-29 02:33:30'),
	(4115,1,1,'Vino',1,'2013-12-29 02:33:37'),
	(4116,1,1,'Udine',10,'2013-12-29 02:33:44'),
	(4117,1,1,'Udine',1,'2013-12-29 02:33:53'),
	(4118,1,1,'Udine',1,'2013-12-29 02:33:57'),
	(4119,1,1,'Ragogna',5,'2013-12-29 02:37:26'),
	(4120,1,1,'Ragogna',1,'2013-12-29 02:39:27'),
	(4121,1,1,'Gorizia',6,'2013-12-29 02:39:41'),
	(4122,1,1,'Trieste',4,'2013-12-29 02:43:43'),
	(4123,1,1,'Ragogna',1,'2013-12-29 02:43:58'),
	(4124,1,1,'Gorizia',1,'2013-12-29 02:44:04'),
	(4125,1,1,'Gorizia',1,'2013-12-29 02:44:12'),
	(4126,1,1,'Trieste',1,'2013-12-29 02:44:18'),
	(4127,1,1,'Trieste',1,'2013-12-29 02:44:25'),
	(4128,1,1,'Udine',6,'2013-12-29 02:49:28'),
	(4129,1,1,'Udine',10,'2013-12-29 02:49:37'),
	(4130,1,1,'Udine',1,'2013-12-29 02:49:44'),
	(4131,1,1,'Udine',1,'2013-12-29 02:49:51'),
	(4132,1,1,'Udine',6,'2013-12-29 02:51:58'),
	(4133,1,1,'Valvasone',7,'2013-12-29 02:52:08'),
	(4134,1,1,'Valvasone',1,'2013-12-29 02:52:16'),
	(4135,1,1,'Valvasone',1,'2013-12-29 02:52:23'),
	(4136,1,1,'Friuli Tipico',10,'2013-12-30 18:53:28'),
	(4137,1,1,'Sacrario di Redipuglia',6,'2013-12-30 18:53:29'),
	(4138,1,1,'Sacrario di Caporetto',6,'2013-12-30 18:53:33'),
	(4139,1,1,'Grande Guerra',10,'2013-12-30 18:53:34'),
	(4140,1,1,'San Daniele',8,'2013-12-30 18:53:37'),
	(4141,1,1,'Fagarè della Battaglia',4,'2013-12-30 18:53:38'),
	(4142,1,1,'Ragogna',5,'2013-12-30 18:53:40'),
	(4143,1,1,'Valvasone',7,'2013-12-30 18:53:41'),
	(4144,1,1,'Cividale del Friuli',5,'2013-12-30 18:53:43'),
	(4145,1,1,'Friuli centrale',5,'2013-12-30 18:53:45'),
	(4146,1,1,'Spilimbergo',6,'2013-12-30 18:53:46'),
	(4147,1,1,'Provincia di Udine',7,'2013-12-30 18:53:48'),
	(4148,1,1,'Provincia di Pordenone',6,'2013-12-30 18:53:49'),
	(4149,1,1,'Arte e Cultura',6,'2013-12-30 18:53:51'),
	(4150,1,1,'Vini',6,'2013-12-30 18:53:52'),
	(4151,1,1,'Udine',10,'2013-12-30 18:53:54'),
	(4152,1,1,'Enogastronomia',10,'2013-12-30 18:53:55'),
	(4153,1,1,'Gorizia',6,'2013-12-30 18:53:59'),
	(4154,1,1,'Villa Manin',4,'2013-12-30 18:54:00'),
	(4155,1,1,'Vino',6,'2013-12-30 18:54:02'),
	(4156,1,1,'Enogastronomia',1,'2013-12-30 18:57:08'),
	(4157,1,1,'Friuli centrale',1,'2013-12-30 18:57:10'),
	(4158,1,1,'Spilimbergo',1,'2013-12-30 18:57:11'),
	(4159,1,1,'Fagarè della Battaglia',1,'2013-12-30 18:57:15'),
	(4160,1,1,'Provincia di Udine',1,'2013-12-30 18:57:16'),
	(4161,1,1,'Friuli Tipico',1,'2013-12-30 18:57:17'),
	(4162,1,1,'Gorizia',1,'2013-12-30 18:57:19'),
	(4163,1,1,'Valvasone',1,'2013-12-30 18:57:20'),
	(4164,1,1,'Friuli centrale',1,'2013-12-30 18:57:21'),
	(4165,1,1,'Udine',1,'2013-12-30 18:57:22'),
	(4166,1,1,'Grande Guerra',2,'2013-12-30 18:57:23'),
	(4167,1,1,'Udine',6,'2013-12-30 18:57:26'),
	(4168,1,1,'Provincia di Pordenone',1,'2013-12-30 18:57:29'),
	(4169,1,1,'Valvasone',1,'2013-12-30 18:57:31'),
	(4170,1,1,'Arte e Cultura',1,'2013-12-30 18:57:32'),
	(4171,1,1,'Friuli Tipico',1,'2013-12-30 18:57:40'),
	(4172,1,1,'Villa Manin',1,'2013-12-30 18:57:43'),
	(4173,1,1,'Grande Guerra',1,'2013-12-30 18:57:52'),
	(4174,1,1,'Vini',1,'2013-12-30 18:58:03'),
	(4175,1,1,'Ragogna',1,'2013-12-30 18:58:04'),
	(4176,1,1,'Fagarè della Battaglia',1,'2013-12-30 18:58:06'),
	(4177,1,1,'Provincia di Pordenone',1,'2013-12-30 18:58:07'),
	(4178,1,1,'Vino',1,'2013-12-30 18:58:10'),
	(4179,1,1,'Cividale del Friuli',1,'2013-12-30 18:58:13'),
	(4180,1,1,'Grande Guerra',1,'2013-12-30 18:58:17'),
	(4181,1,1,'Enogastronomia',1,'2013-12-30 18:58:19'),
	(4182,1,1,'Gorizia',1,'2013-12-30 18:58:22'),
	(4183,1,1,'Udine',1,'2013-12-30 18:58:23'),
	(4184,1,1,'Villa Manin',1,'2013-12-30 18:58:25'),
	(4185,1,1,'Ragogna',1,'2013-12-30 18:58:26'),
	(4186,1,1,'Enogastronomia',10,'2013-12-30 18:58:27'),
	(4187,1,1,'Arte e Cultura',1,'2013-12-30 18:58:29'),
	(4188,1,1,'Sacrario di Redipuglia',1,'2013-12-30 18:58:34'),
	(4189,1,1,'Provincia di Udine',1,'2013-12-30 18:58:35'),
	(4190,1,1,'Vini',1,'2013-12-30 18:58:37'),
	(4191,1,1,'Friuli Tipico',1,'2013-12-30 18:58:42'),
	(4192,1,1,'San Daniele',1,'2013-12-30 18:58:43'),
	(4193,1,1,'Sacrario di Caporetto',1,'2013-12-30 18:58:45'),
	(4194,1,1,'Sacrario di Caporetto',1,'2013-12-30 18:58:47'),
	(4195,1,1,'Vino',1,'2013-12-30 18:58:49'),
	(4196,1,1,'Sacrario di Redipuglia',1,'2013-12-30 18:58:50'),
	(4197,1,1,'San Daniele',1,'2013-12-30 18:58:52'),
	(4198,1,1,'Cividale del Friuli',1,'2013-12-30 18:58:55'),
	(4199,1,1,'Spilimbergo',1,'2013-12-30 18:58:58'),
	(4200,1,1,'Grande Guerra',1,'2013-12-30 19:03:09'),
	(4201,1,1,'Friuli Tipico',10,'2013-12-30 19:03:13'),
	(4202,1,1,'Friuli Tipico',1,'2013-12-30 19:03:22'),
	(4203,1,1,'Udine',10,'2013-12-30 19:03:31'),
	(4204,1,1,'Enogastronomia',10,'2013-12-30 19:03:47'),
	(4205,1,1,'Grande Guerra',1,'2013-12-30 19:03:52'),
	(4206,1,1,'Udine',1,'2013-12-30 19:03:55'),
	(4207,1,1,'Grande Guerra',10,'2013-12-30 19:04:13'),
	(4208,1,1,'Enogastronomia',1,'2013-12-30 19:04:19'),
	(4209,1,1,'Friuli Tipico',1,'2013-12-30 19:04:37'),
	(4210,1,1,'Enogastronomia',1,'2013-12-30 19:04:41'),
	(4211,1,1,'Udine',1,'2013-12-30 19:04:59'),
	(4212,1,1,'Udine',6,'2013-12-30 19:09:01'),
	(4213,1,1,'Grande Guerra',2,'2013-12-30 19:09:10'),
	(4214,1,1,'Friuli Tipico',1,'2013-12-30 19:09:30'),
	(4215,1,1,'Enogastronomia',10,'2013-12-30 19:09:32'),
	(4216,1,1,'Grande Guerra',10,'2014-01-01 03:04:38'),
	(4217,1,1,'Villa Manin',1,'2014-01-01 06:29:07'),
	(4218,1,1,'Vino',1,'2014-01-01 07:05:48'),
	(4219,1,1,'Valvasone',7,'2014-01-01 13:29:01'),
	(4220,1,1,'castello',1,'2014-01-01 16:11:05'),
	(4221,1,1,'Spilimbergo',6,'2014-01-02 06:19:54'),
	(4222,1,1,'Sacrario di Redipuglia',6,'2014-01-02 07:21:36'),
	(4223,1,1,'Ragogna',5,'2014-01-02 13:23:37'),
	(4224,1,1,'Arte e Cultura',6,'2014-01-03 04:54:01'),
	(4225,1,1,'Friuli centrale',5,'2014-01-03 06:17:01'),
	(4226,1,1,'Enogastronomia',10,'2014-01-03 07:53:49'),
	(4227,1,1,'Vino',6,'2014-01-03 15:32:13'),
	(4228,1,1,'Vino',6,'2014-01-03 15:32:57'),
	(4229,1,1,'Gorizia',6,'2014-01-03 19:57:09'),
	(4230,1,1,'Enogastronomia',10,'2014-01-05 02:13:29'),
	(4231,1,1,'Enogastronomia',10,'2014-01-05 21:13:00'),
	(4232,1,1,'Enogastronomia',10,'2014-01-07 16:31:14'),
	(4233,1,1,'Provincia di Udine',7,'2014-01-07 18:14:15'),
	(4234,1,1,'Vino',6,'2014-01-07 19:05:52'),
	(4235,1,1,'Vino',6,'2014-01-07 19:06:13'),
	(4236,1,1,'Vino',6,'2014-01-07 19:06:33'),
	(4237,1,1,'Grande Guerra',10,'2014-01-07 19:57:31'),
	(4238,1,1,'Grande Guerra',1,'2014-01-07 21:17:28'),
	(4239,1,1,'Sacrario di Caporetto',6,'2014-01-08 01:23:04'),
	(4240,1,1,'Vino',6,'2014-01-08 15:18:59'),
	(4241,1,1,'Vino',6,'2014-01-08 15:19:00'),
	(4242,1,1,'Grande Guerra',10,'2014-01-14 01:02:18'),
	(4243,1,1,'Provincia di Pordenone',6,'2014-01-14 01:02:20'),
	(4244,1,1,'Arte e Cultura',6,'2014-01-14 01:02:21'),
	(4245,1,1,'Friuli Tipico',10,'2014-01-14 01:02:23'),
	(4246,1,1,'Ragogna',5,'2014-01-14 01:02:24'),
	(4247,1,1,'Trieste',4,'2014-01-14 01:02:25'),
	(4248,1,1,'San Daniele',8,'2014-01-14 01:02:27'),
	(4249,1,1,'Valvasone',7,'2014-01-14 01:02:28'),
	(4250,1,1,'Friuli centrale',5,'2014-01-14 01:02:30'),
	(4251,1,1,'Cividale del Friuli',5,'2014-01-14 01:02:31'),
	(4252,1,1,'Vini',6,'2014-01-14 01:02:32'),
	(4253,1,1,'Provincia di Udine',7,'2014-01-14 01:02:33'),
	(4254,1,1,'Sacrario di Redipuglia',6,'2014-01-14 01:02:34'),
	(4255,1,1,'Sacrario di Caporetto',6,'2014-01-14 01:02:36'),
	(4256,1,1,'Spilimbergo',6,'2014-01-14 01:02:37'),
	(4257,1,1,'Udine',10,'2014-01-14 01:02:38'),
	(4258,1,1,'Enogastronomia',10,'2014-01-14 01:02:40'),
	(4259,1,1,'Vino',6,'2014-01-14 01:02:43'),
	(4260,1,1,'Suggestioni letterarie',4,'2014-01-14 01:02:45'),
	(4261,1,1,'Gorizia',6,'2014-01-14 01:02:46'),
	(4262,1,1,'Enogastronomia',1,'2014-01-14 01:05:36'),
	(4263,1,1,'Friuli centrale',1,'2014-01-14 01:05:38'),
	(4264,1,1,'Cividale del Friuli',1,'2014-01-14 01:05:39'),
	(4265,1,1,'Trieste',1,'2014-01-14 01:05:42'),
	(4266,1,1,'Vini',1,'2014-01-14 01:05:43'),
	(4267,1,1,'Grande Guerra',1,'2014-01-14 01:05:44'),
	(4268,1,1,'Vino',1,'2014-01-14 01:05:45'),
	(4269,1,1,'Friuli centrale',1,'2014-01-14 01:05:47'),
	(4270,1,1,'Udine',1,'2014-01-14 01:05:47'),
	(4271,1,1,'Friuli Tipico',1,'2014-01-14 01:05:48'),
	(4272,1,1,'Udine',6,'2014-01-14 01:05:51'),
	(4273,1,1,'Provincia di Udine',1,'2014-01-14 01:05:53'),
	(4274,1,1,'Arte e Cultura',1,'2014-01-14 01:05:54'),
	(4275,1,1,'San Daniele',1,'2014-01-14 01:05:55'),
	(4276,1,1,'Sacrario di Redipuglia',1,'2014-01-14 01:05:56'),
	(4277,1,1,'Grande Guerra',1,'2014-01-14 01:06:03'),
	(4278,1,1,'Suggestioni letterarie',1,'2014-01-14 01:06:06'),
	(4279,1,1,'Valvasone',1,'2014-01-14 01:06:08'),
	(4280,1,1,'Friuli Tipico',1,'2014-01-14 01:06:09'),
	(4281,1,1,'Spilimbergo',1,'2014-01-14 01:06:18'),
	(4282,1,1,'Trieste',1,'2014-01-14 01:06:19'),
	(4283,1,1,'Sacrario di Redipuglia',1,'2014-01-14 01:06:22'),
	(4284,1,1,'Gorizia',1,'2014-01-14 01:06:25'),
	(4285,1,1,'Valvasone',1,'2014-01-14 01:06:28'),
	(4286,1,1,'Friuli Tipico',1,'2014-01-14 01:06:31'),
	(4287,1,1,'Enogastronomia',1,'2014-01-14 01:06:34'),
	(4288,1,1,'Vino',1,'2014-01-14 01:06:37'),
	(4289,1,1,'Udine',1,'2014-01-14 01:06:38'),
	(4290,1,1,'Sacrario di Caporetto',1,'2014-01-14 01:06:39'),
	(4291,1,1,'Suggestioni letterarie',1,'2014-01-14 01:06:40'),
	(4292,1,1,'San Daniele',1,'2014-01-14 01:06:41'),
	(4293,1,1,'Enogastronomia',10,'2014-01-14 01:06:42'),
	(4294,1,1,'Sacrario di Caporetto',1,'2014-01-14 01:06:43'),
	(4295,1,1,'Provincia di Pordenone',1,'2014-01-14 01:06:48'),
	(4296,1,1,'Provincia di Udine',1,'2014-01-14 01:06:49'),
	(4297,1,1,'Spilimbergo',1,'2014-01-14 01:06:52'),
	(4298,1,1,'Vini',1,'2014-01-14 01:06:53'),
	(4299,1,1,'Arte e Cultura',1,'2014-01-14 01:06:55'),
	(4300,1,1,'Ragogna',1,'2014-01-14 01:06:57'),
	(4301,1,1,'Provincia di Pordenone',1,'2014-01-14 01:07:01'),
	(4302,1,1,'Gorizia',1,'2014-01-14 01:07:03'),
	(4303,1,1,'Grande Guerra',2,'2014-01-14 01:07:04'),
	(4304,1,1,'Ragogna',1,'2014-01-14 01:07:05'),
	(4305,1,1,'Cividale del Friuli',1,'2014-01-14 01:07:10'),
	(4306,1,1,'Enogastronomia',1,'2014-01-14 01:11:42'),
	(4307,1,1,'Grande Guerra',1,'2014-01-14 01:11:44'),
	(4308,1,1,'Enogastronomia',1,'2014-01-14 01:11:49'),
	(4309,1,1,'Enogastronomia',10,'2014-01-14 01:12:20'),
	(4310,1,1,'Udine',1,'2014-01-14 01:12:33'),
	(4311,1,1,'Udine',1,'2014-01-14 01:12:39'),
	(4312,1,1,'Friuli Tipico',1,'2014-01-14 01:12:48'),
	(4313,1,1,'Friuli Tipico',10,'2014-01-14 01:12:50'),
	(4314,1,1,'Grande Guerra',1,'2014-01-14 01:13:10'),
	(4315,1,1,'Udine',10,'2014-01-14 01:13:11'),
	(4316,1,1,'Grande Guerra',10,'2014-01-14 01:13:17'),
	(4317,1,1,'Friuli Tipico',1,'2014-01-14 01:13:41'),
	(4318,1,1,'Udine',6,'2014-01-14 01:17:44'),
	(4319,1,1,'Grande Guerra',2,'2014-01-14 01:17:46'),
	(4320,1,1,'Enogastronomia',10,'2014-01-14 01:17:49'),
	(4321,1,1,'Friuli Tipico',1,'2014-01-14 01:18:13'),
	(4322,1,1,'Vino',6,'2014-01-15 09:08:26'),
	(4323,1,1,'Vino',1,'2014-01-15 09:08:31'),
	(4324,1,1,'Vini',6,'2014-01-15 09:08:37'),
	(4325,1,1,'Vini',1,'2014-01-15 09:08:42'),
	(4326,1,1,'Vino',1,'2014-01-15 09:08:46'),
	(4327,1,1,'Vini',1,'2014-01-15 09:08:51'),
	(4328,1,1,'Udine',10,'2014-01-15 09:08:56'),
	(4329,1,1,'Udine',1,'2014-01-15 09:09:01'),
	(4330,1,1,'Udine',1,'2014-01-15 09:09:04'),
	(4331,1,1,'Città',4,'2014-01-15 09:09:11'),
	(4332,1,1,'Città',1,'2014-01-15 09:09:16'),
	(4333,1,1,'Città',1,'2014-01-15 09:10:40'),
	(4334,1,1,'Gorizia',6,'2014-01-15 09:13:52'),
	(4335,1,1,'Gorizia',1,'2014-01-15 09:13:57'),
	(4336,1,1,'Ragogna',5,'2014-01-15 09:15:26'),
	(4337,1,1,'Gorizia',1,'2014-01-15 09:15:32'),
	(4338,1,1,'Ragogna',1,'2014-01-15 09:15:36'),
	(4339,1,1,'San Daniele',8,'2014-01-15 10:00:58'),
	(4340,1,1,'Albergo B',1,'2014-01-15 11:45:01'),
	(4341,1,1,'Vini',6,'2014-01-15 12:30:56'),
	(4342,1,1,'Vini',1,'2014-01-15 12:31:00'),
	(4343,1,1,'Vino',6,'2014-01-15 12:31:06'),
	(4344,1,1,'Vino',1,'2014-01-15 12:31:12'),
	(4345,1,1,'Vini',1,'2014-01-15 12:31:17'),
	(4346,1,1,'Vino',1,'2014-01-15 12:31:21'),
	(4347,1,1,'Udine',10,'2014-01-15 12:31:25'),
	(4348,1,1,'Udine',1,'2014-01-15 12:31:29'),
	(4349,1,1,'Udine',1,'2014-01-15 12:31:35'),
	(4350,1,1,'Città',4,'2014-01-15 12:31:40'),
	(4351,1,1,'Città',1,'2014-01-15 12:31:46'),
	(4352,1,1,'Città',1,'2014-01-15 12:33:10'),
	(4353,1,1,'apple',1,'2014-01-15 12:55:59'),
	(4354,1,1,'Arte e Cultura',6,'2014-01-15 14:06:15'),
	(4355,1,1,'Vini',6,'2014-01-15 14:29:34'),
	(4356,1,1,'Vini',1,'2014-01-15 14:29:39'),
	(4357,1,1,'Vino',6,'2014-01-15 14:29:44'),
	(4358,1,1,'Vino',1,'2014-01-15 14:29:50'),
	(4359,1,1,'Vini',1,'2014-01-15 14:29:55'),
	(4360,1,1,'Vino',1,'2014-01-15 14:29:58'),
	(4361,1,1,'Udine',10,'2014-01-15 14:30:07'),
	(4362,1,1,'Udine',1,'2014-01-15 14:30:12'),
	(4363,1,1,'Udine',1,'2014-01-15 14:30:18'),
	(4364,1,1,'Città',4,'2014-01-15 14:33:00'),
	(4365,1,1,'Città',1,'2014-01-15 14:33:04'),
	(4366,1,1,'Città',1,'2014-01-15 14:33:09'),
	(4367,1,1,'Gorizia',6,'2014-01-15 14:33:19'),
	(4368,1,1,'Città',4,'2014-01-15 14:38:49'),
	(4369,1,1,'Vini',6,'2014-01-15 17:14:02'),
	(4370,1,1,'Vini',1,'2014-01-15 17:14:15'),
	(4371,1,1,'Vini',1,'2014-01-15 17:14:20'),
	(4372,1,1,'Vino',6,'2014-01-15 17:14:25'),
	(4373,1,1,'Vino',1,'2014-01-15 17:14:31'),
	(4374,1,1,'Vino',1,'2014-01-15 17:14:36'),
	(4375,1,1,'Udine',10,'2014-01-15 17:14:42'),
	(4376,1,1,'Udine',1,'2014-01-15 17:14:46'),
	(4377,1,1,'Udine',1,'2014-01-15 17:14:50'),
	(4378,1,1,'Gorizia',6,'2014-01-15 17:17:39'),
	(4379,1,1,'Ragogna',5,'2014-01-15 17:17:46'),
	(4380,1,1,'Ragogna',1,'2014-01-15 17:17:59'),
	(4381,1,1,'Ragogna',1,'2014-01-15 17:18:04'),
	(4382,1,1,'Gorizia',1,'2014-01-15 17:21:55'),
	(4383,1,1,'Gorizia',1,'2014-01-15 17:22:01'),
	(4384,1,1,'Vino',6,'2014-01-15 20:00:16'),
	(4385,1,1,'Vino',1,'2014-01-15 20:00:21'),
	(4386,1,1,'Vino',1,'2014-01-15 20:00:27'),
	(4387,1,1,'Vini',6,'2014-01-15 20:00:32'),
	(4388,1,1,'Vini',1,'2014-01-15 20:00:37'),
	(4389,1,1,'Vini',1,'2014-01-15 20:00:43'),
	(4390,1,1,'Udine',10,'2014-01-15 20:00:47'),
	(4391,1,1,'Udine',1,'2014-01-15 20:00:55'),
	(4392,1,1,'Udine',1,'2014-01-15 20:01:01'),
	(4393,1,1,'Ragogna',5,'2014-01-15 20:04:11'),
	(4394,1,1,'Ragogna',1,'2014-01-15 20:09:05'),
	(4395,1,1,'Gorizia',6,'2014-01-15 20:09:09'),
	(4396,1,1,'Gorizia',1,'2014-01-15 20:09:14'),
	(4397,1,1,'Ragogna',1,'2014-01-15 20:09:18'),
	(4398,1,1,'Gorizia',1,'2014-01-15 20:09:24'),
	(4399,1,1,'Vino',6,'2014-01-16 00:35:51'),
	(4400,1,1,'Provincia di Udine',7,'2014-01-16 07:31:15'),
	(4401,1,1,'Ragogna',5,'2014-01-16 16:13:53'),
	(4402,1,1,'Sacrario di Redipuglia',6,'2014-01-16 23:45:26'),
	(4403,1,1,'Sacrario di Redipuglia',6,'2014-01-17 00:22:30'),
	(4404,1,1,'Vino',6,'2014-01-17 21:30:34'),
	(4405,1,1,'Udine',10,'2014-01-18 04:35:06'),
	(4406,1,1,'Ipod touch',1,'2014-01-18 16:56:27'),
	(4407,1,1,'Provincia di Udine',7,'2014-01-18 16:59:11'),
	(4408,1,1,'Udine',10,'2014-01-19 21:32:46'),
	(4409,1,1,'Gorizia',6,'2014-01-20 03:50:38'),
	(4410,1,1,'Spilimbergo',6,'2014-01-20 04:49:34'),
	(4411,1,1,'Vini',6,'2014-01-20 15:15:25'),
	(4412,1,1,'Villa Manin',1,'2014-01-20 20:26:17'),
	(4413,1,1,'Albergo B',1,'2014-01-21 00:14:24'),
	(4414,1,1,'Sacrario di Caporetto',6,'2014-01-21 11:57:46'),
	(4415,1,1,'Gorizia',6,'2014-01-21 12:24:10'),
	(4416,1,1,'Vini',6,'2014-01-22 03:14:00'),
	(4417,1,1,'Udine',10,'2014-01-22 11:00:30'),
	(4418,1,1,'Vini',6,'2014-01-23 00:28:48'),
	(4419,1,1,'Vini',1,'2014-01-23 00:28:59'),
	(4420,1,1,'Vino',6,'2014-01-23 00:29:11'),
	(4421,1,1,'Vino',1,'2014-01-23 00:29:22'),
	(4422,1,1,'Vini',1,'2014-01-23 00:29:32'),
	(4423,1,1,'Vino',1,'2014-01-23 00:29:41'),
	(4424,1,1,'Udine',10,'2014-01-23 00:29:51'),
	(4425,1,1,'Udine',1,'2014-01-23 00:30:07'),
	(4426,1,1,'Udine',1,'2014-01-23 00:30:17'),
	(4427,1,1,'Gorizia',6,'2014-01-23 00:35:58'),
	(4428,1,1,'Vino',6,'2014-01-23 03:52:57'),
	(4429,1,1,'Vino',1,'2014-01-23 03:53:08'),
	(4430,1,1,'Vino',1,'2014-01-23 03:53:17'),
	(4431,1,1,'Vini',6,'2014-01-23 03:53:26'),
	(4432,1,1,'Vini',1,'2014-01-23 03:53:36'),
	(4433,1,1,'Vini',1,'2014-01-23 03:53:45'),
	(4434,1,1,'Udine',10,'2014-01-23 03:53:56'),
	(4435,1,1,'Udine',1,'2014-01-23 03:54:05'),
	(4436,1,1,'Udine',1,'2014-01-23 03:54:14'),
	(4437,1,1,'Gorizia',6,'2014-01-23 04:01:10'),
	(4438,1,1,'Gorizia',1,'2014-01-23 04:07:03'),
	(4439,1,1,'Ragogna',5,'2014-01-23 04:07:27'),
	(4440,1,1,'Gorizia',1,'2014-01-23 04:07:49'),
	(4441,1,1,'Ragogna',1,'2014-01-23 04:07:59'),
	(4442,1,1,'Ragogna',1,'2014-01-23 04:08:08'),
	(4443,1,1,'Valvasone',7,'2014-01-23 04:15:50'),
	(4444,1,1,'Valvasone',1,'2014-01-23 04:16:04'),
	(4445,1,1,'Valvasone',1,'2014-01-23 04:16:38'),
	(4446,1,1,'Udine',6,'2014-01-23 04:16:47'),
	(4447,1,1,'Udine',10,'2014-01-23 04:17:00'),
	(4448,1,1,'Udine',1,'2014-01-23 04:17:11'),
	(4449,1,1,'Udine',6,'2014-01-23 04:17:20'),
	(4450,1,1,'Udine',1,'2014-01-23 04:19:54'),
	(4451,1,1,'Spilimbergo',6,'2014-01-23 04:20:16'),
	(4452,1,1,'Spilimbergo',1,'2014-01-23 04:20:48'),
	(4453,1,1,'Spilimbergo',1,'2014-01-23 04:20:57'),
	(4454,1,1,'Villa Manin',4,'2014-01-23 04:22:26'),
	(4455,1,1,'San Daniele',8,'2014-01-23 04:22:39'),
	(4456,1,1,'San Daniele',1,'2014-01-23 04:22:53'),
	(4457,1,1,'San Daniele',1,'2014-01-23 04:23:03'),
	(4458,1,1,'Villa Manin',1,'2014-01-23 04:23:12'),
	(4459,1,1,'Villa Manin',1,'2014-01-23 04:23:21'),
	(4460,1,1,'Enogastronomia',10,'2014-01-23 04:23:44'),
	(4461,1,1,'Enogastronomia',1,'2014-01-23 04:24:08'),
	(4462,1,1,'Enogastronomia',1,'2014-01-23 04:24:19'),
	(4463,1,1,'Vini',6,'2014-01-23 05:38:57'),
	(4464,1,1,'Vini',1,'2014-01-23 05:39:08'),
	(4465,1,1,'Vini',1,'2014-01-23 05:39:17'),
	(4466,1,1,'Vino',6,'2014-01-23 05:39:28'),
	(4467,1,1,'Vino',1,'2014-01-23 05:39:39'),
	(4468,1,1,'Vino',1,'2014-01-23 05:39:48'),
	(4469,1,1,'Udine',10,'2014-01-23 05:39:57'),
	(4470,1,1,'Udine',1,'2014-01-23 05:40:10'),
	(4471,1,1,'Udine',1,'2014-01-23 05:40:18'),
	(4472,1,1,'Ragogna',5,'2014-01-23 05:51:58'),
	(4473,1,1,'Gorizia',6,'2014-01-23 05:52:17'),
	(4474,1,1,'Ragogna',1,'2014-01-23 05:52:27'),
	(4475,1,1,'Ragogna',1,'2014-01-23 05:52:36'),
	(4476,1,1,'Gorizia',1,'2014-01-23 05:52:44'),
	(4477,1,1,'Gorizia',1,'2014-01-23 05:53:14'),
	(4478,1,1,'Udine',6,'2014-01-23 06:00:08'),
	(4479,1,1,'Udine',10,'2014-01-23 06:00:20'),
	(4480,1,1,'Valvasone',7,'2014-01-23 06:03:06'),
	(4481,1,1,'Valvasone',1,'2014-01-23 06:03:18'),
	(4482,1,1,'Udine',1,'2014-01-23 06:03:25'),
	(4483,1,1,'Udine',1,'2014-01-23 06:03:34'),
	(4484,1,1,'Udine',6,'2014-01-23 06:03:54'),
	(4485,1,1,'Valvasone',1,'2014-01-23 06:04:05'),
	(4486,1,1,'Spilimbergo',6,'2014-01-23 06:04:12'),
	(4487,1,1,'Spilimbergo',1,'2014-01-23 06:04:53'),
	(4488,1,1,'Spilimbergo',1,'2014-01-23 06:05:12'),
	(4489,1,1,'San Daniele',8,'2014-01-23 06:06:39'),
	(4490,1,1,'San Daniele',1,'2014-01-23 06:06:48'),
	(4491,1,1,'San Daniele',1,'2014-01-23 06:06:57'),
	(4492,1,1,'Enogastronomia',10,'2014-01-23 06:07:08'),
	(4493,1,1,'Enogastronomia',1,'2014-01-23 06:07:23'),
	(4494,1,1,'Enogastronomia',1,'2014-01-23 06:07:31'),
	(4495,1,1,'Friuli Tipico',10,'2014-01-23 06:15:06'),
	(4496,1,1,'Friuli Tipico',1,'2014-01-23 06:15:31'),
	(4497,1,1,'Friuli Tipico',1,'2014-01-23 06:16:03'),
	(4498,1,1,'Grande Guerra',10,'2014-01-23 06:16:37'),
	(4499,1,1,'Grande Guerra',1,'2014-01-23 06:16:50'),
	(4500,1,1,'Grande Guerra',1,'2014-01-23 06:16:59'),
	(4501,1,1,'Friuli centrale',5,'2014-01-23 06:17:46'),
	(4502,1,1,'Friuli centrale',1,'2014-01-23 06:18:21'),
	(4503,1,1,'Friuli centrale',1,'2014-01-23 06:18:31'),
	(4504,1,1,'Arte e Cultura',6,'2014-01-23 06:18:51'),
	(4505,1,1,'Enogastronomia',10,'2014-01-23 06:19:03'),
	(4506,1,1,'Enogastronomia',10,'2014-01-23 06:19:17'),
	(4507,1,1,'Arte e Cultura',1,'2014-01-23 06:19:30'),
	(4508,1,1,'Enogastronomia',1,'2014-01-23 06:19:41'),
	(4509,1,1,'Arte e Cultura',1,'2014-01-23 06:19:49'),
	(4510,1,1,'Enogastronomia',10,'2014-01-23 06:20:01'),
	(4511,1,1,'Enogastronomia',1,'2014-01-23 06:20:18'),
	(4512,1,1,'Friuli Tipico',1,'2014-01-23 06:20:49'),
	(4513,1,1,'Friuli Tipico',10,'2014-01-23 06:21:00'),
	(4514,1,1,'Grande Guerra',2,'2014-01-23 06:21:15'),
	(4515,1,1,'Grande Guerra',10,'2014-01-23 06:21:23'),
	(4516,1,1,'Friuli Tipico',1,'2014-01-23 06:21:42'),
	(4517,1,1,'Friuli Tipico',1,'2014-01-23 06:22:02'),
	(4518,1,1,'Friuli Tipico',1,'2014-01-23 06:22:27'),
	(4519,1,1,'Grande Guerra',1,'2014-01-23 06:22:40'),
	(4520,1,1,'Grande Guerra',1,'2014-01-23 06:22:49'),
	(4521,1,1,'Grande Guerra',2,'2014-01-23 06:22:57'),
	(4522,1,1,'Provincia di Udine',7,'2014-01-23 06:34:52'),
	(4523,1,1,'Provincia di Udine',1,'2014-01-23 06:35:03'),
	(4524,1,1,'Provincia di Udine',1,'2014-01-23 06:35:12'),
	(4525,1,1,'Cividale del Friuli',5,'2014-01-23 06:35:32'),
	(4526,1,1,'Cividale del Friuli',1,'2014-01-23 06:35:54'),
	(4527,1,1,'Cividale del Friuli',1,'2014-01-23 06:36:40'),
	(4528,1,1,'Suggestioni letterarie',4,'2014-01-23 06:37:32'),
	(4529,1,1,'Suggestioni letterarie',1,'2014-01-23 06:37:44'),
	(4530,1,1,'Suggestioni letterarie',1,'2014-01-23 06:38:44'),
	(4531,1,1,'Sacrario di Caporetto',6,'2014-01-23 06:39:51'),
	(4532,1,1,'Sacrario di Caporetto',1,'2014-01-23 06:40:05'),
	(4533,1,1,'Sacrario di Caporetto',1,'2014-01-23 06:40:13'),
	(4534,1,1,'Sacrario di Redipuglia',6,'2014-01-23 06:40:23'),
	(4535,1,1,'Provincia di Pordenone',6,'2014-01-23 06:40:34'),
	(4536,1,1,'Sacrario di Redipuglia',1,'2014-01-23 06:40:47'),
	(4537,1,1,'Provincia di Pordenone',1,'2014-01-23 06:40:56'),
	(4538,1,1,'Vino',6,'2014-01-23 08:27:17'),
	(4539,1,1,'Vino',1,'2014-01-23 08:27:27'),
	(4540,1,1,'Vini',6,'2014-01-23 08:27:35'),
	(4541,1,1,'Vini',1,'2014-01-23 08:27:45'),
	(4542,1,1,'Vino',1,'2014-01-23 08:27:54'),
	(4543,1,1,'Vini',1,'2014-01-23 08:28:03'),
	(4544,1,1,'Udine',10,'2014-01-23 08:28:13'),
	(4545,1,1,'Udine',1,'2014-01-23 08:28:25'),
	(4546,1,1,'Udine',1,'2014-01-23 08:28:36'),
	(4547,1,1,'Ragogna',5,'2014-01-23 08:35:27'),
	(4548,1,1,'Gorizia',6,'2014-01-23 08:38:05'),
	(4549,1,1,'Città',4,'2014-01-23 08:38:18'),
	(4550,1,1,'Città',1,'2014-01-23 08:38:28'),
	(4551,1,1,'Vini',6,'2014-01-23 20:23:34'),
	(4552,1,1,'Vini',1,'2014-01-23 20:23:47'),
	(4553,1,1,'Vini',1,'2014-01-23 20:23:58'),
	(4554,1,1,'Vino',6,'2014-01-23 20:24:06'),
	(4555,1,1,'Vino',1,'2014-01-23 20:24:21'),
	(4556,1,1,'Vino',1,'2014-01-23 20:24:30'),
	(4557,1,1,'Udine',10,'2014-01-23 20:24:41'),
	(4558,1,1,'Udine',1,'2014-01-23 20:24:55'),
	(4559,1,1,'Udine',1,'2014-01-23 20:25:09'),
	(4560,1,1,'Gorizia',6,'2014-01-23 20:34:57'),
	(4561,1,1,'Gorizia',1,'2014-01-23 20:38:33'),
	(4562,1,1,'Gorizia',1,'2014-01-23 20:38:42'),
	(4563,1,1,'Ragogna',5,'2014-01-23 20:38:56'),
	(4564,1,1,'Ragogna',1,'2014-01-23 20:42:20'),
	(4565,1,1,'Ragogna',1,'2014-01-23 20:42:31'),
	(4566,1,1,'Grande Guerra',10,'2014-01-24 08:55:58'),
	(4567,1,1,'Cividale del Friuli',5,'2014-01-24 09:07:00'),
	(4568,1,1,'Trieste',4,'2014-01-24 12:08:26'),
	(4569,1,1,'Cividale del Friuli',5,'2014-01-25 06:15:52'),
	(4570,1,1,'ipod',1,'2014-01-25 17:59:19'),
	(4571,1,1,'Arte e Cultura',1,'2014-01-25 22:44:39'),
	(4572,1,1,'Sacrario di Caporetto',6,'2014-01-25 23:11:43'),
	(4573,1,1,'San Daniele',1,'2014-01-26 06:22:02'),
	(4574,1,1,'apple',1,'2014-01-26 07:49:02'),
	(4575,1,1,'Search',0,'2014-01-26 09:30:35'),
	(4576,1,1,'Search',0,'2014-01-26 09:32:27'),
	(4577,1,1,'Pordenone',10,'2014-01-26 11:51:18'),
	(4578,1,1,'Provincia di Pordenone',6,'2014-01-26 15:47:44'),
	(4579,1,1,'Valvasone',7,'2014-01-27 03:55:18'),
	(4580,1,1,'San Daniele',1,'2014-01-27 13:03:10'),
	(4581,1,1,'Grande Guerra',10,'2014-01-28 09:30:14'),
	(4582,1,1,'Provincia di Pordenone',6,'2014-01-28 09:30:17'),
	(4583,1,1,'Arte e Cultura',6,'2014-01-28 09:30:20'),
	(4584,1,1,'Friuli Tipico',10,'2014-01-28 09:30:22'),
	(4585,1,1,'Ragogna',5,'2014-01-28 09:30:24'),
	(4586,1,1,'Trieste',4,'2014-01-28 09:30:26'),
	(4587,1,1,'San Daniele',8,'2014-01-28 09:30:29'),
	(4588,1,1,'Valvasone',7,'2014-01-28 09:30:31'),
	(4589,1,1,'Friuli centrale',5,'2014-01-28 09:30:33'),
	(4590,1,1,'Cividale del Friuli',5,'2014-01-28 09:30:34'),
	(4591,1,1,'Vini',6,'2014-01-28 09:30:36'),
	(4592,1,1,'Provincia di Udine',7,'2014-01-28 09:30:38'),
	(4593,1,1,'Sacrario di Redipuglia',6,'2014-01-28 09:30:40'),
	(4594,1,1,'Sacrario di Caporetto',6,'2014-01-28 09:30:43'),
	(4595,1,1,'Spilimbergo',6,'2014-01-28 09:30:44'),
	(4596,1,1,'Udine',10,'2014-01-28 09:30:50'),
	(4597,1,1,'Enogastronomia',10,'2014-01-28 09:30:52'),
	(4598,1,1,'Vino',6,'2014-01-28 09:30:57'),
	(4599,1,1,'Suggestioni letterarie',4,'2014-01-28 09:30:59'),
	(4600,1,1,'Gorizia',6,'2014-01-28 09:31:01'),
	(4601,1,1,'Enogastronomia',1,'2014-01-28 09:35:09'),
	(4602,1,1,'Friuli centrale',1,'2014-01-28 09:35:12'),
	(4603,1,1,'Cividale del Friuli',1,'2014-01-28 09:35:14'),
	(4604,1,1,'Trieste',1,'2014-01-28 09:35:18'),
	(4605,1,1,'Vini',1,'2014-01-28 09:35:19'),
	(4606,1,1,'Grande Guerra',1,'2014-01-28 09:35:21'),
	(4607,1,1,'Vino',1,'2014-01-28 09:35:22'),
	(4608,1,1,'Friuli centrale',1,'2014-01-28 09:35:25'),
	(4609,1,1,'Udine',1,'2014-01-28 09:35:26'),
	(4610,1,1,'Friuli Tipico',1,'2014-01-28 09:35:27'),
	(4611,1,1,'Udine',6,'2014-01-28 09:35:31'),
	(4612,1,1,'Provincia di Udine',1,'2014-01-28 09:35:35'),
	(4613,1,1,'Arte e Cultura',1,'2014-01-28 09:35:36'),
	(4614,1,1,'San Daniele',1,'2014-01-28 09:35:37'),
	(4615,1,1,'Sacrario di Redipuglia',1,'2014-01-28 09:35:39'),
	(4616,1,1,'Grande Guerra',1,'2014-01-28 09:35:50'),
	(4617,1,1,'Suggestioni letterarie',1,'2014-01-28 09:35:55'),
	(4618,1,1,'Valvasone',1,'2014-01-28 09:35:58'),
	(4619,1,1,'Friuli Tipico',1,'2014-01-28 09:35:59'),
	(4620,1,1,'Spilimbergo',1,'2014-01-28 09:36:13'),
	(4621,1,1,'Trieste',1,'2014-01-28 09:36:14'),
	(4622,1,1,'Sacrario di Redipuglia',1,'2014-01-28 09:36:18'),
	(4623,1,1,'Gorizia',1,'2014-01-28 09:36:22'),
	(4624,1,1,'Valvasone',1,'2014-01-28 09:36:26'),
	(4625,1,1,'Friuli Tipico',1,'2014-01-28 09:36:32'),
	(4626,1,1,'Enogastronomia',1,'2014-01-28 09:36:34'),
	(4627,1,1,'Vino',1,'2014-01-28 09:36:40'),
	(4628,1,1,'Udine',1,'2014-01-28 09:36:41'),
	(4629,1,1,'Sacrario di Caporetto',1,'2014-01-28 09:36:43'),
	(4630,1,1,'Suggestioni letterarie',1,'2014-01-28 09:36:44'),
	(4631,1,1,'San Daniele',1,'2014-01-28 09:36:46'),
	(4632,1,1,'Enogastronomia',10,'2014-01-28 09:36:47'),
	(4633,1,1,'Sacrario di Caporetto',1,'2014-01-28 09:36:49'),
	(4634,1,1,'Provincia di Pordenone',1,'2014-01-28 09:36:56'),
	(4635,1,1,'Provincia di Udine',1,'2014-01-28 09:36:58'),
	(4636,1,1,'Spilimbergo',1,'2014-01-28 09:37:01'),
	(4637,1,1,'Vini',1,'2014-01-28 09:37:02'),
	(4638,1,1,'Arte e Cultura',1,'2014-01-28 09:37:05'),
	(4639,1,1,'Ragogna',1,'2014-01-28 09:37:07'),
	(4640,1,1,'Provincia di Pordenone',1,'2014-01-28 09:37:13'),
	(4641,1,1,'Gorizia',1,'2014-01-28 09:37:16'),
	(4642,1,1,'Grande Guerra',2,'2014-01-28 09:37:18'),
	(4643,1,1,'Ragogna',1,'2014-01-28 09:37:19'),
	(4644,1,1,'Cividale del Friuli',1,'2014-01-28 09:37:28'),
	(4645,1,1,'Enogastronomia',1,'2014-01-28 09:43:12'),
	(4646,1,1,'Grande Guerra',1,'2014-01-28 09:43:16'),
	(4647,1,1,'Enogastronomia',1,'2014-01-28 09:43:24'),
	(4648,1,1,'Enogastronomia',10,'2014-01-28 09:44:04'),
	(4649,1,1,'Udine',1,'2014-01-28 09:44:23'),
	(4650,1,1,'Udine',1,'2014-01-28 09:44:32'),
	(4651,1,1,'Friuli Tipico',1,'2014-01-28 09:44:43'),
	(4652,1,1,'Friuli Tipico',10,'2014-01-28 09:44:45'),
	(4653,1,1,'Grande Guerra',1,'2014-01-28 09:45:14'),
	(4654,1,1,'Udine',10,'2014-01-28 09:45:15'),
	(4655,1,1,'Grande Guerra',10,'2014-01-28 09:45:24'),
	(4656,1,1,'Friuli Tipico',1,'2014-01-28 09:45:46'),
	(4657,1,1,'Udine',6,'2014-01-28 09:51:45'),
	(4658,1,1,'Grande Guerra',2,'2014-01-28 09:51:48'),
	(4659,1,1,'Enogastronomia',10,'2014-01-28 09:51:53'),
	(4660,1,1,'Friuli Tipico',1,'2014-01-28 09:52:28'),
	(4661,1,1,'shuffle',1,'2014-01-28 16:05:16'),
	(4662,1,1,'nano',1,'2014-01-28 16:58:31'),
	(4663,1,1,'Fagarè della Battaglia',4,'2014-01-29 00:34:48'),
	(4664,1,1,'Friuli Tipico',1,'2014-01-29 01:34:45'),
	(4665,1,1,'spiritualità',2,'2014-01-29 05:06:53'),
	(4666,1,1,'Friuli Tipico',1,'2014-01-29 06:05:00'),
	(4667,1,1,'Pordenone',1,'2014-01-29 08:43:11'),
	(4668,1,1,'Suggestioni letterarie',4,'2014-01-30 13:58:31'),
	(4669,1,1,'Provincia di Udine',7,'2014-01-30 13:58:36'),
	(4670,1,1,'Cividale del Friuli',5,'2014-01-30 19:54:26'),
	(4671,1,1,'Suggestioni letterarie',4,'2014-01-31 07:49:50'),
	(4672,1,1,'Provincia di Pordenone',6,'2014-01-31 07:50:22'),
	(4673,1,1,'spiritualità',1,'2014-01-31 09:04:23'),
	(4674,1,1,'Search',0,'2014-01-31 16:05:49'),
	(4675,1,1,'Valvasone',7,'2014-02-01 01:44:22'),
	(4676,1,1,'Grande Guerra',10,'2014-02-01 05:55:06'),
	(4677,1,1,'Valvasone',7,'2014-02-02 05:02:26'),
	(4678,1,1,'Pasolini',1,'2014-02-02 13:18:18'),
	(4679,1,1,'Vino',6,'2014-02-02 18:05:56'),
	(4680,1,1,'Vino',1,'2014-02-02 18:06:01'),
	(4681,1,1,'Vino',1,'2014-02-02 18:06:06'),
	(4682,1,1,'Vini',6,'2014-02-02 18:06:12'),
	(4683,1,1,'Vini',1,'2014-02-02 18:06:16'),
	(4684,1,1,'Vini',1,'2014-02-02 18:06:21'),
	(4685,1,1,'Udine',10,'2014-02-02 18:06:26'),
	(4686,1,1,'Udine',1,'2014-02-02 18:06:31'),
	(4687,1,1,'Udine',1,'2014-02-02 18:06:37'),
	(4688,1,1,'Ragogna',5,'2014-02-02 18:09:21'),
	(4689,1,1,'Ragogna',1,'2014-02-02 18:12:21'),
	(4690,1,1,'Ragogna',1,'2014-02-02 18:13:46'),
	(4691,1,1,'Gorizia',6,'2014-02-02 18:13:51'),
	(4692,1,1,'Gorizia',1,'2014-02-02 18:14:06'),
	(4693,1,1,'Gorizia',1,'2014-02-02 18:14:11'),
	(4694,1,1,'Valvasone',7,'2014-02-02 18:19:35'),
	(4695,1,1,'Valvasone',1,'2014-02-02 18:19:41'),
	(4696,1,1,'Valvasone',1,'2014-02-02 18:19:50'),
	(4697,1,1,'Udine',6,'2014-02-02 18:20:01'),
	(4698,1,1,'Udine',10,'2014-02-02 18:20:07'),
	(4699,1,1,'Udine',1,'2014-02-02 18:20:11'),
	(4700,1,1,'Udine',1,'2014-02-02 18:20:16'),
	(4701,1,1,'Udine',6,'2014-02-02 18:20:20'),
	(4702,1,1,'Spilimbergo',6,'2014-02-02 18:20:36'),
	(4703,1,1,'Spilimbergo',1,'2014-02-02 18:20:40'),
	(4704,1,1,'Spilimbergo',1,'2014-02-02 18:20:45'),
	(4705,1,1,'San Daniele',8,'2014-02-02 18:21:16'),
	(4706,1,1,'Villa Manin',4,'2014-02-02 18:21:20'),
	(4707,1,1,'Villa Manin',1,'2014-02-02 18:21:36'),
	(4708,1,1,'Villa Manin',1,'2014-02-02 18:21:41'),
	(4709,1,1,'San Daniele',1,'2014-02-02 18:21:45'),
	(4710,1,1,'San Daniele',1,'2014-02-02 18:21:52'),
	(4711,1,1,'Enogastronomia',10,'2014-02-02 18:22:12'),
	(4712,1,1,'Enogastronomia',1,'2014-02-02 18:22:16'),
	(4713,1,1,'Enogastronomia',1,'2014-02-02 18:22:21'),
	(4714,1,1,'Grande Guerra',10,'2014-02-02 18:22:26'),
	(4715,1,1,'Grande Guerra',1,'2014-02-02 18:22:46'),
	(4716,1,1,'Friuli Tipico',10,'2014-02-02 18:25:41'),
	(4717,1,1,'Friuli Tipico',1,'2014-02-02 18:25:51'),
	(4718,1,1,'Grande Guerra',1,'2014-02-02 18:27:15'),
	(4719,1,1,'Friuli Tipico',1,'2014-02-02 18:27:21'),
	(4720,1,1,'Friuli centrale',5,'2014-02-02 18:27:46'),
	(4721,1,1,'Friuli centrale',1,'2014-02-02 18:27:56'),
	(4722,1,1,'Friuli centrale',1,'2014-02-02 18:28:01'),
	(4723,1,1,'Enogastronomia',10,'2014-02-02 18:28:11'),
	(4724,1,1,'Enogastronomia',10,'2014-02-02 18:28:16'),
	(4725,1,1,'Enogastronomia',1,'2014-02-02 18:28:26'),
	(4726,1,1,'Enogastronomia',1,'2014-02-02 18:28:41'),
	(4727,1,1,'Arte e Cultura',6,'2014-02-02 18:28:46'),
	(4728,1,1,'Enogastronomia',10,'2014-02-02 18:28:51'),
	(4729,1,1,'Arte e Cultura',1,'2014-02-02 18:28:56'),
	(4730,1,1,'Arte e Cultura',1,'2014-02-02 18:29:01'),
	(4731,1,1,'Grande Guerra',2,'2014-02-02 18:29:11'),
	(4732,1,1,'Grande Guerra',10,'2014-02-02 18:29:16'),
	(4733,1,1,'Friuli Tipico',1,'2014-02-02 18:29:20'),
	(4734,1,1,'Friuli Tipico',10,'2014-02-02 18:29:25'),
	(4735,1,1,'Grande Guerra',1,'2014-02-02 18:29:36'),
	(4736,1,1,'Friuli Tipico',1,'2014-02-02 18:29:46'),
	(4737,1,1,'Grande Guerra',2,'2014-02-02 18:29:51'),
	(4738,1,1,'Friuli Tipico',1,'2014-02-02 18:29:56'),
	(4739,1,1,'Friuli Tipico',1,'2014-02-02 18:30:01'),
	(4740,1,1,'Grande Guerra',1,'2014-02-02 18:30:11'),
	(4741,1,1,'Provincia di Udine',7,'2014-02-02 18:35:36'),
	(4742,1,1,'Provincia di Udine',1,'2014-02-02 18:35:56'),
	(4743,1,1,'Provincia di Udine',1,'2014-02-02 18:36:06'),
	(4744,1,1,'Cividale del Friuli',5,'2014-02-02 18:36:21'),
	(4745,1,1,'Cividale del Friuli',1,'2014-02-02 18:36:35'),
	(4746,1,1,'Cividale del Friuli',1,'2014-02-02 18:36:41'),
	(4747,1,1,'Sacrario di Caporetto',6,'2014-02-02 18:37:50'),
	(4748,1,1,'Provincia di Pordenone',6,'2014-02-02 18:38:01'),
	(4749,1,1,'Sacrario di Redipuglia',6,'2014-02-02 18:38:05'),
	(4750,1,1,'Fagarè della Battaglia',4,'2014-02-02 18:38:16'),
	(4751,1,1,'Vini',6,'2014-02-02 20:54:33'),
	(4752,1,1,'Vini',1,'2014-02-02 20:54:38'),
	(4753,1,1,'Vino',6,'2014-02-02 20:54:43'),
	(4754,1,1,'Vino',1,'2014-02-02 20:54:48'),
	(4755,1,1,'Vini',1,'2014-02-02 20:54:53'),
	(4756,1,1,'Vino',1,'2014-02-02 20:54:58'),
	(4757,1,1,'Udine',10,'2014-02-02 20:55:03'),
	(4758,1,1,'Udine',1,'2014-02-02 20:55:08'),
	(4759,1,1,'Udine',1,'2014-02-02 20:55:13'),
	(4760,1,1,'Città',4,'2014-02-02 20:57:59'),
	(4761,1,1,'Città',1,'2014-02-02 20:58:03'),
	(4762,1,1,'Città',1,'2014-02-02 20:58:09'),
	(4763,1,1,'Gorizia',6,'2014-02-02 20:58:17'),
	(4764,1,1,'Gorizia',1,'2014-02-02 20:58:29'),
	(4765,1,1,'Gorizia',1,'2014-02-02 20:58:33'),
	(4766,1,1,'Ragogna',5,'2014-02-02 21:02:48'),
	(4767,1,1,'Ragogna',1,'2014-02-02 21:02:52'),
	(4768,1,1,'Ragogna',1,'2014-02-02 21:02:57'),
	(4769,1,1,'Valvasone',7,'2014-02-02 21:07:08'),
	(4770,1,1,'Valvasone',1,'2014-02-02 21:07:13'),
	(4771,1,1,'Valvasone',1,'2014-02-02 21:08:43'),
	(4772,1,1,'Udine',6,'2014-02-02 21:08:48'),
	(4773,1,1,'Udine',10,'2014-02-02 21:08:53'),
	(4774,1,1,'Udine',1,'2014-02-02 21:09:03'),
	(4775,1,1,'Udine',6,'2014-02-02 21:09:07'),
	(4776,1,1,'Udine',1,'2014-02-02 21:09:12'),
	(4777,1,1,'Spilimbergo',6,'2014-02-02 21:09:32'),
	(4778,1,1,'Spilimbergo',1,'2014-02-02 21:09:38'),
	(4779,1,1,'Spilimbergo',1,'2014-02-02 21:09:43'),
	(4780,1,1,'Villa Manin',4,'2014-02-02 21:10:18'),
	(4781,1,1,'San Daniele',8,'2014-02-02 21:10:23'),
	(4782,1,1,'Villa Manin',1,'2014-02-02 21:10:27'),
	(4783,1,1,'Villa Manin',1,'2014-02-02 21:10:32'),
	(4784,1,1,'San Daniele',1,'2014-02-02 21:10:37'),
	(4785,1,1,'San Daniele',1,'2014-02-02 21:10:43'),
	(4786,1,1,'Enogastronomia',10,'2014-02-02 21:11:02'),
	(4787,1,1,'Enogastronomia',1,'2014-02-02 21:11:07'),
	(4788,1,1,'Enogastronomia',1,'2014-02-02 21:11:12'),
	(4789,1,1,'Friuli Tipico',10,'2014-02-02 21:12:47'),
	(4790,1,1,'Grande Guerra',10,'2014-02-02 21:12:52'),
	(4791,1,1,'Grande Guerra',1,'2014-02-02 21:13:02'),
	(4792,1,1,'Friuli Tipico',1,'2014-02-02 21:14:32'),
	(4793,1,1,'Friuli Tipico',1,'2014-02-02 21:16:03'),
	(4794,1,1,'Grande Guerra',1,'2014-02-02 21:16:12'),
	(4795,1,1,'Friuli centrale',5,'2014-02-02 21:16:42'),
	(4796,1,1,'Friuli centrale',1,'2014-02-02 21:16:48'),
	(4797,1,1,'Friuli centrale',1,'2014-02-02 21:16:53'),
	(4798,1,1,'Enogastronomia',10,'2014-02-02 21:17:08'),
	(4799,1,1,'Enogastronomia',10,'2014-02-02 21:17:13'),
	(4800,1,1,'Enogastronomia',1,'2014-02-02 21:17:22'),
	(4801,1,1,'Enogastronomia',1,'2014-02-02 21:17:28'),
	(4802,1,1,'Enogastronomia',10,'2014-02-02 21:17:38'),
	(4803,1,1,'Arte e Cultura',6,'2014-02-02 21:17:43'),
	(4804,1,1,'Arte e Cultura',1,'2014-02-02 21:17:48'),
	(4805,1,1,'Arte e Cultura',1,'2014-02-02 21:17:53'),
	(4806,1,1,'Grande Guerra',2,'2014-02-02 21:17:58'),
	(4807,1,1,'Grande Guerra',10,'2014-02-02 21:18:03'),
	(4808,1,1,'Grande Guerra',1,'2014-02-02 21:18:18'),
	(4809,1,1,'Friuli Tipico',1,'2014-02-02 21:18:23'),
	(4810,1,1,'Friuli Tipico',10,'2014-02-02 21:18:28'),
	(4811,1,1,'Grande Guerra',1,'2014-02-02 21:18:32'),
	(4812,1,1,'Friuli Tipico',1,'2014-02-02 21:18:37'),
	(4813,1,1,'Friuli Tipico',1,'2014-02-02 21:18:48'),
	(4814,1,1,'Vini',6,'2014-02-02 23:57:56'),
	(4815,1,1,'Vini',1,'2014-02-02 23:58:00'),
	(4816,1,1,'Vino',6,'2014-02-02 23:58:05'),
	(4817,1,1,'Vino',1,'2014-02-02 23:58:11'),
	(4818,1,1,'Vini',1,'2014-02-02 23:58:14'),
	(4819,1,1,'Vino',1,'2014-02-02 23:58:21'),
	(4820,1,1,'Udine',10,'2014-02-02 23:58:25'),
	(4821,1,1,'Udine',1,'2014-02-02 23:58:30'),
	(4822,1,1,'Udine',1,'2014-02-02 23:58:35'),
	(4823,1,1,'Città',4,'2014-02-02 23:59:59'),
	(4824,1,1,'Città',1,'2014-02-03 00:00:06'),
	(4825,1,1,'Città',1,'2014-02-03 00:00:10'),
	(4826,1,1,'Ragogna',5,'2014-02-03 00:03:10'),
	(4827,1,1,'Ragogna',1,'2014-02-03 00:04:53'),
	(4828,1,1,'Gorizia',6,'2014-02-03 00:06:05'),
	(4829,1,1,'Ragogna',1,'2014-02-03 00:06:15'),
	(4830,1,1,'Gorizia',1,'2014-02-03 00:06:20'),
	(4831,1,1,'Gorizia',1,'2014-02-03 00:06:26'),
	(4832,1,1,'Valvasone',7,'2014-02-03 00:10:30'),
	(4833,1,1,'Valvasone',1,'2014-02-03 00:10:35'),
	(4834,1,1,'Udine',6,'2014-02-03 00:12:06'),
	(4835,1,1,'Udine',10,'2014-02-03 00:12:10'),
	(4836,1,1,'Udine',1,'2014-02-03 00:12:20'),
	(4837,1,1,'Valvasone',1,'2014-02-03 00:12:25'),
	(4838,1,1,'Udine',6,'2014-02-03 00:12:31'),
	(4839,1,1,'Udine',1,'2014-02-03 00:12:35'),
	(4840,1,1,'Spilimbergo',6,'2014-02-03 00:12:40'),
	(4841,1,1,'Spilimbergo',1,'2014-02-03 00:13:01'),
	(4842,1,1,'Spilimbergo',1,'2014-02-03 00:13:05'),
	(4843,1,1,'San Daniele',8,'2014-02-03 00:13:25'),
	(4844,1,1,'Villa Manin',4,'2014-02-03 00:13:35'),
	(4845,1,1,'San Daniele',1,'2014-02-03 00:13:51'),
	(4846,1,1,'San Daniele',1,'2014-02-03 00:13:55'),
	(4847,1,1,'Villa Manin',1,'2014-02-03 00:14:00'),
	(4848,1,1,'Villa Manin',1,'2014-02-03 00:14:05'),
	(4849,1,1,'Enogastronomia',10,'2014-02-03 00:14:10'),
	(4850,1,1,'Enogastronomia',1,'2014-02-03 00:14:25'),
	(4851,1,1,'Enogastronomia',1,'2014-02-03 00:14:37'),
	(4852,1,1,'Friuli Tipico',10,'2014-02-03 00:16:01'),
	(4853,1,1,'Friuli Tipico',1,'2014-02-03 00:16:10'),
	(4854,1,1,'Friuli Tipico',1,'2014-02-03 00:16:35'),
	(4855,1,1,'Grande Guerra',10,'2014-02-03 00:18:05'),
	(4856,1,1,'Grande Guerra',1,'2014-02-03 00:18:10'),
	(4857,1,1,'Grande Guerra',1,'2014-02-03 00:18:15'),
	(4858,1,1,'Friuli centrale',5,'2014-02-03 00:20:10'),
	(4859,1,1,'Friuli centrale',1,'2014-02-03 00:20:16'),
	(4860,1,1,'Friuli centrale',1,'2014-02-03 00:20:21'),
	(4861,1,1,'Arte e Cultura',6,'2014-02-03 00:20:30'),
	(4862,1,1,'Arte e Cultura',1,'2014-02-03 00:20:35'),
	(4863,1,1,'Arte e Cultura',1,'2014-02-03 00:20:50'),
	(4864,1,1,'Enogastronomia',10,'2014-02-03 00:20:55'),
	(4865,1,1,'Enogastronomia',10,'2014-02-03 00:21:00'),
	(4866,1,1,'Enogastronomia',1,'2014-02-03 00:21:05'),
	(4867,1,1,'Enogastronomia',1,'2014-02-03 00:21:10'),
	(4868,1,1,'Enogastronomia',10,'2014-02-03 00:21:15'),
	(4869,1,1,'Grande Guerra',2,'2014-02-03 00:21:20'),
	(4870,1,1,'Grande Guerra',10,'2014-02-03 00:21:24'),
	(4871,1,1,'Friuli Tipico',1,'2014-02-03 00:21:30'),
	(4872,1,1,'Friuli Tipico',10,'2014-02-03 00:21:35'),
	(4873,1,1,'Grande Guerra',1,'2014-02-03 00:21:55'),
	(4874,1,1,'Grande Guerra',2,'2014-02-03 00:22:05'),
	(4875,1,1,'Friuli Tipico',1,'2014-02-03 00:22:20'),
	(4876,1,1,'Friuli Tipico',1,'2014-02-03 00:22:25'),
	(4877,1,1,'Friuli Tipico',1,'2014-02-03 00:22:31'),
	(4878,1,1,'Grande Guerra',1,'2014-02-03 00:22:35'),
	(4879,1,1,'Provincia di Udine',7,'2014-02-03 00:28:11'),
	(4880,1,1,'Provincia di Udine',1,'2014-02-03 00:28:15'),
	(4881,1,1,'Provincia di Udine',1,'2014-02-03 00:28:21'),
	(4882,1,1,'Cividale del Friuli',5,'2014-02-03 00:28:51'),
	(4883,1,1,'Cividale del Friuli',1,'2014-02-03 00:29:24'),
	(4884,1,1,'Sacrario di Caporetto',6,'2014-02-03 00:30:01'),
	(4885,1,1,'Provincia di Pordenone',6,'2014-02-03 00:30:11'),
	(4886,1,1,'Sacrario di Redipuglia',6,'2014-02-03 00:30:15'),
	(4887,1,1,'Vini',6,'2014-02-03 02:23:37'),
	(4888,1,1,'Vini',1,'2014-02-03 02:23:43'),
	(4889,1,1,'Vino',6,'2014-02-03 02:23:48'),
	(4890,1,1,'Vino',1,'2014-02-03 02:23:53'),
	(4891,1,1,'Vini',1,'2014-02-03 02:23:58'),
	(4892,1,1,'Vino',1,'2014-02-03 02:24:02'),
	(4893,1,1,'Udine',10,'2014-02-03 02:24:08'),
	(4894,1,1,'Udine',1,'2014-02-03 02:24:13'),
	(4895,1,1,'Udine',1,'2014-02-03 02:24:17'),
	(4896,1,1,'Città',4,'2014-02-03 02:27:02'),
	(4897,1,1,'Città',1,'2014-02-03 02:27:08'),
	(4898,1,1,'Città',1,'2014-02-03 02:27:13'),
	(4899,1,1,'Gorizia',6,'2014-02-03 02:28:53'),
	(4900,1,1,'Gorizia',1,'2014-02-03 02:29:07'),
	(4901,1,1,'Gorizia',1,'2014-02-03 02:29:13'),
	(4902,1,1,'Ragogna',5,'2014-02-03 02:31:58'),
	(4903,1,1,'Ragogna',1,'2014-02-03 02:32:03'),
	(4904,1,1,'Ragogna',1,'2014-02-03 02:32:08'),
	(4905,1,1,'Udine',6,'2014-02-03 02:37:38'),
	(4906,1,1,'Udine',10,'2014-02-03 02:37:42'),
	(4907,1,1,'Udine',1,'2014-02-03 02:37:47'),
	(4908,1,1,'Udine',6,'2014-02-03 02:37:57'),
	(4909,1,1,'Valvasone',7,'2014-02-03 02:38:02'),
	(4910,1,1,'Valvasone',1,'2014-02-03 02:38:08'),
	(4911,1,1,'Udine',1,'2014-02-03 02:38:12'),
	(4912,1,1,'Valvasone',1,'2014-02-03 02:38:17'),
	(4913,1,1,'Spilimbergo',6,'2014-02-03 02:38:38'),
	(4914,1,1,'Spilimbergo',1,'2014-02-03 02:38:43'),
	(4915,1,1,'Spilimbergo',1,'2014-02-03 02:38:48'),
	(4916,1,1,'San Daniele',8,'2014-02-03 02:39:08'),
	(4917,1,1,'San Daniele',1,'2014-02-03 02:39:23'),
	(4918,1,1,'Villa Manin',4,'2014-02-03 02:39:28'),
	(4919,1,1,'San Daniele',1,'2014-02-03 02:39:33'),
	(4920,1,1,'Villa Manin',1,'2014-02-03 02:39:42'),
	(4921,1,1,'Villa Manin',1,'2014-02-03 02:39:48'),
	(4922,1,1,'Enogastronomia',10,'2014-02-03 02:40:07'),
	(4923,1,1,'Enogastronomia',1,'2014-02-03 02:40:13'),
	(4924,1,1,'Enogastronomia',1,'2014-02-03 02:40:18'),
	(4925,1,1,'Friuli Tipico',10,'2014-02-03 02:44:29'),
	(4926,1,1,'Grande Guerra',10,'2014-02-03 02:44:38'),
	(4927,1,1,'Friuli Tipico',1,'2014-02-03 02:44:42'),
	(4928,1,1,'Grande Guerra',1,'2014-02-03 02:44:47'),
	(4929,1,1,'Provincia di Udine',7,'2014-02-05 10:46:28'),
	(4930,1,1,'San Daniele',8,'2014-02-07 08:53:13'),
	(4931,1,1,'Vino',6,'2014-02-08 03:24:32'),
	(4932,1,1,'San Daniele',8,'2014-02-08 04:21:48'),
	(4933,1,1,'Valvasone',7,'2014-02-08 04:24:34'),
	(4934,1,1,'Spilimbergo',6,'2014-02-08 04:24:55'),
	(4935,1,1,'Udine',10,'2014-02-08 04:25:43'),
	(4936,1,1,'Cividale del Friuli',5,'2014-02-08 04:26:42'),
	(4937,1,1,'San Daniele',8,'2014-02-08 04:27:33'),
	(4938,1,1,'Valvasone',7,'2014-02-08 04:31:17'),
	(4939,1,1,'Spilimbergo',6,'2014-02-08 04:32:39'),
	(4940,1,1,'Udine',10,'2014-02-08 04:33:53'),
	(4941,1,1,'Cividale del Friuli',5,'2014-02-08 04:38:04'),
	(4942,1,1,'Codroipo',1,'2014-02-08 15:23:17'),
	(4943,1,1,'Vini',6,'2014-02-08 22:02:05'),
	(4944,1,1,'Friuli Tipico',10,'2014-02-09 10:54:49'),
	(4945,1,1,'San Daniele',8,'2014-02-10 11:35:46'),
	(4946,1,1,'Search',0,'2014-02-10 18:30:12'),
	(4947,1,1,'Friuli Tipico',10,'2014-02-11 06:53:57'),
	(4948,1,1,'Sacrario di Redipuglia',6,'2014-02-11 06:53:59'),
	(4949,1,1,'Sacrario di Caporetto',6,'2014-02-11 06:54:01'),
	(4950,1,1,'Grande Guerra',10,'2014-02-11 06:54:02'),
	(4951,1,1,'Cividale del Friuli',5,'2014-02-11 06:54:04'),
	(4952,1,1,'Fagarè della Battaglia',4,'2014-02-11 06:54:05'),
	(4953,1,1,'Friuli centrale',5,'2014-02-11 06:54:06'),
	(4954,1,1,'Valvasone',7,'2014-02-11 06:54:08'),
	(4955,1,1,'Ragogna',5,'2014-02-11 06:54:09'),
	(4956,1,1,'San Daniele',8,'2014-02-11 06:54:10'),
	(4957,1,1,'Spilimbergo',6,'2014-02-11 06:54:11'),
	(4958,1,1,'Provincia di Udine',7,'2014-02-11 06:54:13'),
	(4959,1,1,'Provincia di Pordenone',6,'2014-02-11 06:54:14'),
	(4960,1,1,'Arte e Cultura',6,'2014-02-11 06:54:15'),
	(4961,1,1,'Vini',6,'2014-02-11 06:54:17'),
	(4962,1,1,'Udine',10,'2014-02-11 06:54:18'),
	(4963,1,1,'Enogastronomia',10,'2014-02-11 06:54:19'),
	(4964,1,1,'Gorizia',6,'2014-02-11 06:54:22'),
	(4965,1,1,'Villa Manin',4,'2014-02-11 06:54:24'),
	(4966,1,1,'Vino',6,'2014-02-11 06:54:25'),
	(4967,1,1,'Enogastronomia',1,'2014-02-11 06:57:43'),
	(4968,1,1,'San Daniele',1,'2014-02-11 06:57:45'),
	(4969,1,1,'Spilimbergo',1,'2014-02-11 06:57:46'),
	(4970,1,1,'Fagarè della Battaglia',1,'2014-02-11 06:57:49'),
	(4971,1,1,'Provincia di Udine',1,'2014-02-11 06:57:50'),
	(4972,1,1,'Friuli Tipico',1,'2014-02-11 06:57:51'),
	(4973,1,1,'Gorizia',1,'2014-02-11 06:57:52'),
	(4974,1,1,'Valvasone',1,'2014-02-11 06:57:53'),
	(4975,1,1,'San Daniele',1,'2014-02-11 06:57:54'),
	(4976,1,1,'Udine',1,'2014-02-11 06:57:55'),
	(4977,1,1,'Grande Guerra',2,'2014-02-11 06:57:56'),
	(4978,1,1,'Udine',6,'2014-02-11 06:57:59'),
	(4979,1,1,'Provincia di Pordenone',1,'2014-02-11 06:58:01'),
	(4980,1,1,'Valvasone',1,'2014-02-11 06:58:03'),
	(4981,1,1,'Arte e Cultura',1,'2014-02-11 06:58:03'),
	(4982,1,1,'Friuli Tipico',1,'2014-02-11 06:58:10'),
	(4983,1,1,'Villa Manin',1,'2014-02-11 06:58:13'),
	(4984,1,1,'Grande Guerra',1,'2014-02-11 06:58:16'),
	(4985,1,1,'Vini',1,'2014-02-11 06:58:24'),
	(4986,1,1,'Friuli centrale',1,'2014-02-11 06:58:25'),
	(4987,1,1,'Fagarè della Battaglia',1,'2014-02-11 06:58:27'),
	(4988,1,1,'Provincia di Pordenone',1,'2014-02-11 06:58:28'),
	(4989,1,1,'Vino',1,'2014-02-11 06:58:31'),
	(4990,1,1,'Ragogna',1,'2014-02-11 06:58:33'),
	(4991,1,1,'Grande Guerra',1,'2014-02-11 06:58:36'),
	(4992,1,1,'Enogastronomia',1,'2014-02-11 06:58:38'),
	(4993,1,1,'Gorizia',1,'2014-02-11 06:58:41'),
	(4994,1,1,'Udine',1,'2014-02-11 06:58:42'),
	(4995,1,1,'Villa Manin',1,'2014-02-11 06:58:43'),
	(4996,1,1,'Friuli centrale',1,'2014-02-11 06:58:44'),
	(4997,1,1,'Enogastronomia',10,'2014-02-11 06:58:45'),
	(4998,1,1,'Arte e Cultura',1,'2014-02-11 06:58:46'),
	(4999,1,1,'Sacrario di Redipuglia',1,'2014-02-11 06:58:51'),
	(5000,1,1,'Provincia di Udine',1,'2014-02-11 06:58:52'),
	(5001,1,1,'Vini',1,'2014-02-11 06:58:54'),
	(5002,1,1,'Friuli Tipico',1,'2014-02-11 06:58:58'),
	(5003,1,1,'Cividale del Friuli',1,'2014-02-11 06:58:59'),
	(5004,1,1,'Sacrario di Caporetto',1,'2014-02-11 06:59:01'),
	(5005,1,1,'Sacrario di Caporetto',1,'2014-02-11 06:59:03'),
	(5006,1,1,'Vino',1,'2014-02-11 06:59:05'),
	(5007,1,1,'Sacrario di Redipuglia',1,'2014-02-11 06:59:05'),
	(5008,1,1,'Cividale del Friuli',1,'2014-02-11 06:59:06');

INSERT INTO `pr_statssearch` (`id_statssearch`, `id_shop`, `id_shop_group`, `keywords`, `results`, `date_add`)
VALUES
	(5009,1,1,'Ragogna',1,'2014-02-11 06:59:09'),
	(5010,1,1,'Spilimbergo',1,'2014-02-11 06:59:12'),
	(5011,1,1,'Udine',10,'2014-02-11 07:03:02'),
	(5012,1,1,'Grande Guerra',1,'2014-02-11 07:03:19'),
	(5013,1,1,'Udine',1,'2014-02-11 07:03:20'),
	(5014,1,1,'Friuli Tipico',10,'2014-02-11 07:03:24'),
	(5015,1,1,'Friuli Tipico',1,'2014-02-11 07:03:26'),
	(5016,1,1,'Enogastronomia',10,'2014-02-11 07:03:32'),
	(5017,1,1,'Friuli Tipico',1,'2014-02-11 07:03:37'),
	(5018,1,1,'Grande Guerra',10,'2014-02-11 07:04:08'),
	(5019,1,1,'Udine',1,'2014-02-11 07:04:12'),
	(5020,1,1,'Grande Guerra',1,'2014-02-11 07:04:14'),
	(5021,1,1,'Enogastronomia',1,'2014-02-11 07:04:22'),
	(5022,1,1,'Enogastronomia',1,'2014-02-11 07:04:32'),
	(5023,1,1,'Grande Guerra',2,'2014-02-11 07:08:14'),
	(5024,1,1,'Enogastronomia',10,'2014-02-11 07:08:36'),
	(5025,1,1,'Udine',6,'2014-02-11 07:08:45'),
	(5026,1,1,'Friuli Tipico',1,'2014-02-11 07:09:13'),
	(5027,1,1,'Grande Guerra',2,'2014-02-11 20:02:42'),
	(5028,1,1,'Udine',6,'2014-02-12 13:59:52'),
	(5029,1,1,'Grande Guerra',2,'2014-02-12 15:58:30'),
	(5030,1,1,'Villa Manin',4,'2014-02-12 17:58:16'),
	(5031,1,1,'Udine',6,'2014-02-12 18:37:10'),
	(5032,1,1,'Provincia di Udine',7,'2014-02-13 01:22:36'),
	(5033,1,1,'Cividale del Friuli',5,'2014-02-13 02:37:20'),
	(5034,1,1,'Suggestioni letterarie',4,'2014-02-13 20:06:11'),
	(5035,1,1,'abbazia',2,'2014-02-14 00:06:47'),
	(5036,1,1,'Gorizia',6,'2014-02-14 00:18:31'),
	(5037,1,1,'Villa Manin',4,'2014-02-14 04:03:39'),
	(5038,1,1,'Grande Guerra',10,'2014-02-14 06:59:36'),
	(5039,1,1,'Gorizia',6,'2014-02-14 09:15:10'),
	(5040,1,1,'Trieste',4,'2014-02-14 13:09:09'),
	(5041,1,1,'Grande Guerra',10,'2014-02-15 02:10:33'),
	(5042,1,1,'Trieste',4,'2014-02-15 11:08:32'),
	(5043,1,1,'Sacrario di Caporetto',6,'2014-02-15 11:31:33'),
	(5044,1,1,'Provincia di Udine',7,'2014-02-15 16:50:23'),
	(5045,1,1,'Vino',6,'2014-02-15 20:29:54'),
	(5046,1,1,'Città',4,'2014-02-15 21:17:40'),
	(5047,1,1,'Pordenone',10,'2014-02-16 01:01:25'),
	(5048,1,1,'Villa Manin',4,'2014-02-16 03:36:06'),
	(5049,1,1,'Vini',6,'2014-02-16 03:42:14'),
	(5050,1,1,'Provincia di Pordenone',6,'2014-02-16 03:50:25'),
	(5051,1,1,'Friuli Tipico',10,'2014-02-16 04:01:34'),
	(5052,1,1,'Fagarè della Battaglia',4,'2014-02-16 04:01:37'),
	(5053,1,1,'Sacrario di Redipuglia',6,'2014-02-16 04:01:42'),
	(5054,1,1,'Arte e Cultura',6,'2014-02-16 04:02:02'),
	(5055,1,1,'San Daniele',1,'2014-02-16 04:19:03'),
	(5056,1,1,'Provincia di Udine',7,'2014-02-16 05:42:57'),
	(5057,1,1,'Suggestioni letterarie',4,'2014-02-16 06:02:11'),
	(5058,1,1,'Trieste',4,'2014-02-16 06:03:03'),
	(5059,1,1,'Friuli centrale',5,'2014-02-16 06:25:57'),
	(5060,1,1,'Grande Guerra',10,'2014-02-16 06:43:29'),
	(5061,1,1,'Enogastronomia',1,'2014-02-16 09:07:10'),
	(5062,1,1,'Vini',6,'2014-02-16 09:25:14'),
	(5063,1,1,'Enogastronomia',1,'2014-02-16 10:54:55'),
	(5064,1,1,'Gorizia',6,'2014-02-17 06:27:34'),
	(5065,1,1,'Grande Guerra',10,'2014-02-17 08:36:26'),
	(5066,1,1,'Sacrario di Caporetto',6,'2014-02-18 02:53:43'),
	(5067,1,1,'Pordenone',10,'2014-02-18 05:50:05'),
	(5068,1,1,'Udine',10,'2014-02-18 07:20:20'),
	(5069,1,1,'Udine',1,'2014-02-18 07:54:01'),
	(5070,1,1,'Valvasone',1,'2014-02-18 08:13:19'),
	(5071,1,1,'San Daniele',1,'2014-02-18 09:49:58'),
	(5072,1,1,'Fagarè della Battaglia',4,'2014-02-18 09:52:53'),
	(5073,1,1,'Pordenone',10,'2014-02-18 17:36:20'),
	(5074,1,1,'Provincia di Udine',7,'2014-02-18 23:45:36'),
	(5075,1,1,'Udine',10,'2014-02-19 05:35:56'),
	(5076,1,1,'Città',4,'2014-02-19 09:47:32'),
	(5077,1,1,'Ipod touch',1,'2014-02-19 11:37:04'),
	(5078,1,1,'apple',1,'2014-02-19 12:24:00'),
	(5079,1,1,'Arte e Cultura',6,'2014-02-19 13:24:59'),
	(5080,1,1,'nano',1,'2014-02-19 14:00:30'),
	(5081,1,1,'Albergo B',1,'2014-02-19 14:54:23'),
	(5082,1,1,'Sacrario di Redipuglia',1,'2014-02-19 17:27:03'),
	(5083,1,1,'Enogastronomia',10,'2014-02-19 20:10:26'),
	(5084,1,1,'Spilimbergo',6,'2014-02-20 05:21:25'),
	(5085,1,1,'Enogastronomia',10,'2014-02-20 07:41:17'),
	(5086,1,1,'Sacrario di Redipuglia',6,'2014-02-20 10:35:39'),
	(5087,1,1,'Città',4,'2014-02-21 06:59:48'),
	(5088,1,1,'Vini',6,'2014-02-22 07:57:09'),
	(5089,1,1,'Cividale del Friuli',5,'2014-02-22 09:13:15'),
	(5090,1,1,'Ragogna',5,'2014-02-22 11:22:29'),
	(5091,1,1,'Friuli centrale',5,'2014-02-23 00:39:04'),
	(5092,1,1,'Friuli Tipico',10,'2014-02-23 04:11:52'),
	(5093,1,1,'Udine',6,'2014-02-23 08:43:41'),
	(5094,1,1,'abbazia',2,'2014-02-23 11:00:03'),
	(5095,1,1,'Provincia di Pordenone',6,'2014-02-23 15:48:50'),
	(5096,1,1,'Vino',6,'2014-02-24 21:08:32'),
	(5097,1,1,'Vino',1,'2014-02-24 21:08:37'),
	(5098,1,1,'Vini',6,'2014-02-24 21:08:42'),
	(5099,1,1,'Vini',1,'2014-02-24 21:08:48'),
	(5100,1,1,'Vino',1,'2014-02-24 21:08:52'),
	(5101,1,1,'Vini',1,'2014-02-24 21:08:57'),
	(5102,1,1,'Udine',10,'2014-02-24 21:09:03'),
	(5103,1,1,'Udine',1,'2014-02-24 21:09:07'),
	(5104,1,1,'Udine',1,'2014-02-24 21:09:12'),
	(5105,1,1,'Trieste',4,'2014-02-24 21:14:43'),
	(5106,1,1,'Ragogna',5,'2014-02-24 21:14:48'),
	(5107,1,1,'Trieste',1,'2014-02-24 21:14:52'),
	(5108,1,1,'Ragogna',1,'2014-02-24 21:16:22'),
	(5109,1,1,'Gorizia',6,'2014-02-24 21:16:33'),
	(5110,1,1,'Gorizia',1,'2014-02-24 21:16:38'),
	(5111,1,1,'Ragogna',1,'2014-02-24 21:16:43'),
	(5112,1,1,'Gorizia',1,'2014-02-24 21:16:52'),
	(5113,1,1,'Trieste',1,'2014-02-24 21:16:58'),
	(5114,1,1,'Pordenone',10,'2014-02-24 21:22:27'),
	(5115,1,1,'Pordenone',1,'2014-02-24 21:22:32'),
	(5116,1,1,'Valvasone',7,'2014-02-24 21:22:38'),
	(5117,1,1,'Valvasone',1,'2014-02-24 21:22:42'),
	(5118,1,1,'Udine',6,'2014-02-24 21:22:52'),
	(5119,1,1,'Udine',10,'2014-02-24 21:23:02'),
	(5120,1,1,'Udine',1,'2014-02-24 21:23:08'),
	(5121,1,1,'Pordenone',1,'2014-02-24 21:23:12'),
	(5122,1,1,'Valvasone',1,'2014-02-24 21:23:18'),
	(5123,1,1,'Udine',1,'2014-02-24 21:23:22'),
	(5124,1,1,'Udine',6,'2014-02-24 21:23:27'),
	(5125,1,1,'Spilimbergo',6,'2014-02-24 21:23:37'),
	(5126,1,1,'Spilimbergo',1,'2014-02-24 21:23:48'),
	(5127,1,1,'Spilimbergo',1,'2014-02-24 21:23:53'),
	(5128,1,1,'San Daniele',8,'2014-02-24 21:24:32'),
	(5129,1,1,'San Daniele',1,'2014-02-24 21:24:37'),
	(5130,1,1,'San Daniele',1,'2014-02-24 21:24:42'),
	(5131,1,1,'Enogastronomia',10,'2014-02-24 21:24:53'),
	(5132,1,1,'Enogastronomia',1,'2014-02-24 21:25:02'),
	(5133,1,1,'Enogastronomia',1,'2014-02-24 21:25:07'),
	(5134,1,1,'Grande Guerra',10,'2014-02-24 21:26:52'),
	(5135,1,1,'Grande Guerra',1,'2014-02-24 21:27:12'),
	(5136,1,1,'Grande Guerra',1,'2014-02-24 21:27:17'),
	(5137,1,1,'Friuli Tipico',10,'2014-02-24 21:28:42'),
	(5138,1,1,'Friuli Tipico',1,'2014-02-24 21:28:47'),
	(5139,1,1,'Friuli Tipico',1,'2014-02-24 21:30:13'),
	(5140,1,1,'Friuli centrale',5,'2014-02-24 21:30:48'),
	(5141,1,1,'Friuli centrale',1,'2014-02-24 21:30:52'),
	(5142,1,1,'Friuli centrale',1,'2014-02-24 21:30:57'),
	(5143,1,1,'Enogastronomia',10,'2014-02-24 21:31:13'),
	(5144,1,1,'Enogastronomia',10,'2014-02-24 21:31:17'),
	(5145,1,1,'Arte e Cultura',6,'2014-02-24 21:31:22'),
	(5146,1,1,'Arte e Cultura',1,'2014-02-24 21:31:27'),
	(5147,1,1,'Enogastronomia',1,'2014-02-24 21:31:32'),
	(5148,1,1,'Arte e Cultura',1,'2014-02-24 21:31:38'),
	(5149,1,1,'Enogastronomia',1,'2014-02-24 21:31:42'),
	(5150,1,1,'Enogastronomia',10,'2014-02-24 21:31:48'),
	(5151,1,1,'Friuli Tipico',1,'2014-02-24 21:32:02'),
	(5152,1,1,'Friuli Tipico',10,'2014-02-24 21:32:08'),
	(5153,1,1,'Friuli Tipico',1,'2014-02-24 21:32:17'),
	(5154,1,1,'Friuli Tipico',1,'2014-02-24 21:32:28'),
	(5155,1,1,'Grande Guerra',2,'2014-02-24 21:32:37'),
	(5156,1,1,'Grande Guerra',10,'2014-02-24 21:32:42'),
	(5157,1,1,'Grande Guerra',1,'2014-02-24 21:32:48'),
	(5158,1,1,'Grande Guerra',2,'2014-02-24 21:33:03'),
	(5159,1,1,'Friuli Tipico',1,'2014-02-24 21:33:07'),
	(5160,1,1,'Grande Guerra',1,'2014-02-24 21:33:12'),
	(5161,1,1,'Provincia di Udine',7,'2014-02-24 21:38:47'),
	(5162,1,1,'Provincia di Udine',1,'2014-02-24 21:38:52'),
	(5163,1,1,'Provincia di Udine',1,'2014-02-24 21:38:57'),
	(5164,1,1,'Cividale del Friuli',5,'2014-02-24 21:39:52'),
	(5165,1,1,'Sacrario di Caporetto',6,'2014-02-24 21:40:32'),
	(5166,1,1,'Provincia di Pordenone',6,'2014-02-24 21:40:42'),
	(5167,1,1,'Sacrario di Redipuglia',6,'2014-02-24 21:40:49'),
	(5168,1,1,'Vino',6,'2014-02-24 22:48:07'),
	(5169,1,1,'Vino',1,'2014-02-24 22:48:12'),
	(5170,1,1,'Vini',6,'2014-02-24 22:48:17'),
	(5171,1,1,'Vini',1,'2014-02-24 22:48:22'),
	(5172,1,1,'Vino',1,'2014-02-24 22:48:26'),
	(5173,1,1,'Vini',1,'2014-02-24 22:48:32'),
	(5174,1,1,'Udine',10,'2014-02-24 22:48:37'),
	(5175,1,1,'Udine',1,'2014-02-24 22:48:41'),
	(5176,1,1,'Udine',1,'2014-02-24 22:48:47'),
	(5177,1,1,'Città',4,'2014-02-24 22:51:32'),
	(5178,1,1,'Città',1,'2014-02-24 22:51:36'),
	(5179,1,1,'Città',1,'2014-02-24 22:51:42'),
	(5180,1,1,'Ragogna',5,'2014-02-24 22:54:52'),
	(5181,1,1,'Gorizia',6,'2014-02-24 22:54:58'),
	(5182,1,1,'Gorizia',1,'2014-02-24 22:55:02'),
	(5183,1,1,'Ragogna',1,'2014-02-24 22:55:06'),
	(5184,1,1,'Gorizia',1,'2014-02-24 22:55:12'),
	(5185,1,1,'Ragogna',1,'2014-02-24 22:56:36'),
	(5186,1,1,'Valvasone',7,'2014-02-24 23:02:07'),
	(5187,1,1,'Udine',6,'2014-02-24 23:02:12'),
	(5188,1,1,'Udine',10,'2014-02-24 23:02:17'),
	(5189,1,1,'Vini',6,'2014-02-25 03:24:06'),
	(5190,1,1,'Vini',1,'2014-02-25 03:24:11'),
	(5191,1,1,'Vini',1,'2014-02-25 03:24:17'),
	(5192,1,1,'Vino',6,'2014-02-25 03:24:21'),
	(5193,1,1,'Vino',1,'2014-02-25 03:24:25'),
	(5194,1,1,'Vino',1,'2014-02-25 03:24:31'),
	(5195,1,1,'Udine',10,'2014-02-25 03:24:36'),
	(5196,1,1,'Udine',1,'2014-02-25 03:24:41'),
	(5197,1,1,'Udine',1,'2014-02-25 03:24:46'),
	(5198,1,1,'Ragogna',5,'2014-02-25 03:27:36'),
	(5199,1,1,'Ragogna',1,'2014-02-25 03:32:02'),
	(5200,1,1,'Ragogna',1,'2014-02-25 03:32:06'),
	(5201,1,1,'Gorizia',6,'2014-02-25 03:32:11'),
	(5202,1,1,'Gorizia',1,'2014-02-25 03:32:16'),
	(5203,1,1,'Gorizia',1,'2014-02-25 03:32:21'),
	(5204,1,1,'Udine',6,'2014-02-25 03:37:46'),
	(5205,1,1,'Udine',10,'2014-02-25 03:37:51'),
	(5206,1,1,'Valvasone',7,'2014-02-25 03:38:01'),
	(5207,1,1,'Valvasone',1,'2014-02-25 03:38:06'),
	(5208,1,1,'Valvasone',1,'2014-02-25 03:38:15'),
	(5209,1,1,'Udine',1,'2014-02-25 03:38:21'),
	(5210,1,1,'Udine',1,'2014-02-25 03:38:26'),
	(5211,1,1,'Udine',6,'2014-02-25 03:38:31'),
	(5212,1,1,'Spilimbergo',6,'2014-02-25 03:38:51'),
	(5213,1,1,'Spilimbergo',1,'2014-02-25 03:38:56'),
	(5214,1,1,'Spilimbergo',1,'2014-02-25 03:39:00'),
	(5215,1,1,'San Daniele',8,'2014-02-25 03:39:31'),
	(5216,1,1,'San Daniele',1,'2014-02-25 03:39:36'),
	(5217,1,1,'San Daniele',1,'2014-02-25 03:39:41'),
	(5218,1,1,'Villa Manin',4,'2014-02-25 03:39:46'),
	(5219,1,1,'Villa Manin',1,'2014-02-25 03:39:56'),
	(5220,1,1,'Villa Manin',1,'2014-02-25 03:40:01'),
	(5221,1,1,'Enogastronomia',10,'2014-02-25 03:40:11'),
	(5222,1,1,'Enogastronomia',1,'2014-02-25 03:40:21'),
	(5223,1,1,'Enogastronomia',1,'2014-02-25 03:40:26'),
	(5224,1,1,'Friuli Tipico',10,'2014-02-25 03:40:44'),
	(5225,1,1,'Friuli Tipico',1,'2014-02-25 03:40:46'),
	(5226,1,1,'Friuli Tipico',1,'2014-02-25 03:43:36'),
	(5227,1,1,'Grande Guerra',10,'2014-02-25 03:43:46'),
	(5228,1,1,'Grande Guerra',1,'2014-02-25 03:43:50'),
	(5229,1,1,'Grande Guerra',1,'2014-02-25 03:45:26'),
	(5230,1,1,'Friuli centrale',5,'2014-02-25 03:46:02'),
	(5231,1,1,'Friuli centrale',1,'2014-02-25 03:46:12'),
	(5232,1,1,'Friuli centrale',1,'2014-02-25 03:46:16'),
	(5233,1,1,'Enogastronomia',10,'2014-02-25 03:46:36'),
	(5234,1,1,'Enogastronomia',10,'2014-02-25 03:46:40'),
	(5235,1,1,'Arte e Cultura',6,'2014-02-25 03:46:46'),
	(5236,1,1,'Arte e Cultura',1,'2014-02-25 03:46:51'),
	(5237,1,1,'Enogastronomia',1,'2014-02-25 03:46:56'),
	(5238,1,1,'Enogastronomia',10,'2014-02-25 03:47:00'),
	(5239,1,1,'Arte e Cultura',1,'2014-02-25 03:47:06'),
	(5240,1,1,'Enogastronomia',1,'2014-02-25 03:47:11'),
	(5241,1,1,'Grande Guerra',2,'2014-02-25 03:47:16'),
	(5242,1,1,'Grande Guerra',10,'2014-02-25 03:47:21'),
	(5243,1,1,'Grande Guerra',1,'2014-02-25 03:47:46'),
	(5244,1,1,'Friuli Tipico',1,'2014-02-25 03:48:01'),
	(5245,1,1,'Friuli Tipico',10,'2014-02-25 03:48:06'),
	(5246,1,1,'Grande Guerra',1,'2014-02-25 03:48:11'),
	(5247,1,1,'Friuli Tipico',1,'2014-02-25 03:48:16'),
	(5248,1,1,'Friuli Tipico',1,'2014-02-25 03:48:20'),
	(5249,1,1,'Grande Guerra',2,'2014-02-25 03:48:26'),
	(5250,1,1,'Friuli Tipico',1,'2014-02-25 03:48:31'),
	(5251,1,1,'Provincia di Udine',7,'2014-02-25 03:53:46'),
	(5252,1,1,'Provincia di Udine',1,'2014-02-25 03:54:06'),
	(5253,1,1,'Provincia di Udine',1,'2014-02-25 03:54:16'),
	(5254,1,1,'Cividale del Friuli',5,'2014-02-25 03:55:06'),
	(5255,1,1,'Cividale del Friuli',1,'2014-02-25 03:55:11'),
	(5256,1,1,'Cividale del Friuli',1,'2014-02-25 03:55:15'),
	(5257,1,1,'Sacrario di Caporetto',6,'2014-02-25 03:56:01'),
	(5258,1,1,'Provincia di Pordenone',6,'2014-02-25 03:56:10'),
	(5259,1,1,'Sacrario di Redipuglia',6,'2014-02-25 03:56:15'),
	(5260,1,1,'Fagarè della Battaglia',4,'2014-02-25 03:56:33'),
	(5261,1,1,'Vino',6,'2014-02-25 05:38:23'),
	(5262,1,1,'Vino',1,'2014-02-25 05:38:28'),
	(5263,1,1,'Vino',1,'2014-02-25 05:38:33'),
	(5264,1,1,'Vini',6,'2014-02-25 05:38:39'),
	(5265,1,1,'Vini',1,'2014-02-25 05:38:44'),
	(5266,1,1,'Vini',1,'2014-02-25 05:38:48'),
	(5267,1,1,'Udine',10,'2014-02-25 05:38:53'),
	(5268,1,1,'Udine',1,'2014-02-25 05:38:58'),
	(5269,1,1,'Udine',1,'2014-02-25 05:39:03'),
	(5270,1,1,'Ragogna',5,'2014-02-25 05:42:03'),
	(5271,1,1,'Gorizia',6,'2014-02-25 05:43:29'),
	(5272,1,1,'Ragogna',1,'2014-02-25 05:43:34'),
	(5273,1,1,'Gorizia',1,'2014-02-25 05:43:39'),
	(5274,1,1,'Gorizia',1,'2014-02-25 05:43:44'),
	(5275,1,1,'Ragogna',1,'2014-02-25 05:45:14'),
	(5276,1,1,'Udine',6,'2014-02-25 05:50:43'),
	(5277,1,1,'Udine',10,'2014-02-25 05:50:48'),
	(5278,1,1,'Udine',1,'2014-02-25 05:52:18'),
	(5279,1,1,'Udine',1,'2014-02-25 05:52:23'),
	(5280,1,1,'Valvasone',7,'2014-02-25 05:52:29'),
	(5281,1,1,'Valvasone',1,'2014-02-25 05:52:34'),
	(5282,1,1,'Valvasone',1,'2014-02-25 05:52:39'),
	(5283,1,1,'Udine',6,'2014-02-25 05:52:43'),
	(5284,1,1,'Spilimbergo',6,'2014-02-25 05:53:08'),
	(5285,1,1,'Spilimbergo',1,'2014-02-25 05:53:14'),
	(5286,1,1,'Spilimbergo',1,'2014-02-25 05:53:19'),
	(5287,1,1,'Villa Manin',4,'2014-02-25 05:53:54'),
	(5288,1,1,'San Daniele',8,'2014-02-25 05:54:01'),
	(5289,1,1,'San Daniele',1,'2014-02-25 05:54:03'),
	(5290,1,1,'San Daniele',1,'2014-02-25 05:54:08'),
	(5291,1,1,'Vini',6,'2014-02-25 09:04:09'),
	(5292,1,1,'Vini',1,'2014-02-25 09:04:14'),
	(5293,1,1,'Vini',1,'2014-02-25 09:04:21'),
	(5294,1,1,'Vino',6,'2014-02-25 09:04:24'),
	(5295,1,1,'Vino',1,'2014-02-25 09:04:29'),
	(5296,1,1,'Vino',1,'2014-02-25 09:04:33'),
	(5297,1,1,'Udine',10,'2014-02-25 09:04:39'),
	(5298,1,1,'Udine',1,'2014-02-25 09:04:44'),
	(5299,1,1,'Udine',1,'2014-02-25 09:04:48'),
	(5300,1,1,'Gorizia',6,'2014-02-25 09:07:39'),
	(5301,1,1,'Gorizia',1,'2014-02-25 09:07:48'),
	(5302,1,1,'Gorizia',1,'2014-02-25 09:12:09'),
	(5303,1,1,'Ragogna',5,'2014-02-25 09:12:14'),
	(5304,1,1,'Ragogna',1,'2014-02-25 09:12:19'),
	(5305,1,1,'Ragogna',1,'2014-02-25 09:12:23'),
	(5306,1,1,'Valvasone',7,'2014-02-25 09:16:29'),
	(5307,1,1,'Valvasone',1,'2014-02-25 09:16:34'),
	(5308,1,1,'Udine',6,'2014-02-25 09:16:43'),
	(5309,1,1,'Udine',10,'2014-02-25 09:16:49'),
	(5310,1,1,'Udine',1,'2014-02-25 09:16:59'),
	(5311,1,1,'Udine',1,'2014-02-25 09:17:03'),
	(5312,1,1,'Valvasone',1,'2014-02-25 09:17:09'),
	(5313,1,1,'Udine',6,'2014-02-25 09:17:14'),
	(5314,1,1,'Spilimbergo',6,'2014-02-25 09:18:39'),
	(5315,1,1,'Spilimbergo',1,'2014-02-25 09:18:59'),
	(5316,1,1,'Spilimbergo',1,'2014-02-25 09:19:04'),
	(5317,1,1,'San Daniele',8,'2014-02-25 09:19:29'),
	(5318,1,1,'Villa Manin',4,'2014-02-25 09:19:34'),
	(5319,1,1,'Villa Manin',1,'2014-02-25 09:19:49'),
	(5320,1,1,'Villa Manin',1,'2014-02-25 09:19:53'),
	(5321,1,1,'San Daniele',1,'2014-02-25 09:19:59'),
	(5322,1,1,'San Daniele',1,'2014-02-25 09:20:04'),
	(5323,1,1,'Enogastronomia',10,'2014-02-25 09:20:09'),
	(5324,1,1,'Enogastronomia',1,'2014-02-25 09:20:29'),
	(5325,1,1,'Enogastronomia',1,'2014-02-25 09:20:33'),
	(5326,1,1,'Grande Guerra',10,'2014-02-25 09:20:44'),
	(5327,1,1,'Grande Guerra',1,'2014-02-25 09:20:49'),
	(5328,1,1,'Friuli Tipico',10,'2014-02-25 09:23:54'),
	(5329,1,1,'Friuli Tipico',1,'2014-02-25 09:24:04'),
	(5330,1,1,'Friuli Tipico',1,'2014-02-25 09:25:28'),
	(5331,1,1,'Grande Guerra',1,'2014-02-25 09:25:34'),
	(5332,1,1,'Friuli centrale',5,'2014-02-25 09:25:59'),
	(5333,1,1,'Friuli centrale',1,'2014-02-25 09:26:09'),
	(5334,1,1,'Friuli centrale',1,'2014-02-25 09:26:14'),
	(5335,1,1,'Arte e Cultura',6,'2014-02-25 09:26:39'),
	(5336,1,1,'Enogastronomia',10,'2014-02-25 09:26:44'),
	(5337,1,1,'Enogastronomia',10,'2014-02-25 09:26:49'),
	(5338,1,1,'Arte e Cultura',1,'2014-02-25 09:26:54'),
	(5339,1,1,'Enogastronomia',1,'2014-02-25 09:26:59'),
	(5340,1,1,'Enogastronomia',10,'2014-02-25 09:27:03'),
	(5341,1,1,'Arte e Cultura',1,'2014-02-25 09:27:09'),
	(5342,1,1,'Enogastronomia',1,'2014-02-25 09:27:14'),
	(5343,1,1,'Friuli Tipico',1,'2014-02-25 09:27:34'),
	(5344,1,1,'Friuli Tipico',10,'2014-02-25 09:27:39'),
	(5345,1,1,'Friuli Tipico',1,'2014-02-25 09:27:43'),
	(5346,1,1,'Vino',6,'2014-02-25 10:09:59'),
	(5347,1,1,'Vino',1,'2014-02-25 10:10:04'),
	(5348,1,1,'Vino',1,'2014-02-25 10:10:09'),
	(5349,1,1,'Vini',6,'2014-02-25 10:10:15'),
	(5350,1,1,'Vini',1,'2014-02-25 10:10:19'),
	(5351,1,1,'Vini',1,'2014-02-25 10:10:24'),
	(5352,1,1,'Udine',10,'2014-02-25 10:10:30'),
	(5353,1,1,'Udine',1,'2014-02-25 10:10:34'),
	(5354,1,1,'Udine',1,'2014-02-25 10:10:39'),
	(5355,1,1,'Gorizia',6,'2014-02-25 10:17:39'),
	(5356,1,1,'Ragogna',5,'2014-02-25 10:17:45'),
	(5357,1,1,'Gorizia',1,'2014-02-25 10:17:55'),
	(5358,1,1,'Gorizia',1,'2014-02-25 10:18:04'),
	(5359,1,1,'Ragogna',1,'2014-02-25 10:18:09'),
	(5360,1,1,'Ragogna',1,'2014-02-25 10:18:15'),
	(5361,1,1,'Valvasone',7,'2014-02-25 10:22:25'),
	(5362,1,1,'Valvasone',1,'2014-02-25 10:22:30'),
	(5363,1,1,'Udine',6,'2014-02-25 10:22:34'),
	(5364,1,1,'Udine',10,'2014-02-25 10:22:45'),
	(5365,1,1,'Udine',1,'2014-02-25 10:22:46'),
	(5366,1,1,'Udine',1,'2014-02-25 10:22:54'),
	(5367,1,1,'Valvasone',1,'2014-02-25 10:22:59'),
	(5368,1,1,'Udine',6,'2014-02-25 10:23:06'),
	(5369,1,1,'Spilimbergo',6,'2014-02-25 10:24:39'),
	(5370,1,1,'Spilimbergo',1,'2014-02-25 10:24:44'),
	(5371,1,1,'Spilimbergo',1,'2014-02-25 10:24:50'),
	(5372,1,1,'Villa Manin',4,'2014-02-25 10:25:20'),
	(5373,1,1,'Villa Manin',1,'2014-02-25 10:25:30'),
	(5374,1,1,'Villa Manin',1,'2014-02-25 10:25:35'),
	(5375,1,1,'San Daniele',8,'2014-02-25 10:25:39'),
	(5376,1,1,'San Daniele',1,'2014-02-25 10:25:49'),
	(5377,1,1,'San Daniele',1,'2014-02-25 10:25:55'),
	(5378,1,1,'Enogastronomia',10,'2014-02-25 10:26:00'),
	(5379,1,1,'Enogastronomia',1,'2014-02-25 10:26:19'),
	(5380,1,1,'Enogastronomia',1,'2014-02-25 10:26:24'),
	(5381,1,1,'Friuli Tipico',10,'2014-02-25 10:27:50'),
	(5382,1,1,'Friuli Tipico',1,'2014-02-25 10:27:55'),
	(5383,1,1,'Friuli Tipico',1,'2014-02-25 10:31:10'),
	(5384,1,1,'Grande Guerra',10,'2014-02-25 10:31:15'),
	(5385,1,1,'Grande Guerra',1,'2014-02-25 10:31:19'),
	(5386,1,1,'Grande Guerra',1,'2014-02-25 10:31:24'),
	(5387,1,1,'Friuli centrale',5,'2014-02-25 10:31:49'),
	(5388,1,1,'Friuli centrale',1,'2014-02-25 10:32:00'),
	(5389,1,1,'Friuli centrale',1,'2014-02-25 10:32:04'),
	(5390,1,1,'Arte e Cultura',6,'2014-02-25 10:32:19'),
	(5391,1,1,'Arte e Cultura',1,'2014-02-25 10:32:25'),
	(5392,1,1,'Enogastronomia',10,'2014-02-25 10:32:30'),
	(5393,1,1,'Enogastronomia',10,'2014-02-25 10:32:35'),
	(5394,1,1,'Enogastronomia',1,'2014-02-25 10:32:40'),
	(5395,1,1,'Arte e Cultura',1,'2014-02-25 10:32:49'),
	(5396,1,1,'Enogastronomia',1,'2014-02-25 10:32:55'),
	(5397,1,1,'Enogastronomia',10,'2014-02-25 10:33:05'),
	(5398,1,1,'Grande Guerra',2,'2014-02-25 10:33:39'),
	(5399,1,1,'Grande Guerra',10,'2014-02-25 10:33:44'),
	(5400,1,1,'Friuli Tipico',1,'2014-02-25 10:33:50'),
	(5401,1,1,'Friuli Tipico',10,'2014-02-25 10:33:55'),
	(5402,1,1,'Grande Guerra',1,'2014-02-25 10:33:59'),
	(5403,1,1,'Friuli Tipico',1,'2014-02-25 10:34:05'),
	(5404,1,1,'Grande Guerra',1,'2014-02-25 10:34:09'),
	(5405,1,1,'Friuli Tipico',1,'2014-02-25 10:34:14'),
	(5406,1,1,'Grande Guerra',2,'2014-02-25 10:34:19'),
	(5407,1,1,'Friuli Tipico',1,'2014-02-25 10:34:24'),
	(5408,1,1,'Provincia di Udine',7,'2014-02-25 10:39:55'),
	(5409,1,1,'Provincia di Udine',1,'2014-02-25 10:39:59'),
	(5410,1,1,'Provincia di Udine',1,'2014-02-25 10:40:10'),
	(5411,1,1,'Cividale del Friuli',5,'2014-02-25 10:40:34'),
	(5412,1,1,'Cividale del Friuli',1,'2014-02-25 10:40:40'),
	(5413,1,1,'Cividale del Friuli',1,'2014-02-25 10:41:00'),
	(5414,1,1,'Sacrario di Caporetto',6,'2014-02-25 10:41:59'),
	(5415,1,1,'Provincia di Pordenone',6,'2014-02-25 10:42:04'),
	(5416,1,1,'Sacrario di Redipuglia',6,'2014-02-25 10:42:09'),
	(5417,1,1,'Fagarè della Battaglia',4,'2014-02-25 10:42:14'),
	(5418,1,1,'Vino',6,'2014-02-25 11:59:14'),
	(5419,1,1,'Vino',1,'2014-02-25 11:59:19'),
	(5420,1,1,'Vino',1,'2014-02-25 11:59:25'),
	(5421,1,1,'Vini',6,'2014-02-25 11:59:30'),
	(5422,1,1,'Vini',1,'2014-02-25 11:59:34'),
	(5423,1,1,'Vini',1,'2014-02-25 11:59:39'),
	(5424,1,1,'Udine',10,'2014-02-25 11:59:44'),
	(5425,1,1,'Udine',1,'2014-02-25 11:59:50'),
	(5426,1,1,'Udine',1,'2014-02-25 11:59:54'),
	(5427,1,1,'Ragogna',5,'2014-02-25 12:02:44'),
	(5428,1,1,'Ragogna',1,'2014-02-25 12:02:55'),
	(5429,1,1,'Gorizia',6,'2014-02-25 12:05:45'),
	(5430,1,1,'Gorizia',1,'2014-02-25 12:07:10'),
	(5431,1,1,'Gorizia',1,'2014-02-25 12:07:14'),
	(5432,1,1,'Ragogna',1,'2014-02-25 12:07:24'),
	(5433,1,1,'Valvasone',7,'2014-02-25 12:11:34'),
	(5434,1,1,'Valvasone',1,'2014-02-25 12:11:39'),
	(5435,1,1,'Valvasone',1,'2014-02-25 12:13:04'),
	(5436,1,1,'Udine',6,'2014-02-25 12:13:20'),
	(5437,1,1,'Udine',10,'2014-02-25 12:13:24'),
	(5438,1,1,'Udine',1,'2014-02-25 12:13:29'),
	(5439,1,1,'Udine',1,'2014-02-25 12:13:35'),
	(5440,1,1,'Udine',6,'2014-02-25 12:13:40'),
	(5441,1,1,'Spilimbergo',6,'2014-02-25 12:13:45'),
	(5442,1,1,'Spilimbergo',1,'2014-02-25 12:14:04'),
	(5443,1,1,'Spilimbergo',1,'2014-02-25 12:14:09'),
	(5444,1,1,'San Daniele',8,'2014-02-25 12:14:29'),
	(5445,1,1,'Villa Manin',4,'2014-02-25 12:14:35'),
	(5446,1,1,'Villa Manin',1,'2014-02-25 12:14:44'),
	(5447,1,1,'Villa Manin',1,'2014-02-25 12:14:49'),
	(5448,1,1,'San Daniele',1,'2014-02-25 12:14:55'),
	(5449,1,1,'San Daniele',1,'2014-02-25 12:14:59'),
	(5450,1,1,'Enogastronomia',10,'2014-02-25 12:15:14'),
	(5451,1,1,'Enogastronomia',1,'2014-02-25 12:15:34'),
	(5452,1,1,'Enogastronomia',1,'2014-02-25 12:15:39'),
	(5453,1,1,'Grande Guerra',10,'2014-02-25 12:17:14'),
	(5454,1,1,'Grande Guerra',1,'2014-02-25 12:17:29'),
	(5455,1,1,'Vino',6,'2014-02-25 18:54:59'),
	(5456,1,1,'San Daniele',8,'2014-02-26 04:29:21'),
	(5457,1,1,'Spilimbergo',6,'2014-02-26 14:13:06'),
	(5458,1,1,'San Daniele',8,'2014-02-26 16:16:38'),
	(5459,1,1,'Pasolini',4,'2014-02-26 20:28:12'),
	(5460,1,1,'castello',4,'2014-02-26 21:39:13'),
	(5461,1,1,'Castelli',2,'2014-02-26 22:13:22'),
	(5462,1,1,'Codroipo',1,'2014-02-26 22:33:42'),
	(5463,1,1,'Città',1,'2014-02-27 00:20:52'),
	(5464,1,1,'Trieste',4,'2014-02-27 01:24:26'),
	(5465,1,1,'Vini',1,'2014-02-27 05:08:36'),
	(5466,1,1,'Ragogna',5,'2014-02-27 06:27:01'),
	(5467,1,1,'Grande Guerra',10,'2014-02-27 10:52:05'),
	(5468,1,1,'Città',4,'2014-02-27 12:07:43'),
	(5469,1,1,'Ragogna',5,'2014-02-27 13:41:20'),
	(5470,1,1,'Suggestioni letterarie',4,'2014-02-27 16:36:54'),
	(5471,1,1,'Provincia di Pordenone',6,'2014-02-27 21:14:01'),
	(5472,1,1,'cantine',2,'2014-02-28 12:58:50'),
	(5473,1,1,'ipod',1,'2014-03-01 06:36:03'),
	(5474,1,1,'Cividale del Friuli',5,'2014-03-02 01:50:01'),
	(5475,1,1,'Enogastronomia',10,'2014-03-02 02:41:37'),
	(5476,1,1,'Spilimbergo',1,'2014-03-02 03:58:32'),
	(5477,1,1,'Spilimbergo',6,'2014-03-02 07:28:42'),
	(5478,1,1,'Vini',6,'2014-03-02 13:23:19'),
	(5479,1,1,'Sacrario di Caporetto',6,'2014-03-02 22:29:29'),
	(5480,1,1,'Grande Guerra',10,'2014-03-03 07:05:26'),
	(5481,1,1,'Spilimbergo',1,'2014-03-03 13:28:57'),
	(5482,1,1,'Trieste',4,'2014-03-03 16:59:26'),
	(5483,1,1,'Valvasone',7,'2014-03-04 04:34:32'),
	(5484,1,1,'Provincia di Udine',7,'2014-03-05 08:52:40'),
	(5485,1,1,'Suggestioni letterarie',4,'2014-03-06 04:14:52'),
	(5486,1,1,'Gorizia',6,'2014-03-06 11:29:12'),
	(5487,1,1,'superdrive',1,'2014-03-07 07:54:06'),
	(5488,1,1,'Ristorante A',1,'2014-03-07 08:38:14'),
	(5489,1,1,'shuffle',1,'2014-03-07 09:45:02'),
	(5490,1,1,'superdrive',1,'2014-03-07 10:45:37'),
	(5491,1,1,'Città',4,'2014-03-07 16:33:18'),
	(5492,1,1,'Città',4,'2014-03-08 02:45:22'),
	(5493,1,1,'Vino',6,'2014-03-08 12:38:18'),
	(5494,1,1,'Vino',1,'2014-03-08 12:38:27'),
	(5495,1,1,'Vini',6,'2014-03-08 12:38:29'),
	(5496,1,1,'Vini',1,'2014-03-08 12:38:32'),
	(5497,1,1,'Vino',1,'2014-03-08 12:38:38'),
	(5498,1,1,'Vini',1,'2014-03-08 12:38:43'),
	(5499,1,1,'Udine',10,'2014-03-08 12:38:47'),
	(5500,1,1,'Udine',1,'2014-03-08 12:38:53'),
	(5501,1,1,'Udine',1,'2014-03-08 12:38:58'),
	(5502,1,1,'Città',4,'2014-03-08 12:40:22'),
	(5503,1,1,'Città',1,'2014-03-08 12:40:27'),
	(5504,1,1,'Città',1,'2014-03-08 12:40:33'),
	(5505,1,1,'Ragogna',5,'2014-03-08 12:43:18'),
	(5506,1,1,'Ragogna',1,'2014-03-08 12:43:38'),
	(5507,1,1,'Gorizia',6,'2014-03-08 12:45:07'),
	(5508,1,1,'Gorizia',1,'2014-03-08 12:45:12'),
	(5509,1,1,'Ragogna',1,'2014-03-08 12:45:18'),
	(5510,1,1,'Gorizia',1,'2014-03-08 12:45:23'),
	(5511,1,1,'Udine',6,'2014-03-08 12:51:03'),
	(5512,1,1,'Udine',10,'2014-03-08 12:51:08'),
	(5513,1,1,'Udine',1,'2014-03-08 12:51:13'),
	(5514,1,1,'Pordenone',10,'2014-03-08 12:51:17'),
	(5515,1,1,'Pordenone',1,'2014-03-08 12:51:22'),
	(5516,1,1,'Valvasone',7,'2014-03-08 12:52:48'),
	(5517,1,1,'Pordenone',1,'2014-03-08 12:52:53'),
	(5518,1,1,'Udine',6,'2014-03-08 12:52:58'),
	(5519,1,1,'Valvasone',1,'2014-03-08 12:53:03'),
	(5520,1,1,'Valvasone',1,'2014-03-08 12:53:12'),
	(5521,1,1,'Udine',1,'2014-03-08 12:53:14'),
	(5522,1,1,'Spilimbergo',6,'2014-03-08 12:53:29'),
	(5523,1,1,'Spilimbergo',1,'2014-03-08 12:53:38'),
	(5524,1,1,'Spilimbergo',1,'2014-03-08 12:53:43'),
	(5525,1,1,'San Daniele',8,'2014-03-08 12:54:18'),
	(5526,1,1,'San Daniele',1,'2014-03-08 12:54:23'),
	(5527,1,1,'San Daniele',1,'2014-03-08 12:54:28'),
	(5528,1,1,'Enogastronomia',10,'2014-03-08 12:54:38'),
	(5529,1,1,'Enogastronomia',1,'2014-03-08 12:54:48'),
	(5530,1,1,'Enogastronomia',1,'2014-03-08 12:54:52'),
	(5531,1,1,'Grande Guerra',10,'2014-03-08 12:56:23'),
	(5532,1,1,'Grande Guerra',1,'2014-03-08 12:56:32'),
	(5533,1,1,'Friuli Tipico',10,'2014-03-08 12:59:28'),
	(5534,1,1,'Friuli Tipico',1,'2014-03-08 12:59:33'),
	(5535,1,1,'Friuli Tipico',1,'2014-03-08 12:59:43'),
	(5536,1,1,'Grande Guerra',1,'2014-03-08 12:59:57'),
	(5537,1,1,'Friuli centrale',5,'2014-03-08 13:00:33'),
	(5538,1,1,'Friuli centrale',1,'2014-03-08 13:00:38'),
	(5539,1,1,'Friuli centrale',1,'2014-03-08 13:00:43'),
	(5540,1,1,'Arte e Cultura',6,'2014-03-08 13:00:48'),
	(5541,1,1,'Arte e Cultura',1,'2014-03-08 13:00:52'),
	(5542,1,1,'Enogastronomia',10,'2014-03-08 13:00:58'),
	(5543,1,1,'Enogastronomia',10,'2014-03-08 13:01:03'),
	(5544,1,1,'Arte e Cultura',1,'2014-03-08 13:01:08'),
	(5545,1,1,'Enogastronomia',1,'2014-03-08 13:01:13'),
	(5546,1,1,'Enogastronomia',1,'2014-03-08 13:01:28'),
	(5547,1,1,'Enogastronomia',10,'2014-03-08 13:01:32'),
	(5548,1,1,'Grande Guerra',2,'2014-03-08 13:01:48'),
	(5549,1,1,'Grande Guerra',10,'2014-03-08 13:01:53'),
	(5550,1,1,'Grande Guerra',1,'2014-03-08 13:02:03'),
	(5551,1,1,'Grande Guerra',2,'2014-03-08 13:02:13'),
	(5552,1,1,'Friuli Tipico',1,'2014-03-08 13:02:18'),
	(5553,1,1,'Friuli Tipico',10,'2014-03-08 13:02:23'),
	(5554,1,1,'Friuli Tipico',1,'2014-03-08 13:02:28'),
	(5555,1,1,'Friuli Tipico',1,'2014-03-08 13:02:37'),
	(5556,1,1,'Grande Guerra',1,'2014-03-08 13:02:43'),
	(5557,1,1,'Friuli Tipico',1,'2014-03-08 13:02:52'),
	(5558,1,1,'Provincia di Udine',7,'2014-03-08 13:08:27'),
	(5559,1,1,'Provincia di Udine',1,'2014-03-08 13:08:38'),
	(5560,1,1,'Provincia di Udine',1,'2014-03-08 13:08:42'),
	(5561,1,1,'Cividale del Friuli',5,'2014-03-08 13:08:53'),
	(5562,1,1,'Cividale del Friuli',1,'2014-03-08 13:09:13'),
	(5563,1,1,'Sacrario di Caporetto',6,'2014-03-08 13:10:23'),
	(5564,1,1,'Provincia di Pordenone',6,'2014-03-08 13:10:32'),
	(5565,1,1,'Sacrario di Redipuglia',6,'2014-03-08 13:10:38'),
	(5566,1,1,'Valvasone',7,'2014-03-08 15:52:37'),
	(5567,1,1,'nano',1,'2014-03-09 00:50:31'),
	(5568,1,1,'Pordenone',1,'2014-03-09 03:10:44'),
	(5569,1,1,'Suggestioni letterarie',1,'2014-03-09 05:44:01'),
	(5570,1,1,'Provincia di Trieste',1,'2014-03-10 00:56:59'),
	(5571,1,1,'Udine',10,'2014-03-10 05:14:33'),
	(5572,1,1,'Fagarè della Battaglia',4,'2014-03-10 07:25:05'),
	(5573,1,1,'Suche',0,'2014-03-10 10:25:31'),
	(5574,1,1,'Pordenone',10,'2014-03-10 13:01:40'),
	(5575,1,1,'prosciutto',1,'2014-03-10 14:13:49'),
	(5576,1,1,'Friuli Tipico',10,'2014-03-11 05:03:17'),
	(5577,1,1,'Sacrario di Redipuglia',6,'2014-03-11 05:03:18'),
	(5578,1,1,'Vini',6,'2014-03-11 05:03:20'),
	(5579,1,1,'Grande Guerra',10,'2014-03-11 05:03:21'),
	(5580,1,1,'Cividale del Friuli',5,'2014-03-11 05:03:22'),
	(5581,1,1,'Fagarè della Battaglia',4,'2014-03-11 05:03:23'),
	(5582,1,1,'Friuli centrale',5,'2014-03-11 05:03:25'),
	(5583,1,1,'Valvasone',7,'2014-03-11 05:03:26'),
	(5584,1,1,'Ragogna',5,'2014-03-11 05:03:27'),
	(5585,1,1,'San Daniele',8,'2014-03-11 05:03:28'),
	(5586,1,1,'Spilimbergo',6,'2014-03-11 05:03:29'),
	(5587,1,1,'Provincia di Udine',7,'2014-03-11 05:03:30'),
	(5588,1,1,'Provincia di Pordenone',6,'2014-03-11 05:03:32'),
	(5589,1,1,'Arte e Cultura',6,'2014-03-11 05:03:33'),
	(5590,1,1,'Sacrario di Caporetto',6,'2014-03-11 05:03:34'),
	(5591,1,1,'Udine',10,'2014-03-11 05:03:36'),
	(5592,1,1,'Enogastronomia',10,'2014-03-11 05:03:37'),
	(5593,1,1,'Gorizia',6,'2014-03-11 05:03:40'),
	(5594,1,1,'Villa Manin',4,'2014-03-11 05:03:41'),
	(5595,1,1,'Vino',6,'2014-03-11 05:03:43'),
	(5596,1,1,'Enogastronomia',1,'2014-03-11 05:06:18'),
	(5597,1,1,'San Daniele',1,'2014-03-11 05:06:20'),
	(5598,1,1,'Spilimbergo',1,'2014-03-11 05:06:21'),
	(5599,1,1,'Fagarè della Battaglia',1,'2014-03-11 05:06:24'),
	(5600,1,1,'Provincia di Udine',1,'2014-03-11 05:06:24'),
	(5601,1,1,'Friuli Tipico',1,'2014-03-11 05:06:25'),
	(5602,1,1,'Gorizia',1,'2014-03-11 05:06:26'),
	(5603,1,1,'Valvasone',1,'2014-03-11 05:06:27'),
	(5604,1,1,'San Daniele',1,'2014-03-11 05:06:28'),
	(5605,1,1,'Udine',1,'2014-03-11 05:06:30'),
	(5606,1,1,'Grande Guerra',2,'2014-03-11 05:06:31'),
	(5607,1,1,'Udine',6,'2014-03-11 05:06:33'),
	(5608,1,1,'Provincia di Pordenone',1,'2014-03-11 05:06:35'),
	(5609,1,1,'Valvasone',1,'2014-03-11 05:06:37'),
	(5610,1,1,'Arte e Cultura',1,'2014-03-11 05:06:38'),
	(5611,1,1,'Friuli Tipico',1,'2014-03-11 05:06:45'),
	(5612,1,1,'Villa Manin',1,'2014-03-11 05:06:48'),
	(5613,1,1,'Grande Guerra',1,'2014-03-11 05:06:51'),
	(5614,1,1,'Sacrario di Caporetto',1,'2014-03-11 05:06:59'),
	(5615,1,1,'Friuli centrale',1,'2014-03-11 05:07:00'),
	(5616,1,1,'Fagarè della Battaglia',1,'2014-03-11 05:07:02'),
	(5617,1,1,'Provincia di Pordenone',1,'2014-03-11 05:07:03'),
	(5618,1,1,'Vino',1,'2014-03-11 05:07:05'),
	(5619,1,1,'Ragogna',1,'2014-03-11 05:07:08'),
	(5620,1,1,'Grande Guerra',1,'2014-03-11 05:07:11'),
	(5621,1,1,'Enogastronomia',1,'2014-03-11 05:07:13'),
	(5622,1,1,'Gorizia',1,'2014-03-11 05:07:16'),
	(5623,1,1,'Udine',1,'2014-03-11 05:07:17'),
	(5624,1,1,'Villa Manin',1,'2014-03-11 05:07:19'),
	(5625,1,1,'Friuli centrale',1,'2014-03-11 05:07:20'),
	(5626,1,1,'Enogastronomia',10,'2014-03-11 05:07:21'),
	(5627,1,1,'Arte e Cultura',1,'2014-03-11 05:07:22'),
	(5628,1,1,'Sacrario di Redipuglia',1,'2014-03-11 05:07:27'),
	(5629,1,1,'Provincia di Udine',1,'2014-03-11 05:07:28'),
	(5630,1,1,'Sacrario di Caporetto',1,'2014-03-11 05:07:30'),
	(5631,1,1,'Friuli Tipico',1,'2014-03-11 05:07:34'),
	(5632,1,1,'Cividale del Friuli',1,'2014-03-11 05:07:35'),
	(5633,1,1,'Vini',1,'2014-03-11 05:07:36'),
	(5634,1,1,'Vini',1,'2014-03-11 05:07:39'),
	(5635,1,1,'Vino',1,'2014-03-11 05:07:40'),
	(5636,1,1,'Sacrario di Redipuglia',1,'2014-03-11 05:07:40'),
	(5637,1,1,'Cividale del Friuli',1,'2014-03-11 05:07:41'),
	(5638,1,1,'Ragogna',1,'2014-03-11 05:07:44'),
	(5639,1,1,'Spilimbergo',1,'2014-03-11 05:07:46'),
	(5640,1,1,'Grande Guerra',1,'2014-03-11 05:11:13'),
	(5641,1,1,'Friuli Tipico',10,'2014-03-11 05:11:17'),
	(5642,1,1,'Friuli Tipico',1,'2014-03-11 05:11:25'),
	(5643,1,1,'Udine',10,'2014-03-11 05:11:32'),
	(5644,1,1,'Enogastronomia',10,'2014-03-11 05:11:46'),
	(5645,1,1,'Grande Guerra',1,'2014-03-11 05:11:50'),
	(5646,1,1,'Udine',1,'2014-03-11 05:11:53'),
	(5647,1,1,'Grande Guerra',10,'2014-03-11 05:12:10'),
	(5648,1,1,'Enogastronomia',1,'2014-03-11 05:12:15'),
	(5649,1,1,'Friuli Tipico',1,'2014-03-11 05:12:31'),
	(5650,1,1,'Enogastronomia',1,'2014-03-11 05:12:34'),
	(5651,1,1,'Udine',1,'2014-03-11 05:12:48'),
	(5652,1,1,'Udine',6,'2014-03-11 05:16:19'),
	(5653,1,1,'Grande Guerra',2,'2014-03-11 05:16:25'),
	(5654,1,1,'Friuli Tipico',1,'2014-03-11 05:16:40'),
	(5655,1,1,'Enogastronomia',10,'2014-03-11 05:16:42'),
	(5656,1,1,'Arte e Cultura',6,'2014-03-11 11:55:50'),
	(5657,1,1,'Enogastronomia',10,'2014-03-11 15:09:04'),
	(5658,1,1,'Sacrario di Redipuglia',6,'2014-03-13 10:49:29'),
	(5659,1,1,'Spilimbergo',6,'2014-03-13 11:30:57'),
	(5660,1,1,'Friuli Tipico',10,'2014-03-13 11:41:42'),
	(5661,1,1,'Friuli Tipico',10,'2014-03-14 00:06:08'),
	(5662,1,1,'Vino',6,'2014-03-14 15:18:29'),
	(5663,1,1,'Provincia di Udine',7,'2014-03-14 20:19:31'),
	(5664,1,1,'Friuli centrale',5,'2014-03-15 08:22:27'),
	(5665,1,1,'Friuli Tipico',10,'2014-03-15 10:20:37'),
	(5666,1,1,'Friuli Tipico',10,'2014-03-15 12:24:05'),
	(5667,1,1,'Grande Guerra',10,'2014-03-15 13:21:41'),
	(5668,1,1,'Sacrario di Caporetto',6,'2014-03-16 00:58:07'),
	(5669,1,1,'Ragogna',5,'2014-03-16 02:00:34'),
	(5670,1,1,'Vini',1,'2014-03-16 07:02:08'),
	(5671,1,1,'Sacrario di Caporetto',1,'2014-03-16 07:55:51'),
	(5672,1,1,'Sacrario di Redipuglia',1,'2014-03-16 09:58:26'),
	(5673,1,1,'Udine',1,'2014-03-16 10:53:20'),
	(5674,1,1,'Provincia di Udine',7,'2014-03-17 07:15:44'),
	(5675,1,1,'Vino',6,'2014-03-17 08:23:51'),
	(5676,1,1,'Vini',6,'2014-03-17 08:23:53'),
	(5677,1,1,'Udine',10,'2014-03-17 08:23:54'),
	(5678,1,1,'Ragogna',5,'2014-03-17 08:23:56'),
	(5679,1,1,'Gorizia',6,'2014-03-17 08:23:59'),
	(5680,1,1,'Valvasone',7,'2014-03-17 08:24:00'),
	(5681,1,1,'Pordenone',10,'2014-03-17 08:24:01'),
	(5682,1,1,'Città',4,'2014-03-17 08:24:03'),
	(5683,1,1,'San Daniele',8,'2014-03-17 08:24:04'),
	(5684,1,1,'Spilimbergo',6,'2014-03-17 08:24:05'),
	(5685,1,1,'Friuli Tipico',10,'2014-03-17 08:24:06'),
	(5686,1,1,'Grande Guerra',10,'2014-03-17 08:24:08'),
	(5687,1,1,'Enogastronomia',10,'2014-03-17 08:24:09'),
	(5688,1,1,'Arte e Cultura',6,'2014-03-17 08:24:11'),
	(5689,1,1,'Friuli centrale',5,'2014-03-17 08:24:12'),
	(5690,1,1,'Provincia di Udine',7,'2014-03-17 08:24:14'),
	(5691,1,1,'Cividale del Friuli',5,'2014-03-17 08:24:16'),
	(5692,1,1,'Sacrario di Caporetto',6,'2014-03-17 08:24:18'),
	(5693,1,1,'Provincia di Pordenone',6,'2014-03-17 08:24:20'),
	(5694,1,1,'Sacrario di Redipuglia',6,'2014-03-17 08:24:21'),
	(5695,1,1,'San Daniele',8,'2014-03-18 02:47:40'),
	(5696,1,1,'Cividale del Friuli',5,'2014-03-18 20:09:24'),
	(5697,1,1,'Provincia di Pordenone',6,'2014-03-19 07:35:20'),
	(5698,1,1,'Spilimbergo',6,'2014-03-19 08:12:07'),
	(5699,1,1,'Spilimbergo',6,'2014-03-19 08:47:06'),
	(5700,1,1,'Vini',6,'2014-03-19 10:26:10'),
	(5701,1,1,'Sacrario di Caporetto',6,'2014-03-20 05:04:58'),
	(5702,1,1,'Grande Guerra',10,'2014-03-20 08:34:40'),
	(5703,1,1,'Trieste',4,'2014-03-20 12:48:09'),
	(5704,1,1,'Provincia di Udine',7,'2014-03-22 03:38:51'),
	(5705,1,1,'Pordenone',10,'2014-03-22 13:30:18'),
	(5706,1,1,'Suggestioni letterarie',4,'2014-03-22 18:09:40'),
	(5707,1,1,'Arte e Cultura',6,'2014-03-22 19:59:58'),
	(5708,1,1,'Sacrario di Redipuglia',6,'2014-03-23 09:50:31'),
	(5709,1,1,'Provincia di Pordenone',6,'2014-03-23 12:24:16'),
	(5710,1,1,'Città',4,'2014-03-23 14:25:50'),
	(5711,1,1,'Città',4,'2014-03-24 02:26:39'),
	(5712,1,1,'Friuli centrale',5,'2014-03-25 06:57:16'),
	(5713,1,1,'Valvasone',7,'2014-03-25 07:30:03'),
	(5714,1,1,'Pordenone',10,'2014-03-25 12:39:33'),
	(5715,1,1,'Vini',6,'2014-03-25 16:24:40'),
	(5716,1,1,'Vini',1,'2014-03-25 16:24:43'),
	(5717,1,1,'Vini',1,'2014-03-25 16:24:47'),
	(5718,1,1,'Vino',6,'2014-03-25 16:24:50'),
	(5719,1,1,'Vino',1,'2014-03-25 16:24:52'),
	(5720,1,1,'Vino',1,'2014-03-25 16:24:54'),
	(5721,1,1,'Udine',10,'2014-03-25 16:24:57'),
	(5722,1,1,'Udine',1,'2014-03-25 16:24:58'),
	(5723,1,1,'Udine',1,'2014-03-25 16:25:01'),
	(5724,1,1,'Ragogna',5,'2014-03-25 16:31:26'),
	(5725,1,1,'Gorizia',6,'2014-03-25 16:31:31'),
	(5726,1,1,'Gorizia',1,'2014-03-25 16:31:41'),
	(5727,1,1,'Ragogna',1,'2014-03-25 16:33:07'),
	(5728,1,1,'Gorizia',1,'2014-03-25 16:33:11'),
	(5729,1,1,'Ragogna',1,'2014-03-25 16:33:16'),
	(5730,1,1,'Valvasone',7,'2014-03-25 16:38:57'),
	(5731,1,1,'Valvasone',1,'2014-03-25 16:39:01'),
	(5732,1,1,'Udine',6,'2014-03-25 16:39:07'),
	(5733,1,1,'Udine',10,'2014-03-25 16:39:12'),
	(5734,1,1,'Udine',1,'2014-03-25 16:39:16'),
	(5735,1,1,'Valvasone',1,'2014-03-25 16:39:21'),
	(5736,1,1,'Udine',1,'2014-03-25 16:39:26'),
	(5737,1,1,'Udine',6,'2014-03-25 16:39:57'),
	(5738,1,1,'Spilimbergo',6,'2014-03-25 16:40:09'),
	(5739,1,1,'Spilimbergo',1,'2014-03-25 16:40:12'),
	(5740,1,1,'Spilimbergo',1,'2014-03-25 16:40:22'),
	(5741,1,1,'San Daniele',8,'2014-03-25 16:40:47'),
	(5742,1,1,'San Daniele',1,'2014-03-25 16:40:51'),
	(5743,1,1,'San Daniele',1,'2014-03-25 16:40:56'),
	(5744,1,1,'Enogastronomia',10,'2014-03-25 16:41:22'),
	(5745,1,1,'Enogastronomia',1,'2014-03-25 16:41:31'),
	(5746,1,1,'Enogastronomia',1,'2014-03-25 16:41:37'),
	(5747,1,1,'Grande Guerra',10,'2014-03-25 16:42:13'),
	(5748,1,1,'Friuli Tipico',10,'2014-03-25 16:43:42'),
	(5749,1,1,'Friuli Tipico',1,'2014-03-25 16:43:43'),
	(5750,1,1,'Grande Guerra',1,'2014-03-25 16:43:44'),
	(5751,1,1,'Friuli Tipico',1,'2014-03-25 16:44:56'),
	(5752,1,1,'Grande Guerra',1,'2014-03-25 16:45:11'),
	(5753,1,1,'Friuli centrale',5,'2014-03-25 16:46:36'),
	(5754,1,1,'Arte e Cultura',6,'2014-03-25 16:47:07'),
	(5755,1,1,'Enogastronomia',10,'2014-03-25 16:47:11'),
	(5756,1,1,'Grande Guerra',2,'2014-03-25 16:47:47'),
	(5757,1,1,'Friuli Tipico',1,'2014-03-25 16:47:57'),
	(5758,1,1,'Provincia di Udine',7,'2014-03-25 16:49:41'),
	(5759,1,1,'Cividale del Friuli',5,'2014-03-25 16:51:04'),
	(5760,1,1,'Suggestioni letterarie',4,'2014-03-25 16:51:21'),
	(5761,1,1,'Sacrario di Caporetto',6,'2014-03-25 16:52:01'),
	(5762,1,1,'Provincia di Pordenone',6,'2014-03-25 16:52:06'),
	(5763,1,1,'Sacrario di Redipuglia',6,'2014-03-25 16:52:11'),
	(5764,1,1,'Fagarè della Battaglia',4,'2014-03-25 16:52:31'),
	(5765,1,1,'Valvasone',7,'2014-03-25 18:19:52'),
	(5766,1,1,'Gorizia',6,'2014-03-26 12:03:25'),
	(5767,1,1,'Udine',10,'2014-03-26 15:42:17'),
	(5768,1,1,'Fagarè della Battaglia',4,'2014-03-26 17:36:00'),
	(5769,1,1,'Pordenone',10,'2014-03-26 23:15:28'),
	(5770,1,1,'Villa Manin',4,'2014-03-27 07:15:43'),
	(5771,1,1,'Udine',6,'2014-03-27 10:12:48'),
	(5772,1,1,'Udine',1,'2014-03-27 10:13:48'),
	(5773,1,1,'Ragogna',5,'2014-03-28 03:02:09'),
	(5774,1,1,'Friuli centrale',5,'2014-03-28 03:02:11'),
	(5775,1,1,'San Daniele',8,'2014-03-28 03:02:12'),
	(5776,1,1,'Fagarè della Battaglia',4,'2014-03-28 03:02:14'),
	(5777,1,1,'Suggestioni letterarie',4,'2014-03-28 03:02:15'),
	(5778,1,1,'Enogastronomia',10,'2014-03-28 04:24:28'),
	(5779,1,1,'Arte e Cultura',6,'2014-03-28 06:30:54'),
	(5780,1,1,'Provincia di Pordenone',6,'2014-03-28 11:58:12'),
	(5781,1,1,'abbazia',1,'2014-03-28 15:31:35'),
	(5782,1,1,'Castelli',1,'2014-03-28 16:56:25'),
	(5783,1,1,'castello',1,'2014-03-28 17:26:05'),
	(5784,1,1,'Grande Guerra',1,'2014-03-28 21:49:01'),
	(5785,1,1,'Ristorante A',1,'2014-03-29 18:22:07'),
	(5786,1,1,'Provincia di Udine',7,'2014-03-29 21:38:35'),
	(5787,1,1,'shuffle',1,'2014-03-29 23:07:28'),
	(5788,1,1,'Pordenone',10,'2014-03-30 12:50:21'),
	(5789,1,1,'Friuli centrale',5,'2014-03-31 04:02:44'),
	(5790,1,1,'Gorizia',6,'2014-03-31 12:28:39'),
	(5791,1,1,'Friuli Tipico',1,'2014-03-31 14:26:26'),
	(5792,1,1,'Udine',10,'2014-03-31 14:29:54'),
	(5793,1,1,'Vino',6,'2014-03-31 14:54:20'),
	(5794,1,1,'Villa Manin',1,'2014-03-31 15:08:01'),
	(5795,1,1,'Sacrario di Caporetto',6,'2014-03-31 15:19:39'),
	(5796,1,1,'Udine',6,'2014-03-31 15:37:34'),
	(5797,1,1,'Udine',1,'2014-03-31 15:38:10'),
	(5798,1,1,'Udine',1,'2014-03-31 15:38:30'),
	(5799,1,1,'Udine',1,'2014-03-31 15:47:36'),
	(5800,1,1,'Vini',1,'2014-03-31 15:47:47'),
	(5801,1,1,'Sacrario di Redipuglia',1,'2014-03-31 15:48:40'),
	(5802,1,1,'Spilimbergo',6,'2014-03-31 20:01:24'),
	(5803,1,1,'Sacrario di Redipuglia',1,'2014-03-31 20:02:31'),
	(5804,1,1,'Pordenone',1,'2014-03-31 20:10:42'),
	(5805,1,1,'Sacrario di Redipuglia',6,'2014-03-31 20:21:44'),
	(5806,1,1,'Fagarè della Battaglia',1,'2014-03-31 20:31:03'),
	(5807,1,1,'San Daniele',8,'2014-03-31 20:38:59'),
	(5808,1,1,'Valvasone',7,'2014-03-31 20:39:26'),
	(5809,1,1,'San Daniele',8,'2014-03-31 21:49:25'),
	(5810,1,1,'Cividale del Friuli',5,'2014-03-31 22:14:28'),
	(5811,1,1,'Cividale del Friuli',5,'2014-03-31 23:05:37'),
	(5812,1,1,'Udine',10,'2014-03-31 23:09:40'),
	(5813,1,1,'Ragogna',5,'2014-03-31 23:13:36'),
	(5814,1,1,'Friuli Tipico',10,'2014-04-01 01:48:18'),
	(5815,1,1,'Vino',6,'2014-04-01 01:50:45'),
	(5816,1,1,'Friuli Tipico',10,'2014-04-01 02:47:35'),
	(5817,1,1,'Friuli Tipico',1,'2014-04-01 02:56:30'),
	(5818,1,1,'Friuli Tipico',1,'2014-04-01 03:14:24'),
	(5819,1,1,'Friuli centrale',5,'2014-04-01 03:37:24'),
	(5820,1,1,'Sacrario di Caporetto',1,'2014-04-01 03:48:14'),
	(5821,1,1,'Sacrario di Caporetto',1,'2014-04-01 05:44:20'),
	(5822,1,1,'Suggestioni letterarie',1,'2014-04-01 06:12:10'),
	(5823,1,1,'Grande Guerra',10,'2014-04-01 06:36:20'),
	(5824,1,1,'Spilimbergo',6,'2014-04-01 06:37:38'),
	(5825,1,1,'Friuli centrale',1,'2014-04-01 07:42:00'),
	(5826,1,1,'Udine',6,'2014-04-01 08:27:57'),
	(5827,1,1,'Friuli centrale',1,'2014-04-01 11:08:54'),
	(5828,1,1,'Vini',1,'2014-04-01 20:55:54'),
	(5829,1,1,'Vino',6,'2014-04-01 22:18:41'),
	(5830,1,1,'Suggestioni letterarie',4,'2014-04-02 00:26:45'),
	(5831,1,1,'Gorizia',1,'2014-04-02 00:36:38'),
	(5832,1,1,'Arte e Cultura',1,'2014-04-02 00:52:35'),
	(5833,1,1,'Grande Guerra',1,'2014-04-02 01:53:07'),
	(5834,1,1,'Gorizia',1,'2014-04-02 02:08:08'),
	(5835,1,1,'Ragogna',5,'2014-04-02 02:34:45'),
	(5836,1,1,'Ragogna',5,'2014-04-02 02:53:56'),
	(5837,1,1,'Ragogna',5,'2014-04-02 03:30:56'),
	(5838,1,1,'Friuli Tipico',1,'2014-04-02 07:45:07'),
	(5839,1,1,'Gorizia',6,'2014-04-02 07:54:37'),
	(5840,1,1,'Sacrario di Caporetto',1,'2014-04-02 07:58:56'),
	(5841,1,1,'Spilimbergo',6,'2014-04-02 08:23:01'),
	(5842,1,1,'Villa Manin',1,'2014-04-02 08:23:36'),
	(5843,1,1,'Sacrario di Redipuglia',1,'2014-04-02 08:24:16'),
	(5844,1,1,'Friuli Tipico',10,'2014-04-02 08:24:34'),
	(5845,1,1,'Sacrario di Caporetto',1,'2014-04-02 08:24:37'),
	(5846,1,1,'Sacrario di Caporetto',6,'2014-04-02 08:24:42'),
	(5847,1,1,'Pordenone',1,'2014-04-02 08:24:46'),
	(5848,1,1,'Suggestioni letterarie',1,'2014-04-02 08:24:50'),
	(5849,1,1,'Friuli Tipico',1,'2014-04-02 08:25:01'),
	(5850,1,1,'San Daniele',8,'2014-04-02 08:25:36'),
	(5851,1,1,'Udine',10,'2014-04-02 08:25:54'),
	(5852,1,1,'Friuli Tipico',1,'2014-04-02 08:33:18'),
	(5853,1,1,'Fagarè della Battaglia',1,'2014-04-02 08:38:40'),
	(5854,1,1,'Valvasone',7,'2014-04-02 09:17:24'),
	(5855,1,1,'Friuli centrale',1,'2014-04-02 10:54:32'),
	(5856,1,1,'Udine',6,'2014-04-02 11:43:56'),
	(5857,1,1,'Udine',1,'2014-04-02 14:14:50'),
	(5858,1,1,'Udine',1,'2014-04-02 14:27:32'),
	(5859,1,1,'Cividale del Friuli',5,'2014-04-02 14:27:49'),
	(5860,1,1,'Udine',1,'2014-04-02 14:28:02'),
	(5861,1,1,'Udine',6,'2014-04-02 14:28:09'),
	(5862,1,1,'Friuli centrale',1,'2014-04-02 15:37:14'),
	(5863,1,1,'Udine',10,'2014-04-02 16:06:15'),
	(5864,1,1,'Sacrario di Redipuglia',1,'2014-04-02 16:06:30'),
	(5865,1,1,'Pordenone',1,'2014-04-02 16:06:57'),
	(5866,1,1,'Vino',6,'2014-04-02 23:12:54'),
	(5867,1,1,'Ragogna',5,'2014-04-03 05:16:30'),
	(5868,1,1,'Città',4,'2014-04-03 13:39:40'),
	(5869,1,1,'Ristorante A',1,'2014-04-03 17:32:32'),
	(5870,1,1,'San Daniele',8,'2014-04-03 17:35:09'),
	(5871,1,1,'shuffle',1,'2014-04-03 19:09:46'),
	(5872,1,1,'Cividale del Friuli',5,'2014-04-04 00:52:11'),
	(5873,1,1,'Cividale del Friuli',5,'2014-04-04 13:08:53'),
	(5874,1,1,'Ragogna',5,'2014-04-04 16:45:16'),
	(5875,1,1,'Udine',10,'2014-04-05 01:21:38'),
	(5876,1,1,'Pordenone',1,'2014-04-05 01:32:04'),
	(5877,1,1,'Vini',6,'2014-04-05 04:31:03'),
	(5878,1,1,'Vini',6,'2014-04-05 12:01:49'),
	(5879,1,1,'Spilimbergo',6,'2014-04-05 14:03:04'),
	(5880,1,1,'Provincia di Pordenone',6,'2014-04-05 20:39:52'),
	(5881,1,1,'Sacrario di Caporetto',6,'2014-04-05 22:12:20'),
	(5882,1,1,'Ristorante A',1,'2014-04-06 03:03:00'),
	(5883,1,1,'shuffle',1,'2014-04-06 05:51:01'),
	(5884,1,1,'Udine',6,'2014-04-06 07:59:11'),
	(5885,1,1,'Grande Guerra',10,'2014-04-06 08:40:11'),
	(5886,1,1,'superdrive',1,'2014-04-06 10:32:31'),
	(5887,1,1,'Trieste',4,'2014-04-06 11:09:46'),
	(5888,1,1,'Città',4,'2014-04-06 13:35:56'),
	(5889,1,1,'Arte e Cultura',6,'2014-04-06 14:55:07'),
	(5890,1,1,'Gorizia',6,'2014-04-06 21:33:04'),
	(5891,1,1,'Villa Manin',1,'2014-04-07 07:11:44'),
	(5892,1,1,'Friuli Tipico',1,'2014-04-07 10:00:43'),
	(5893,1,1,'Valvasone',7,'2014-04-07 14:27:16'),
	(5894,1,1,'Friuli Tipico',10,'2014-04-08 03:39:38'),
	(5895,1,1,'Vino',6,'2014-04-08 03:39:39'),
	(5896,1,1,'Sacrario di Caporetto',6,'2014-04-08 03:39:40'),
	(5897,1,1,'Grande Guerra',10,'2014-04-08 03:39:41'),
	(5898,1,1,'San Daniele',8,'2014-04-08 03:39:42'),
	(5899,1,1,'Villa Manin',4,'2014-04-08 03:39:43'),
	(5900,1,1,'Ragogna',5,'2014-04-08 03:39:44'),
	(5901,1,1,'Provincia di Udine',7,'2014-04-08 03:39:45'),
	(5902,1,1,'Cividale del Friuli',5,'2014-04-08 03:39:46'),
	(5903,1,1,'Friuli centrale',5,'2014-04-08 03:39:47'),
	(5904,1,1,'Sacrario di Redipuglia',6,'2014-04-08 03:39:48'),
	(5905,1,1,'Valvasone',7,'2014-04-08 03:39:49'),
	(5906,1,1,'Gorizia',6,'2014-04-08 03:39:50'),
	(5907,1,1,'Spilimbergo',6,'2014-04-08 03:39:51'),
	(5908,1,1,'Provincia di Pordenone',6,'2014-04-08 03:39:52'),
	(5909,1,1,'Udine',10,'2014-04-08 03:39:53'),
	(5910,1,1,'Enogastronomia',10,'2014-04-08 03:39:54'),
	(5911,1,1,'Arte e Cultura',6,'2014-04-08 03:39:57'),
	(5912,1,1,'Città',4,'2014-04-08 03:39:58'),
	(5913,1,1,'Vini',6,'2014-04-08 03:39:59'),
	(5914,1,1,'Enogastronomia',1,'2014-04-08 03:42:01'),
	(5915,1,1,'Sacrario di Redipuglia',1,'2014-04-08 03:42:03'),
	(5916,1,1,'Valvasone',1,'2014-04-08 03:42:03'),
	(5917,1,1,'Villa Manin',1,'2014-04-08 03:42:06'),
	(5918,1,1,'Friuli Tipico',1,'2014-04-08 03:42:07'),
	(5919,1,1,'Provincia di Udine',1,'2014-04-08 03:42:09'),
	(5920,1,1,'Friuli centrale',1,'2014-04-08 03:42:09'),
	(5921,1,1,'Udine',1,'2014-04-08 03:42:10'),
	(5922,1,1,'Grande Guerra',2,'2014-04-08 03:42:11'),
	(5923,1,1,'Enogastronomia',1,'2014-04-08 03:42:13'),
	(5924,1,1,'Gorizia',1,'2014-04-08 03:42:14'),
	(5925,1,1,'Sacrario di Caporetto',1,'2014-04-08 03:42:15'),
	(5926,1,1,'Provincia di Udine',1,'2014-04-08 03:42:16'),
	(5927,1,1,'Spilimbergo',1,'2014-04-08 03:42:17'),
	(5928,1,1,'Friuli Tipico',1,'2014-04-08 03:42:22'),
	(5929,1,1,'Città',1,'2014-04-08 03:42:25'),
	(5930,1,1,'Cividale del Friuli',1,'2014-04-08 03:42:26'),
	(5931,1,1,'Grande Guerra',1,'2014-04-08 03:42:27'),
	(5932,1,1,'Sacrario di Caporetto',1,'2014-04-08 03:42:33'),
	(5933,1,1,'Udine',1,'2014-04-08 03:42:34'),
	(5934,1,1,'Ragogna',1,'2014-04-08 03:42:35'),
	(5935,1,1,'Villa Manin',1,'2014-04-08 03:42:37'),
	(5936,1,1,'Spilimbergo',1,'2014-04-08 03:42:38'),
	(5937,1,1,'Vini',1,'2014-04-08 03:42:40'),
	(5938,1,1,'Cividale del Friuli',1,'2014-04-08 03:42:42'),
	(5939,1,1,'Grande Guerra',1,'2014-04-08 03:42:45'),
	(5940,1,1,'Enogastronomia',10,'2014-04-08 03:42:47'),
	(5941,1,1,'Arte e Cultura',1,'2014-04-08 03:42:49'),
	(5942,1,1,'Udine',6,'2014-04-08 03:42:50'),
	(5943,1,1,'Provincia di Pordenone',1,'2014-04-08 03:42:51'),
	(5944,1,1,'Città',1,'2014-04-08 03:42:52'),
	(5945,1,1,'Ragogna',1,'2014-04-08 03:42:52'),
	(5946,1,1,'Arte e Cultura',1,'2014-04-08 03:42:56'),
	(5947,1,1,'Vino',1,'2014-04-08 03:42:58'),
	(5948,1,1,'Gorizia',1,'2014-04-08 03:42:59'),
	(5949,1,1,'Provincia di Pordenone',1,'2014-04-08 03:43:00'),
	(5950,1,1,'Valvasone',1,'2014-04-08 03:43:01'),
	(5951,1,1,'Friuli Tipico',1,'2014-04-08 03:43:03'),
	(5952,1,1,'San Daniele',1,'2014-04-08 03:43:04'),
	(5953,1,1,'Vini',1,'2014-04-08 03:43:09'),
	(5954,1,1,'Vino',1,'2014-04-08 03:43:10'),
	(5955,1,1,'San Daniele',1,'2014-04-08 03:43:10'),
	(5956,1,1,'Friuli centrale',1,'2014-04-08 03:43:13'),
	(5957,1,1,'Sacrario di Redipuglia',1,'2014-04-08 03:43:14'),
	(5958,1,1,'Friuli Tipico',10,'2014-04-08 03:46:17'),
	(5959,1,1,'Enogastronomia',1,'2014-04-08 03:46:38'),
	(5960,1,1,'Friuli Tipico',1,'2014-04-08 03:46:50'),
	(5961,1,1,'Enogastronomia',1,'2014-04-08 03:46:56'),
	(5962,1,1,'Grande Guerra',1,'2014-04-08 03:46:57'),
	(5963,1,1,'Udine',1,'2014-04-08 03:47:00'),
	(5964,1,1,'Friuli Tipico',1,'2014-04-08 03:47:01'),
	(5965,1,1,'Udine',1,'2014-04-08 03:47:08'),
	(5966,1,1,'Grande Guerra',1,'2014-04-08 03:47:14'),
	(5967,1,1,'Enogastronomia',10,'2014-04-08 03:47:26'),
	(5968,1,1,'Udine',10,'2014-04-08 03:47:29'),
	(5969,1,1,'Grande Guerra',10,'2014-04-08 03:47:31'),
	(5970,1,1,'Friuli Tipico',1,'2014-04-08 03:49:55'),
	(5971,1,1,'Udine',6,'2014-04-08 03:50:14'),
	(5972,1,1,'Grande Guerra',2,'2014-04-08 03:50:24'),
	(5973,1,1,'Enogastronomia',10,'2014-04-08 03:51:14'),
	(5974,1,1,'Grande Guerra',10,'2014-04-08 04:15:13'),
	(5975,1,1,'Provincia di Pordenone',6,'2014-04-08 04:15:14'),
	(5976,1,1,'Arte e Cultura',6,'2014-04-08 04:15:16'),
	(5977,1,1,'Friuli Tipico',10,'2014-04-08 04:15:17'),
	(5978,1,1,'Ragogna',5,'2014-04-08 04:15:18'),
	(5979,1,1,'Pordenone',10,'2014-04-08 04:15:19'),
	(5980,1,1,'San Daniele',8,'2014-04-08 04:15:20'),
	(5981,1,1,'Valvasone',7,'2014-04-08 04:15:21'),
	(5982,1,1,'Friuli centrale',5,'2014-04-08 04:15:22'),
	(5983,1,1,'Cividale del Friuli',5,'2014-04-08 04:15:23'),
	(5984,1,1,'Vini',6,'2014-04-08 04:15:24'),
	(5985,1,1,'Provincia di Udine',7,'2014-04-08 04:15:25'),
	(5986,1,1,'Sacrario di Redipuglia',6,'2014-04-08 04:15:26'),
	(5987,1,1,'Sacrario di Caporetto',6,'2014-04-08 04:15:27'),
	(5988,1,1,'Spilimbergo',6,'2014-04-08 04:15:28'),
	(5989,1,1,'Udine',10,'2014-04-08 04:15:29'),
	(5990,1,1,'Enogastronomia',10,'2014-04-08 04:15:30'),
	(5991,1,1,'Vino',6,'2014-04-08 04:15:32'),
	(5992,1,1,'Trieste',4,'2014-04-08 04:15:33'),
	(5993,1,1,'Gorizia',6,'2014-04-08 04:15:34'),
	(5994,1,1,'Enogastronomia',1,'2014-04-08 04:17:37'),
	(5995,1,1,'Friuli centrale',1,'2014-04-08 04:17:39'),
	(5996,1,1,'Cividale del Friuli',1,'2014-04-08 04:17:39'),
	(5997,1,1,'Pordenone',1,'2014-04-08 04:17:42'),
	(5998,1,1,'Vini',1,'2014-04-08 04:17:43'),
	(5999,1,1,'Grande Guerra',1,'2014-04-08 04:17:44'),
	(6000,1,1,'Vino',1,'2014-04-08 04:17:44'),
	(6001,1,1,'San Daniele',1,'2014-04-08 04:17:45'),
	(6002,1,1,'Friuli centrale',1,'2014-04-08 04:17:46'),
	(6003,1,1,'Udine',1,'2014-04-08 04:17:47'),
	(6004,1,1,'Friuli Tipico',1,'2014-04-08 04:17:47'),
	(6005,1,1,'Udine',6,'2014-04-08 04:17:49'),
	(6006,1,1,'Provincia di Udine',1,'2014-04-08 04:17:51'),
	(6007,1,1,'Arte e Cultura',1,'2014-04-08 04:17:52'),
	(6008,1,1,'San Daniele',1,'2014-04-08 04:17:52'),
	(6009,1,1,'Sacrario di Redipuglia',1,'2014-04-08 04:17:53'),
	(6010,1,1,'Grande Guerra',1,'2014-04-08 04:17:59'),
	(6011,1,1,'Trieste',1,'2014-04-08 04:18:01'),
	(6012,1,1,'Friuli Tipico',1,'2014-04-08 04:18:03'),
	(6013,1,1,'Spilimbergo',1,'2014-04-08 04:18:10'),
	(6014,1,1,'Pordenone',1,'2014-04-08 04:18:11'),
	(6015,1,1,'Sacrario di Redipuglia',1,'2014-04-08 04:18:13'),
	(6016,1,1,'Gorizia',1,'2014-04-08 04:18:15'),
	(6017,1,1,'Valvasone',1,'2014-04-08 04:18:17'),
	(6018,1,1,'Friuli Tipico',1,'2014-04-08 04:18:19'),
	(6019,1,1,'Enogastronomia',1,'2014-04-08 04:18:21'),
	(6020,1,1,'Vino',1,'2014-04-08 04:18:23'),
	(6021,1,1,'Udine',1,'2014-04-08 04:18:24'),
	(6022,1,1,'Sacrario di Caporetto',1,'2014-04-08 04:18:25'),
	(6023,1,1,'Trieste',1,'2014-04-08 04:18:25'),
	(6024,1,1,'Enogastronomia',10,'2014-04-08 04:18:27'),
	(6025,1,1,'Sacrario di Caporetto',1,'2014-04-08 04:18:28'),
	(6026,1,1,'Provincia di Pordenone',1,'2014-04-08 04:18:32'),
	(6027,1,1,'Provincia di Udine',1,'2014-04-08 04:18:33'),
	(6028,1,1,'Spilimbergo',1,'2014-04-08 04:18:34'),
	(6029,1,1,'Vini',1,'2014-04-08 04:18:35'),
	(6030,1,1,'Arte e Cultura',1,'2014-04-08 04:18:37'),
	(6031,1,1,'Ragogna',1,'2014-04-08 04:18:38'),
	(6032,1,1,'Provincia di Pordenone',1,'2014-04-08 04:18:41'),
	(6033,1,1,'Gorizia',1,'2014-04-08 04:18:42'),
	(6034,1,1,'Grande Guerra',2,'2014-04-08 04:18:43'),
	(6035,1,1,'Ragogna',1,'2014-04-08 04:18:44'),
	(6036,1,1,'Valvasone',1,'2014-04-08 04:18:46'),
	(6037,1,1,'Cividale del Friuli',1,'2014-04-08 04:18:48'),
	(6038,1,1,'Friuli Tipico',1,'2014-04-08 04:21:35'),
	(6039,1,1,'Grande Guerra',10,'2014-04-08 04:21:36'),
	(6040,1,1,'Enogastronomia',1,'2014-04-08 04:21:37'),
	(6041,1,1,'Grande Guerra',1,'2014-04-08 04:21:39'),
	(6042,1,1,'Enogastronomia',10,'2014-04-08 04:21:40'),
	(6043,1,1,'Udine',1,'2014-04-08 04:21:51'),
	(6044,1,1,'Enogastronomia',1,'2014-04-08 04:22:02'),
	(6045,1,1,'Friuli Tipico',1,'2014-04-08 04:22:06'),
	(6046,1,1,'Udine',10,'2014-04-08 04:22:15'),
	(6047,1,1,'Friuli Tipico',10,'2014-04-08 04:22:23'),
	(6048,1,1,'Grande Guerra',1,'2014-04-08 04:22:43'),
	(6049,1,1,'Udine',1,'2014-04-08 04:22:53'),
	(6050,1,1,'Grande Guerra',2,'2014-04-08 04:25:14'),
	(6051,1,1,'Enogastronomia',10,'2014-04-08 04:25:52'),
	(6052,1,1,'Friuli Tipico',1,'2014-04-08 04:25:53'),
	(6053,1,1,'Udine',6,'2014-04-08 04:25:57'),
	(6054,1,1,'Grande Guerra',10,'2014-04-08 04:41:21'),
	(6055,1,1,'Provincia di Pordenone',6,'2014-04-08 04:41:22'),
	(6056,1,1,'Arte e Cultura',6,'2014-04-08 04:41:23'),
	(6057,1,1,'Friuli Tipico',10,'2014-04-08 04:41:24'),
	(6058,1,1,'Ragogna',5,'2014-04-08 04:41:25'),
	(6059,1,1,'Pordenone',10,'2014-04-08 04:41:26'),
	(6060,1,1,'San Daniele',8,'2014-04-08 04:41:27'),
	(6061,1,1,'Valvasone',7,'2014-04-08 04:41:28'),
	(6062,1,1,'Friuli centrale',5,'2014-04-08 04:41:29'),
	(6063,1,1,'Cividale del Friuli',5,'2014-04-08 04:41:30'),
	(6064,1,1,'Vini',6,'2014-04-08 04:41:31'),
	(6065,1,1,'Provincia di Udine',7,'2014-04-08 04:41:32'),
	(6066,1,1,'Sacrario di Redipuglia',6,'2014-04-08 04:41:34'),
	(6067,1,1,'Sacrario di Caporetto',6,'2014-04-08 04:41:35'),
	(6068,1,1,'Spilimbergo',6,'2014-04-08 04:41:36'),
	(6069,1,1,'Udine',10,'2014-04-08 04:41:37'),
	(6070,1,1,'Enogastronomia',10,'2014-04-08 04:41:38'),
	(6071,1,1,'Vino',6,'2014-04-08 04:41:40'),
	(6072,1,1,'Trieste',4,'2014-04-08 04:41:41'),
	(6073,1,1,'Gorizia',6,'2014-04-08 04:41:42'),
	(6074,1,1,'Enogastronomia',1,'2014-04-08 04:43:43'),
	(6075,1,1,'Friuli centrale',1,'2014-04-08 04:43:44'),
	(6076,1,1,'Cividale del Friuli',1,'2014-04-08 04:43:45'),
	(6077,1,1,'Pordenone',1,'2014-04-08 04:43:47'),
	(6078,1,1,'Vini',1,'2014-04-08 04:43:48'),
	(6079,1,1,'Grande Guerra',1,'2014-04-08 04:43:49'),
	(6080,1,1,'Vino',1,'2014-04-08 04:43:50'),
	(6081,1,1,'San Daniele',1,'2014-04-08 04:43:51'),
	(6082,1,1,'Friuli centrale',1,'2014-04-08 04:43:51'),
	(6083,1,1,'Udine',1,'2014-04-08 04:43:52'),
	(6084,1,1,'Friuli Tipico',1,'2014-04-08 04:43:53'),
	(6085,1,1,'Udine',6,'2014-04-08 04:43:55'),
	(6086,1,1,'Provincia di Udine',1,'2014-04-08 04:43:56'),
	(6087,1,1,'Arte e Cultura',1,'2014-04-08 04:43:57'),
	(6088,1,1,'San Daniele',1,'2014-04-08 04:43:58'),
	(6089,1,1,'Sacrario di Redipuglia',1,'2014-04-08 04:43:59'),
	(6090,1,1,'Grande Guerra',1,'2014-04-08 04:44:04'),
	(6091,1,1,'Trieste',1,'2014-04-08 04:44:06'),
	(6092,1,1,'Friuli Tipico',1,'2014-04-08 04:44:08'),
	(6093,1,1,'Spilimbergo',1,'2014-04-08 04:44:15'),
	(6094,1,1,'Pordenone',1,'2014-04-08 04:44:15'),
	(6095,1,1,'Sacrario di Redipuglia',1,'2014-04-08 04:44:18'),
	(6096,1,1,'Gorizia',1,'2014-04-08 04:44:20'),
	(6097,1,1,'Valvasone',1,'2014-04-08 04:44:22'),
	(6098,1,1,'Friuli Tipico',1,'2014-04-08 04:44:24'),
	(6099,1,1,'Enogastronomia',1,'2014-04-08 04:44:26'),
	(6100,1,1,'Vino',1,'2014-04-08 04:44:29'),
	(6101,1,1,'Udine',1,'2014-04-08 04:44:29'),
	(6102,1,1,'Sacrario di Caporetto',1,'2014-04-08 04:44:30'),
	(6103,1,1,'Trieste',1,'2014-04-08 04:44:31'),
	(6104,1,1,'Enogastronomia',10,'2014-04-08 04:44:32'),
	(6105,1,1,'Sacrario di Caporetto',1,'2014-04-08 04:44:33'),
	(6106,1,1,'Provincia di Pordenone',1,'2014-04-08 04:44:37'),
	(6107,1,1,'Provincia di Udine',1,'2014-04-08 04:44:38'),
	(6108,1,1,'Spilimbergo',1,'2014-04-08 04:44:39'),
	(6109,1,1,'Vini',1,'2014-04-08 04:44:40'),
	(6110,1,1,'Arte e Cultura',1,'2014-04-08 04:44:42'),
	(6111,1,1,'Ragogna',1,'2014-04-08 04:44:43'),
	(6112,1,1,'Provincia di Pordenone',1,'2014-04-08 04:44:46'),
	(6113,1,1,'Gorizia',1,'2014-04-08 04:44:47'),
	(6114,1,1,'Grande Guerra',2,'2014-04-08 04:44:48'),
	(6115,1,1,'Ragogna',1,'2014-04-08 04:44:49'),
	(6116,1,1,'Valvasone',1,'2014-04-08 04:44:51'),
	(6117,1,1,'Cividale del Friuli',1,'2014-04-08 04:44:53'),
	(6118,1,1,'Friuli Tipico',1,'2014-04-08 04:47:37'),
	(6119,1,1,'Grande Guerra',10,'2014-04-08 04:47:38'),
	(6120,1,1,'Enogastronomia',1,'2014-04-08 04:47:39'),
	(6121,1,1,'Grande Guerra',1,'2014-04-08 04:47:40'),
	(6122,1,1,'Enogastronomia',10,'2014-04-08 04:47:41'),
	(6123,1,1,'Udine',1,'2014-04-08 04:47:53'),
	(6124,1,1,'Enogastronomia',1,'2014-04-08 04:48:04'),
	(6125,1,1,'Friuli Tipico',1,'2014-04-08 04:48:08'),
	(6126,1,1,'Udine',10,'2014-04-08 04:48:17'),
	(6127,1,1,'Friuli Tipico',10,'2014-04-08 04:48:25'),
	(6128,1,1,'Grande Guerra',1,'2014-04-08 04:48:45'),
	(6129,1,1,'Udine',1,'2014-04-08 04:48:55'),
	(6130,1,1,'Grande Guerra',2,'2014-04-08 04:51:16'),
	(6131,1,1,'Enogastronomia',10,'2014-04-08 04:51:54'),
	(6132,1,1,'Friuli Tipico',1,'2014-04-08 04:51:56'),
	(6133,1,1,'Udine',6,'2014-04-08 04:52:00'),
	(6134,1,1,'Provincia di Udine',7,'2014-04-08 05:11:28'),
	(6135,1,1,'Gorizia',6,'2014-04-08 09:37:40'),
	(6136,1,1,'Città',4,'2014-04-08 20:55:33'),
	(6137,1,1,'Suggestioni letterarie',4,'2014-04-08 22:53:47'),
	(6138,1,1,'Udine',10,'2014-04-09 11:19:23'),
	(6139,1,1,'Città',4,'2014-04-09 21:51:28'),
	(6140,1,1,'Città',4,'2014-04-10 03:35:14'),
	(6141,1,1,'Villa Manin',1,'2014-04-12 00:17:56'),
	(6142,1,1,'Udine',10,'2014-04-12 09:22:22'),
	(6143,1,1,'Gorizia',6,'2014-04-12 16:31:44'),
	(6144,1,1,'Fagarè della Battaglia',4,'2014-04-12 16:46:07'),
	(6145,1,1,'Grande Guerra',10,'2014-04-12 20:08:12'),
	(6146,1,1,'Pordenone',10,'2014-04-12 20:31:02'),
	(6147,1,1,'Provincia di Udine',7,'2014-04-12 23:26:32'),
	(6148,1,1,'Sacrario di Caporetto',6,'2014-04-13 00:28:18'),
	(6149,1,1,'Friuli Tipico',10,'2014-04-13 00:59:10'),
	(6150,1,1,'Udine',10,'2014-04-13 00:59:12'),
	(6151,1,1,'Valvasone',7,'2014-04-13 00:59:13'),
	(6152,1,1,'Provincia di Udine',7,'2014-04-13 00:59:14'),
	(6153,1,1,'Sacrario di Redipuglia',6,'2014-04-13 00:59:16'),
	(6154,1,1,'Spilimbergo',6,'2014-04-13 00:59:17'),
	(6155,1,1,'Arte e Cultura',6,'2014-04-13 00:59:18'),
	(6156,1,1,'Gorizia',6,'2014-04-13 00:59:19'),
	(6157,1,1,'Provincia di Pordenone',6,'2014-04-13 00:59:20'),
	(6158,1,1,'Vini',6,'2014-04-13 00:59:21'),
	(6159,1,1,'Sacrario di Caporetto',6,'2014-04-13 00:59:22'),
	(6160,1,1,'Vino',6,'2014-04-13 00:59:24'),
	(6161,1,1,'San Daniele',8,'2014-04-13 00:59:25'),
	(6162,1,1,'Cividale del Friuli',5,'2014-04-13 00:59:26'),
	(6163,1,1,'Ragogna',5,'2014-04-13 00:59:27'),
	(6164,1,1,'Friuli centrale',5,'2014-04-13 00:59:28'),
	(6165,1,1,'Villa Manin',4,'2014-04-13 00:59:30'),
	(6166,1,1,'Enogastronomia',10,'2014-04-13 18:59:47'),
	(6167,1,1,'Arte e Cultura',6,'2014-04-14 00:51:35'),
	(6168,1,1,'Valvasone',7,'2014-04-14 07:12:48'),
	(6169,1,1,'Udine',6,'2014-04-14 22:21:07'),
	(6170,1,1,'Valvasone',7,'2014-04-15 00:36:04'),
	(6171,1,1,'Vino',6,'2014-04-15 01:35:32'),
	(6172,1,1,'Vino',6,'2014-04-15 05:45:33'),
	(6173,1,1,'nano',1,'2014-04-15 11:17:56'),
	(6174,1,1,'Città',4,'2014-04-15 11:18:25'),
	(6175,1,1,'Albergo B',1,'2014-04-15 12:57:56'),
	(6176,1,1,'Friuli centrale',5,'2014-04-15 20:39:38'),
	(6177,1,1,'San Daniele',8,'2014-04-15 20:51:21'),
	(6178,1,1,'Vini',6,'2014-04-15 21:54:58'),
	(6179,1,1,'Vino',6,'2014-08-13 14:56:44'),
	(6180,1,1,'Enogastronomia',12,'2014-08-27 16:11:39'),
	(6181,1,1,'Friuli Tipico',11,'2014-08-27 16:11:44'),
	(6182,1,1,'Grande Guerra',12,'2014-08-27 16:11:48'),
	(6183,1,1,'Udine',12,'2014-08-27 16:11:51'),
	(6184,1,1,'Provincia di Udine',7,'2014-08-27 16:11:53'),
	(6185,1,1,'Vino',6,'2014-08-27 16:11:55'),
	(6186,1,1,'Sacrario di Redipuglia',6,'2014-08-27 16:11:57'),
	(6187,1,1,'Arte e Cultura',6,'2014-08-27 16:12:00'),
	(6188,1,1,'Gorizia',6,'2014-08-27 16:12:02'),
	(6189,1,1,'Provincia di Pordenone',6,'2014-08-27 16:12:04'),
	(6190,1,1,'Sacrario di Caporetto',6,'2014-08-27 16:12:05'),
	(6191,1,1,'Vini',6,'2014-08-27 16:12:07'),
	(6192,1,1,'Valvasone',6,'2014-08-27 16:12:09'),
	(6193,1,1,'Cividale del Friuli',5,'2014-08-27 16:12:11'),
	(6194,1,1,'San Daniele',8,'2014-08-27 16:12:13'),
	(6195,1,1,'Spilimbergo',5,'2014-08-27 16:12:15'),
	(6196,1,1,'Ragogna',5,'2014-08-27 16:12:17'),
	(6197,1,1,'Friuli centrale',5,'2014-08-27 16:12:19'),
	(6198,1,1,'Fagarè della Battaglia',4,'2014-08-27 16:12:21'),
	(6199,1,1,'Suggestioni letterarie',4,'2014-08-27 16:12:23'),
	(6200,1,1,'Enogastronomia',12,'2014-10-09 04:04:55'),
	(6201,1,1,'Grande Guerra',12,'2014-10-09 04:04:55'),
	(6202,1,1,'Friuli Tipico',11,'2014-10-09 04:04:56'),
	(6203,1,1,'Vino',6,'2014-10-09 04:04:57'),
	(6204,1,1,'Arte e Cultura',6,'2014-10-09 04:04:57'),
	(6205,1,1,'Gorizia',6,'2014-10-09 04:04:57'),
	(6206,1,1,'San Daniele',8,'2014-10-09 04:04:58'),
	(6207,1,1,'Friuli Tipico',1,'2014-10-09 04:05:55'),
	(6208,1,1,'Friuli Tipico',1,'2014-10-09 04:05:55'),
	(6209,1,1,'Arte e Cultura',1,'2014-10-09 04:06:06'),
	(6210,1,1,'Arte e Cultura',1,'2014-10-09 04:06:07'),
	(6211,1,1,'Enogastronomia',1,'2014-10-09 04:06:07'),
	(6212,1,1,'Enogastronomia',1,'2014-10-09 04:06:08'),
	(6213,1,1,'Enogastronomia',8,'2014-10-09 04:06:08'),
	(6214,1,1,'Gorizia',1,'2014-10-09 04:06:10'),
	(6215,1,1,'Gorizia',1,'2014-10-09 04:06:10'),
	(6216,1,1,'Vino',1,'2014-10-09 04:06:19'),
	(6217,1,1,'Vino',1,'2014-10-09 04:06:20'),
	(6218,1,1,'Grande Guerra',1,'2014-10-09 04:06:21'),
	(6219,1,1,'Grande Guerra',1,'2014-10-09 04:06:21'),
	(6220,1,1,'San Daniele',1,'2014-10-09 04:06:30'),
	(6221,1,1,'San Daniele',1,'2014-10-09 04:06:30'),
	(6222,1,1,'Enogastronomia',1,'2014-10-09 04:07:38'),
	(6223,1,1,'Enogastronomia',1,'2014-10-09 04:07:38'),
	(6224,1,1,'Enogastronomia',12,'2014-10-09 04:21:21'),
	(6225,1,1,'Gorizia',6,'2014-10-09 04:21:22'),
	(6226,1,1,'Arte e Cultura',6,'2014-10-09 04:21:22'),
	(6227,1,1,'Grande Guerra',12,'2014-10-09 04:21:22'),
	(6228,1,1,'Provincia di Udine',7,'2014-10-09 04:21:22'),
	(6229,1,1,'Friuli Tipico',11,'2014-10-09 04:21:22'),
	(6230,1,1,'Enogastronomia',12,'2014-10-14 06:27:31'),
	(6231,1,1,'Grande Guerra',12,'2014-10-14 06:27:33'),
	(6232,1,1,'Friuli Tipico',11,'2014-10-14 06:27:35'),
	(6233,1,1,'Udine',12,'2014-10-14 06:27:37'),
	(6234,1,1,'Provincia di Udine',7,'2014-10-14 06:27:38'),
	(6235,1,1,'Arte e Cultura',6,'2014-10-14 06:27:40'),
	(6236,1,1,'Sacrario di Caporetto',6,'2014-10-14 06:27:42'),
	(6237,1,1,'Gorizia',6,'2014-10-14 06:27:44'),
	(6238,1,1,'Provincia di Pordenone',6,'2014-10-14 06:27:45'),
	(6239,1,1,'Vini',6,'2014-10-14 06:27:47'),
	(6240,1,1,'Sacrario di Redipuglia',6,'2014-10-14 06:27:48'),
	(6241,1,1,'Vino',6,'2014-10-14 06:27:49'),
	(6242,1,1,'Cividale del Friuli',5,'2014-10-14 06:27:51'),
	(6243,1,1,'Ragogna',5,'2014-10-14 06:27:52'),
	(6244,1,1,'Friuli centrale',5,'2014-10-14 06:27:53'),
	(6245,1,1,'Valvasone',5,'2014-10-14 06:27:55'),
	(6246,1,1,'San Daniele',8,'2014-10-14 06:27:57'),
	(6247,1,1,'Fagarè della Battaglia',4,'2014-10-14 06:27:58'),
	(6248,1,1,'Spilimbergo',4,'2014-10-14 06:28:00'),
	(6249,1,1,'Suggestioni letterarie',4,'2014-10-14 06:28:02'),
	(6250,1,1,'Enogastronomia',1,'2014-10-14 06:33:47'),
	(6251,1,1,'Enogastronomia',1,'2014-10-14 06:33:48'),
	(6252,1,1,'Enogastronomia',8,'2014-10-14 06:33:49'),
	(6253,1,1,'Grande Guerra',1,'2014-10-14 06:33:50'),
	(6254,1,1,'Grande Guerra',1,'2014-10-14 06:33:52'),
	(6255,1,1,'Friuli Tipico',1,'2014-10-14 06:33:59'),
	(6256,1,1,'Friuli Tipico',1,'2014-10-14 06:34:00'),
	(6257,1,1,'Udine',1,'2014-10-14 06:34:01'),
	(6258,1,1,'Udine',1,'2014-10-14 06:34:02'),
	(6259,1,1,'Udine',3,'2014-10-14 06:34:03'),
	(6260,1,1,'Provincia di Udine',1,'2014-10-14 06:34:05'),
	(6261,1,1,'Provincia di Udine',1,'2014-10-14 06:34:06'),
	(6262,1,1,'Arte e Cultura',1,'2014-10-14 06:34:07'),
	(6263,1,1,'Arte e Cultura',1,'2014-10-14 06:34:08'),
	(6264,1,1,'Sacrario di Caporetto',1,'2014-10-14 06:34:12'),
	(6265,1,1,'Sacrario di Caporetto',1,'2014-10-14 06:34:13'),
	(6266,1,1,'Gorizia',1,'2014-10-14 06:34:14'),
	(6267,1,1,'Gorizia',1,'2014-10-14 06:34:16'),
	(6268,1,1,'Provincia di Pordenone',1,'2014-10-14 06:34:17'),
	(6269,1,1,'Provincia di Pordenone',1,'2014-10-14 06:34:18'),
	(6270,1,1,'Vini',1,'2014-10-14 06:34:20'),
	(6271,1,1,'Vini',1,'2014-10-14 06:34:21'),
	(6272,1,1,'Sacrario di Redipuglia',1,'2014-10-14 06:34:22'),
	(6273,1,1,'Sacrario di Redipuglia',1,'2014-10-14 06:34:24'),
	(6274,1,1,'Vino',1,'2014-10-14 06:34:26'),
	(6275,1,1,'Vino',1,'2014-10-14 06:34:27'),
	(6276,1,1,'Cividale del Friuli',1,'2014-10-14 06:34:28'),
	(6277,1,1,'Cividale del Friuli',1,'2014-10-14 06:34:29'),
	(6278,1,1,'Ragogna',1,'2014-10-14 06:34:33'),
	(6279,1,1,'Ragogna',1,'2014-10-14 06:34:34'),
	(6280,1,1,'Friuli centrale',1,'2014-10-14 06:34:35'),
	(6281,1,1,'Friuli centrale',1,'2014-10-14 06:34:36'),
	(6282,1,1,'Valvasone',1,'2014-10-14 06:34:38'),
	(6283,1,1,'Valvasone',1,'2014-10-14 06:34:39'),
	(6284,1,1,'San Daniele',1,'2014-10-14 06:34:43'),
	(6285,1,1,'San Daniele',1,'2014-10-14 06:34:44'),
	(6286,1,1,'Fagarè della Battaglia',1,'2014-10-14 06:34:45'),
	(6287,1,1,'Fagarè della Battaglia',1,'2014-10-14 06:34:47'),
	(6288,1,1,'Spilimbergo',1,'2014-10-14 06:34:48'),
	(6289,1,1,'Spilimbergo',1,'2014-10-14 06:34:50'),
	(6290,1,1,'Suggestioni letterarie',1,'2014-10-14 06:34:51'),
	(6291,1,1,'Suggestioni letterarie',1,'2014-10-14 06:34:53'),
	(6292,1,1,'Enogastronomia',1,'2014-10-14 06:40:35'),
	(6293,1,1,'Enogastronomia',1,'2014-10-14 06:40:37'),
	(6294,1,1,'Udine',1,'2014-10-14 06:40:49'),
	(6295,1,1,'Udine',1,'2014-10-14 06:40:50'),
	(6296,1,1,'Sacrario di Redipuglia',5,'2014-12-29 12:38:03'),
	(6297,1,1,'Cividale del Friuli',1,'2014-12-29 20:02:40'),
	(6298,1,1,'Friuli Tipico',9,'2014-12-30 07:10:39'),
	(6299,1,1,'Arte e Cultura',5,'2014-12-31 03:06:46'),
	(6300,1,1,'Udine',12,'2015-01-02 11:26:40'),
	(6301,1,1,'Provincia di Pordenone',5,'2015-01-02 11:51:21'),
	(6302,1,1,'Provincia di Udine',6,'2015-01-03 03:24:31'),
	(6303,1,1,'Gorizia',3,'2015-01-04 14:57:07'),
	(6304,1,1,'Enogastronomia',12,'2015-01-05 00:32:29'),
	(6305,1,1,'Enogastronomia',1,'2015-01-05 00:37:00'),
	(6306,1,1,'Vino',5,'2015-01-09 04:47:31'),
	(6307,1,1,'Trieste',2,'2015-01-10 02:24:45'),
	(6308,1,1,'Suggestioni letterarie',4,'2015-01-11 12:06:59'),
	(6309,1,1,'Valvasone',1,'2015-01-11 17:42:50'),
	(6310,1,1,'San Daniele',4,'2015-01-14 03:41:58'),
	(6311,1,1,'Enogastronomia',12,'2015-01-16 01:39:35'),
	(6312,1,1,'Friuli Tipico',11,'2015-01-16 01:39:39'),
	(6313,1,1,'Grande Guerra',7,'2015-01-16 01:39:43'),
	(6314,1,1,'Arte e Cultura',7,'2015-01-16 01:39:46'),
	(6315,1,1,'Provincia di Udine',6,'2015-01-16 01:39:49'),
	(6316,1,1,'Udine',12,'2015-01-16 01:39:53'),
	(6317,1,1,'Provincia di Pordenone',5,'2015-01-16 01:39:56'),
	(6318,1,1,'Vino',5,'2015-01-16 01:39:59'),
	(6319,1,1,'Friuli centrale',5,'2015-01-16 01:40:03'),
	(6320,1,1,'Sacrario di Redipuglia',5,'2015-01-16 01:40:06'),
	(6321,1,1,'Città',5,'2015-01-16 01:40:09'),
	(6322,1,1,'Vini',5,'2015-01-16 01:40:12'),
	(6323,1,1,'Sacrario di Caporetto',5,'2015-01-16 01:40:16'),
	(6324,1,1,'Suggestioni letterarie',5,'2015-01-16 01:40:19'),
	(6325,1,1,'Ragogna',4,'2015-01-16 01:40:22'),
	(6326,1,1,'Gorizia',4,'2015-01-16 01:40:25'),
	(6327,1,1,'Trieste',3,'2015-01-16 01:40:28'),
	(6328,1,1,'degustazioni',3,'2015-01-16 01:40:31'),
	(6329,1,1,'Terre di Mezzo',3,'2015-01-16 01:40:34'),
	(6330,1,1,'scrittori e poeti',2,'2015-01-16 01:40:37'),
	(6331,1,1,'Enogastronomia',1,'2015-01-16 01:50:51'),
	(6332,1,1,'Enogastronomia',1,'2015-01-16 01:50:54'),
	(6333,1,1,'Enogastronomia',7,'2015-01-16 01:51:02'),
	(6334,1,1,'Friuli Tipico',1,'2015-01-16 01:51:05'),
	(6335,1,1,'Friuli Tipico',1,'2015-01-16 01:51:09'),
	(6336,1,1,'Grande Guerra',1,'2015-01-16 01:51:12'),
	(6337,1,1,'Grande Guerra',1,'2015-01-16 01:51:15'),
	(6338,1,1,'Arte e Cultura',1,'2015-01-16 01:51:18'),
	(6339,1,1,'Arte e Cultura',1,'2015-01-16 01:51:21'),
	(6340,1,1,'Provincia di Udine',1,'2015-01-16 01:51:24'),
	(6341,1,1,'Provincia di Udine',1,'2015-01-16 01:51:26'),
	(6342,1,1,'Udine',1,'2015-01-16 01:51:29'),
	(6343,1,1,'Udine',1,'2015-01-16 01:51:32'),
	(6344,1,1,'Provincia di Pordenone',1,'2015-01-16 01:51:35'),
	(6345,1,1,'Provincia di Pordenone',1,'2015-01-16 01:51:39'),
	(6346,1,1,'Vino',1,'2015-01-16 01:51:42'),
	(6347,1,1,'Vino',1,'2015-01-16 01:51:46'),
	(6348,1,1,'Friuli centrale',1,'2015-01-16 01:51:55'),
	(6349,1,1,'Friuli centrale',1,'2015-01-16 01:51:58'),
	(6350,1,1,'Sacrario di Redipuglia',1,'2015-01-16 01:52:01'),
	(6351,1,1,'Sacrario di Redipuglia',1,'2015-01-16 01:52:04'),
	(6352,1,1,'Città',1,'2015-01-16 01:52:07'),
	(6353,1,1,'Città',1,'2015-01-16 01:52:10'),
	(6354,1,1,'Vini',1,'2015-01-16 01:52:13'),
	(6355,1,1,'Vini',1,'2015-01-16 01:52:16'),
	(6356,1,1,'Sacrario di Caporetto',1,'2015-01-16 01:52:19'),
	(6357,1,1,'Sacrario di Caporetto',1,'2015-01-16 01:52:22'),
	(6358,1,1,'Suggestioni letterarie',1,'2015-01-16 01:52:24'),
	(6359,1,1,'Suggestioni letterarie',1,'2015-01-16 01:52:27'),
	(6360,1,1,'Ragogna',1,'2015-01-16 01:52:30'),
	(6361,1,1,'Ragogna',1,'2015-01-16 01:52:33'),
	(6362,1,1,'Gorizia',1,'2015-01-16 01:52:36'),
	(6363,1,1,'Gorizia',1,'2015-01-16 01:52:39'),
	(6364,1,1,'Trieste',1,'2015-01-16 01:52:42'),
	(6365,1,1,'Trieste',1,'2015-01-16 01:52:45'),
	(6366,1,1,'degustazioni',1,'2015-01-16 01:52:48'),
	(6367,1,1,'degustazioni',1,'2015-01-16 01:52:51'),
	(6368,1,1,'Terre di Mezzo',1,'2015-01-16 01:52:54'),
	(6369,1,1,'Terre di Mezzo',1,'2015-01-16 01:52:57'),
	(6370,1,1,'scrittori e poeti',1,'2015-01-16 01:53:00'),
	(6371,1,1,'scrittori e poeti',1,'2015-01-16 01:53:03'),
	(6372,1,1,'Enogastronomia',1,'2015-01-16 02:04:54'),
	(6373,1,1,'Provincia di Gorizia',2,'2015-01-18 13:27:13'),
	(6374,1,1,'Provincia di Gorizia',1,'2015-01-18 13:32:06'),
	(6375,1,1,'Provincia di Gorizia',1,'2015-01-18 13:32:34'),
	(6376,1,1,'Enogastronomia',12,'2015-01-19 12:43:26'),
	(6377,1,1,'Friuli Tipico',12,'2015-01-19 12:43:30'),
	(6378,1,1,'Arte e Cultura',8,'2015-01-19 12:43:35'),
	(6379,1,1,'Grande Guerra',7,'2015-01-19 12:43:40'),
	(6380,1,1,'Udine',12,'2015-01-19 12:43:45'),
	(6381,1,1,'Provincia di Pordenone',6,'2015-01-19 12:43:50'),
	(6382,1,1,'Provincia di Udine',6,'2015-01-19 12:43:55'),
	(6383,1,1,'Città',6,'2015-01-19 12:44:00'),
	(6384,1,1,'Vini',5,'2015-01-19 12:44:05'),
	(6385,1,1,'Sacrario di Caporetto',5,'2015-01-19 12:44:10'),
	(6386,1,1,'Suggestioni letterarie',5,'2015-01-19 12:44:15'),
	(6387,1,1,'Vino',5,'2015-01-19 12:44:20'),
	(6388,1,1,'Friuli centrale',5,'2015-01-19 12:44:25'),
	(6389,1,1,'Sacrario di Redipuglia',5,'2015-01-19 12:44:30'),
	(6390,1,1,'Ragogna',4,'2015-01-19 12:44:35'),
	(6391,1,1,'Gorizia',4,'2015-01-19 12:44:40'),
	(6392,1,1,'Trieste',3,'2015-01-19 12:44:45'),
	(6393,1,1,'Suggestioni storiche',3,'2015-01-19 12:44:50'),
	(6394,1,1,'degustazioni',3,'2015-01-19 12:44:55'),
	(6395,1,1,'Terre di Mezzo',3,'2015-01-19 12:45:00'),
	(6396,1,1,'Vivai di Rauscedo',2,'2015-01-20 23:38:54'),
	(6397,1,1,'Vivai di Rauscedo',1,'2015-01-20 23:47:24'),
	(6398,1,1,'Sacrario di Caporetto',5,'2015-01-21 04:52:39'),
	(6399,1,1,'Gorizia',1,'2015-01-21 21:28:56'),
	(6400,1,1,'Grande Guerra',7,'2015-01-23 04:44:49'),
	(6401,1,1,'Grande Guerra',1,'2015-01-23 04:51:53'),
	(6402,1,1,'Tolmezzo',6,'2015-01-23 11:58:44'),
	(6403,1,1,'Pordenone',8,'2015-01-23 12:44:04'),
	(6404,1,1,'Friuli centrale',5,'2015-01-23 13:33:20'),
	(6405,1,1,'Friuli centrale',1,'2015-01-23 13:42:23'),
	(6406,1,1,'Vivai di Rauscedo',1,'2015-01-23 15:30:44'),
	(6407,1,1,'Vini',6,'2015-01-23 15:32:20'),
	(6408,1,1,'Vini',1,'2015-01-23 15:37:20'),
	(6409,1,1,'Sacrario di Caporetto',1,'2015-01-23 16:29:36'),
	(6410,1,1,'Carnia',6,'2015-01-23 19:26:16'),
	(6411,1,1,'Carnia',1,'2015-01-23 19:28:22'),
	(6412,1,1,'Carnia',1,'2015-01-23 19:28:24'),
	(6413,1,1,'Suggestioni storiche',3,'2015-01-23 19:45:22'),
	(6414,1,1,'Zuglio',6,'2015-01-24 02:34:36'),
	(6415,1,1,'Città',6,'2015-01-24 02:35:03'),
	(6416,1,1,'Carnia',6,'2015-01-24 02:35:39'),
	(6417,1,1,'Enogastronomia',12,'2015-01-24 02:35:51'),
	(6418,1,1,'Vino',6,'2015-01-24 02:37:08'),
	(6419,1,1,'Suggestioni letterarie',5,'2015-01-24 02:37:20'),
	(6420,1,1,'Città',1,'2015-01-24 02:37:30'),
	(6421,1,1,'Arte e Cultura',10,'2015-01-24 02:38:00'),
	(6422,1,1,'Vino',1,'2015-01-24 02:38:19'),
	(6423,1,1,'Grande Guerra',7,'2015-01-24 02:38:30'),
	(6424,1,1,'Città',6,'2015-01-24 08:32:26'),
	(6425,1,1,'Suggestioni storiche',1,'2015-01-24 08:34:40'),
	(6426,1,1,'Sacrario di Caporetto',5,'2015-02-04 09:13:23'),
	(6427,1,1,'Friuli centrale',5,'2015-02-04 09:13:51'),
	(6428,1,1,'Enogastronomia',12,'2015-02-04 10:17:51'),
	(6429,1,1,'Vini',6,'2015-02-04 10:21:14'),
	(6430,1,1,'Vini',6,'2015-02-05 04:08:22'),
	(6431,1,1,'Carnia',6,'2015-02-08 09:14:27'),
	(6432,1,1,'udine',15,'2015-02-08 10:06:18'),
	(6433,1,1,'Sacrario di Caporetto',5,'2015-02-10 10:32:22'),
	(6434,1,1,'Friuli Tipico',12,'2015-02-10 10:33:15'),
	(6435,1,1,'marano',2,'2015-02-11 03:38:55'),
	(6436,1,1,'Carnia',6,'2015-02-11 09:32:54'),
	(6437,1,1,'Vino',6,'2015-02-12 01:50:52'),
	(6438,1,1,'Udine',12,'2015-02-12 01:50:55'),
	(6439,1,1,'Zuglio',6,'2015-02-12 01:51:01'),
	(6440,1,1,'Carnia',6,'2015-02-12 01:51:04'),
	(6441,1,1,'mosaico',4,'2015-02-12 01:51:07'),
	(6442,1,1,'Tolmezzo',6,'2015-02-12 01:51:16'),
	(6443,1,1,'Montagna',7,'2015-02-12 01:51:18'),
	(6444,1,1,'Città',6,'2015-02-12 01:51:21'),
	(6445,1,1,'Friuli Tipico',12,'2015-02-12 01:51:24'),
	(6446,1,1,'Grande Guerra',7,'2015-02-12 01:51:27'),
	(6447,1,1,'Friuli Tipico',1,'2015-02-12 01:58:51'),
	(6448,1,1,'Emozioni enogastronomiche nelle Terre di Mezzo Friulane',1,'2015-02-12 08:49:19'),
	(6449,1,1,'Relax & Benessere nell\'antico Borgo',1,'2015-02-12 08:51:31'),
	(6450,1,1,'Arte e Cultura',10,'2015-02-12 10:41:19'),
	(6451,1,1,'Pievi Carniche',6,'2015-02-12 10:41:23'),
	(6452,1,1,'Enogastronomia',12,'2015-02-12 10:41:29'),
	(6453,1,1,'Friuli centrale',5,'2015-02-12 10:41:38'),
	(6454,1,1,'Provincia di Udine',7,'2015-02-12 10:41:48'),
	(6455,1,1,'Sacrario di Caporetto',5,'2015-02-12 10:41:58'),
	(6456,1,1,'Suggestioni letterarie',5,'2015-02-12 10:42:07'),
	(6457,1,1,'Sacrario di Redipuglia',5,'2015-02-12 10:42:17'),
	(6458,1,1,'Provincia di Pordenone',6,'2015-02-12 10:42:27'),
	(6459,1,1,'Udine',1,'2015-02-12 10:45:31'),
	(6460,1,1,'Vini',6,'2015-02-12 10:46:28'),
	(6461,1,1,'Enogastronomia',9,'2015-02-12 10:46:37'),
	(6462,1,1,'Pordenone',8,'2015-02-12 10:51:34');



# Dump of table pr_stock
# ------------------------------------------------------------


CREATE TABLE `pr_stock` (
  `id_stock` int(11) unsigned NOT NULL AUTO_INCREMENT,
  `id_warehouse` int(11) unsigned NOT NULL,
  `id_product` int(11) unsigned NOT NULL,
  `id_product_attribute` int(11) unsigned NOT NULL,
  `reference` varchar(32) NOT NULL,
  `ean13` varchar(13) DEFAULT NULL,
  `upc` varchar(12) DEFAULT NULL,
  `physical_quantity` int(11) unsigned NOT NULL,
  `usable_quantity` int(11) unsigned NOT NULL,
  `price_te` decimal(20,6) DEFAULT '0.000000',
  PRIMARY KEY (`id_stock`),
  KEY `id_warehouse` (`id_warehouse`),
  KEY `id_product` (`id_product`),
  KEY `id_product_attribute` (`id_product_attribute`)
) ENGINE=InnoDB DEFAULT CHARSET=utf8;



# Dump of table pr_stock_available
# ------------------------------------------------------------


CREATE TABLE `pr_stock_available` (
  `id_stock_available` int(11) unsigned NOT NULL AUTO_INCREMENT,
  `id_product` int(11) unsigned NOT NULL,
  `id_product_attribute` int(11) unsigned NOT NULL,
  `id_shop` int(11) unsigned NOT NULL,
  `id_shop_group` int(11) unsigned NOT NULL,
  `quantity` int(10) NOT NULL DEFAULT '0',
  `depends_on_stock` tinyint(1) unsigned NOT NULL DEFAULT '0',
  `out_of_stock` int(2) unsigned NOT NULL DEFAULT '0',
  PRIMARY KEY (`id_stock_available`),
  UNIQUE KEY `id_product_2` (`id_product`,`id_product_attribute`,`id_shop`),
  KEY `id_shop` (`id_shop`),
  KEY `id_group_shop` (`id_shop_group`),
  KEY `id_product` (`id_product`),
  KEY `id_product_attribute` (`id_product_attribute`)
) ENGINE=InnoDB DEFAULT CHARSET=utf8;


INSERT INTO `pr_stock_available` (`id_stock_available`, `id_product`, `id_product_attribute`, `id_shop`, `id_shop_group`, `quantity`, `depends_on_stock`, `out_of_stock`)
VALUES
	(6,12,0,1,0,500,0,1),
	(7,13,0,1,0,300,0,1),
	(8,14,0,1,0,1000,0,1),
	(9,15,0,1,0,500,0,1),
	(11,17,0,1,0,100,0,1),
	(12,18,0,1,0,100,0,1),
	(13,19,0,1,0,200,0,1),
	(15,21,0,1,0,400,0,1),
	(16,23,0,1,0,400,0,0),
	(20,27,0,1,0,500,0,2),
	(21,28,0,1,0,100,0,2),
	(22,29,0,1,0,350,0,2),
	(28,36,0,1,0,1000,0,2),
	(32,37,0,1,0,100,0,1),
	(33,38,0,1,0,350,0,2),
	(35,40,0,1,0,100,0,2),
	(39,44,0,1,0,300,0,2),
	(40,45,0,1,0,100,0,2),
	(41,46,0,1,0,100,0,2),
	(42,47,0,1,0,300,0,2),
	(43,48,0,1,0,100,0,2),
	(44,49,0,1,0,100,0,2),
	(45,50,0,1,0,100,0,2),
	(46,51,0,1,0,100,0,2),
	(47,52,0,1,0,100,0,2),
	(64,55,0,1,0,100,0,2),
	(65,56,0,1,0,200,0,2),
	(66,57,0,1,0,100,0,2),
	(67,58,0,1,0,100,0,2),
	(68,59,0,1,0,100,0,2),
	(69,60,0,1,0,100,0,2),
	(70,37,21,1,0,100,0,1),
	(72,61,0,1,0,100,0,2),
	(73,62,0,1,0,75,0,2),
	(75,64,0,1,0,100,0,2),
	(76,65,0,1,0,100,0,2),
	(80,69,0,1,0,100,0,2),
	(81,70,0,1,0,50,0,2),
	(83,72,0,1,0,50,0,2),
	(84,73,0,1,0,75,0,2),
	(85,74,0,1,0,68,0,2),
	(86,75,0,1,0,75,0,2),
	(89,76,0,1,0,1000,0,2),
	(101,11,0,1,0,0,0,0),
	(130,14,64,1,0,1000,0,1),
	(134,36,68,1,0,1000,0,2),
	(140,76,74,1,0,500,0,2),
	(143,76,77,1,0,500,0,2),
	(144,13,78,1,0,300,0,1),
	(147,38,81,1,0,350,0,2),
	(150,40,84,1,0,100,0,2),
	(154,27,88,1,0,250,0,2),
	(155,27,89,1,0,250,0,2),
	(156,21,90,1,0,400,0,1),
	(158,44,92,1,0,300,0,2),
	(160,45,94,1,0,100,0,2),
	(162,46,96,1,0,100,0,2),
	(166,47,100,1,0,300,0,2),
	(169,19,103,1,0,200,0,1),
	(171,29,105,1,0,350,0,2),
	(172,39,0,1,0,0,0,0),
	(173,41,0,1,0,0,0,0),
	(175,78,0,1,0,500,0,2),
	(176,79,0,1,0,500,0,2),
	(177,80,0,1,0,500,0,2),
	(178,81,0,1,0,500,0,2),
	(179,82,0,1,0,500,0,2),
	(180,83,0,1,0,500,0,2),
	(181,84,0,1,0,500,0,2),
	(182,85,0,1,0,500,0,2),
	(183,86,0,1,0,500,0,2),
	(184,87,0,1,0,500,0,2),
	(185,88,0,1,0,500,0,2),
	(186,89,0,1,0,500,0,2),
	(187,90,0,1,0,500,0,2),
	(188,91,0,1,0,500,0,2),
	(189,92,0,1,0,500,0,2),
	(190,92,106,1,0,500,0,2),
	(191,93,0,1,0,500,0,2),
	(192,94,0,1,0,500,0,2),
	(193,95,0,1,0,500,0,2),
	(194,96,0,1,0,500,0,2),
	(195,97,0,1,0,500,0,2),
	(196,98,0,1,0,500,0,2),
	(197,99,0,1,0,500,0,2),
	(198,100,0,1,0,500,0,2),
	(199,101,0,1,0,500,0,2),
	(200,102,0,1,0,500,0,2),
	(201,103,0,1,0,500,0,2),
	(202,104,0,1,0,500,0,2),
	(203,105,0,1,0,500,0,2),
	(204,106,0,1,0,500,0,2),
	(205,107,0,1,0,500,0,2);



# Dump of table pr_stock_mvt
# ------------------------------------------------------------


CREATE TABLE `pr_stock_mvt` (
  `id_stock_mvt` bigint(20) unsigned NOT NULL AUTO_INCREMENT,
  `id_stock` int(11) unsigned NOT NULL,
  `id_order` int(11) unsigned DEFAULT NULL,
  `id_supply_order` int(11) unsigned DEFAULT NULL,
  `id_stock_mvt_reason` int(11) unsigned NOT NULL,
  `id_employee` int(11) unsigned NOT NULL,
  `employee_lastname` varchar(32) DEFAULT '',
  `employee_firstname` varchar(32) DEFAULT '',
  `physical_quantity` int(11) unsigned NOT NULL,
  `date_add` datetime NOT NULL,
  `sign` tinyint(1) NOT NULL DEFAULT '1',
  `price_te` decimal(20,6) DEFAULT '0.000000',
  `last_wa` decimal(20,6) DEFAULT '0.000000',
  `current_wa` decimal(20,6) DEFAULT '0.000000',
  `referer` bigint(20) unsigned DEFAULT NULL,
  PRIMARY KEY (`id_stock_mvt`),
  KEY `id_stock` (`id_stock`),
  KEY `id_stock_mvt_reason` (`id_stock_mvt_reason`)
) ENGINE=InnoDB DEFAULT CHARSET=utf8;



# Dump of table pr_stock_mvt_reason
# ------------------------------------------------------------


CREATE TABLE `pr_stock_mvt_reason` (
  `id_stock_mvt_reason` int(11) unsigned NOT NULL,
  `sign` tinyint(1) NOT NULL DEFAULT '1',
  `date_add` datetime NOT NULL,
  `date_upd` datetime NOT NULL,
  `deleted` tinyint(1) unsigned NOT NULL DEFAULT '0',
  PRIMARY KEY (`id_stock_mvt_reason`)
) ENGINE=InnoDB DEFAULT CHARSET=utf8;


INSERT INTO `pr_stock_mvt_reason` (`id_stock_mvt_reason`, `sign`, `date_add`, `date_upd`, `deleted`)
VALUES
	(1,1,'2012-02-15 09:02:48','2012-12-13 18:57:13',0),
	(2,-1,'2012-02-15 09:02:48','2012-12-13 18:57:35',0),
	(3,-1,'2012-02-15 09:02:48','2012-02-15 09:02:48',0),
	(4,-1,'2012-02-15 09:02:48','2012-02-15 09:02:48',0),
	(5,1,'2012-02-15 09:02:48','2012-02-15 09:02:48',0);



# Dump of table pr_stock_mvt_reason_lang
# ------------------------------------------------------------


CREATE TABLE `pr_stock_mvt_reason_lang` (
  `id_stock_mvt_reason` int(11) unsigned NOT NULL,
  `id_lang` int(11) unsigned NOT NULL,
  `name` varchar(255) NOT NULL,
  PRIMARY KEY (`id_stock_mvt_reason`,`id_lang`)
) ENGINE=InnoDB DEFAULT CHARSET=utf8;


INSERT INTO `pr_stock_mvt_reason_lang` (`id_stock_mvt_reason`, `id_lang`, `name`)
VALUES
	(1,1,'Increase'),
	(1,2,'Augmenter'),
	(1,3,'Aumentar'),
	(1,4,'Erhöhen'),
	(1,5,'Aumenta'),
	(2,1,'Decrease'),
	(2,2,'Diminuer'),
	(2,3,'Disminuir'),
	(2,4,'Reduzieren'),
	(2,5,'Diminuisci'),
	(3,1,'Order'),
	(3,2,'Commande'),
	(3,3,'Pedido'),
	(3,4,'Bestellung'),
	(3,5,'Ordine'),
	(4,1,'Missing Stock Movement'),
	(4,2,'Mouvement de stock manquant'),
	(4,3,'Movimiento de stock que falta'),
	(4,4,'Lagerbewegung nicht stattgefunden'),
	(4,5,'Movimento di merce mancante'),
	(5,1,'Restocking'),
	(5,2,'Réassort'),
	(5,3,'Reaprovisionar'),
	(5,4,'Auffüllung'),
	(5,5,'Riassortimento');



# Dump of table pr_store
# ------------------------------------------------------------


CREATE TABLE `pr_store` (
  `id_store` int(10) unsigned NOT NULL AUTO_INCREMENT,
  `id_country` int(10) unsigned NOT NULL,
  `id_state` int(10) unsigned DEFAULT NULL,
  `name` varchar(128) NOT NULL,
  `address1` varchar(128) NOT NULL,
  `address2` varchar(128) DEFAULT NULL,
  `city` varchar(64) NOT NULL,
  `postcode` varchar(12) NOT NULL,
  `latitude` decimal(13,8) DEFAULT NULL,
  `longitude` decimal(13,8) DEFAULT NULL,
  `hours` varchar(254) DEFAULT NULL,
  `phone` varchar(16) DEFAULT NULL,
  `fax` varchar(16) DEFAULT NULL,
  `email` varchar(128) DEFAULT NULL,
  `note` text,
  `active` tinyint(1) unsigned NOT NULL DEFAULT '0',
  `date_add` datetime NOT NULL,
  `date_upd` datetime NOT NULL,
  PRIMARY KEY (`id_store`)
) ENGINE=InnoDB DEFAULT CHARSET=utf8;


INSERT INTO `pr_store` (`id_store`, `id_country`, `id_state`, `name`, `address1`, `address2`, `city`, `postcode`, `latitude`, `longitude`, `hours`, `phone`, `fax`, `email`, `note`, `active`, `date_add`, `date_upd`)
VALUES
	(1,21,9,'Dade County','3030 SW 8th St Miami','','Miami','33135',25.76500500,-80.24379700,'a:7:{i:0;s:13:\"09:00 - 19:00\";i:1;s:13:\"09:00 - 19:00\";i:2;s:13:\"09:00 - 19:00\";i:3;s:13:\"09:00 - 19:00\";i:4;s:13:\"09:00 - 19:00\";i:5;s:13:\"10:00 - 16:00\";i:6;s:13:\"10:00 - 16:00\";}','','','','',1,'2010-11-09 10:53:13','2010-11-09 10:53:13'),
	(2,21,9,'E Fort Lauderdale','1000 Northeast 4th Ave Fort Lauderdale','','Miami','33304',26.13793600,-80.13943500,'a:7:{i:0;s:13:\"09:00 - 19:00\";i:1;s:13:\"09:00 - 19:00\";i:2;s:13:\"09:00 - 19:00\";i:3;s:13:\"09:00 - 19:00\";i:4;s:13:\"09:00 - 19:00\";i:5;s:13:\"10:00 - 16:00\";i:6;s:13:\"10:00 - 16:00\";}','','','','',1,'2010-11-09 10:56:26','2010-11-09 10:56:26'),
	(3,21,9,'Pembroke Pines','11001 Pines Blvd Pembroke Pines','','Miami','33026',26.00998700,-80.29447200,'a:7:{i:0;s:13:\"09:00 - 19:00\";i:1;s:13:\"09:00 - 19:00\";i:2;s:13:\"09:00 - 19:00\";i:3;s:13:\"09:00 - 19:00\";i:4;s:13:\"09:00 - 19:00\";i:5;s:13:\"10:00 - 16:00\";i:6;s:13:\"10:00 - 16:00\";}','','','','',1,'2010-11-09 10:58:42','2010-11-09 11:01:11'),
	(4,21,9,'Coconut Grove','2999 SW 32nd Avenue','',' Miami','33133',25.73629600,-80.24479700,'a:7:{i:0;s:13:\"09:00 - 19:00\";i:1;s:13:\"09:00 - 19:00\";i:2;s:13:\"09:00 - 19:00\";i:3;s:13:\"09:00 - 19:00\";i:4;s:13:\"09:00 - 19:00\";i:5;s:13:\"10:00 - 16:00\";i:6;s:13:\"10:00 - 16:00\";}','','','','',1,'2010-11-09 11:00:38','2010-11-09 11:04:52'),
	(5,21,9,'N Miami/Biscayne','12055 Biscayne Blvd','','Miami','33181',25.88674000,-80.16329200,'a:7:{i:0;s:13:\"09:00 - 19:00\";i:1;s:13:\"09:00 - 19:00\";i:2;s:13:\"09:00 - 19:00\";i:3;s:13:\"09:00 - 19:00\";i:4;s:13:\"09:00 - 19:00\";i:5;s:13:\"10:00 - 16:00\";i:6;s:13:\"10:00 - 16:00\";}','','','','',1,'2010-11-09 11:11:28','2010-11-09 11:11:28');



# Dump of table pr_store_shop
# ------------------------------------------------------------


CREATE TABLE `pr_store_shop` (
  `id_store` int(11) unsigned NOT NULL,
  `id_shop` int(11) unsigned NOT NULL,
  PRIMARY KEY (`id_store`,`id_shop`),
  KEY `id_shop` (`id_shop`)
) ENGINE=InnoDB DEFAULT CHARSET=utf8;


INSERT INTO `pr_store_shop` (`id_store`, `id_shop`)
VALUES
	(1,1),
	(2,1),
	(3,1),
	(4,1),
	(5,1);



# Dump of table pr_supplier
# ------------------------------------------------------------


CREATE TABLE `pr_supplier` (
  `id_supplier` int(10) unsigned NOT NULL AUTO_INCREMENT,
  `name` varchar(64) NOT NULL,
  `date_add` datetime NOT NULL,
  `date_upd` datetime NOT NULL,
  `active` tinyint(1) NOT NULL DEFAULT '0',
  PRIMARY KEY (`id_supplier`)
) ENGINE=InnoDB DEFAULT CHARSET=utf8;


INSERT INTO `pr_supplier` (`id_supplier`, `name`, `date_add`, `date_upd`, `active`)
VALUES
	(3,'Ristorante A','2012-04-18 12:02:36','2012-04-18 12:02:36',1),
	(4,'Albergo B','2012-04-18 16:56:15','2012-04-18 16:56:15',1),
	(5,'Hotel Friuli','2013-05-27 18:42:17','2013-06-01 09:47:18',1),
	(6,'Idea Hotel','2013-05-27 18:43:18','2013-06-01 09:55:57',1),
	(7,'Hotel Best Western Continental','2013-05-27 18:44:11','2013-06-01 09:57:04',1),
	(8,'Hotel Best Western Là di Moret','2013-05-27 18:45:13','2013-06-01 09:58:20',1),
	(9,'Hotel Astoria','2013-05-27 18:46:01','2013-06-01 09:59:17',1),
	(10,'Villa Premiere','2013-05-27 18:47:32','2013-06-01 10:10:31',1),
	(11,'Best Western Park Hotel','2013-05-27 18:49:41','2013-06-01 10:12:01',1),
	(12,'Antico Borgo Torricella','2013-05-27 18:51:00','2013-06-01 10:12:54',1),
	(13,'Grand Hotel President','2013-05-27 18:54:22','2013-06-01 10:13:43',1),
	(14,'Hotel Major','2013-05-27 18:57:02','2013-06-01 10:16:05',1),
	(15,'Hotel San Giusto Best Western','2013-05-28 09:18:44','2013-06-01 10:16:44',1),
	(16,'Hotel Jolly','2013-05-28 09:20:34','2013-06-01 10:18:26',1),
	(17,'Hotel Ai Cacciatori','2013-05-28 09:22:11','2013-06-01 10:28:47',1),
	(18,'Hotel Rialto','2013-05-28 09:23:47','2013-06-01 10:30:14',1),
	(19,'Hotel Fonzari','2013-05-28 09:25:32','2013-06-05 17:42:42',1),
	(20,'Hotel New York','2013-05-28 09:27:08','2013-06-05 17:44:10',1),
	(21,'Osteria Alle Volte','2013-05-28 16:44:36','2013-06-05 17:44:58',1),
	(22,'Al Vecchio Stallo','2013-05-28 16:46:13','2013-06-05 17:46:32',1),
	(23,'Tana del Lupo','2013-05-28 16:47:47','2013-06-05 17:49:20',1),
	(24,'Dok dall\'Ava','2013-05-28 16:50:19','2013-06-05 18:04:05',1),
	(25,'Antico Ristorante Toran','2013-05-28 16:51:38','2013-06-05 18:05:59',1),
	(26,'Ai tre soldi goriziani','2013-05-28 16:53:03','2013-06-05 18:37:12',1),
	(27,'Da Solder','2013-05-28 16:54:35','2013-06-05 18:42:32',1),
	(28,'Osteria della Ribolla','2013-05-28 16:55:52','2013-06-05 18:45:59',1),
	(29,'Al Pomo d\'Oro','2013-05-28 16:58:14','2013-06-05 18:48:57',1),
	(30,'Al Fortino','2013-05-28 16:59:17','2013-06-05 18:53:21',1),
	(31,'Caffè Tommaseo','2013-05-28 17:02:12','2013-06-05 18:55:40',1),
	(32,'Nero di Seppia','2013-05-28 17:03:15','2013-06-05 18:57:45',1),
	(33,'Suban','2013-05-28 17:04:29','2013-06-05 18:59:17',1),
	(34,'Da Ovidio','2013-05-28 17:05:31','2013-06-05 19:05:03',1),
	(35,'La Colombara','2013-05-28 17:06:50','2013-05-29 17:33:22',1),
	(36,'Hotel Ai Patriarchi','2013-05-28 17:08:33','2013-05-29 18:53:58',1),
	(37,'Napoleone','2013-05-28 17:09:35','2013-05-30 09:34:05',1),
	(38,'La Ferrata','2013-05-28 17:10:40','2013-05-30 09:34:11',1),
	(39,'Abbate Ermanno','2013-05-28 18:39:38','2013-05-30 09:51:01',1),
	(40,'Dall\'Ongaro','2013-05-28 18:40:38','2013-05-30 09:51:09',1),
	(41,'Madot','2013-05-28 18:41:40','2013-05-30 10:05:59',1),
	(42,'Trattoria Da Wanda','2013-05-28 18:42:30','2013-05-30 10:14:47',1),
	(43,'Alle Ortensie','2013-05-28 18:43:51','2013-05-30 10:15:02',1),
	(44,'Hotel Costantini','2013-05-28 18:45:00','2013-05-30 10:27:41',1),
	(45,'Da Afro','2013-05-28 18:48:43','2013-05-30 11:26:03',1),
	(46,'Mulino delle Tolle','2013-05-29 18:19:33','2013-05-30 09:19:25',1),
	(47,'Al Mus C\'Al Svuale','2013-05-30 11:27:55','2013-05-30 12:05:30',1),
	(48,'Al Bachero','2013-05-30 11:30:04','2013-05-30 12:11:58',1),
	(49,'Fattoria dei Gelsi','2013-05-30 11:32:11','2013-05-30 12:12:06',1),
	(50,'La Granseola','2013-05-30 11:34:52','2013-05-30 12:20:10',1),
	(51,'Europa e Dintorni','2013-05-30 11:40:32','2013-05-30 12:20:17',1),
	(52,'Cantina Pitars','2013-05-30 17:04:07','2013-05-31 10:29:50',1),
	(53,'Cantina Bulfon','2013-05-30 17:06:27','2013-05-31 10:48:21',1),
	(54,'Cantina Rauscedo','2013-05-30 17:07:36','2013-05-31 10:52:26',1),
	(55,'Cantine Delizia','2013-05-30 17:08:30','2013-05-31 15:07:01',1),
	(56,'Distilleria Pagura','2013-05-30 17:09:57','2013-05-31 15:14:02',1),
	(57,'Cantina Butussi','2013-05-30 17:11:31','2013-05-31 15:23:30',1),
	(58,'Tenuta Luisa','2013-05-30 17:12:55','2013-05-31 15:29:04',1),
	(59,'Castello di Spessa','2013-05-30 17:14:03','2013-05-31 15:40:06',1),
	(60,'Ca\' Tullio','2013-05-30 17:16:57','2013-05-31 15:50:02',1),
	(61,'Cantina Ferrin','2013-05-30 18:24:31','2013-05-31 15:56:04',1),
	(62,'Vigneti Pittaro','2013-05-30 18:25:59','2013-05-31 17:04:58',1),
	(63,'Cantina Foffani','2013-05-30 18:27:52','2013-05-31 17:25:19',1);



# Dump of table pr_supplier_lang
# ------------------------------------------------------------


CREATE TABLE `pr_supplier_lang` (
  `id_supplier` int(10) unsigned NOT NULL,
  `id_lang` int(10) unsigned NOT NULL,
  `description` text,
  `meta_title` varchar(128) DEFAULT NULL,
  `meta_keywords` varchar(255) DEFAULT NULL,
  `meta_description` varchar(255) DEFAULT NULL,
  PRIMARY KEY (`id_supplier`,`id_lang`)
) ENGINE=InnoDB DEFAULT CHARSET=utf8;


INSERT INTO `pr_supplier_lang` (`id_supplier`, `id_lang`, `description`, `meta_title`, `meta_keywords`, `meta_description`)
VALUES
	(3,1,'','','',''),
	(3,2,'','','',''),
	(3,3,'','','',''),
	(3,4,'','','',''),
	(3,5,'Ristorante A','','',''),
	(4,1,'','','',''),
	(4,2,'','','',''),
	(4,3,'','','',''),
	(4,4,'','','',''),
	(4,5,'Albergo B','','Albergo B',''),
	(5,1,'','','',''),
	(5,2,'','','',''),
	(5,3,'','','',''),
	(5,4,'','','',''),
	(5,5,'A pochi passi dal centro storico, facilmente raggiungibile dalle principali vie di comunicazione, l’Hotel Friuli offre un’ospitalità ad alto livello che alle modernità degli ambienti unisce un efficiente e qualificato servizio. Spazi ampi e funzionali, personale cortese e competente caratterizzano la struttura che propone soggiorni ad un ottimo rapporto qualità /prezzo soddisfacendo le molteplici esigenze di clientela differenziata. Connessione WiFi gratuita in tutta la struttura. Parcheggio gratuito privato. Ristorante interno qualificato: un servizio impeccabile in un ambiente piacevolmente moderno ed accogliente.','','',''),
	(6,1,'','','',''),
	(6,2,'','','',''),
	(6,3,'','','',''),
	(6,4,'','','',''),
	(6,5,'L’Idea Hotel di Udine è situato nel complesso Alpe Adria a solo 1 Km dall’uscita Udine Nord dell’autostrada A23. Il centro storico di Udine dista solo 7 Km e la Fiera di Udine può essere raggiunta in auto in soli 10 minuti (6 Km). Dispone di 120 camere insonorizzate e concepite per fornire il massimo comfort: dai letti con morbido piumino e due cuscini, allo schermo LCD con canali satellitari e film a pagamento. Le stanze sono inoltre dotate di business desk, con accesso a Internet ADSL. ','','',''),
	(7,1,'','','',''),
	(7,2,'','','',''),
	(7,3,'','','',''),
	(7,4,'','','',''),
	(7,5,'Best Western Hotel Continental è la nuova idea di design hotel in Udine. Completamente ristrutturato, l\'hotel è situato a pochi minuti dal centro storico e dalle vie dello shopping, a pochissimi chilometri dall\'uscita autostradale Udine Nord, lungo la statale S.S. 13 che porta a Tricesimo, a due passi dall\'Ospedale. Le 56 camere offrono tutte gli standard della categoria, finemente arredate con mobili eleganti e sobri, tv Lcd e bagni in mosaico anche disponibili con vasca e doccia rainshower. Il parcheggio privato e gratuito.','','',''),
	(8,1,'','','',''),
	(8,2,'','','',''),
	(8,3,'','','',''),
	(8,4,'','','',''),
	(8,5,'Il Best Western Là di Moret è un hotel alla periferia di Udine, a pochi chilometri dal casello autostradale di Udine Nord, dalla Fiera di Udine, dall\'Ospedale Santa Maria della Misericordia, dal polo universitario e dal centro storico della città. I bus vicini vi permetteranno di raggiungere facilmente il centro di Udine, ricco di arte, storia ed antiche tradizioni. Là di Moret è stato concepito per garantire un ambiente rilassante, offre servizi accurati tra cui sale meeting, connessione internet wireless, un bar, due ristoranti e un nuovissimo centro benessere con saune, bagno turco, idromassaggio, docce emozionali, area relax e palestra.','','',''),
	(9,1,'','','',''),
	(9,2,'','','',''),
	(9,3,'','','',''),
	(9,4,'','','',''),
	(9,5,'L\'elegante edificio sede dell\'Hotel è situato nel centro storico della città, immediatamente all\'esterno dell\'area pedonale: la posizione privilegiata consente agli ospiti di vivere le peculiarità artistiche, culturali e ricreative del cuore di Udine e di raggiungere velocemente le sedi universitarie e di ricerca scientifica, i teatri, i centri ospedalieri, la Fiera, lo stadio ed il palazzetto dello sport, il tribunale e la stazione ferroviaria. La pluriennale esperienza nel settore dell\'ospitalità unita ad un\'elevata professionalità, fanno dell\'Astoria Hotel il punto di riferimento ideale per tutti coloro che all\'accoglienza alberghiera chiedono qualità raffinata, servizi personalizzati, elevato comfort e praticità.','','',''),
	(10,1,'','','',''),
	(10,2,'','','',''),
	(10,3,'','','',''),
	(10,4,'','','',''),
	(10,5,'A Udine, l\'Hotel Villa Premiere, un nuovo albergo a 4 stelle totalmente antisismico rivolto al viaggiatore in cerca di un approdo elegante e confortevole. Le ampie camere offrono un comfort di qualità decisamente superiore e sono dotate di ogni comodità anche per gli ospiti diversamente abili: aria condizionata, televisore LCD 32 pollici, connessione ad Internet wi-fi, cassaforte e ampio bagno. Agli ospiti viene offerta una ricca colazione a buffet con piatti caldi e freddi, caffè espresso e dolci tipici. L\'hotel dispone di Internet point gratuito, saletta meeting, un grande garage interno e parcheggio privato anche per pullman.','','',''),
	(11,1,'','','',''),
	(11,2,'','','',''),
	(11,3,'','','',''),
	(11,4,'','','',''),
	(11,5,'Il Best Western Park Hotel è situato nel centro di Pordenone, a pochi passi dalla stazione ferroviaria e a 800 metri dalla Fiera. La città vanta un centro storico ben conservato, piccole piazze racchiuse da archi e vicoletti, case affrescate in stile romanico, gotico e rinascimentale. Il Duomo di San Marco ed il Palazzo Municipale hanno testimoniato lo sviluppo economico della città fin dal Medioevo. Rinnovato di recente con camere confortevoli ed un servizio attento, l\'Hotel è la destinazione ideale per coloro che viaggiano per lavoro o per turismo, grazie ad una sala riunioni completamente attrezzata per un massimo di 60 persone, connessione internet Wi-Fi gratuita in tutte le aree dell\'albergo, internet point, sala colazione accogliente con ricco buffet, bar, salone TV e lettura, reception aperta 24 ore con uno staff professionale sempre a disposizione degli ospiti.','','',''),
	(12,1,'','','',''),
	(12,2,'','','',''),
	(12,3,'','','',''),
	(12,4,'','','',''),
	(12,5,'L’Hotel Antico Borgo Torricella è un edificio del 1700 di recente ristrutturazione che dispone di un innovativo centro benessere con piscina, idromassaggio, sauna finlandese, bagno turco, doccia emozionale aromatizzata ed hammam. L\'Hotel dispone di: ristorante, bar, reception 24 ore su 24, quotidiani, giardino, camere non fumatori, camere/strutture per ospiti disabili, ascensori, cassetta di sicurezza, camere insonorizzate, riscaldamento, aria condizionata, snack bar. L’Hotel Antico Borgo Torricella è situato a San Vito al Tagliamento.','','',''),
	(13,1,'','','',''),
	(13,2,'','','',''),
	(13,3,'','','',''),
	(13,4,'','','',''),
	(13,5,'Il Grand Hotel President è il luogo ideale per meeting, matrimoni ed eventi attraverso una serie di servizi difficilmente riscontrabili in altre strutture. Il Grand Hotel President offre alla sua clientela le migliori camere confortevoli ed arredate con gusto. Tutte dispongono di bagno con doccia o vasca, tv Sat LCD,  radio, frigobar,  aria condizionata a controllo autonomo e telefono a selezione diretta, connessione internet Wi-Fi gratuita.','','',''),
	(14,1,'','','',''),
	(14,2,'','','',''),
	(14,3,'','','',''),
	(14,4,'','','',''),
	(14,5,'L\' Hotel Major è una moderna struttura 4 stelle situata in posizione strategica, dista 2,5 km dall\'Aereoporto internazionale del Friuli Venezia Giulia (TRS) e 100 mt dall’uscita autostradale A4 Fogliano Redipuglia / Monfalcone Ovest. Le 80 camere standard, sono allestite con uno stile moderno e funzionale, dotate di tutti i servizi base quali: connessione wi-fi gratuita, cassaforte elettronica, minibar, aria condizionata e riscaldamento autonomo, tv digitale con schermo LCD, telefono linea diretta, asciugacapelli.','','',''),
	(15,1,'','','',''),
	(15,2,'','','',''),
	(15,3,'','','',''),
	(15,4,'','','',''),
	(15,5,'Il Best Western Hotel San Giusto gode di un\'ottima posizione a soli 5 minuti a piedi dal centro storico di Trieste ed in prossimità del Castello di San Giusto, della fiera e dello stadio Nereo Rocco. L’hotel offre ampio parcheggio, un’accogliente sala colazione e un elegante lounge per rilassarsi dopo una giornata trascorsa ad ammirare le attrazioni della città. Il caffè è a disposizione nella hall. L\'hotel offre agli ospiti accesso gratuito a Internet wireless negli spazi comuni dell\'hotel. ','','',''),
	(16,1,'','','',''),
	(16,2,'','','',''),
	(16,3,'','','',''),
	(16,4,'','','',''),
	(16,5,'L\'hotel Jolly Trieste, situato nel cuore storico di Trieste, è a pochi passi dalla stazione ferroviaria e dalla celebre piazza dell\'Unità d\'Italia, una delle più belle d\'Italia e la più grande piazza europea affacciata sul mare. Situato nel quartiere commerciale della città, l\'hotel è in una posizione comoda e vicino ai caffè storici della città, a Palazzo Gopcevich e al teatro Verdi. Il centro congressi Stazione Marittima si trova nei pressi dell\'Hotel Jolly Trieste, così come il pittoresco quartiere dello shopping. Il Faro della Vittoria e il castello di Miramare, i monumenti più famosi di questa parte di costa, sono a circa dieci minuti d\'auto.','','',''),
	(17,1,'','','',''),
	(17,2,'','','',''),
	(17,3,'','','',''),
	(17,4,'','','',''),
	(17,5,'L’Hotel Ristorante \"Ai Cacciatori\", coi i suoi confortevoli alloggi, il rinomato Ristorante e le strutture per lo svago, si trova in una posizione strategica del Friuli Venezia Giulia. L’Hotel Ai Cacciatori si trova, inoltre, a 200 metri dal famoso Sacrario Militare di Redipuglia, luogo dove riposano migliaia di vittime della 1° Guerra Mondiale, a soli 2 km dall\'uscita Redipuglia dell’autostrada A4 (Trieste-Venezia) e a 4 km dall’Aeroporto del Friuli Venezia Giulia (Ronchi deiLegionari).','','',''),
	(18,1,'','','',''),
	(18,2,'','','',''),
	(18,3,'','','',''),
	(18,4,'','','',''),
	(18,5,'L\'Hotel Rialto, realizzato con criteri davvero moderni dal punto di vista architettonico e funzionale, dotato di tutti i comfort, l’Hotel Rialto si propone come una struttura ideale per tutti e per qualsiasi tipo di vacanza. È ubicato in “Città Giardino” a pochi passi dalla spiaggia e dall’ombroso “Parco delle Rose”, a pochi minuti dall’isola pedonale, dal centro storico e dal porto. Dispone di parcheggio privato, grandi ascensori, uno splendido solarium panoramico attrezzato, con vista sulla vicinissima spiaggia e laguna.','','',''),
	(19,1,'','','',''),
	(19,2,'','','',''),
	(19,3,'','','',''),
	(19,4,'','','',''),
	(19,5,'I clienti potranno distendersi usufruendo di sale per trattamenti e massaggi. Una piscina scoperta permette agli ospiti di questo hotel di rilassarsi prendendo il sole. Presso questo hotel 3 stelle a Grado troverete aria condizionata nelle aree comuni. Un bar a bordo piscina e un bar/lounge sono a disposizione per bere qualcosa di rinfrescante a bordo vasca o all\'interno. Il personale della reception, aperta 24 ore su 24, garantisce supporto per la prenotazione di escursioni/biglietti.\r\nLa struttura dispone di Internet point.','','',''),
	(20,1,'','','',''),
	(20,2,'','','',''),
	(20,3,'','','',''),
	(20,4,'','','',''),
	(20,5,'Ubicato nel cuore di Lignano Pineta, l\'Hotel New York sorge a 700 metri dalla sua spiaggia privata, attrezzata con lettini e ombrelloni gratuiti, e offre un parcheggio senza costi aggiuntivi. Le camere del New York Hotel sono dotate di aria condizionata, TV satellitare, frigorifero, balcone arredato e bagno privato con articoli da toeletta e asciugacapelli. Il ricco buffet per la colazione è disponibile fino alle 10:00. Il ristorante offre specialità italiane e internazionali. Il New York Hotel dista 10 minuti di auto dal centro di Lignano Sabbiadoro e 15 km dalla stazione ferroviaria più vicina, situata a Latisana.','','',''),
	(21,1,'','','',''),
	(21,2,'','','',''),
	(21,3,'','','',''),
	(21,4,'','','',''),
	(21,5,'Nel cuore di Udine in via Mercatovecchio, a due passi da piazza San Giacomo si trova l’Osteria alle Volte.\r\nAl ristorante si accede dal n° 4 di via Mercatovecchio attraverso un breve corridoio che si apre su una tanto minuscola quanto accogliente corte dove con la bella stagione è possibile mangiare all’aperto.\r\nDalla corte si accede poi al ristorante che si trova in un ambiente molto suggestivo, fatto di volte a vela sostenute da colonne in pietra.','','',''),
	(22,1,'','','',''),
	(22,2,'','','',''),
	(22,3,'','','',''),
	(22,4,'','','',''),
	(22,5,'Al Vecchio Stallo, una vera trattoria come vuole la tradizione, si trova in via Viola. Colpisce subito l\'ambiente estremamente informale con tovaglie a quadri e tavoli ravvicinati, tanto da conciliare la socializzazione con i vicini di tavolo.  L\'osteria prepara piatti tipici, tutti di qualità a prezzi contenuti. Da provare la zuppa con trippa di primo e frico con polenta di secondo.','','',''),
	(23,1,'','','',''),
	(23,2,'','','',''),
	(23,3,'','','',''),
	(23,4,'','','',''),
	(23,5,'\"La Tana del Lupo\", si trova a poche centinaia di metri dalla Villa Lovaria. Il fabbricato del ristorante, tipico esempio di antica casa colonica friulana, è stato sottoposto ad un intervento di risanamento conservativo che ne ha salvaguardato le caratteristiche strutturali e lo stile rurale: i vecchi solai in legno ed il bel fogolar friulano.\r\nLe tre sale interne, con l\'aggiunta del tipico \"fogolar\" friulano per aumentare l\'intimità e la riservatezza della conversazione, possono ospitare fino a centoventi persone.\r\nNella bella stagione si aggiungono altrettanti posti all\'aperto, all\'interno di un moderno gazebo.','','',''),
	(24,1,'','','',''),
	(24,2,'','','',''),
	(24,3,'','','',''),
	(24,4,'','','',''),
	(24,5,'La DOK Dall’Ava produce nel suo Prosciuttificio circa 30.000 prosciutti di San Daniele d.o.p. tutti contrassegnati con il marchio del consorzio n°10. Il prosciuttificio è attivo dal gennaio 2007 e nel 2010 è stata completata l’opera con la costruzione della Prosciutteria annessa e collegata al Prosciuttificio. E\' nato quindi il primo “PROSCIUTTO LEARNING CENTER” del mondo dove chi vuole, può imparare tutte quelle cose che servono per fare, tagliare e mangiare un Prosciutto. La DOK Dall’Ava assicura una continua ricerca sulla qualità, che da sempre l’ha portata ad ottenere importanti risultati e riconoscimenti a livello europeo.','','',''),
	(25,1,'','','',''),
	(25,2,'','','',''),
	(25,3,'','','',''),
	(25,4,'','','',''),
	(25,5,'Con la prosciutteria e il Ristorante, l\'Antico Caffè Toran offre agli Ospiti un\'accoglienza aperta e cordiale, degna della tradizione più viva: la squisita ospitalità friulana. Il dolce e Rinomato Prosciutto di San Daniele, selezionato con amorevole cura, si accompagna ai formaggi tipici locali e ai sott\'oli assortiti; durante la stagione estiva si sposa magistralmente con i Fichi e il Melone.','','',''),
	(26,1,'','','',''),
	(26,2,'','','',''),
	(26,3,'','','',''),
	(26,4,'','','',''),
	(26,5,'Il nostro ristorante si trova in Corso Italia, la via principale di Goriza, in un interno caratterizzato da un giardino molto curato. L\' edificio che ospita il Ristorante Ai Tre Soldi Goriziani risale all\' inizio del secolo scorso ed è stato completamente ristrutturato conservando fedelmente l\' aspetto originario. Il ristorante è formato da due sale che ospitano circa 80 e 60 posti a sedere. \r\nD\' estate il giardino offre la possibilità di mangiare all\'aperto; la sua capienza è di circa 80 posti a sedere.\r\n','','',''),
	(27,1,'','','',''),
	(27,2,'','','',''),
	(27,3,'','','',''),
	(27,4,'','','',''),
	(27,5,'L\'agriturismo Trattoria Solder e\' situato nella provincia di Udine, nel comune di Corno di Rosazzo a pochi chilometri da Gorizia. Troverete un\'accoglienza cordiale e familiare, potrete godere del contatto con la natura e della genuinita\' dei suoi prodotti... Si trova in una posizione comoda per raggiungere altre località importanti della provincia di Udine.','','',''),
	(28,1,'','','',''),
	(28,2,'','','',''),
	(28,3,'','','',''),
	(28,4,'','','',''),
	(28,5,'All\'interno del Castello dei conti Zuccus di Cuccanea, ha sede la cantina. Qui trovate la piacevole e ben curata osteria (nella bella stagione si mangia anche sotto il porticato) dove il gestore, propone piatti semplici e ispirati, in particolare alla lunga storia dei friulani vissuta assieme all\'Impero Asburgico.','','',''),
	(29,1,'','','',''),
	(29,2,'','','',''),
	(29,3,'','','',''),
	(29,4,'','','',''),
	(29,5,'La Locanda al Pomo d\'Oro, occupa la parte antica e suggestiva del \"Xenodochio\", una prima locanda medioevale, recentemente restaurata.\r\nEsso è situato a soli 200 metri dal Duomo e gode di parecchie aree di parcheggio nelle vicinanze.\r\nDa oltre 60 anni la Locanda al Pomo d\'Oro è gestita dalla famiglia Picotti seguendo la tradizione, tramandata da padre in figlio.','','',''),
	(30,1,'','','',''),
	(30,2,'','','',''),
	(30,3,'','','',''),
	(30,4,'','','',''),
	(30,5,'Il rinomato ristorante Al Fortino può vantare origini antichissime, dato che la sua licenza risale alla seconda metà del XVI secolo, in stile rustico-elegante, si trova nel centro storico ed offre un\'ampia selezione culinaria servita con innovazionenel rispetto della tradizione, enoteca con brunch ed happy dinner.','','',''),
	(31,1,'','','',''),
	(31,2,'','','',''),
	(31,3,'','','',''),
	(31,4,'','','',''),
	(31,5,'Caffè Tommaseo, in Piazza Tommaseo 4, è adiacente alla famosa Piazza Unità d\'Italia ed al Teatro Comunale Giuseppe Verdi nella zona più prestigiosa della città di Trieste. Caffè di antiche tradizioni essendo uno dei Locali Storici d\'Italia ed il più antico Caffè di Trieste, aperto nel 1830 dal padovano Tommaso Marcato, venne fatto decorare dal pittore Gatteri ed adornato di grandi specchiere, appositamente giunte dal Belgio. Restaurato e rinnovato nel dicembre 1997 nel segno dell\'originaria tradizione dei Caffè Viennesi, dalla nuova Società proprietaria del Caffè.','','',''),
	(32,1,'','','',''),
	(32,2,'','','',''),
	(32,3,'','','',''),
	(32,4,'','','',''),
	(32,5,'La trattoria Nerodiseppia è un ambiente semplice, familiare ed accogliente, inaugurato nel 2010, ricavato dalla ristrutturazione di un vecchio negozio di liquori.\r\nLa cucina è di pesce freschissimo, declinato in svariati modi, dal pesce crudo ai golosi fritti in padella con l’olio extravergine del Carso. Il menù varia seguendo la stagionalità del pescato del Golfo e dei prodotti della terra.\r\nDulcis in fundo…l’ampia scelta dei dolci, preparati giornalmente in casa, a cui non si può rinunciare!\r\nAl Nerodiseppia troverete una carta vini in continua evoluzione, con un’ampia scelta di etichette friulane e di vini autoctoni del Carso. Sempre disponibili le proposte di vini al bicchiere da abbinare ai piatti scelti.','','',''),
	(33,1,'','','',''),
	(33,2,'','','',''),
	(33,3,'','','',''),
	(33,4,'','','',''),
	(33,5,'L\'Antica Trattoria Suban nacque nel 1865 e da allora quattro generazioni di ristoratori hanno contribuito a portare avanti questo locale che nel tempo ha ricevuto numerosi riconoscimenti. La cucina proposta da questo locale però non è cambiata negli anni: la tradizione culinaria triestina continua ad avere successo tra le sale di questa trattoria.','','',''),
	(34,1,'','','',''),
	(34,2,'','','',''),
	(34,3,'','','',''),
	(34,4,'','','',''),
	(34,5,'Da ben 4 generazioni di ristoratori, la famiglia Boemo propone, in un ambiente nuovo, le delizie del nostro mare con ricette e specialità tipiche gradesi e friulane abbinate a dei vini del Friuli Venezia Giulia. Il ristorante \"da Ovidio\" è situato nel centro storico nelle immediate vicinanze del duomo di Grado. Ha una capienza interna di 70-80 posti a sedere ed esterna di 50 persone.','','',''),
	(35,1,'','','',''),
	(35,2,'','','',''),
	(35,3,'','','',''),
	(35,4,'','','',''),
	(35,5,'La bontà, la qualità e varietà dei piatti che giornalmente si possono degustare al Ristorante \"La Colombara\" sono assicurate dalla gestione casalinga della famiglia Aizza. Il Ristorante \"La Colombara\" dispone di due ampie sale, in una delle quali, un tipico caminetto riscalda una piacevole atmosfera; intimo e appartato il suo american-bar, ampio il suo parcheggio auto privato.','','',''),
	(36,1,'','','',''),
	(36,2,'','','',''),
	(36,3,'','','',''),
	(36,4,'','','',''),
	(36,5,'Negli anni il ristorante dell’Hotel Patriarchi è divenuto uno dei più rinomati luoghi conviviali del Friuli Venezia Giulia sia per la versatilità delle sue ricette, sia per la diversificazione degli spazi, tutto in funzione delle esigenze della clientela. La ricerca ed il recupero di ricette e pietanze a base di carne e di pesce della tradizione friulana e, più in generale, mitteleuropea ed adriatica, si abbinano ad una loro reinterpretazione e rivisitazione per offrire al gourmet ed all’ospite piatti in grado di soddisfare diverse tendenze di gusti e palati, nonché vari tipi di dieta e di alimentazione. Le sale del ristorante garantiscono: riservatezza e intimità, convivialità per pranzi e cene famigliari, aziendali e sociali, realizzazione di banchetti per eventi, convention, matrimoni, etc. ','','',''),
	(37,1,'','','',''),
	(37,2,'','','',''),
	(37,3,'','','',''),
	(37,4,'','','',''),
	(37,5,'Rinomato per le carni friulane selezionate rigorosamente,  ma anche per il pesce fresco. Per una ristorazione schietta oltre che raffinata.  Per soddisfare il bisogno di ritrovare i profumi tipici e i sapori identificativi di un tempo. Profumi e sapori distintivi, gratificanti, che sanno legare ad ogni pranzo un’emozione, amplificando il piacere di ritrovarsi e di stare insieme.','','',''),
	(38,1,'','','',''),
	(38,2,'','','',''),
	(38,3,'','','',''),
	(38,4,'','','',''),
	(38,5,'La storica osteria di via Gorizia è nata nel 1889.\r\nLa sagoma di una locomotiva in ferro battuto è l\'insegna del locale per ricordare le origini della “Ferrata”, sorta come albergo e osteria alle porte della ferrovia di Pordenone, costruita nel 1855.\r\nIl secolo di storia che ci separa da quella data si legge sulle pareti del locale, dove campeggiano decine di quadri in bianco e nero, litografie del centro di Pordenone nei primi del Novecento e foto delle campagne della zona.\r\nAppesi al soffitto, i rami usati dalle nonne per cucinare; appoggiati alle mensole, i piatti in ceramica decorata Galvani. Un patrimonio degno dei migliori musei contadini della provincia, per ricordare \"chi siamo e da dove veniamo\". Per l’\'anzianità del fabbricato e dell’\'attività, \"“Alla Ferrata\" è stata insignita della targa d\' argento come locale storico della regione.','','',''),
	(39,1,'','','',''),
	(39,2,'','','',''),
	(39,3,'','','',''),
	(39,4,'','','',''),
	(39,5,'Una fiorita corte interna congiunge l’eccellente ospitalità dell’Hotel In Sylvis alla squisita cucina del rinomato Ristorante Abate Ermanno, dove è facile oggi riscoprire con stupore la genuinità e la ricchezza di una millenaria tradizione culinaria ed enologica locale.\r\nNoto per la sua cucina molto apprezzata, leggera, semplice oppure più raffinata in base alle preferenze del Cliente, il Ristorante offre menù differenziati a seconda delle occasioni.','','',''),
	(40,1,'','','',''),
	(40,2,'','','',''),
	(40,3,'','','',''),
	(40,4,'','','',''),
	(40,5,'Nel cuore di un’antica Villa Padronale, il tipico Ristorante “Allo Storione” di proprietà Famiglia Buzzi, adiacente all’hotel, accoglie l’ospite in una suggestiva atmosfera proponendo specialità tipiche seguendo le stagionalità.\r\nUna selezione di vini, la cucina semplice ed accurata, la continua ricerca di nuovi sapori e profumi, l’arte con la quale vengono presentati i piatti, sono l’orgoglio dello chef Giacomo lasciando all’ospite sensazioni di un piacevole momento.','','',''),
	(41,1,'','','',''),
	(41,2,'','','',''),
	(41,3,'','','',''),
	(41,4,'','','',''),
	(41,5,'Se volete assaggiare dei piatti tipici friulani questo è il posto perfetto...','','',''),
	(42,1,'','','',''),
	(42,2,'','','',''),
	(42,3,'','','',''),
	(42,4,'','','',''),
	(42,5,'','','',''),
	(43,1,'','','',''),
	(43,2,'','','',''),
	(43,3,'','','',''),
	(43,4,'','','',''),
	(43,5,'Animali da cortile, suini e ortaggi sono i prodotti che vengono usati per la preparazione dei gustosi piatti e pietanze e sono di esclusiva coltivazione e allevamento dell\'azienda agricola stessa, e sono il risultato di una scrupolosa alimentazione e coltura tradizionale del mondo rurale friulano.\r\nTutte le pietanze sono curate direttamente da Ortensia, cuoca di provata esperienza.','','',''),
	(44,1,'','','',''),
	(44,2,'','','',''),
	(44,3,'','','',''),
	(44,4,'','','',''),
	(44,5,'Il ristorante Costantini accoglie i propri ospiti all\'insegna della migliore tradizione enogastronomica friulana. Tra calore e familiarità si gusta un ampia varietà di piatti accompagnata da una varia scelta di vini selezionata dall\'enoteca allestita all\'interno del ristorante.','','',''),
	(45,1,'','','',''),
	(45,2,'','','',''),
	(45,3,'','','',''),
	(45,4,'','','',''),
	(45,5,'ll calore e la semplicità della vecchia osteria sono rimasti vivi nel raffinato Albergo Ristorante \'Osteria Da Afro\' Hotel rinnovato da pochi anni, vicinissimo al centro storico, situato in un vecchio edificio, servizio curato e cordiale, rinomata cucina tradizionale. Poter degustare i piatti friulani come salame all\'aceto con brovada, frico, ecc. Ottima la trippa e il prosciutto di San Daniele che viene affettato rigorosamente con affettatrice meccanica. Buona scelta di vini locali.','','',''),
	(46,1,'','','',''),
	(46,2,'','','',''),
	(46,3,'','','',''),
	(46,4,'','','',''),
	(46,5,'“Perché un vino senza salame non sarà mai un buon vino”\r\nLa storia del Mulino delle Tolle è una storia di famiglia. Lavoro e passione che si tramandano di generazione in generazione. Conosciuta come la Casa Bianca, la struttura diventa testimonianza del susseguirsi di eventi storici a partire dal 1600. Bruciata durante i moti del 1848 viene adibita a macello bovino per l’esercito italiano impegnato nella seconda guerra mondiale. Nel 1998, da rudere rinasce nell’agriturismo Mulino delle Tolle.\r\nL’accoglienza ospitale del Mulino delle Tolle: a pochi chilometri dall’uscita autostradale di Palmanova, la città stellata di origine Napoleonica, nel verde delle campagne delle terre d’Aquileia.','','',''),
	(47,1,'','','',''),
	(47,2,'','','',''),
	(47,3,'','','',''),
	(47,4,'','','',''),
	(47,5,'Locale storico nel centro di Spilimbergo consigliato a chi vuole bere qualche bicchiere di vino o birra o anche per pranzare e cenare. Interni molto curati, il cibo è davvero buono.','','',''),
	(48,1,'','','',''),
	(48,2,'','','',''),
	(48,3,'','','',''),
	(48,4,'','','',''),
	(48,5,'Dal 1975 la gestione del Bachero è affidata alla famiglia Zavagno che prosegue la tradizione del locale, ai giorni d\'oggi invece Enrico con la moglie Graziella. Il baccalà, preparato con la ricetta dei marinai pugliesi ha riscontrato da subito un gran successo, tanto che oggi insieme alle trippe e alla polenta è considerato il piatto forte del locale.\r\nPartendo dagli antipasti pancetta al naturale e salame nostrano sono sicuramente da non perdere.\r\nTra i primi troviamo gustosi gnocchi al ragù di carne o al burro e ricotta affumicata, spaghetti al pomodoro.\r\nOttimi i secondi, oltre al baccalà e alle trippe vi consigliamo di assaggiare anche lo spezzatino di manzo e patate, il tutto accompagnato da contorni freschi di stagione. Non mancano i vini.','','',''),
	(49,1,'','','',''),
	(49,2,'','','',''),
	(49,3,'','','',''),
	(49,4,'','','',''),
	(49,5,'Alle porte di Lignano Sabbiadoro, pregiata spiaggia friulana, in località Aprilia Marittima (darsena di yacth), dal 1999 c\'è il ristorante \"La Fattoria dei Gelsi\". Cucina di pesce in prevalenza, qualità e servizio del \"Gelsi Sistema\", discrezione e signorilità. I menù cambiano con le stagioni e sono accompagnati da una buona carta vini. Ampie sale, con capienza fino a 400 posti. Grande giardino attrezzato con giochi per bambini.','','',''),
	(50,1,'','','',''),
	(50,2,'','','',''),
	(50,3,'','','',''),
	(50,4,'','','',''),
	(50,5,'Uno dei più vecchi ristoranti di Lignano Pineta con 50 anni di storia. Ristrutturato nel 2003 dalla nuova gestione. Ambiente ampio ma accogliente con un bellissimo fogolar friulano all\'interno ed un\'incantevole vista sul mare. La cucina è specializzata soprattutto in piatti a base di pesce ma offre anche una attenta selezioni di carni nazionali. La pizzeria dispone di forno a legna.','','',''),
	(51,1,'','','',''),
	(51,2,'','','',''),
	(51,3,'','','',''),
	(51,4,'','','',''),
	(51,5,'','','',''),
	(52,1,'','','',''),
	(52,2,'','','',''),
	(52,3,'','','',''),
	(52,4,'','','',''),
	(52,5,'Il mondo dei Pitars è un piccolo mondo antico, ricco dei valori autentici della tradizione friulana e della cura appassionata che caratterizza ogni fase ed ogni dettaglio del complesso processo di vinificazione. Realizzato in un ambiente tecnologicamente avanzato, con sistemi altamente specializzati, dalla capacità di più di ventimila ettolitri, testimoni di un\'evoluzione agrotecnica di grande valore.','','',''),
	(53,1,'','','',''),
	(53,2,'','','',''),
	(53,3,'','','',''),
	(53,4,'','','',''),
	(53,5,'L\'Azienda vitivinicola Emilio Bulfon si trova nell\'area pedemontana della provincia di pordenone, immersa tra boschi, colline e le rive del fiume Tagliamento, uno dei più antichi corsi d\'acqua d\'Europa. Si estende con i suoi vigneti nel territorio che comprende i comuni di Castelonvo del Friuli e Pinzano al Tagliamento, su una superficie in parte collinare, costituita da 15,90 ettari di cui 9 coltivati a vigneto esclusivamente di varietà autoctone friulane recuperate. L\'azienda cerca di coniugare le innovazioni tecnologiche in campo enologico con la valorizzazione del territorio: immersa nel verde dispone di una moderna cantina, un punto vendita, un\'ampia sala degustazione ed offre a chi volesse pernottare anche un alloggio agrituristico.','','',''),
	(54,1,'','','',''),
	(54,2,'','','',''),
	(54,3,'','','',''),
	(54,4,'','','',''),
	(54,5,'60 anni di storia per creare, vendemmia dopo vendemmia, un vino di grande qualità che nasce da terre brulle e sassose. La tradizione, tramandata sin dai tempi dei Romani, ha saputo tutelare il segreto per trasformare un terreno così inospitale nella terra migliore per produrre vini che non hanno eguali in tutto il mondo. A Rauscedo, tra fiumi che sgorgano impetuosi all’improvviso per poi scomparire di nuovo nella terra, diciamo che “l’acqua divide gli uomini: il vino li unisce”.','','',''),
	(55,1,'','','',''),
	(55,2,'','','',''),
	(55,3,'','','',''),
	(55,4,'','','',''),
	(55,5,'Nata nel 1931 come Cantina Sociale Cooperativa Destra Tagliamento, la società Viticoltori Friulani La Delizia rappresenta la maggiore realtà vitivinicola della Regione Friuli Venezia Giulia. L’azienda associa oltre 500 viticoltori con 2000 ettari di vigneti che si estendono attraverso tutta la pianura friulana, all’interno delle rinomate aree D.O.C. “Friuli Grave” e “Prosecco”, storicamente vocate alla coltivazione della vite e ad una produzione che consente di ottenere vini con forte identità e tipicità, esportati con successo nei principali paesi esteri. In una specifica area di oltre 100 ettari sono presenti le diverse varietà di uve coltivate in Friuli. In collaborazione con prestigiosi Istituti ed Enti di Ricerca, viene attuata una sperimentazione clonale e viene sviluppata un’attività vivaistica finalizzata alla ricerca ed al miglioramento qualitativo del patrimonio vitivinicolo.','','',''),
	(56,1,'','','',''),
	(56,2,'','','',''),
	(56,3,'','','',''),
	(56,4,'','','',''),
	(56,5,'La distilleria Pagura è tra quelle che in Friuli può vantare le origini più antiche. Nasce infatti a Castions di Zoppola nel 1879.\r\nMa con Pagura Domenico l\'azienda raggiunse negli anni sessanta le attuali dimensioni con una capacità produttiva di 10.000 - 15.000 quintali di vinaccia distillata in alambicco discontinuo con quattro caldaie a vapore. \r\nLa grappa così come esce dall\'alambicco viene commercializzata e, vista la longevità dell\'azienda, è il caso di dire che a volte la tradizione paga.','','',''),
	(57,1,'','','',''),
	(57,2,'','','',''),
	(57,3,'','','',''),
	(57,4,'','','',''),
	(57,5,'Nei 15 ettari vitati che, a Prà di Corte, segnano i confini dell’azienda, il lavoro quotidiano è una fatica, ma nel contempo un piacere.\r\nPerché far vino in una terra a gran vocazione vitivinicola come quella di Corno di Rosazzo non è cosa da tutti; ma è lo splendido frutto di un costante impegno, che dalla vigna, con il raccolto, arriva alla cantina. Senza mai perder di vista i dettami tramandati dalla tradizione di famiglia, primo fra tutti l’armonia e lo spirito d’insieme.\r\nNei vini bianchi, in particolare, ma anche nei più robusti rossi che, attraverso un’attenta selezione delle uve e una sapiente vinificazione i Butussi imbottigliano in una ricca e prestigiosa gamma, dai sapori intensi e preziosi.','','',''),
	(58,1,'','','',''),
	(58,2,'','','',''),
	(58,3,'','','',''),
	(58,4,'','','',''),
	(58,5,'L\'Azienda Agricola Tenuta Luisa è situata a Mariano del Friuli (GO) nella zona DOC Friuli Isonzo. E\' possibile visitare la cantina, degustare i vini prodotti e alloggiare nell\'Agriturismo dell\'azienda.\r\nLa cantina dista 15 km dall\'aeroporto di Ronchi dei Legionari e 2 km dalla stazione ferroviaria di Sagrado e Cormòns. ','','',''),
	(59,1,'','','',''),
	(59,2,'','','',''),
	(59,3,'','','',''),
	(59,4,'','','',''),
	(59,5,'Ai piedi del Castello di Spessa, in quelli che anticamente erano i rustici trasformati successivamente in osteria, è stata ricavata la Tavernetta al Castello, con un eccellente ristorante e 10 camere dall’atmosfera country chic.\r\nL\'ambiente ricrea la tradizionale atmosfera delle antiche ville di campagna e si distingue per eleganza ed accoglienza.\r\nLa ristorazione propone una cucina raffinata e rigorosamente stagionale, con una particolare attenzione al pesce, che arriva ogni giorno freschissimo sulla tavola dal vicino Adriatico.','','',''),
	(60,1,'','','',''),
	(60,2,'','','',''),
	(60,3,'','','',''),
	(60,4,'','','',''),
	(60,5,'Cà Tullio si estende su una superficie di 100 ettari. La cantina é situata in un grande fabbricato precedentemente adibito all\'essicazione del tabacco.\r\nCostruita agli inizi del secolo scorso, nel 1994 è stata riportata alla primitiva bellezza, mantenendone inalterate le forme architettoniche.\r\nEdificio storico, prestigioso, raro esempio di archeologia industriale del Friuli Venezia Giulia. Ambiente raffinato da scegliere per eventi particolari, sia privati che aziendali.','','',''),
	(61,1,'','','',''),
	(61,2,'','','',''),
	(61,3,'','','',''),
	(61,4,'','','',''),
	(61,5,'L\'azienda, situata nel cuore della zona a Denominazione di Origine Controllata “Friuli Grave”, si trova a Camino al Tagliamento, un paese che sorge al centro di un paesaggio silenzioso e riposante, lontano dalle vie di grande traffico. Percorrendolo, si può respirare la sua storia nella natura rigogliosa e nell’antica chiesa medievale di Pieve di Rosa.\r\nUna terra, che fa parte delle “Grave”, da sempre vocate alla coltura della vite ed in cui si producono vini dalle nobili ascendenze, che si ritiene risalgano all’età del bronzo; vini che si affermarono in epoca romana, ma soprattutto in seguito sotto il dominio della Repubblica di Venezia, quando la viticoltura friulana iniziò ad essere considerata tra le migliori.\r\nLa cantina, in cui vinificano solo le uve provenienti dai loro vigneti ed i locali destinati alla conservazione del vino, sono di nuova e moderna concezione, costruiti nel pieno rispetto delle tradizioni, ma innovativi e funzionali.','','',''),
	(62,1,'','','',''),
	(62,2,'','','',''),
	(62,3,'','','',''),
	(62,4,'','','',''),
	(62,5,'L\'Azienda Vigneti Pittaro nasce nel 1970. Il titolare, Pietro Pittaro, discende da una famiglia di vignaioli, con una storia di oltre 450 anni. Situati nell\'assolata pianura friulana, i vigneti Pittaro si estendono su una superficie di 75 ettari pari a 350 kilometri di lunghezza dei filari. La Zona a Denominazione di origine Controllata è quella delle Grave del Friuli. La cantina dell\'Azienda Vigneti Pittaro è di nuova e moderna costruzione, un insieme armonico di tecnica e architettura, perfettamente inserita nell\'ambiente vitato. La struttura è completamente coperta in legno e occupa una superficie di oltre 3.000 metri quadrati.\r\n','','',''),
	(63,1,'','','',''),
	(63,2,'','','',''),
	(63,3,'','','',''),
	(63,4,'','','',''),
	(63,5,'L\'Azienda Agricola Foffani è situata a Trivignano Udinese (UD) nella zona DOC Friuli Aquileia. E\' possibile visitare la cantina, degustare i vini e alloggiare nel Bed & Breakfast \"Casa Antica Mosaici\" dell\'azienda.\r\nL\'antica proprietà appartiene fin dal 1600 alla famiglia di Giovanni Foffani, ora unico proprietario e conduttore, assieme alla moglie Elisabetta, dell\'attuale azienda agricola, con pruduzione vinicola documentata già nel 1789. La casa padronale, nella piazza del borgo medioevale di Clauiano, protetta dalle Belle Arti come esempio di architettura Pre Veneziana, prosegue con gli annessi rustici ed il parco verso il vigneto nella campagna retrostante. Un angolo intatto dell\'antico Friuli da visitare e gustare, usufruendo dell\'accoglienza dell\'Agriristoro nell\'\"Antico Cantinone\" e del B&B \"Casa Antichi Mosaici\" e per un\'interessante visita in cantina o alla mostra permanente I Colori del Vino. I vini, principale prodotto dell\'azienda, sono riconosciuti come una delle migliori espressioni enologiche del Friuli di pianura. ','','','');



# Dump of table pr_supplier_shop
# ------------------------------------------------------------


CREATE TABLE `pr_supplier_shop` (
  `id_supplier` int(11) unsigned NOT NULL,
  `id_shop` int(11) unsigned NOT NULL,
  PRIMARY KEY (`id_supplier`,`id_shop`),
  KEY `id_shop` (`id_shop`)
) ENGINE=InnoDB DEFAULT CHARSET=utf8;


INSERT INTO `pr_supplier_shop` (`id_supplier`, `id_shop`)
VALUES
	(3,1),
	(4,1),
	(5,1),
	(6,1),
	(7,1),
	(8,1),
	(9,1),
	(10,1),
	(11,1),
	(12,1),
	(13,1),
	(14,1),
	(15,1),
	(16,1),
	(17,1),
	(18,1),
	(19,1),
	(20,1),
	(21,1),
	(22,1),
	(23,1),
	(24,1),
	(25,1),
	(26,1),
	(27,1),
	(28,1),
	(29,1),
	(30,1),
	(31,1),
	(32,1),
	(33,1),
	(34,1),
	(35,1),
	(36,1),
	(37,1),
	(38,1),
	(39,1),
	(40,1),
	(41,1),
	(42,1),
	(43,1),
	(44,1),
	(45,1),
	(46,1),
	(47,1),
	(48,1),
	(49,1),
	(50,1),
	(51,1),
	(52,1),
	(53,1),
	(54,1),
	(55,1),
	(56,1),
	(57,1),
	(58,1),
	(59,1),
	(60,1),
	(61,1),
	(62,1),
	(63,1);



# Dump of table pr_supplieralert
# ------------------------------------------------------------


CREATE TABLE `pr_supplieralert` (
  `id_supplier_alert` int(10) unsigned NOT NULL AUTO_INCREMENT,
  `id_lang` int(10) unsigned NOT NULL,
  `id_supplier` int(10) unsigned NOT NULL,
  `group` int(10) unsigned NOT NULL,
  `status` int(10) unsigned NOT NULL,
  `payment` varchar(255) DEFAULT NULL,
  `to` text,
  `subject` text,
  `message` text,
  `template_product` text,
  PRIMARY KEY (`id_supplier_alert`)
) ENGINE=MyISAM DEFAULT CHARSET=utf8;


INSERT INTO `pr_supplieralert` (`id_supplier_alert`, `id_lang`, `id_supplier`, `group`, `status`, `payment`, `to`, `subject`, `message`, `template_product`)
VALUES
	(1,5,8,0,0,'0','ladimoret.ud@bestwestern.it','','','<p style=\"overflow:auto;\">\r\n<a href=\"[link]\" style=\"text-decoration:none;\">[product_quantity] X <img src=\"[image_link]\" style=\"float:left;\" />[product_name] ([product_supplier_reference])</a>\r\n</p>'),
	(2,5,9,0,0,'0','astoria@hotelastoria.udine.it','','','<p style=\"overflow:auto;\">\r\n<a href=\"[link]\" style=\"text-decoration:none;\">[product_quantity] X <img src=\"[image_link]\" style=\"float:left;\" />[product_name] ([product_supplier_reference])</a>\r\n</p>'),
	(3,5,10,0,0,'0','info@hotelvillapremiere.it','','','<p style=\"overflow:auto;\">\r\n<a href=\"[link]\" style=\"text-decoration:none;\">[product_quantity] X <img src=\"[image_link]\" style=\"float:left;\" />[product_name] ([product_supplier_reference])</a>\r\n</p>'),
	(4,5,13,0,0,'0','info@grandhotelpresident.it','','','<p style=\"overflow:auto;\">\r\n<a href=\"[link]\" style=\"text-decoration:none;\">[product_quantity] X <img src=\"[image_link]\" style=\"float:left;\" />[product_name] ([product_supplier_reference])</a>\r\n</p>'),
	(5,5,14,0,0,'0','major@hotel-major.it','','','<p style=\"overflow:auto;\">\r\n<a href=\"[link]\" style=\"text-decoration:none;\">[product_quantity] X <img src=\"[image_link]\" style=\"float:left;\" />[product_name] ([product_supplier_reference])</a>\r\n</p>'),
	(6,5,16,0,0,'0','nhtrieste@nh-hotels.com','','','<p style=\"overflow:auto;\">\r\n<a href=\"[link]\" style=\"text-decoration:none;\">[product_quantity] X <img src=\"[image_link]\" style=\"float:left;\" />[product_name] ([product_supplier_reference])</a>\r\n</p>'),
	(7,5,17,0,0,'0','info@hotelaicacciatori.com','','','<p style=\"overflow:auto;\">\r\n<a href=\"[link]\" style=\"text-decoration:none;\">[product_quantity] X <img src=\"[image_link]\" style=\"float:left;\" />[product_name] ([product_supplier_reference])</a>\r\n</p>'),
	(8,5,18,0,0,'0','info@hotel-rialto.net','','','<p style=\"overflow:auto;\">\r\n<a href=\"[link]\" style=\"text-decoration:none;\">[product_quantity] X <img src=\"[image_link]\" style=\"float:left;\" />[product_name] ([product_supplier_reference])</a>\r\n</p>'),
	(9,5,19,0,0,'0','info@hotelfonzari.com','','','<p style=\"overflow:auto;\">\r\n<a href=\"[link]\" style=\"text-decoration:none;\">[product_quantity] X <img src=\"[image_link]\" style=\"float:left;\" />[product_name] ([product_supplier_reference])</a>\r\n</p>'),
	(10,5,20,0,0,'0','info@hotel-newyork.it','','','<p style=\"overflow:auto;\">\r\n<a href=\"[link]\" style=\"text-decoration:none;\">[product_quantity] X <img src=\"[image_link]\" style=\"float:left;\" />[product_name] ([product_supplier_reference])</a>\r\n</p>'),
	(11,5,6,0,0,'0','tavagnacco@ideahotel.it','','','<p style=\"overflow:auto;\">\r\n<a href=\"[link]\" style=\"text-decoration:none;\">[product_quantity] X <img src=\"[image_link]\" style=\"float:left;\" />[product_name] ([product_supplier_reference])</a>\r\n</p>'),
	(12,5,5,0,0,'0','friuli@hotelfriuli.udine.it','','','<p style=\"overflow:auto;\">\r\n<a href=\"[link]\" style=\"text-decoration:none;\">[product_quantity] X <img src=\"[image_link]\" style=\"float:left;\" />[product_name] ([product_supplier_reference])</a>\r\n</p>'),
	(13,5,7,0,0,'0','continental.ud@bestwestern.it','','','<p style=\"overflow:auto;\">\r\n<a href=\"[link]\" style=\"text-decoration:none;\">[product_quantity] X <img src=\"[image_link]\" style=\"float:left;\" />[product_name] ([product_supplier_reference])</a>\r\n</p>'),
	(14,5,11,0,0,'0','info@parkhotelpordenone.it','','','<p style=\"overflow:auto;\">\r\n<a href=\"[link]\" style=\"text-decoration:none;\">[product_quantity] X <img src=\"[image_link]\" style=\"float:left;\" />[product_name] ([product_supplier_reference])</a>\r\n</p>'),
	(15,5,12,0,0,'0','info@hotelanticoborgotorricella.it','','','<p style=\"overflow:auto;\">\r\n<a href=\"[link]\" style=\"text-decoration:none;\">[product_quantity] X <img src=\"[image_link]\" style=\"float:left;\" />[product_name] ([product_supplier_reference])</a>\r\n</p>'),
	(16,5,15,0,0,'0','sangiusto.ts@bestwestern.it','','','<p style=\"overflow:auto;\">\r\n<a href=\"[link]\" style=\"text-decoration:none;\">[product_quantity] X <img src=\"[image_link]\" style=\"float:left;\" />[product_name] ([product_supplier_reference])</a>\r\n</p>'),
	(17,5,21,0,0,'0','info@osteriallevolte.it','','','<p style=\"overflow:auto;\">\r\n<a href=\"[link]\" style=\"text-decoration:none;\">[product_quantity] X <img src=\"[image_link]\" style=\"float:left;\" />[product_name] ([product_supplier_reference])</a>\r\n</p>'),
	(18,5,24,0,0,'0','info@dokdellava.com','','','<p style=\"overflow:auto;\">\r\n<a href=\"[link]\" style=\"text-decoration:none;\">[product_quantity] X <img src=\"[image_link]\" style=\"float:left;\" />[product_name] ([product_supplier_reference])</a>\r\n</p>'),
	(19,5,25,0,0,'0','toran@anticocaffetoran.it','','','<p style=\"overflow:auto;\">\r\n<a href=\"[link]\" style=\"text-decoration:none;\">[product_quantity] X <img src=\"[image_link]\" style=\"float:left;\" />[product_name] ([product_supplier_reference])</a>\r\n</p>'),
	(20,5,27,0,0,'0','lazzaro@soldervini.it','','','<p style=\"overflow:auto;\">\r\n<a href=\"[link]\" style=\"text-decoration:none;\">[product_quantity] X <img src=\"[image_link]\" style=\"float:left;\" />[product_name] ([product_supplier_reference])</a>\r\n</p>'),
	(21,5,28,0,0,'0','albertoticozzi@virgilio.it','','','<p style=\"overflow:auto;\">\r\n<a href=\"[link]\" style=\"text-decoration:none;\">[product_quantity] X <img src=\"[image_link]\" style=\"float:left;\" />[product_name] ([product_supplier_reference])</a>\r\n</p>'),
	(22,5,29,0,0,'0','info@alpomodoro.com','','','<p style=\"overflow:auto;\">\r\n<a href=\"[link]\" style=\"text-decoration:none;\">[product_quantity] X <img src=\"[image_link]\" style=\"float:left;\" />[product_name] ([product_supplier_reference])</a>\r\n</p>'),
	(23,5,30,0,0,'0','info@ristorantealfortino.it','','','<p style=\"overflow:auto;\">\r\n<a href=\"[link]\" style=\"text-decoration:none;\">[product_quantity] X <img src=\"[image_link]\" style=\"float:left;\" />[product_name] ([product_supplier_reference])</a>\r\n</p>'),
	(44,5,58,0,0,'0','info@tenutaluisa.com','','','<p style=\"overflow:auto;\">\r\n<a href=\"[link]\" style=\"text-decoration:none;\">[product_quantity] X <img src=\"[image_link]\" style=\"float:left;\" />[product_name] ([product_supplier_reference])</a>\r\n</p>'),
	(25,5,31,0,0,'0','info@caffetommaseo.com','','','<p style=\"overflow:auto;\">\r\n<a href=\"[link]\" style=\"text-decoration:none;\">[product_quantity] X <img src=\"[image_link]\" style=\"float:left;\" />[product_name] ([product_supplier_reference])</a>\r\n</p>'),
	(26,5,32,0,0,'0','nerodiseppiatrieste@libero.it','','','<p style=\"overflow:auto;\">\r\n<a href=\"[link]\" style=\"text-decoration:none;\">[product_quantity] X <img src=\"[image_link]\" style=\"float:left;\" />[product_name] ([product_supplier_reference])</a>\r\n</p>'),
	(43,5,57,0,0,'0','butussi@butussi.it','','','<p style=\"overflow:auto;\">\r\n<a href=\"[link]\" style=\"text-decoration:none;\">[product_quantity] X <img src=\"[image_link]\" style=\"float:left;\" />[product_name] ([product_supplier_reference])</a>\r\n</p>'),
	(28,5,32,0,0,'0','nerodiseppiatrieste@libero.it','','','<p style=\"overflow:auto;\">\r\n<a href=\"[link]\" style=\"text-decoration:none;\">[product_quantity] X <img src=\"[image_link]\" style=\"float:left;\" />[product_name] ([product_supplier_reference])</a>\r\n</p>'),
	(29,5,33,0,0,'0','anticatrattoria@suban.it','','','<p style=\"overflow:auto;\">\r\n<a href=\"[link]\" style=\"text-decoration:none;\">[product_quantity] X <img src=\"[image_link]\" style=\"float:left;\" />[product_name] ([product_supplier_reference])</a>\r\n</p>'),
	(30,5,35,0,0,'0','info@lacolombara.it','','','<p style=\"overflow:auto;\">\r\n<a href=\"[link]\" style=\"text-decoration:none;\">[product_quantity] X <img src=\"[image_link]\" style=\"float:left;\" />[product_name] ([product_supplier_reference])</a>\r\n</p>'),
	(31,5,36,0,0,'0','info@hotelpatriarchi.it','','','<p style=\"overflow:auto;\">\r\n<a href=\"[link]\" style=\"text-decoration:none;\">[product_quantity] X <img src=\"[image_link]\" style=\"float:left;\" />[product_name] ([product_supplier_reference])</a>\r\n</p>'),
	(32,5,46,0,0,'0','info@mulinodelletolle.it','','','<p style=\"overflow:auto;\">\r\n<a href=\"[link]\" style=\"text-decoration:none;\">[product_quantity] X <img src=\"[image_link]\" style=\"float:left;\" />[product_name] ([product_supplier_reference])</a>\r\n</p>'),
	(33,5,37,0,0,'0','info@ristorantenapoleone.com','','','<p style=\"overflow:auto;\">\r\n<a href=\"[link]\" style=\"text-decoration:none;\">[product_quantity] X <img src=\"[image_link]\" style=\"float:left;\" />[product_name] ([product_supplier_reference])</a>\r\n</p>'),
	(34,5,38,0,0,'0','osterialaferrata@virgilio.it','','','<p style=\"overflow:auto;\">\r\n<a href=\"[link]\" style=\"text-decoration:none;\">[product_quantity] X <img src=\"[image_link]\" style=\"float:left;\" />[product_name] ([product_supplier_reference])</a>\r\n</p>'),
	(35,5,40,0,0,'0','info@albergodallongaro.it','','','<p style=\"overflow:auto;\">\r\n<a href=\"[link]\" style=\"text-decoration:none;\">[product_quantity] X <img src=\"[image_link]\" style=\"float:left;\" />[product_name] ([product_supplier_reference])</a>\r\n</p>'),
	(36,5,43,0,0,'0','info@agriturismoalleortensie.it','','','<p style=\"overflow:auto;\">\r\n<a href=\"[link]\" style=\"text-decoration:none;\">[product_quantity] X <img src=\"[image_link]\" style=\"float:left;\" />[product_name] ([product_supplier_reference])</a>\r\n</p>'),
	(37,5,44,0,0,'0','info@albergocostantini.com','','','<p style=\"overflow:auto;\">\r\n<a href=\"[link]\" style=\"text-decoration:none;\">[product_quantity] X <img src=\"[image_link]\" style=\"float:left;\" />[product_name] ([product_supplier_reference])</a>\r\n</p>'),
	(38,5,49,0,0,'0','infolafattoriadeigelsi@gelsigroup.com','','','<p style=\"overflow:auto;\">\r\n<a href=\"[link]\" style=\"text-decoration:none;\">[product_quantity] X <img src=\"[image_link]\" style=\"float:left;\" />[product_name] ([product_supplier_reference])</a>\r\n</p>'),
	(39,5,53,0,0,'0','info@bulfonagriturismo.com','','','<p style=\"overflow:auto;\">\r\n<a href=\"[link]\" style=\"text-decoration:none;\">[product_quantity] X <img src=\"[image_link]\" style=\"float:left;\" />[product_name] ([product_supplier_reference])</a>\r\n</p>'),
	(40,5,54,0,0,'0','info@cantinarauscedo.com','','','<p style=\"overflow:auto;\">\r\n<a href=\"[link]\" style=\"text-decoration:none;\">[product_quantity] X <img src=\"[image_link]\" style=\"float:left;\" />[product_name] ([product_supplier_reference])</a>\r\n</p>'),
	(41,5,55,0,0,'0','info@ladelizia.com','','','<p style=\"overflow:auto;\">\r\n<a href=\"[link]\" style=\"text-decoration:none;\">[product_quantity] X <img src=\"[image_link]\" style=\"float:left;\" />[product_name] ([product_supplier_reference])</a>\r\n</p>'),
	(42,5,56,0,0,'0','info@distilleriapagura.com','','','<p style=\"overflow:auto;\">\r\n<a href=\"[link]\" style=\"text-decoration:none;\">[product_quantity] X <img src=\"[image_link]\" style=\"float:left;\" />[product_name] ([product_supplier_reference])</a>\r\n</p>'),
	(45,5,59,0,0,'0','info@paliwines.com','','','<p style=\"overflow:auto;\">\r\n<a href=\"[link]\" style=\"text-decoration:none;\">[product_quantity] X <img src=\"[image_link]\" style=\"float:left;\" />[product_name] ([product_supplier_reference])</a>\r\n</p>'),
	(46,5,60,0,0,'0','info@catullio.it','','','<p style=\"overflow:auto;\">\r\n<a href=\"[link]\" style=\"text-decoration:none;\">[product_quantity] X <img src=\"[image_link]\" style=\"float:left;\" />[product_name] ([product_supplier_reference])</a>\r\n</p>'),
	(47,5,61,0,0,'0','info@ferrin.it','','','<p style=\"overflow:auto;\">\r\n<a href=\"[link]\" style=\"text-decoration:none;\">[product_quantity] X <img src=\"[image_link]\" style=\"float:left;\" />[product_name] ([product_supplier_reference])</a>\r\n</p>'),
	(48,5,62,0,0,'0','info@vignetipittaro.com','','','<p style=\"overflow:auto;\">\r\n<a href=\"[link]\" style=\"text-decoration:none;\">[product_quantity] X <img src=\"[image_link]\" style=\"float:left;\" />[product_name] ([product_supplier_reference])</a>\r\n</p>'),
	(49,5,63,0,0,'0','info@foffani.it','','','<p style=\"overflow:auto;\">\r\n<a href=\"[link]\" style=\"text-decoration:none;\">[product_quantity] X <img src=\"[image_link]\" style=\"float:left;\" />[product_name] ([product_supplier_reference])</a>\r\n</p>');



# Dump of table pr_supply_order
# ------------------------------------------------------------


CREATE TABLE `pr_supply_order` (
  `id_supply_order` int(11) unsigned NOT NULL AUTO_INCREMENT,
  `id_supplier` int(11) unsigned NOT NULL,
  `supplier_name` varchar(64) NOT NULL,
  `id_lang` int(11) unsigned NOT NULL,
  `id_warehouse` int(11) unsigned NOT NULL,
  `id_supply_order_state` int(11) unsigned NOT NULL,
  `id_currency` int(11) unsigned NOT NULL,
  `id_ref_currency` int(11) unsigned NOT NULL,
  `reference` varchar(64) NOT NULL,
  `date_add` datetime NOT NULL,
  `date_upd` datetime NOT NULL,
  `date_delivery_expected` datetime DEFAULT NULL,
  `total_te` decimal(20,6) DEFAULT '0.000000',
  `total_with_discount_te` decimal(20,6) DEFAULT '0.000000',
  `total_tax` decimal(20,6) DEFAULT '0.000000',
  `total_ti` decimal(20,6) DEFAULT '0.000000',
  `discount_rate` decimal(20,6) DEFAULT '0.000000',
  `discount_value_te` decimal(20,6) DEFAULT '0.000000',
  `is_template` tinyint(1) DEFAULT '0',
  PRIMARY KEY (`id_supply_order`),
  UNIQUE KEY `reference` (`reference`),
  KEY `id_supplier` (`id_supplier`),
  KEY `id_warehouse` (`id_warehouse`)
) ENGINE=InnoDB DEFAULT CHARSET=utf8;



# Dump of table pr_supply_order_detail
# ------------------------------------------------------------


CREATE TABLE `pr_supply_order_detail` (
  `id_supply_order_detail` int(11) unsigned NOT NULL AUTO_INCREMENT,
  `id_supply_order` int(11) unsigned NOT NULL,
  `id_currency` int(11) unsigned NOT NULL,
  `id_product` int(11) unsigned NOT NULL,
  `id_product_attribute` int(11) unsigned NOT NULL,
  `reference` varchar(32) NOT NULL,
  `supplier_reference` varchar(32) NOT NULL,
  `name` varchar(128) NOT NULL,
  `ean13` varchar(13) DEFAULT NULL,
  `upc` varchar(12) DEFAULT NULL,
  `exchange_rate` decimal(20,6) DEFAULT '0.000000',
  `unit_price_te` decimal(20,6) DEFAULT '0.000000',
  `quantity_expected` int(11) unsigned NOT NULL,
  `quantity_received` int(11) unsigned NOT NULL,
  `price_te` decimal(20,6) DEFAULT '0.000000',
  `discount_rate` decimal(20,6) DEFAULT '0.000000',
  `discount_value_te` decimal(20,6) DEFAULT '0.000000',
  `price_with_discount_te` decimal(20,6) DEFAULT '0.000000',
  `tax_rate` decimal(20,6) DEFAULT '0.000000',
  `tax_value` decimal(20,6) DEFAULT '0.000000',
  `price_ti` decimal(20,6) DEFAULT '0.000000',
  `tax_value_with_order_discount` decimal(20,6) DEFAULT '0.000000',
  `price_with_order_discount_te` decimal(20,6) DEFAULT '0.000000',
  PRIMARY KEY (`id_supply_order_detail`),
  KEY `id_supply_order` (`id_supply_order`),
  KEY `id_product` (`id_product`),
  KEY `id_product_attribute` (`id_product_attribute`),
  KEY `id_product_product_attribute` (`id_product`,`id_product_attribute`)
) ENGINE=InnoDB DEFAULT CHARSET=utf8;



# Dump of table pr_supply_order_history
# ------------------------------------------------------------


CREATE TABLE `pr_supply_order_history` (
  `id_supply_order_history` int(11) unsigned NOT NULL AUTO_INCREMENT,
  `id_supply_order` int(11) unsigned NOT NULL,
  `id_employee` int(11) unsigned NOT NULL,
  `employee_lastname` varchar(32) DEFAULT '',
  `employee_firstname` varchar(32) DEFAULT '',
  `id_state` int(11) unsigned NOT NULL,
  `date_add` datetime NOT NULL,
  PRIMARY KEY (`id_supply_order_history`),
  KEY `id_supply_order` (`id_supply_order`),
  KEY `id_employee` (`id_employee`),
  KEY `id_state` (`id_state`)
) ENGINE=InnoDB DEFAULT CHARSET=utf8;



# Dump of table pr_supply_order_receipt_history
# ------------------------------------------------------------


CREATE TABLE `pr_supply_order_receipt_history` (
  `id_supply_order_receipt_history` int(11) unsigned NOT NULL AUTO_INCREMENT,
  `id_supply_order_detail` int(11) unsigned NOT NULL,
  `id_employee` int(11) unsigned NOT NULL,
  `employee_lastname` varchar(32) DEFAULT '',
  `employee_firstname` varchar(32) DEFAULT '',
  `id_supply_order_state` int(11) unsigned NOT NULL,
  `quantity` int(11) unsigned NOT NULL,
  `date_add` datetime NOT NULL,
  PRIMARY KEY (`id_supply_order_receipt_history`),
  KEY `id_supply_order_detail` (`id_supply_order_detail`),
  KEY `id_supply_order_state` (`id_supply_order_state`)
) ENGINE=InnoDB DEFAULT CHARSET=utf8;



# Dump of table pr_supply_order_state
# ------------------------------------------------------------


CREATE TABLE `pr_supply_order_state` (
  `id_supply_order_state` int(11) unsigned NOT NULL AUTO_INCREMENT,
  `delivery_note` tinyint(1) NOT NULL DEFAULT '0',
  `editable` tinyint(1) NOT NULL DEFAULT '0',
  `receipt_state` tinyint(1) NOT NULL DEFAULT '0',
  `pending_receipt` tinyint(1) NOT NULL DEFAULT '0',
  `enclosed` tinyint(1) NOT NULL DEFAULT '0',
  `color` varchar(32) DEFAULT NULL,
  PRIMARY KEY (`id_supply_order_state`)
) ENGINE=InnoDB DEFAULT CHARSET=utf8;



# Dump of table pr_supply_order_state_lang
# ------------------------------------------------------------


CREATE TABLE `pr_supply_order_state_lang` (
  `id_supply_order_state` int(11) unsigned NOT NULL,
  `id_lang` int(11) unsigned NOT NULL,
  `name` varchar(128) DEFAULT NULL,
  PRIMARY KEY (`id_supply_order_state`,`id_lang`)
) ENGINE=InnoDB DEFAULT CHARSET=utf8;



# Dump of table pr_tab
# ------------------------------------------------------------


CREATE TABLE `pr_tab` (
  `id_tab` int(10) unsigned NOT NULL AUTO_INCREMENT,
  `id_parent` int(11) NOT NULL,
  `class_name` varchar(64) NOT NULL,
  `module` varchar(64) DEFAULT NULL,
  `position` int(10) unsigned NOT NULL,
  `active` tinyint(1) unsigned NOT NULL DEFAULT '1',
  `hide_host_mode` tinyint(1) NOT NULL DEFAULT '0',
  PRIMARY KEY (`id_tab`),
  KEY `class_name` (`class_name`),
  KEY `id_parent` (`id_parent`)
) ENGINE=InnoDB DEFAULT CHARSET=utf8;


INSERT INTO `pr_tab` (`id_tab`, `id_parent`, `class_name`, `module`, `position`, `active`, `hide_host_mode`)
VALUES
	(1,0,'AdminCatalog','',2,1,0),
	(2,129,'AdminCustomers','',1,1,0),
	(3,128,'AdminOrders','',1,1,0),
	(4,133,'AdminPayment','',4,1,0),
	(5,131,'AdminShipping','',1,1,0),
	(6,136,'AdminStats','',1,1,0),
	(7,133,'AdminModules','',1,1,0),
	(8,134,'AdminPreferences','',1,1,0),
	(9,0,'AdminTools','',10,1,0),
	(10,1,'AdminManufacturers','',6,1,0),
	(11,1,'AdminAttributesGroups','',4,1,0),
	(12,129,'AdminAddresses','',2,1,0),
	(13,128,'AdminStatuses','',6,1,0),
	(14,130,'AdminCartRules','',1,1,0),
	(15,132,'AdminCurrencies','',6,1,0),
	(16,132,'AdminTaxes','',7,1,0),
	(17,131,'AdminCarriers','',2,1,0),
	(18,132,'AdminCountries','',4,1,0),
	(19,132,'AdminZones','',3,1,0),
	(22,133,'AdminModulesPositions','',3,1,0),
	(24,9,'AdminEmails','',3,1,0),
	(26,134,'AdminImages','',8,1,0),
	(27,134,'AdminPPreferences','',3,1,0),
	(28,129,'AdminContacts','',6,1,0),
	(29,135,'AdminEmployees','',3,1,0),
	(30,135,'AdminProfiles','',4,1,0),
	(31,135,'AdminAccess','',5,1,0),
	(32,132,'AdminLanguages','',2,1,0),
	(33,132,'AdminTranslations','',9,1,0),
	(34,1,'AdminSuppliers','',7,1,0),
	(35,135,'AdminTabs','',6,1,0),
	(36,1,'AdminFeatures','',5,1,0),
	(37,135,'AdminQuickAccesses','',2,1,0),
	(38,134,'AdminThemes','',5,1,0),
	(41,9,'AdminImport','',4,1,0),
	(42,128,'AdminInvoices','',3,1,0),
	(43,-1,'AdminSearch','',1,1,0),
	(44,132,'AdminLocalization','',1,1,0),
	(46,132,'AdminStates','',5,1,0),
	(47,128,'AdminReturn','',4,1,0),
	(49,128,'AdminSlip','',2,1,0),
	(53,9,'AdminBackup','',6,1,0),
	(54,128,'AdminOrderMessage','',7,1,0),
	(55,128,'AdminDeliverySlip','',5,1,0),
	(56,134,'AdminMeta','',6,1,0),
	(57,134,'AdminCmsContent','',7,1,0),
	(58,1,'AdminScenes','',8,1,0),
	(60,1,'AdminTracking','',3,1,0),
	(61,136,'AdminSearchEngines','',2,1,0),
	(62,136,'AdminReferrers','',3,1,0),
	(63,129,'AdminGroups','',3,1,0),
	(65,129,'AdminCarts','',4,1,0),
	(66,1,'AdminTags','',9,1,0),
	(67,134,'AdminSearchConf','',10,1,0),
	(68,1,'AdminAttachments','',10,1,0),
	(69,9,'AdminInformation','',1,1,0),
	(70,9,'AdminPerformance','',2,1,0),
	(71,129,'AdminCustomerThreads','',5,1,0),
	(72,9,'AdminWebservice','',10,1,0),
	(73,121,'AdminStockMvt','',3,1,0),
	(80,133,'AdminAddonsCatalog','',2,1,0),
	(82,134,'AdminStores','',9,1,0),
	(84,134,'AdminGeolocation','',12,1,0),
	(85,132,'AdminTaxRulesGroup','',8,1,0),
	(86,9,'AdminLogs','',8,1,0),
	(87,9,'AdminCounty',NULL,5,0,0),
	(88,0,'AdminDashboard','',1,1,0),
	(105,9,'AdminModulesModify','modulesmodify',9,1,0),
	(106,-1,'AdminShop','',7,1,0),
	(108,-1,'AdminShopUrl','',4,1,0),
	(112,129,'AdminGenders','',7,1,0),
	(113,9,'AdminRequestSql','',7,1,0),
	(114,1,'AdminProducts','',1,1,0),
	(115,1,'AdminCategories','',2,1,0),
	(116,-1,'AdminAttributeGenerator','',3,1,0),
	(117,-1,'AdminCmsCategories','',5,1,0),
	(118,-1,'AdminCms','',6,1,0),
	(119,-1,'AdminLogin','',2,1,0),
	(120,130,'AdminSpecificPriceRule','',2,1,0),
	(121,0,'AdminStock','',13,1,0),
	(122,121,'AdminWarehouses','',1,1,0),
	(123,121,'AdminStockManagement','',2,1,0),
	(124,121,'AdminStockInstantState','',4,1,0),
	(125,121,'AdminStockCover','',5,1,0),
	(126,121,'AdminSupplyOrders','',6,1,0),
	(127,121,'AdminStockConfiguration','',7,1,0),
	(128,0,'AdminParentOrders','',3,1,0),
	(129,0,'AdminParentCustomer','',4,1,0),
	(130,0,'AdminPriceRule','',5,1,0),
	(131,0,'AdminParentShipping','',6,1,0),
	(132,0,'AdminParentLocalization','',7,1,0),
	(133,0,'AdminParentModules','',8,1,0),
	(134,0,'AdminParentPreferences','',9,1,0),
	(135,0,'AdminAdmin','',11,1,0),
	(136,0,'AdminParentStats','',12,1,0),
	(138,134,'AdminOrderPreferences','',2,1,0),
	(139,134,'AdminCustomerPreferences','',4,1,0),
	(140,134,'AdminMaintenance','',11,1,0),
	(141,135,'AdminAdminPreferences','',1,1,0),
	(142,9,'AdminShopGroup','',11,0,0),
	(143,9,'AdminSelfUpgrade','autoupgrade',12,1,0),
	(144,-1,'AdminDashgoals','dashgoals',8,1,0),
	(145,0,'AdminNew','blocknewsplus',14,1,0),
	(146,145,'AdminNews','blocknewsplus',1,1,0),
	(147,-1,'AdminThemeConfigurator','themeconfigurator',9,1,0);



# Dump of table pr_tab_lang
# ------------------------------------------------------------


CREATE TABLE `pr_tab_lang` (
  `id_tab` int(10) unsigned NOT NULL,
  `id_lang` int(10) unsigned NOT NULL,
  `name` varchar(64) DEFAULT NULL,
  PRIMARY KEY (`id_tab`,`id_lang`)
) ENGINE=InnoDB DEFAULT CHARSET=utf8;


INSERT INTO `pr_tab_lang` (`id_tab`, `id_lang`, `name`)
VALUES
	(1,1,'Catalog'),
	(1,2,'Catalogue'),
	(1,3,'Catálogo'),
	(1,4,'Katalog'),
	(1,5,'Catalogo'),
	(2,1,'Customers'),
	(2,2,'Clients'),
	(2,3,'Clientes'),
	(2,4,'Kunden'),
	(2,5,'Clienti'),
	(3,1,'Orders'),
	(3,2,'Commandes'),
	(3,3,'Pedidos'),
	(3,4,'Bestellungen'),
	(3,5,'Ordini'),
	(4,1,'Payment'),
	(4,2,'Paiement'),
	(4,3,'Pago'),
	(4,4,'Zahlung'),
	(4,5,'Pagamento'),
	(5,1,'Shipping'),
	(5,2,'Transport'),
	(5,3,'Transporte'),
	(5,4,'Versandkosten'),
	(5,5,'Spedizione'),
	(6,1,'Stats'),
	(6,2,'Stats'),
	(6,3,'Estadísticas'),
	(6,4,'Statistik'),
	(6,5,'Statistiche'),
	(7,1,'Modules'),
	(7,2,'Modules'),
	(7,3,'Módulos'),
	(7,4,'Module'),
	(7,5,'Moduli'),
	(8,1,'General'),
	(8,2,'Générales'),
	(8,3,'General'),
	(8,4,'Allgemein'),
	(8,5,'Generale'),
	(9,1,'Advanced Parameters'),
	(9,2,'Paramètres avancés'),
	(9,3,'Parametros avanzados'),
	(9,4,'Erweiterte Parameter'),
	(9,5,'Parametri Avanzati'),
	(10,1,'Manufacturers'),
	(10,2,'Marques'),
	(10,3,'Fabricantes'),
	(10,4,'Hersteller'),
	(10,5,'Produttori'),
	(11,1,'Attributes and Groups'),
	(11,2,'Attributs et groupes'),
	(11,3,'Atributos y grupos'),
	(11,4,'Varianten & Kombinationen'),
	(11,5,'Attributi e Valori'),
	(12,1,'Addresses'),
	(12,2,'Adresses'),
	(12,3,'Direcciones'),
	(12,4,'Adressen'),
	(12,5,'Indirizzi'),
	(13,1,'Statuses'),
	(13,2,'Statuts'),
	(13,3,'Estados'),
	(13,4,'Status'),
	(13,5,'Stati'),
	(14,1,'Cart Rules'),
	(14,2,'Règles paniers'),
	(14,3,'Reglas de cesta'),
	(14,4,'Warenkorb Preisregein'),
	(14,5,'Regole carrello'),
	(15,1,'Currencies'),
	(15,2,'Devises'),
	(15,3,'Divisas'),
	(15,4,'Währungen'),
	(15,5,'Valute'),
	(16,1,'Taxes'),
	(16,2,'Taxes'),
	(16,3,'Impuestos'),
	(16,4,'Steuern'),
	(16,5,'Tasse'),
	(17,1,'Carriers'),
	(17,2,'Transporteurs'),
	(17,3,'Transportistas'),
	(17,4,'Versanddienste'),
	(17,5,'Mezzi di spedizione'),
	(18,1,'Countries'),
	(18,2,'Pays'),
	(18,3,'Países'),
	(18,4,'Länder'),
	(18,5,'Nazione'),
	(19,1,'Zones'),
	(19,2,'Zones'),
	(19,3,'Zonas'),
	(19,4,'Zonen'),
	(19,5,'Zone'),
	(22,1,'Positions'),
	(22,2,'Positions'),
	(22,3,'Posiciones'),
	(22,4,'Positionen'),
	(22,5,'Posizioni'),
	(24,1,'E-mail'),
	(24,2,'Emails'),
	(24,3,'Emails'),
	(24,4,'E-Mail'),
	(24,5,'E-mail'),
	(26,1,'Images'),
	(26,2,'Images'),
	(26,3,'Imágenes'),
	(26,4,'Bild'),
	(26,5,'Immagini'),
	(27,1,'Products'),
	(27,2,'Produits'),
	(27,3,'Productos'),
	(27,4,'Produkte'),
	(27,5,'Prodotti'),
	(28,1,'Contacts'),
	(28,2,'Contacts'),
	(28,3,'Contactos'),
	(28,4,'Kontakte'),
	(28,5,'Contatti'),
	(29,1,'Employees'),
	(29,2,'Employés'),
	(29,3,'Empleados'),
	(29,4,'Mitarbeiter'),
	(29,5,'Dipendenti'),
	(30,1,'Profiles'),
	(30,2,'Profils'),
	(30,3,'Perfiles'),
	(30,4,'Profile'),
	(30,5,'Profili'),
	(31,1,'Permissions'),
	(31,2,'Permissions'),
	(31,3,'Permisos'),
	(31,4,'Berechtigungen'),
	(31,5,'Permessi'),
	(32,1,'Languages'),
	(32,2,'Langues'),
	(32,3,'Idiomas'),
	(32,4,'Sprachen'),
	(32,5,'Lingue'),
	(33,1,'Translations'),
	(33,2,'Traductions'),
	(33,3,'Traducciones'),
	(33,4,'Übersetzungen'),
	(33,5,'Traduzioni'),
	(34,1,'Suppliers'),
	(34,2,'Fournisseurs'),
	(34,3,'Proveedores'),
	(34,4,'Lieferanten'),
	(34,5,'Fornitori'),
	(35,1,'Menus'),
	(35,2,'Menus'),
	(35,3,'Pestañas'),
	(35,4,'Tabs'),
	(35,5,'Menu'),
	(36,1,'Features'),
	(36,2,'Caractéristiques'),
	(36,3,'Características'),
	(36,4,'Produktmerkmale'),
	(36,5,'Caratt.'),
	(37,1,'Quick Access'),
	(37,2,'Accès rapide'),
	(37,3,'Acceso rápido'),
	(37,4,'Schnellzugriff'),
	(37,5,'Accesso veloce'),
	(38,1,'Themes'),
	(38,2,'Thèmes'),
	(38,3,'Temas'),
	(38,4,'Themen'),
	(38,5,'Temi'),
	(41,1,'CSV Import'),
	(41,2,'Import'),
	(41,3,'Importar'),
	(41,4,'Import'),
	(41,5,'Importa CSV'),
	(42,1,'Invoices'),
	(42,2,'Factures'),
	(42,3,'Facturas'),
	(42,4,'Rechnungen'),
	(42,5,'Fatture'),
	(43,1,'Search'),
	(43,2,'Recherche'),
	(43,3,'Búsqueda'),
	(43,4,'Suche'),
	(43,5,'Cerca'),
	(44,1,'Localization'),
	(44,2,'Localisation'),
	(44,3,'Ubicación'),
	(44,4,'Lokalisierung'),
	(44,5,'Localizzazione'),
	(46,1,'States'),
	(46,2,'Etats'),
	(46,3,'Estados'),
	(46,4,'Staaten'),
	(46,5,'Stati'),
	(47,1,'Merchandise Returns'),
	(47,2,'Retours produits'),
	(47,3,'Devolución productos'),
	(47,4,'Warenrücksendungen'),
	(47,5,'Restituzione prodotto'),
	(49,1,'Credit Slips'),
	(49,2,'Avoirs'),
	(49,3,'Vales'),
	(49,4,'Gutscheine'),
	(49,5,'Note di credito'),
	(53,1,'DB Backup'),
	(53,2,'Sauvegarde BDD'),
	(53,3,'Copia de seguridad'),
	(53,4,'DB-Backup'),
	(53,5,'Backup DB'),
	(54,1,'Order Messages'),
	(54,2,'Messages prédéfinis'),
	(54,3,'Mensajes de Orden'),
	(54,4,'Bestellnachrichten'),
	(54,5,'Messaggi predefiniti'),
	(55,1,'Delivery Slips'),
	(55,2,'Bons de livraison'),
	(55,3,'Albaranes de entrega'),
	(55,4,'Lieferscheine'),
	(55,5,'Note di Consegna'),
	(56,1,'SEO & URLs'),
	(56,2,'SEO & URLs'),
	(56,3,'SEO & URLs'),
	(56,4,'SEO & URLs'),
	(56,5,'URL e SEO'),
	(57,1,'CMS'),
	(57,2,'CMS'),
	(57,3,'CMS'),
	(57,4,'CMS'),
	(57,5,'CMS'),
	(58,1,'Image Mapping'),
	(58,2,'Scènes'),
	(58,3,'Mapeo de la imagen'),
	(58,4,'Image Mapping'),
	(58,5,'Mapping Immagine'),
	(60,1,'Monitoring'),
	(60,2,'Suivi'),
	(60,3,'Rastreo'),
	(60,4,'Tracking'),
	(60,5,'Monitoraggio'),
	(61,1,'Search Engines'),
	(61,2,'Moteurs de recherche'),
	(61,3,'Motores de búsqueda'),
	(61,4,'Suchmaschinen'),
	(61,5,'Motori di ricerca'),
	(62,1,'Referrers'),
	(62,2,'Sites affluents'),
	(62,3,'Referido'),
	(62,4,'Referrer'),
	(62,5,'Affiliati'),
	(63,1,'Groups'),
	(63,2,'Groupes'),
	(63,3,'Grupos'),
	(63,4,'Gruppen'),
	(63,5,'Gruppi'),
	(65,1,'Shopping Carts'),
	(65,2,'Paniers'),
	(65,3,'Carritos'),
	(65,4,'Warenkörbe'),
	(65,5,'Carrello'),
	(66,1,'Tags'),
	(66,2,'Tags'),
	(66,3,'Etiquetas'),
	(66,4,'Tags'),
	(66,5,'Tag'),
	(67,1,'Search'),
	(67,2,'Recherche'),
	(67,3,'Búsqueda'),
	(67,4,'Suche'),
	(67,5,'Cerca'),
	(68,1,'Attachments'),
	(68,2,'Documents joints'),
	(68,3,'Adjuntos'),
	(68,4,'Anhänge'),
	(68,5,'Documenti allegati'),
	(69,1,'Configuration Information'),
	(69,2,'Informations'),
	(69,3,'Informaciones'),
	(69,4,'Konfigurationsinformationen'),
	(69,5,'Informazioni'),
	(70,1,'Performance'),
	(70,2,'Performances'),
	(70,3,'Rendimiento'),
	(70,4,'Leistung'),
	(70,5,'Prestazioni'),
	(71,1,'Customer Service'),
	(71,2,'SAV'),
	(71,3,'Servicio al cliente'),
	(71,4,'Kundenservice'),
	(71,5,'Servizio clienti'),
	(72,1,'Webservice'),
	(72,2,'Service web'),
	(72,3,'Web service'),
	(72,4,'Webservice'),
	(72,5,'Webservice'),
	(73,1,'Stock Movement'),
	(73,2,'Mouvements de Stock'),
	(73,3,'Movimiento de Stock'),
	(73,4,'Lagerbewegungen'),
	(73,5,'Movimento magazzino'),
	(80,1,'Modules & Themes Catalog'),
	(80,2,'Catalogue de modules et thèmes'),
	(80,3,'Modules & Themes Catalog'),
	(80,4,'Module und Themenkatalog'),
	(80,5,'Catalogo Moduli e temi'),
	(82,1,'Store Contacts'),
	(82,2,'Coordonnées & magasins'),
	(82,3,'Contacto y tiendas'),
	(82,4,'Shopadressen'),
	(82,5,'Contatti del negozio'),
	(84,1,'Geolocation'),
	(84,2,'Géolocalisation'),
	(84,3,'Geolocalización'),
	(84,4,'Geotargeting'),
	(84,5,'Geolocalizzazione'),
	(85,1,'Tax Rules'),
	(85,2,'Règles de taxes'),
	(85,3,'Reglas de Impuestos'),
	(85,4,'Steuerregeln'),
	(85,5,'Regole'),
	(86,1,'Logs'),
	(86,2,'Log'),
	(86,3,'Log'),
	(86,4,'Log'),
	(86,5,'Archivi'),
	(87,1,'Counties'),
	(87,2,'Comtés'),
	(87,3,'Condados'),
	(87,4,'Landkreise/Kanton'),
	(87,5,'Counties'),
	(88,1,'Dashboard'),
	(88,2,'Tableau de Bord'),
	(88,3,'Home'),
	(88,4,'Home'),
	(88,5,'Home page'),
	(106,1,'Shops'),
	(106,2,'Boutiques'),
	(106,3,'Shops'),
	(106,4,'Shops'),
	(106,5,'Negozi associati'),
	(108,1,'Shop Urls'),
	(108,2,'URLs de boutique'),
	(108,3,'Shop Urls'),
	(108,4,'Shop Urls'),
	(108,5,'URLs negozi'),
	(112,1,'Genders'),
	(112,2,'Genres'),
	(112,3,'Genders'),
	(112,4,'Genders'),
	(112,5,'Titoli'),
	(113,1,'SQL Manager'),
	(113,2,'SQL Manager'),
	(113,3,'SQL Manager'),
	(113,4,'Wunsh'),
	(113,5,'Manager SQL'),
	(114,1,'Products'),
	(114,2,'Produits'),
	(114,3,'Productos'),
	(114,4,'Produkten'),
	(114,5,'Prodotti'),
	(115,1,'Categories'),
	(115,2,'Catégories'),
	(115,3,'Categoria'),
	(115,4,'Kategorien'),
	(115,5,'Categorie'),
	(116,1,'Combinations generator'),
	(116,2,'Générateur de déclinaisons'),
	(116,3,'Combinations generator'),
	(116,4,'Combinations generator'),
	(116,5,'Generatore di combinazioni'),
	(117,1,'CMS categories'),
	(117,2,'Catégories CMS'),
	(117,3,'CMS categories'),
	(117,4,'CMS categories'),
	(117,5,'Categorie CMS'),
	(118,1,'CMS pages'),
	(118,2,'Pages CMS'),
	(118,3,'CMS pages'),
	(118,4,'CMS pages'),
	(118,5,'Pagine CMS'),
	(119,1,'Login'),
	(119,2,'Login'),
	(119,3,'Login'),
	(119,4,'Login'),
	(119,5,'Login'),
	(120,1,'Catalog price rules'),
	(120,2,'Règles de prix catalogue'),
	(120,3,'Catalog price rules'),
	(120,4,'Catalog price rules'),
	(120,5,'Regole Catalogo Prezzi'),
	(121,1,'Stock'),
	(121,2,'Stock'),
	(121,3,'Stock'),
	(121,4,'Stock'),
	(121,5,'Magazzino'),
	(122,1,'Warehouses'),
	(122,2,'Entrepôts'),
	(122,3,'Warehouses'),
	(122,4,'Warehouses'),
	(122,5,'Magazzino'),
	(123,1,'Stock Management'),
	(123,2,'Gestion du stock'),
	(123,3,'Stock Management'),
	(123,4,'Stock Management'),
	(123,5,'Gestione dello Stock'),
	(124,1,'Stock instant state'),
	(124,2,'Etat instantané du stock'),
	(124,3,'Stock instant state'),
	(124,4,'Stock instant state'),
	(124,5,'Stato dello stock Istantaneo'),
	(125,1,'Stock cover'),
	(125,2,'Couverture du stock'),
	(125,3,'Stock cover'),
	(125,4,'Stock cover'),
	(125,5,'Copertura Stock'),
	(126,1,'Supply orders'),
	(126,2,'Commandes fournisseurs'),
	(126,3,'Supply orders'),
	(126,4,'Supply orders'),
	(126,5,'Ordini fornitura'),
	(127,1,'Configuration'),
	(127,2,'Configuration'),
	(127,3,'Configuration'),
	(127,4,'Configuration'),
	(127,5,'Configurazione'),
	(128,1,'Orders'),
	(128,2,'Commandes'),
	(128,3,'Pedidos'),
	(128,4,'Bestellungen'),
	(128,5,'Ordini'),
	(129,1,'Customers'),
	(129,2,'Clients'),
	(129,3,'Clientes'),
	(129,4,'Kunden'),
	(129,5,'Clienti'),
	(130,1,'Price rules'),
	(130,2,'Promotions'),
	(130,3,'Price rules'),
	(130,4,'Price rules'),
	(130,5,'Regole Prezzi'),
	(131,1,'Shipping'),
	(131,2,'Transport'),
	(131,3,'Transporte'),
	(131,4,'Versandkosten'),
	(131,5,'Spedizione'),
	(132,1,'Localization'),
	(132,2,'Localisation'),
	(132,3,'Ubicación'),
	(132,4,'Lokalisierung'),
	(132,5,'Localizzazione'),
	(133,1,'Modules'),
	(133,2,'Modules'),
	(133,3,'Módulos'),
	(133,4,'Module'),
	(133,5,'Moduli'),
	(134,1,'Preferences'),
	(134,2,'Préférences'),
	(134,3,'Preferencias'),
	(134,4,'Voreinstellungen'),
	(134,5,'Preferenze'),
	(135,1,'Administration'),
	(135,2,'Administration'),
	(135,3,'Administration'),
	(135,4,'Administration'),
	(135,5,'Amministrazione'),
	(136,1,'Stats'),
	(136,2,'Stats'),
	(136,3,'Estadísticas'),
	(136,4,'Statistik'),
	(136,5,'Statistiche'),
	(138,1,'Orders'),
	(138,2,'Commandes'),
	(138,3,'Pedidos'),
	(138,4,'Bestellungen'),
	(138,5,'Ordini'),
	(139,1,'Customers'),
	(139,2,'Clients'),
	(139,3,'Clientes'),
	(139,4,'Kunden'),
	(139,5,'Clienti'),
	(140,1,'Maintenance'),
	(140,2,'Maintenance'),
	(140,3,'Maintenance'),
	(140,4,'Maintenance'),
	(140,5,'Manutenzione'),
	(141,1,'Preferences'),
	(141,2,'Préférences'),
	(141,3,'Preferencias'),
	(141,4,'Voreinstellungen'),
	(141,5,'Preferenze'),
	(142,1,'Multi-shop'),
	(142,2,'Multiboutique'),
	(142,3,'Multi-tienda'),
	(142,4,'Multi-shop'),
	(142,5,'Multi-negozio'),
	(143,1,'1-Click Upgrade'),
	(143,2,'1-Click Upgrade'),
	(143,3,'1-Click Upgrade'),
	(143,4,'1-Click Upgrade'),
	(143,5,'1-Click Upgrade'),
	(144,1,'Dashgoals'),
	(144,2,'Dashgoals'),
	(144,3,'Dashgoals'),
	(144,4,'Dashgoals'),
	(144,5,'Dashgoals'),
	(145,1,'Notizie'),
	(145,2,'Notizie'),
	(145,3,'Notizie'),
	(145,4,'Notizie'),
	(145,5,'Notizie'),
	(146,1,'Notizie moderato'),
	(146,2,'Notizie moderato'),
	(146,3,'Notizie moderato'),
	(146,4,'Notizie moderato'),
	(146,5,'Notizie moderato'),
	(147,1,'themeconfigurator'),
	(147,2,'themeconfigurator'),
	(147,3,'themeconfigurator'),
	(147,4,'themeconfigurator'),
	(147,5,'themeconfigurator');



# Dump of table pr_tab_module_preference
# ------------------------------------------------------------


CREATE TABLE `pr_tab_module_preference` (
  `id_tab_module_preference` int(11) NOT NULL AUTO_INCREMENT,
  `id_employee` int(11) NOT NULL,
  `id_tab` int(11) NOT NULL,
  `module` varchar(255) NOT NULL,
  PRIMARY KEY (`id_tab_module_preference`),
  UNIQUE KEY `employee_module` (`id_employee`,`id_tab`,`module`)
) ENGINE=InnoDB DEFAULT CHARSET=utf8;



# Dump of table pr_tag
# ------------------------------------------------------------


CREATE TABLE `pr_tag` (
  `id_tag` int(10) unsigned NOT NULL AUTO_INCREMENT,
  `id_lang` int(10) unsigned NOT NULL,
  `name` varchar(32) NOT NULL,
  PRIMARY KEY (`id_tag`),
  KEY `tag_name` (`name`),
  KEY `id_lang` (`id_lang`)
) ENGINE=InnoDB DEFAULT CHARSET=utf8;


INSERT INTO `pr_tag` (`id_tag`, `id_lang`, `name`)
VALUES
	(44,5,'Montagna'),
	(45,5,'Sauris'),
	(46,5,'Provincia di Udine'),
	(47,5,'Enogastronomia'),
	(48,5,'Friuli Tipico'),
	(49,5,'Collina'),
	(50,5,'Friuli centrale'),
	(51,5,'San Daniele'),
	(52,5,'Provincia di Pordenone'),
	(53,5,'Terre di Mezzo'),
	(54,5,'Suggestioni letterarie'),
	(55,5,'Wellness'),
	(56,5,'Città'),
	(57,5,'Gorizia'),
	(58,5,'Provincia di Gorizia'),
	(59,5,'Arte e Cultura'),
	(60,5,'Udine'),
	(61,5,'Suggestioni storiche'),
	(62,5,'Borghi'),
	(63,5,'Trieste'),
	(64,5,'Provincia di Trieste'),
	(65,5,'Aquileia'),
	(66,5,'Cicloturismo'),
	(67,5,'Natura'),
	(70,5,'Tour in giornata'),
	(71,5,'Valvasone'),
	(72,5,'Spilimbergo'),
	(73,5,'Storia'),
	(74,5,'Arte'),
	(75,5,'Wine Tour'),
	(78,5,'Grado'),
	(79,5,'Veneto'),
	(80,5,'Tradizioni popolari'),
	(81,5,'Eventi'),
	(82,5,'Venzone'),
	(83,5,'Valdobbiadene'),
	(88,5,'Castelli'),
	(91,5,'frecce tricolori'),
	(92,5,'spiritualità'),
	(93,5,'castelmonte'),
	(94,5,'abbazia'),
	(95,5,'santuari'),
	(96,5,'Codroipo'),
	(97,5,'ville'),
	(98,5,'Villa Manin'),
	(99,5,'museo delle carrozze'),
	(100,5,'prosciutto'),
	(101,5,'prosciuttificio'),
	(102,5,'castello'),
	(103,5,'Casarsa'),
	(104,5,'Pasolini'),
	(105,5,'Vino'),
	(106,5,'cantine'),
	(107,5,'Tiepolo'),
	(108,5,'Osterie'),
	(109,5,'Vini'),
	(110,5,'Grande Guerra'),
	(111,5,'Redipuglia'),
	(112,5,'Sacrario militare'),
	(113,5,'Castello di Miramare'),
	(114,5,'Medioevo'),
	(115,5,'Cividale'),
	(116,5,'Strassoldo'),
	(117,5,'Flambruzzo'),
	(118,5,'Cassacco'),
	(119,5,'Duino'),
	(120,5,'San Vito al Tagliamento'),
	(121,5,'Casarsa della Delizia'),
	(122,5,'Pomponio Amalteo'),
	(123,5,'Versutta'),
	(124,5,'Prodolone'),
	(125,5,'Carnia'),
	(126,5,'Tolmezzo'),
	(127,5,'Zuglio'),
	(128,5,'Pievi Carniche'),
	(129,5,'Piazza Unità d\'Italia'),
	(130,5,'Castello di San Giusto'),
	(131,5,'Passariano'),
	(132,5,'San Daniele del Friuli'),
	(133,5,'Sesto al Reghena'),
	(134,5,'pordenonese'),
	(135,5,'Pordenone'),
	(136,5,'Sacile'),
	(137,5,'vitigni'),
	(138,5,'Vivai di Rauscedo'),
	(139,5,'Collio Friulano'),
	(140,5,'Abbazia Santa Marian in Sylvis'),
	(141,5,'prosciutto di San Daniele'),
	(142,5,'Aquileie'),
	(143,5,'Cividale del Friuli'),
	(144,5,'Tempietto Longobardo'),
	(145,5,'Ponte del Diavolo'),
	(146,5,'letteratura'),
	(147,5,'poeti e scrittori'),
	(148,5,'gite in giornata'),
	(149,5,'mosaico'),
	(150,5,'il Pordenone'),
	(151,5,'relax'),
	(152,5,'arte e spiritualità'),
	(153,5,'Pier Paolo Pasolini'),
	(154,5,'degustazioni'),
	(155,5,'terra di mezzo'),
	(156,5,'Rivolto'),
	(157,5,'base aeronautica militare'),
	(158,5,'frasche'),
	(159,5,'scrittori e poeti'),
	(160,5,'montasio'),
	(161,5,'vivai'),
	(162,5,'barbatelle'),
	(163,5,'Val d\'Arzino'),
	(164,5,'formaggio'),
	(165,5,'antichi manieri'),
	(166,5,'Villalta'),
	(167,5,'architettura friulana'),
	(168,5,'Tagliamento'),
	(169,5,'trekking'),
	(170,5,'Palmanova'),
	(171,5,'Gusti delle risorgive'),
	(172,5,'San Martino'),
	(173,5,'Bugnins'),
	(174,5,'piatti tipici'),
	(175,5,'frico'),
	(176,5,'laguna di Marano'),
	(177,5,'oasi lagunare'),
	(178,5,'vigne'),
	(179,5,'campagna friulana'),
	(180,5,'base aeronautica di Rivolto'),
	(181,5,'escursioni in barca'),
	(182,5,'Sacrari militari'),
	(183,5,'Caporetto'),
	(184,5,'Fagarè della Battaglia'),
	(185,5,'Museo della Grande Guerra'),
	(186,5,'Monumenti ai caduti'),
	(187,5,'Museo Archelogico'),
	(188,5,'Piave'),
	(189,5,'Villa Sandi'),
	(190,5,'Moriago della Battaglia'),
	(191,5,'Sacrario di Redipuglia'),
	(192,5,'Sacrario di Caporetto'),
	(193,5,'Isola dei morti'),
	(194,5,'Ragogna');



# Dump of table pr_tax
# ------------------------------------------------------------


CREATE TABLE `pr_tax` (
  `id_tax` int(10) unsigned NOT NULL AUTO_INCREMENT,
  `rate` decimal(10,3) NOT NULL,
  `active` tinyint(1) unsigned NOT NULL DEFAULT '1',
  `deleted` tinyint(1) unsigned NOT NULL DEFAULT '0',
  PRIMARY KEY (`id_tax`)
) ENGINE=InnoDB DEFAULT CHARSET=utf8;


INSERT INTO `pr_tax` (`id_tax`, `rate`, `active`, `deleted`)
VALUES
	(1,4.000,1,0),
	(2,0.000,1,0),
	(3,6.600,1,0),
	(4,6.000,1,0),
	(5,8.250,1,0),
	(6,2.900,1,0),
	(7,0.000,1,0),
	(8,0.000,1,0),
	(9,6.000,1,0),
	(10,4.000,1,0),
	(11,4.000,1,0),
	(12,6.000,1,0),
	(13,6.250,1,0),
	(14,7.000,1,0),
	(15,6.000,1,0),
	(16,5.300,1,0),
	(17,6.000,1,0),
	(18,4.000,1,0),
	(19,5.000,1,0),
	(20,6.000,1,0),
	(21,6.250,1,0),
	(22,6.000,1,0),
	(23,6.875,1,0),
	(24,7.000,1,0),
	(25,4.225,1,0),
	(26,0.000,1,0),
	(27,5.500,1,0),
	(28,6.850,1,0),
	(29,0.000,1,0),
	(30,7.000,1,0),
	(31,5.125,1,0),
	(32,4.000,1,0),
	(33,5.500,1,0),
	(34,5.000,1,0),
	(35,5.500,1,0),
	(36,4.500,1,0),
	(37,0.000,1,0),
	(38,6.000,1,0),
	(39,7.000,1,0),
	(40,6.000,1,0),
	(41,4.000,1,0),
	(42,7.000,1,0),
	(43,6.250,1,0),
	(44,4.750,1,0),
	(45,6.000,1,0),
	(46,4.000,1,0),
	(47,6.500,1,0),
	(48,6.000,1,0),
	(49,5.000,1,0),
	(50,4.000,1,0),
	(51,5.500,1,0),
	(52,6.000,1,0),
	(53,21.000,1,0),
	(54,10.000,1,0),
	(55,4.000,1,0),
	(56,19.600,0,1),
	(57,22.000,1,0);



# Dump of table pr_tax_lang
# ------------------------------------------------------------


CREATE TABLE `pr_tax_lang` (
  `id_tax` int(10) unsigned NOT NULL,
  `id_lang` int(10) unsigned NOT NULL,
  `name` varchar(32) NOT NULL,
  PRIMARY KEY (`id_tax`,`id_lang`)
) ENGINE=InnoDB DEFAULT CHARSET=utf8;


INSERT INTO `pr_tax_lang` (`id_tax`, `id_lang`, `name`)
VALUES
	(1,1,'Sales-taxes US-AL 4%'),
	(1,2,'Sales-taxes US-AL 4%'),
	(1,3,'Sales-taxes US-AL 4%'),
	(1,4,'Sales-taxes US-AL 4%'),
	(1,5,'Sales-taxes US-AL 4%'),
	(2,1,'Sales-taxes US-AK 0%'),
	(2,2,'Sales-taxes US-AK 0%'),
	(2,3,'Sales-taxes US-AK 0%'),
	(2,4,'Sales-taxes US-AK 0%'),
	(2,5,'Sales-taxes US-AK 0%'),
	(3,1,'Sales-taxes US-AZ 6.6%'),
	(3,2,'Sales-taxes US-AZ 6.6%'),
	(3,3,'Sales-taxes US-AZ 6.6%'),
	(3,4,'Sales-taxes US-AZ 6.6%'),
	(3,5,'Sales-taxes US-AZ 6.6%'),
	(4,1,'Sales-taxes US-AR 6%'),
	(4,2,'Sales-taxes US-AR 6%'),
	(4,3,'Sales-taxes US-AR 6%'),
	(4,4,'Sales-taxes US-AR 6%'),
	(4,5,'Sales-taxes US-AR 6%'),
	(5,1,'Sales-taxes US-CA 8.25%'),
	(5,2,'Sales-taxes US-CA 8.25%'),
	(5,3,'Sales-taxes US-CA 8.25%'),
	(5,4,'Sales-taxes US-CA 8.25%'),
	(5,5,'Sales-taxes US-CA 8.25%'),
	(6,1,'Sales-taxes US-CO 2.9%'),
	(6,2,'Sales-taxes US-CO 2.9%'),
	(6,3,'Sales-taxes US-CO 2.9%'),
	(6,4,'Sales-taxes US-CO 2.9%'),
	(6,5,'Sales-taxes US-CO 2.9%'),
	(7,1,'Sales-taxes US-CT 0%'),
	(7,2,'Sales-taxes US-CT 0%'),
	(7,3,'Sales-taxes US-CT 0%'),
	(7,4,'Sales-taxes US-CT 0%'),
	(7,5,'Sales-taxes US-CT 0%'),
	(8,1,'Sales-taxes US-DE 0%'),
	(8,2,'Sales-taxes US-DE 0%'),
	(8,3,'Sales-taxes US-DE 0%'),
	(8,4,'Sales-taxes US-DE 0%'),
	(8,5,'Sales-taxes US-DE 0%'),
	(9,1,'Sales-taxes US-FL 6%'),
	(9,2,'Sales-taxes US-FL 6%'),
	(9,3,'Sales-taxes US-FL 6%'),
	(9,4,'Sales-taxes US-FL 6%'),
	(9,5,'Sales-taxes US-FL 6%'),
	(10,1,'Sales-taxes US-GA 4%'),
	(10,2,'Sales-taxes US-GA 4%'),
	(10,3,'Sales-taxes US-GA 4%'),
	(10,4,'Sales-taxes US-GA 4%'),
	(10,5,'Sales-taxes US-GA 4%'),
	(11,1,'Sales-taxes US-HI 4%'),
	(11,2,'Sales-taxes US-HI 4%'),
	(11,3,'Sales-taxes US-HI 4%'),
	(11,4,'Sales-taxes US-HI 4%'),
	(11,5,'Sales-taxes US-HI 4%'),
	(12,1,'Sales-taxes US-ID 6%'),
	(12,2,'Sales-taxes US-ID 6%'),
	(12,3,'Sales-taxes US-ID 6%'),
	(12,4,'Sales-taxes US-ID 6%'),
	(12,5,'Sales-taxes US-ID 6%'),
	(13,1,'Sales-taxes US-IL 6.25%'),
	(13,2,'Sales-taxes US-IL 6.25%'),
	(13,3,'Sales-taxes US-IL 6.25%'),
	(13,4,'Sales-taxes US-IL 6.25%'),
	(13,5,'Sales-taxes US-IL 6.25%'),
	(14,1,'Sales-taxes US-IN 7%'),
	(14,2,'Sales-taxes US-IN 7%'),
	(14,3,'Sales-taxes US-IN 7%'),
	(14,4,'Sales-taxes US-IN 7%'),
	(14,5,'Sales-taxes US-IN 7%'),
	(15,1,'Sales-taxes US-IA 6%'),
	(15,2,'Sales-taxes US-IA 6%'),
	(15,3,'Sales-taxes US-IA 6%'),
	(15,4,'Sales-taxes US-IA 6%'),
	(15,5,'Sales-taxes US-IA 6%'),
	(16,1,'Sales-taxes US-KS 5.3%'),
	(16,2,'Sales-taxes US-KS 5.3%'),
	(16,3,'Sales-taxes US-KS 5.3%'),
	(16,4,'Sales-taxes US-KS 5.3%'),
	(16,5,'Sales-taxes US-KS 5.3%'),
	(17,1,'Sales-taxes US-KY 6%'),
	(17,2,'Sales-taxes US-KY 6%'),
	(17,3,'Sales-taxes US-KY 6%'),
	(17,4,'Sales-taxes US-KY 6%'),
	(17,5,'Sales-taxes US-KY 6%'),
	(18,1,'Sales-taxes US-LA 4%'),
	(18,2,'Sales-taxes US-LA 4%'),
	(18,3,'Sales-taxes US-LA 4%'),
	(18,4,'Sales-taxes US-LA 4%'),
	(18,5,'Sales-taxes US-LA 4%'),
	(19,1,'Sales-taxes US-ME 5%'),
	(19,2,'Sales-taxes US-ME 5%'),
	(19,3,'Sales-taxes US-ME 5%'),
	(19,4,'Sales-taxes US-ME 5%'),
	(19,5,'Sales-taxes US-ME 5%'),
	(20,1,'Sales-taxes US-MD 6%'),
	(20,2,'Sales-taxes US-MD 6%'),
	(20,3,'Sales-taxes US-MD 6%'),
	(20,4,'Sales-taxes US-MD 6%'),
	(20,5,'Sales-taxes US-MD 6%'),
	(21,1,'Sales-taxes US-MA 6.25%'),
	(21,2,'Sales-taxes US-MA 6.25%'),
	(21,3,'Sales-taxes US-MA 6.25%'),
	(21,4,'Sales-taxes US-MA 6.25%'),
	(21,5,'Sales-taxes US-MA 6.25%'),
	(22,1,'Sales-taxes US-MI 6%'),
	(22,2,'Sales-taxes US-MI 6%'),
	(22,3,'Sales-taxes US-MI 6%'),
	(22,4,'Sales-taxes US-MI 6%'),
	(22,5,'Sales-taxes US-MI 6%'),
	(23,1,'Sales-taxes US-MN 6.875%'),
	(23,2,'Sales-taxes US-MN 6.875%'),
	(23,3,'Sales-taxes US-MN 6.875%'),
	(23,4,'Sales-taxes US-MN 6.875%'),
	(23,5,'Sales-taxes US-MN 6.875%'),
	(24,1,'Sales-taxes US-MS 7%'),
	(24,2,'Sales-taxes US-MS 7%'),
	(24,3,'Sales-taxes US-MS 7%'),
	(24,4,'Sales-taxes US-MS 7%'),
	(24,5,'Sales-taxes US-MS 7%'),
	(25,1,'Sales-taxes US-MO 4.225%'),
	(25,2,'Sales-taxes US-MO 4.225%'),
	(25,3,'Sales-taxes US-MO 4.225%'),
	(25,4,'Sales-taxes US-MO 4.225%'),
	(25,5,'Sales-taxes US-MO 4.225%'),
	(26,1,'Sales-taxes US-MT 0.0%'),
	(26,2,'Sales-taxes US-MT 0.0%'),
	(26,3,'Sales-taxes US-MT 0.0%'),
	(26,4,'Sales-taxes US-MT 0.0%'),
	(26,5,'Sales-taxes US-MT 0.0%'),
	(27,1,'Sales-taxes US-NE 5.5%'),
	(27,2,'Sales-taxes US-NE 5.5%'),
	(27,3,'Sales-taxes US-NE 5.5%'),
	(27,4,'Sales-taxes US-NE 5.5%'),
	(27,5,'Sales-taxes US-NE 5.5%'),
	(28,1,'Sales-taxes US-NV 6.85%'),
	(28,2,'Sales-taxes US-NV 6.85%'),
	(28,3,'Sales-taxes US-NV 6.85%'),
	(28,4,'Sales-taxes US-NV 6.85%'),
	(28,5,'Sales-taxes US-NV 6.85%'),
	(29,1,'Sales-taxes US-NH 0%'),
	(29,2,'Sales-taxes US-NH 0%'),
	(29,3,'Sales-taxes US-NH 0%'),
	(29,4,'Sales-taxes US-NH 0%'),
	(29,5,'Sales-taxes US-NH 0%'),
	(30,1,'Sales-taxes US-NJ 7%'),
	(30,2,'Sales-taxes US-NJ 7%'),
	(30,3,'Sales-taxes US-NJ 7%'),
	(30,4,'Sales-taxes US-NJ 7%'),
	(30,5,'Sales-taxes US-NJ 7%'),
	(31,1,'Sales-taxes US-NM 5.125%'),
	(31,2,'Sales-taxes US-NM 5.125%'),
	(31,3,'Sales-taxes US-NM 5.125%'),
	(31,4,'Sales-taxes US-NM 5.125%'),
	(31,5,'Sales-taxes US-NM 5.125%'),
	(32,1,'Sales-taxes US-NY 4%'),
	(32,2,'Sales-taxes US-NY 4%'),
	(32,3,'Sales-taxes US-NY 4%'),
	(32,4,'Sales-taxes US-NY 4%'),
	(32,5,'Sales-taxes US-NY 4%'),
	(33,1,'Sales-taxes US-NC 5.5%'),
	(33,2,'Sales-taxes US-NC 5.5%'),
	(33,3,'Sales-taxes US-NC 5.5%'),
	(33,4,'Sales-taxes US-NC 5.5%'),
	(33,5,'Sales-taxes US-NC 5.5%'),
	(34,1,'Sales-taxes US-ND 5%'),
	(34,2,'Sales-taxes US-ND 5%'),
	(34,3,'Sales-taxes US-ND 5%'),
	(34,4,'Sales-taxes US-ND 5%'),
	(34,5,'Sales-taxes US-ND 5%'),
	(35,1,'Sales-taxes US-OH 5.5%'),
	(35,2,'Sales-taxes US-OH 5.5%'),
	(35,3,'Sales-taxes US-OH 5.5%'),
	(35,4,'Sales-taxes US-OH 5.5%'),
	(35,5,'Sales-taxes US-OH 5.5%'),
	(36,1,'Sales-taxes US-OK 4.5%'),
	(36,2,'Sales-taxes US-OK 4.5%'),
	(36,3,'Sales-taxes US-OK 4.5%'),
	(36,4,'Sales-taxes US-OK 4.5%'),
	(36,5,'Sales-taxes US-OK 4.5%'),
	(37,1,'Sales-taxes US-OR 0%'),
	(37,2,'Sales-taxes US-OR 0%'),
	(37,3,'Sales-taxes US-OR 0%'),
	(37,4,'Sales-taxes US-OR 0%'),
	(37,5,'Sales-taxes US-OR 0%'),
	(38,1,'Sales-taxes US-PA 6%'),
	(38,2,'Sales-taxes US-PA 6%'),
	(38,3,'Sales-taxes US-PA 6%'),
	(38,4,'Sales-taxes US-PA 6%'),
	(38,5,'Sales-taxes US-PA 6%'),
	(39,1,'Sales-taxes US-RI 7%'),
	(39,2,'Sales-taxes US-RI 7%'),
	(39,3,'Sales-taxes US-RI 7%'),
	(39,4,'Sales-taxes US-RI 7%'),
	(39,5,'Sales-taxes US-RI 7%'),
	(40,1,'Sales-taxes US-SC 6%'),
	(40,2,'Sales-taxes US-SC 6%'),
	(40,3,'Sales-taxes US-SC 6%'),
	(40,4,'Sales-taxes US-SC 6%'),
	(40,5,'Sales-taxes US-SC 6%'),
	(41,1,'Sales-taxes US-SD 4%'),
	(41,2,'Sales-taxes US-SD 4%'),
	(41,3,'Sales-taxes US-SD 4%'),
	(41,4,'Sales-taxes US-SD 4%'),
	(41,5,'Sales-taxes US-SD 4%'),
	(42,1,'Sales-taxes US-TN 7%'),
	(42,2,'Sales-taxes US-TN 7%'),
	(42,3,'Sales-taxes US-TN 7%'),
	(42,4,'Sales-taxes US-TN 7%'),
	(42,5,'Sales-taxes US-TN 7%'),
	(43,1,'Sales-taxes US-TX 6.25%'),
	(43,2,'Sales-taxes US-TX 6.25%'),
	(43,3,'Sales-taxes US-TX 6.25%'),
	(43,4,'Sales-taxes US-TX 6.25%'),
	(43,5,'Sales-taxes US-TX 6.25%'),
	(44,1,'Sales-taxes US-UT 4.75%'),
	(44,2,'Sales-taxes US-UT 4.75%'),
	(44,3,'Sales-taxes US-UT 4.75%'),
	(44,4,'Sales-taxes US-UT 4.75%'),
	(44,5,'Sales-taxes US-UT 4.75%'),
	(45,1,'Sales-taxes US-VT 6%'),
	(45,2,'Sales-taxes US-VT 6%'),
	(45,3,'Sales-taxes US-VT 6%'),
	(45,4,'Sales-taxes US-VT 6%'),
	(45,5,'Sales-taxes US-VT 6%'),
	(46,1,'Sales-taxes US-VA 4%'),
	(46,2,'Sales-taxes US-VA 4%'),
	(46,3,'Sales-taxes US-VA 4%'),
	(46,4,'Sales-taxes US-VA 4%'),
	(46,5,'Sales-taxes US-VA 4%'),
	(47,1,'Sales-taxes US-WA 6.5%'),
	(47,2,'Sales-taxes US-WA 6.5%'),
	(47,3,'Sales-taxes US-WA 6.5%'),
	(47,4,'Sales-taxes US-WA 6.5%'),
	(47,5,'Sales-taxes US-WA 6.5%'),
	(48,1,'Sales-taxes US-WV 6%'),
	(48,2,'Sales-taxes US-WV 6%'),
	(48,3,'Sales-taxes US-WV 6%'),
	(48,4,'Sales-taxes US-WV 6%'),
	(48,5,'Sales-taxes US-WV 6%'),
	(49,1,'Sales-taxes US-WI 5%'),
	(49,2,'Sales-taxes US-WI 5%'),
	(49,3,'Sales-taxes US-WI 5%'),
	(49,4,'Sales-taxes US-WI 5%'),
	(49,5,'Sales-taxes US-WI 5%'),
	(50,1,'Sales-taxes US-WY 4%'),
	(50,2,'Sales-taxes US-WY 4%'),
	(50,3,'Sales-taxes US-WY 4%'),
	(50,4,'Sales-taxes US-WY 4%'),
	(50,5,'Sales-taxes US-WY 4%'),
	(51,1,'Sales-taxes US-PR 5.5%'),
	(51,2,'Sales-taxes US-PR 5.5%'),
	(51,3,'Sales-taxes US-PR 5.5%'),
	(51,4,'Sales-taxes US-PR 5.5%'),
	(51,5,'Sales-taxes US-PR 5.5%'),
	(52,1,'Sales-taxes US-DC 6%'),
	(52,2,'Sales-taxes US-DC 6%'),
	(52,3,'Sales-taxes US-DC 6%'),
	(52,4,'Sales-taxes US-DC 6%'),
	(52,5,'Sales-taxes US-DC 6%'),
	(53,1,'IVA IT 21%'),
	(53,2,'IVA IT 21%'),
	(53,3,'IVA IT 21%'),
	(53,4,'IVA IT 21%'),
	(53,5,'IVA IT 21%'),
	(54,1,'IVA IT 10%'),
	(54,2,'IVA IT 10%'),
	(54,3,'IVA IT 10%'),
	(54,4,'IVA IT 10%'),
	(54,5,'IVA IT 10%'),
	(55,1,'IVA IT 4%'),
	(55,2,'IVA IT 4%'),
	(55,3,'IVA IT 4%'),
	(55,4,'IVA IT 4%'),
	(55,5,'IVA IT 4%'),
	(56,1,'TVA 19.6%'),
	(56,2,'TVA 19.6%'),
	(56,3,'TVA 19.6%'),
	(56,4,'TVA 19.6%'),
	(56,5,'TVA 19.6%'),
	(57,1,'iva 2014 '),
	(57,2,'iva 2014 '),
	(57,3,'iva 2014 '),
	(57,4,'iva 2014 '),
	(57,5,'iva 2014 ');



# Dump of table pr_tax_rule
# ------------------------------------------------------------


CREATE TABLE `pr_tax_rule` (
  `id_tax_rule` int(11) NOT NULL AUTO_INCREMENT,
  `id_tax_rules_group` int(11) NOT NULL,
  `id_country` int(11) NOT NULL,
  `id_state` int(11) NOT NULL,
  `zipcode_from` varchar(12) NOT NULL,
  `zipcode_to` varchar(12) NOT NULL,
  `behavior` int(11) NOT NULL,
  `id_tax` int(11) NOT NULL,
  `description` varchar(100) NOT NULL,
  PRIMARY KEY (`id_tax_rule`),
  UNIQUE KEY `tax_rule` (`id_tax_rules_group`,`id_country`,`id_state`),
  KEY `id_tax_rules_group` (`id_tax_rules_group`),
  KEY `id_tax` (`id_tax`),
  KEY `category_getproducts` (`id_tax_rules_group`,`id_country`,`id_state`,`zipcode_from`)
) ENGINE=InnoDB DEFAULT CHARSET=utf8;


INSERT INTO `pr_tax_rule` (`id_tax_rule`, `id_tax_rules_group`, `id_country`, `id_state`, `zipcode_from`, `zipcode_to`, `behavior`, `id_tax`, `description`)
VALUES
	(1,1,21,1,'0','0',1,1,''),
	(2,2,21,2,'0','0',1,2,''),
	(3,3,21,3,'0','0',1,3,''),
	(4,4,21,4,'0','0',1,4,''),
	(5,5,21,5,'0','0',1,5,''),
	(6,6,21,6,'0','0',1,6,''),
	(7,7,21,7,'0','0',1,7,''),
	(8,8,21,8,'0','0',1,8,''),
	(9,9,21,9,'0','0',1,9,''),
	(10,10,21,10,'0','0',1,10,''),
	(11,11,21,11,'0','0',1,11,''),
	(12,12,21,12,'0','0',1,12,''),
	(13,13,21,13,'0','0',1,13,''),
	(14,14,21,14,'0','0',1,14,''),
	(15,15,21,15,'0','0',1,15,''),
	(16,16,21,16,'0','0',1,16,''),
	(17,17,21,17,'0','0',1,17,''),
	(18,18,21,18,'0','0',1,18,''),
	(19,19,21,19,'0','0',1,19,''),
	(20,20,21,20,'0','0',1,20,''),
	(21,21,21,21,'0','0',1,21,''),
	(22,22,21,22,'0','0',1,22,''),
	(23,23,21,23,'0','0',1,23,''),
	(24,24,21,24,'0','0',1,24,''),
	(25,25,21,25,'0','0',1,25,''),
	(26,26,21,26,'0','0',1,26,''),
	(27,27,21,27,'0','0',1,27,''),
	(28,28,21,28,'0','0',1,28,''),
	(29,29,21,29,'0','0',1,29,''),
	(30,30,21,30,'0','0',1,30,''),
	(31,31,21,31,'0','0',1,31,''),
	(32,32,21,32,'0','0',1,32,''),
	(33,33,21,33,'0','0',1,33,''),
	(34,34,21,34,'0','0',1,34,''),
	(35,35,21,35,'0','0',1,35,''),
	(36,36,21,36,'0','0',1,36,''),
	(37,37,21,37,'0','0',1,37,''),
	(38,38,21,38,'0','0',1,38,''),
	(39,39,21,39,'0','0',1,39,''),
	(40,40,21,40,'0','0',1,40,''),
	(41,41,21,41,'0','0',1,41,''),
	(42,42,21,42,'0','0',1,42,''),
	(43,43,21,43,'0','0',1,43,''),
	(44,44,21,44,'0','0',1,44,''),
	(45,45,21,45,'0','0',1,45,''),
	(46,46,21,46,'0','0',1,46,''),
	(47,47,21,47,'0','0',1,47,''),
	(48,48,21,48,'0','0',1,48,''),
	(49,49,21,49,'0','0',1,49,''),
	(50,50,21,50,'0','0',1,50,''),
	(51,51,21,51,'0','0',1,51,''),
	(52,52,21,53,'0','0',1,52,''),
	(53,53,3,0,'0','0',0,53,''),
	(54,53,236,0,'0','0',0,53,''),
	(55,53,16,0,'0','0',0,53,''),
	(56,53,20,0,'0','0',0,53,''),
	(57,53,1,0,'0','0',0,53,''),
	(58,53,86,0,'0','0',0,53,''),
	(59,53,9,0,'0','0',0,53,''),
	(60,53,6,0,'0','0',0,53,''),
	(61,53,8,0,'0','0',0,53,''),
	(62,53,26,0,'0','0',0,53,''),
	(63,53,10,0,'0','0',0,53,''),
	(64,53,76,0,'0','0',0,53,''),
	(65,53,125,0,'0','0',0,53,''),
	(66,53,131,0,'0','0',0,53,''),
	(67,53,12,0,'0','0',0,53,''),
	(68,53,143,0,'0','0',0,53,''),
	(69,53,139,0,'0','0',0,53,''),
	(70,53,13,0,'0','0',0,53,''),
	(71,53,2,0,'0','0',0,53,''),
	(72,53,14,0,'0','0',0,53,''),
	(73,53,15,0,'0','0',0,53,''),
	(74,53,36,0,'0','0',0,53,''),
	(75,53,193,0,'0','0',0,53,''),
	(76,53,37,0,'0','0',0,53,''),
	(77,53,7,0,'0','0',0,53,''),
	(78,53,18,0,'0','0',0,53,''),
	(79,54,3,0,'0','0',0,54,''),
	(80,54,236,0,'0','0',0,54,''),
	(81,54,16,0,'0','0',0,54,''),
	(82,54,20,0,'0','0',0,54,''),
	(83,54,1,0,'0','0',0,54,''),
	(84,54,86,0,'0','0',0,54,''),
	(85,54,9,0,'0','0',0,54,''),
	(86,54,6,0,'0','0',0,54,''),
	(87,54,8,0,'0','0',0,54,''),
	(88,54,26,0,'0','0',0,54,''),
	(89,54,10,0,'0','0',0,54,''),
	(90,54,76,0,'0','0',0,54,''),
	(91,54,125,0,'0','0',0,54,''),
	(92,54,131,0,'0','0',0,54,''),
	(93,54,12,0,'0','0',0,54,''),
	(94,54,143,0,'0','0',0,54,''),
	(95,54,139,0,'0','0',0,54,''),
	(96,54,13,0,'0','0',0,54,''),
	(97,54,2,0,'0','0',0,54,''),
	(98,54,14,0,'0','0',0,54,''),
	(99,54,15,0,'0','0',0,54,''),
	(100,54,36,0,'0','0',0,54,''),
	(101,54,193,0,'0','0',0,54,''),
	(102,54,37,0,'0','0',0,54,''),
	(103,54,7,0,'0','0',0,54,''),
	(104,54,18,0,'0','0',0,54,''),
	(105,55,3,0,'0','0',0,55,''),
	(106,55,236,0,'0','0',0,55,''),
	(107,55,16,0,'0','0',0,55,''),
	(108,55,20,0,'0','0',0,55,''),
	(109,55,1,0,'0','0',0,55,''),
	(110,55,86,0,'0','0',0,55,''),
	(111,55,9,0,'0','0',0,55,''),
	(112,55,6,0,'0','0',0,55,''),
	(113,55,8,0,'0','0',0,55,''),
	(114,55,26,0,'0','0',0,55,''),
	(115,55,10,0,'0','0',0,55,''),
	(116,55,76,0,'0','0',0,55,''),
	(117,55,125,0,'0','0',0,55,''),
	(118,55,131,0,'0','0',0,55,''),
	(119,55,12,0,'0','0',0,55,''),
	(120,55,143,0,'0','0',0,55,''),
	(121,55,139,0,'0','0',0,55,''),
	(122,55,13,0,'0','0',0,55,''),
	(123,55,2,0,'0','0',0,55,''),
	(124,55,14,0,'0','0',0,55,''),
	(125,55,15,0,'0','0',0,55,''),
	(126,55,36,0,'0','0',0,55,''),
	(127,55,193,0,'0','0',0,55,''),
	(128,55,37,0,'0','0',0,55,''),
	(129,55,7,0,'0','0',0,55,''),
	(130,55,18,0,'0','0',0,55,''),
	(131,56,3,0,'0','0',0,55,''),
	(132,56,236,0,'0','0',0,55,''),
	(133,56,16,0,'0','0',0,55,''),
	(134,56,20,0,'0','0',0,55,''),
	(135,56,1,0,'0','0',0,55,''),
	(136,56,86,0,'0','0',0,55,''),
	(137,56,9,0,'0','0',0,55,''),
	(138,56,6,0,'0','0',0,55,''),
	(139,56,8,0,'0','0',0,55,''),
	(140,56,26,0,'0','0',0,55,''),
	(141,56,10,0,'0','0',0,55,''),
	(142,56,76,0,'0','0',0,55,''),
	(143,56,125,0,'0','0',0,55,''),
	(144,56,131,0,'0','0',0,55,''),
	(145,56,12,0,'0','0',0,55,''),
	(146,56,143,0,'0','0',0,55,''),
	(147,56,139,0,'0','0',0,55,''),
	(148,56,13,0,'0','0',0,55,''),
	(149,56,2,0,'0','0',0,55,''),
	(150,56,14,0,'0','0',0,55,''),
	(151,56,15,0,'0','0',0,55,''),
	(152,56,36,0,'0','0',0,55,''),
	(153,56,193,0,'0','0',0,55,''),
	(154,56,37,0,'0','0',0,55,''),
	(155,56,7,0,'0','0',0,55,''),
	(156,56,18,0,'0','0',0,55,''),
	(157,57,3,0,'0','0',0,55,''),
	(158,57,236,0,'0','0',0,55,''),
	(159,57,16,0,'0','0',0,55,''),
	(160,57,20,0,'0','0',0,55,''),
	(161,57,1,0,'0','0',0,55,''),
	(162,57,86,0,'0','0',0,55,''),
	(163,57,9,0,'0','0',0,55,''),
	(164,57,6,0,'0','0',0,55,''),
	(165,57,8,0,'0','0',0,55,''),
	(166,57,26,0,'0','0',0,55,''),
	(167,57,10,0,'0','0',0,55,''),
	(168,57,76,0,'0','0',0,55,''),
	(169,57,125,0,'0','0',0,55,''),
	(170,57,131,0,'0','0',0,55,''),
	(171,57,12,0,'0','0',0,55,''),
	(172,57,143,0,'0','0',0,55,''),
	(173,57,139,0,'0','0',0,55,''),
	(174,57,13,0,'0','0',0,55,''),
	(175,57,2,0,'0','0',0,55,''),
	(176,57,14,0,'0','0',0,55,''),
	(177,57,15,0,'0','0',0,55,''),
	(178,57,36,0,'0','0',0,55,''),
	(179,57,193,0,'0','0',0,55,''),
	(180,57,37,0,'0','0',0,55,''),
	(181,57,7,0,'0','0',0,55,''),
	(182,57,18,0,'0','0',0,55,'');



# Dump of table pr_tax_rules_group
# ------------------------------------------------------------


CREATE TABLE `pr_tax_rules_group` (
  `id_tax_rules_group` int(11) NOT NULL AUTO_INCREMENT,
  `name` varchar(50) NOT NULL,
  `active` int(11) NOT NULL,
  PRIMARY KEY (`id_tax_rules_group`)
) ENGINE=InnoDB DEFAULT CHARSET=utf8;


INSERT INTO `pr_tax_rules_group` (`id_tax_rules_group`, `name`, `active`)
VALUES
	(1,'US-AL Rate (4%)',1),
	(2,'US-AK Rate (0%)',1),
	(3,'US-AZ Rate (6.6%)',1),
	(4,'US-AR Rate (6%)',1),
	(5,'US-CA Rate (8.25%)',1),
	(6,'US-CO Rate (2.9%)',1),
	(7,'US-CT Rate (0%)',1),
	(8,'US-DE Rate (0%)',1),
	(9,'US-FL Rate (6%)',1),
	(10,'US-GA Rate (4%)',1),
	(11,'US-HI Rate (4%)',1),
	(12,'US-ID Rate (6%)',1),
	(13,'US-IL Rate (6.25%)',1),
	(14,'US-IN Rate (7%)',1),
	(15,'US-IA Rate (6%)',1),
	(16,'US-KS Rate (5.3%)',1),
	(17,'US-KY Rate (6%)',1),
	(18,'US-LA Rate (4%)',1),
	(19,'US-ME Rate (5%)',1),
	(20,'US-MD Rate (6%)',1),
	(21,'US-MA Rate (6.25%)',1),
	(22,'US-MI Rate (6%)',1),
	(23,'US-MN Rate (6.875%)',1),
	(24,'US-MS Rate (7%)',1),
	(25,'US-MO Rate (4.225%)',1),
	(26,'US-MT Rate (0%)',1),
	(27,'US-NE Rate (5.5%)',1),
	(28,'US-NV Rate (6.85%)',1),
	(29,'US-NH Rate (0%)',1),
	(30,'US-NJ Rate (7%)',1),
	(31,'US-NM Rate (5.125%)',1),
	(32,'US-NY Rate (4%)',1),
	(33,'US-NC Rate (5.5%)',1),
	(34,'US-ND Rate (5%)',1),
	(35,'US-OH Rate (5.5%)',1),
	(36,'US-OK Rate (4.5%)',1),
	(37,'US-OR Rate (0%)',1),
	(38,'US-PA Rate (6%)',1),
	(39,'US-RI Rate (7%)',1),
	(40,'US-SC Rate (6%)',1),
	(41,'US-SD Rate (4%)',1),
	(42,'US-TN Rate (7%)',1),
	(43,'US-TX Rate (6.25%)',1),
	(44,'US-UT Rate (4.75%)',1),
	(45,'US-VT Rate (6%)',1),
	(46,'US-VA Rate (4%)',1),
	(47,'US-WA Rate (6.5%)',1),
	(48,'US-WV Rate (6%)',1),
	(49,'US-WI Rate (5%)',1),
	(50,'US-WY Rate (4%)',1),
	(51,'US-PR Rate (5.5%)',1),
	(52,'US-DC Rate (6%)',1),
	(53,'IT Standard Rate (21%)',1),
	(54,'IT Reduced Rate (10%)',1),
	(55,'IT Super Reduced Rate (4%)',1),
	(56,'IT Foodstuff Rate (4%)',1),
	(57,'FR Books Rate (4%)',1);



# Dump of table pr_tax_rules_group_shop
# ------------------------------------------------------------


CREATE TABLE `pr_tax_rules_group_shop` (
  `id_tax_rules_group` int(11) unsigned NOT NULL,
  `id_shop` int(11) unsigned NOT NULL,
  PRIMARY KEY (`id_tax_rules_group`,`id_shop`),
  KEY `id_shop` (`id_shop`)
) ENGINE=InnoDB DEFAULT CHARSET=utf8;


INSERT INTO `pr_tax_rules_group_shop` (`id_tax_rules_group`, `id_shop`)
VALUES
	(1,1),
	(2,1),
	(3,1),
	(4,1),
	(5,1),
	(6,1),
	(7,1),
	(8,1),
	(9,1),
	(10,1),
	(11,1),
	(12,1),
	(13,1),
	(14,1),
	(15,1),
	(16,1),
	(17,1),
	(18,1),
	(19,1),
	(20,1),
	(21,1),
	(22,1),
	(23,1),
	(24,1),
	(25,1),
	(26,1),
	(27,1),
	(28,1),
	(29,1),
	(30,1),
	(31,1),
	(32,1),
	(33,1),
	(34,1),
	(35,1),
	(36,1),
	(37,1),
	(38,1),
	(39,1),
	(40,1),
	(41,1),
	(42,1),
	(43,1),
	(44,1),
	(45,1),
	(46,1),
	(47,1),
	(48,1),
	(49,1),
	(50,1),
	(51,1),
	(52,1),
	(53,1),
	(54,1),
	(55,1),
	(56,1),
	(57,1);



# Dump of table pr_theme
# ------------------------------------------------------------


CREATE TABLE `pr_theme` (
  `id_theme` int(11) NOT NULL AUTO_INCREMENT,
  `name` varchar(64) NOT NULL,
  `directory` varchar(64) NOT NULL,
  `responsive` tinyint(1) NOT NULL DEFAULT '0',
  `default_left_column` tinyint(1) NOT NULL DEFAULT '1',
  `default_right_column` tinyint(1) NOT NULL DEFAULT '1',
  `product_per_page` int(10) unsigned NOT NULL DEFAULT '1',
  PRIMARY KEY (`id_theme`)
) ENGINE=InnoDB DEFAULT CHARSET=utf8;


INSERT INTO `pr_theme` (`id_theme`, `name`, `directory`, `responsive`, `default_left_column`, `default_right_column`, `product_per_page`)
VALUES
	(3,'armoniesapori','armoniesapori',0,0,0,12),
	(6,'theme257','theme257',0,1,1,12),
	(7,'default-bootstrap','default-bootstrap',1,1,1,12);



# Dump of table pr_theme_meta
# ------------------------------------------------------------


CREATE TABLE `pr_theme_meta` (
  `id_theme_meta` int(11) NOT NULL AUTO_INCREMENT,
  `id_theme` int(11) NOT NULL,
  `id_meta` int(10) unsigned NOT NULL,
  `left_column` tinyint(1) NOT NULL DEFAULT '1',
  `right_column` tinyint(1) NOT NULL DEFAULT '1',
  PRIMARY KEY (`id_theme_meta`),
  UNIQUE KEY `id_theme_2` (`id_theme`,`id_meta`),
  KEY `id_theme` (`id_theme`),
  KEY `id_meta` (`id_meta`)
) ENGINE=InnoDB DEFAULT CHARSET=utf8;


INSERT INTO `pr_theme_meta` (`id_theme_meta`, `id_theme`, `id_meta`, `left_column`, `right_column`)
VALUES
	(1,3,1,1,1),
	(2,4,1,1,1),
	(3,6,1,1,1),
	(4,7,1,1,0),
	(5,3,2,1,1),
	(6,4,2,1,1),
	(7,6,2,1,1),
	(8,7,2,1,0),
	(9,3,3,1,1),
	(10,4,3,1,1),
	(11,6,3,1,1),
	(12,7,3,1,0),
	(13,3,4,1,1),
	(14,4,4,1,1),
	(15,6,4,1,1),
	(16,7,4,1,0),
	(17,3,5,1,1),
	(18,4,5,1,1),
	(19,6,5,1,1),
	(20,7,5,1,0),
	(21,3,6,1,1),
	(22,4,6,1,1),
	(23,6,6,1,1),
	(24,7,6,1,0),
	(25,3,7,1,1),
	(26,4,7,1,1),
	(27,6,7,1,1),
	(28,7,7,1,0),
	(29,3,8,1,1),
	(30,4,8,1,1),
	(31,6,8,1,1),
	(32,7,8,1,0),
	(33,3,9,1,1),
	(34,4,9,1,1),
	(35,6,9,1,1),
	(36,7,9,1,0);



# Dump of table pr_theme_specific
# ------------------------------------------------------------


CREATE TABLE `pr_theme_specific` (
  `id_theme` int(11) unsigned NOT NULL,
  `id_shop` int(11) unsigned NOT NULL,
  `entity` int(11) unsigned NOT NULL,
  `id_object` int(11) unsigned NOT NULL,
  PRIMARY KEY (`id_theme`,`id_shop`,`entity`,`id_object`)
) ENGINE=InnoDB DEFAULT CHARSET=utf8;



# Dump of table pr_themeconfigurator
# ------------------------------------------------------------


CREATE TABLE `pr_themeconfigurator` (
  `id_item` int(10) unsigned NOT NULL AUTO_INCREMENT,
  `id_shop` int(10) unsigned NOT NULL,
  `id_lang` int(10) unsigned NOT NULL,
  `item_order` int(10) unsigned NOT NULL,
  `title` varchar(100) DEFAULT NULL,
  `title_use` tinyint(1) unsigned NOT NULL DEFAULT '0',
  `hook` varchar(100) DEFAULT NULL,
  `url` text,
  `target` tinyint(1) unsigned NOT NULL DEFAULT '0',
  `image` varchar(100) DEFAULT NULL,
  `image_w` varchar(10) DEFAULT NULL,
  `image_h` varchar(10) DEFAULT NULL,
  `html` text,
  `active` tinyint(1) unsigned NOT NULL DEFAULT '1',
  PRIMARY KEY (`id_item`)
) ENGINE=InnoDB DEFAULT CHARSET=utf8;


INSERT INTO `pr_themeconfigurator` (`id_item`, `id_shop`, `id_lang`, `item_order`, `title`, `title_use`, `hook`, `url`, `target`, `image`, `image_w`, `image_h`, `html`, `active`)
VALUES
	(1,1,1,1,'',0,'home','http://www.prestashop.com/',0,'banner-img1.jpg','383','267','',1),
	(2,1,1,2,'',0,'home','http://www.prestashop.com/',0,'banner-img2.jpg','383','267','',1),
	(3,1,1,3,'',0,'home','http://www.prestashop.com/',0,'banner-img3.jpg','383','267','',1),
	(4,1,1,4,'',0,'home','http://www.prestashop.com/',0,'banner-img4.jpg','383','142','',1),
	(5,1,1,5,'',0,'home','http://www.prestashop.com/',0,'banner-img5.jpg','777','142','',1),
	(6,1,1,6,'',0,'top','http://www.prestashop.com/',0,'banner-img6.jpg','381','219','',1),
	(8,1,4,1,'',0,'home','http://www.prestashop.com/',0,'banner-img1.jpg','383','267','',1),
	(9,1,4,2,'',0,'home','http://www.prestashop.com/',0,'banner-img2.jpg','383','267','',1),
	(10,1,4,3,'',0,'home','http://www.prestashop.com/',0,'banner-img3.jpg','383','267','',1),
	(11,1,4,4,'',0,'home','http://www.prestashop.com/',0,'banner-img4.jpg','383','142','',1),
	(12,1,4,5,'',0,'home','http://www.prestashop.com/',0,'banner-img5.jpg','777','142','',1),
	(13,1,4,6,'',0,'top','http://www.prestashop.com/',0,'banner-img6.jpg','381','219','',1),
	(15,1,5,1,'',0,'home','http://www.prestashop.com/',0,'banner-img1.jpg','383','267','',1),
	(16,1,5,2,'',0,'home','http://www.prestashop.com/',0,'banner-img2.jpg','383','267','',1),
	(17,1,5,3,'',0,'home','http://www.prestashop.com/',0,'banner-img3.jpg','383','267','',1),
	(18,1,5,4,'',0,'home','http://www.prestashop.com/',0,'banner-img4.jpg','383','142','',1),
	(19,1,5,5,'',0,'home','http://www.prestashop.com/',0,'banner-img5.jpg','777','142','',1),
	(20,1,5,6,'Prossimamente le nostre proposte per le agenzie!',0,'top','',0,'2d20758db33dd1286de47c4cd6e6bb2ca15804a3_team.jpg','381','219','',1);



# Dump of table pr_timezone
# ------------------------------------------------------------


CREATE TABLE `pr_timezone` (
  `id_timezone` int(10) unsigned NOT NULL AUTO_INCREMENT,
  `name` varchar(32) NOT NULL,
  PRIMARY KEY (`id_timezone`)
) ENGINE=InnoDB DEFAULT CHARSET=utf8;


INSERT INTO `pr_timezone` (`id_timezone`, `name`)
VALUES
	(1,'Africa/Abidjan'),
	(2,'Africa/Accra'),
	(3,'Africa/Addis_Ababa'),
	(4,'Africa/Algiers'),
	(5,'Africa/Asmara'),
	(6,'Africa/Asmera'),
	(7,'Africa/Bamako'),
	(8,'Africa/Bangui'),
	(9,'Africa/Banjul'),
	(10,'Africa/Bissau'),
	(11,'Africa/Blantyre'),
	(12,'Africa/Brazzaville'),
	(13,'Africa/Bujumbura'),
	(14,'Africa/Cairo'),
	(15,'Africa/Casablanca'),
	(16,'Africa/Ceuta'),
	(17,'Africa/Conakry'),
	(18,'Africa/Dakar'),
	(19,'Africa/Dar_es_Salaam'),
	(20,'Africa/Djibouti'),
	(21,'Africa/Douala'),
	(22,'Africa/El_Aaiun'),
	(23,'Africa/Freetown'),
	(24,'Africa/Gaborone'),
	(25,'Africa/Harare'),
	(26,'Africa/Johannesburg'),
	(27,'Africa/Kampala'),
	(28,'Africa/Khartoum'),
	(29,'Africa/Kigali'),
	(30,'Africa/Kinshasa'),
	(31,'Africa/Lagos'),
	(32,'Africa/Libreville'),
	(33,'Africa/Lome'),
	(34,'Africa/Luanda'),
	(35,'Africa/Lubumbashi'),
	(36,'Africa/Lusaka'),
	(37,'Africa/Malabo'),
	(38,'Africa/Maputo'),
	(39,'Africa/Maseru'),
	(40,'Africa/Mbabane'),
	(41,'Africa/Mogadishu'),
	(42,'Africa/Monrovia'),
	(43,'Africa/Nairobi'),
	(44,'Africa/Ndjamena'),
	(45,'Africa/Niamey'),
	(46,'Africa/Nouakchott'),
	(47,'Africa/Ouagadougou'),
	(48,'Africa/Porto-Novo'),
	(49,'Africa/Sao_Tome'),
	(50,'Africa/Timbuktu'),
	(51,'Africa/Tripoli'),
	(52,'Africa/Tunis'),
	(53,'Africa/Windhoek'),
	(54,'America/Adak'),
	(55,'America/Anchorage '),
	(56,'America/Anguilla'),
	(57,'America/Antigua'),
	(58,'America/Araguaina'),
	(59,'America/Argentina/Buenos_Aires'),
	(60,'America/Argentina/Catamarca'),
	(61,'America/Argentina/ComodRivadavia'),
	(62,'America/Argentina/Cordoba'),
	(63,'America/Argentina/Jujuy'),
	(64,'America/Argentina/La_Rioja'),
	(65,'America/Argentina/Mendoza'),
	(66,'America/Argentina/Rio_Gallegos'),
	(67,'America/Argentina/Salta'),
	(68,'America/Argentina/San_Juan'),
	(69,'America/Argentina/San_Luis'),
	(70,'America/Argentina/Tucuman'),
	(71,'America/Argentina/Ushuaia'),
	(72,'America/Aruba'),
	(73,'America/Asuncion'),
	(74,'America/Atikokan'),
	(75,'America/Atka'),
	(76,'America/Bahia'),
	(77,'America/Barbados'),
	(78,'America/Belem'),
	(79,'America/Belize'),
	(80,'America/Blanc-Sablon'),
	(81,'America/Boa_Vista'),
	(82,'America/Bogota'),
	(83,'America/Boise'),
	(84,'America/Buenos_Aires'),
	(85,'America/Cambridge_Bay'),
	(86,'America/Campo_Grande'),
	(87,'America/Cancun'),
	(88,'America/Caracas'),
	(89,'America/Catamarca'),
	(90,'America/Cayenne'),
	(91,'America/Cayman'),
	(92,'America/Chicago'),
	(93,'America/Chihuahua'),
	(94,'America/Coral_Harbour'),
	(95,'America/Cordoba'),
	(96,'America/Costa_Rica'),
	(97,'America/Cuiaba'),
	(98,'America/Curacao'),
	(99,'America/Danmarkshavn'),
	(100,'America/Dawson'),
	(101,'America/Dawson_Creek'),
	(102,'America/Denver'),
	(103,'America/Detroit'),
	(104,'America/Dominica'),
	(105,'America/Edmonton'),
	(106,'America/Eirunepe'),
	(107,'America/El_Salvador'),
	(108,'America/Ensenada'),
	(109,'America/Fort_Wayne'),
	(110,'America/Fortaleza'),
	(111,'America/Glace_Bay'),
	(112,'America/Godthab'),
	(113,'America/Goose_Bay'),
	(114,'America/Grand_Turk'),
	(115,'America/Grenada'),
	(116,'America/Guadeloupe'),
	(117,'America/Guatemala'),
	(118,'America/Guayaquil'),
	(119,'America/Guyana'),
	(120,'America/Halifax'),
	(121,'America/Havana'),
	(122,'America/Hermosillo'),
	(123,'America/Indiana/Indianapolis'),
	(124,'America/Indiana/Knox'),
	(125,'America/Indiana/Marengo'),
	(126,'America/Indiana/Petersburg'),
	(127,'America/Indiana/Tell_City'),
	(128,'America/Indiana/Vevay'),
	(129,'America/Indiana/Vincennes'),
	(130,'America/Indiana/Winamac'),
	(131,'America/Indianapolis'),
	(132,'America/Inuvik'),
	(133,'America/Iqaluit'),
	(134,'America/Jamaica'),
	(135,'America/Jujuy'),
	(136,'America/Juneau'),
	(137,'America/Kentucky/Louisville'),
	(138,'America/Kentucky/Monticello'),
	(139,'America/Knox_IN'),
	(140,'America/La_Paz'),
	(141,'America/Lima'),
	(142,'America/Los_Angeles'),
	(143,'America/Louisville'),
	(144,'America/Maceio'),
	(145,'America/Managua'),
	(146,'America/Manaus'),
	(147,'America/Marigot'),
	(148,'America/Martinique'),
	(149,'America/Mazatlan'),
	(150,'America/Mendoza'),
	(151,'America/Menominee'),
	(152,'America/Merida'),
	(153,'America/Mexico_City'),
	(154,'America/Miquelon'),
	(155,'America/Moncton'),
	(156,'America/Monterrey'),
	(157,'America/Montevideo'),
	(158,'America/Montreal'),
	(159,'America/Montserrat'),
	(160,'America/Nassau'),
	(161,'America/New_York'),
	(162,'America/Nipigon'),
	(163,'America/Nome'),
	(164,'America/Noronha'),
	(165,'America/North_Dakota/Center'),
	(166,'America/North_Dakota/New_Salem'),
	(167,'America/Panama'),
	(168,'America/Pangnirtung'),
	(169,'America/Paramaribo'),
	(170,'America/Phoenix'),
	(171,'America/Port-au-Prince'),
	(172,'America/Port_of_Spain'),
	(173,'America/Porto_Acre'),
	(174,'America/Porto_Velho'),
	(175,'America/Puerto_Rico'),
	(176,'America/Rainy_River'),
	(177,'America/Rankin_Inlet'),
	(178,'America/Recife'),
	(179,'America/Regina'),
	(180,'America/Resolute'),
	(181,'America/Rio_Branco'),
	(182,'America/Rosario'),
	(183,'America/Santarem'),
	(184,'America/Santiago'),
	(185,'America/Santo_Domingo'),
	(186,'America/Sao_Paulo'),
	(187,'America/Scoresbysund'),
	(188,'America/Shiprock'),
	(189,'America/St_Barthelemy'),
	(190,'America/St_Johns'),
	(191,'America/St_Kitts'),
	(192,'America/St_Lucia'),
	(193,'America/St_Thomas'),
	(194,'America/St_Vincent'),
	(195,'America/Swift_Current'),
	(196,'America/Tegucigalpa'),
	(197,'America/Thule'),
	(198,'America/Thunder_Bay'),
	(199,'America/Tijuana'),
	(200,'America/Toronto'),
	(201,'America/Tortola'),
	(202,'America/Vancouver'),
	(203,'America/Virgin'),
	(204,'America/Whitehorse'),
	(205,'America/Winnipeg'),
	(206,'America/Yakutat'),
	(207,'America/Yellowknife'),
	(208,'Antarctica/Casey'),
	(209,'Antarctica/Davis'),
	(210,'Antarctica/DumontDUrville'),
	(211,'Antarctica/Mawson'),
	(212,'Antarctica/McMurdo'),
	(213,'Antarctica/Palmer'),
	(214,'Antarctica/Rothera'),
	(215,'Antarctica/South_Pole'),
	(216,'Antarctica/Syowa'),
	(217,'Antarctica/Vostok'),
	(218,'Arctic/Longyearbyen'),
	(219,'Asia/Aden'),
	(220,'Asia/Almaty'),
	(221,'Asia/Amman'),
	(222,'Asia/Anadyr'),
	(223,'Asia/Aqtau'),
	(224,'Asia/Aqtobe'),
	(225,'Asia/Ashgabat'),
	(226,'Asia/Ashkhabad'),
	(227,'Asia/Baghdad'),
	(228,'Asia/Bahrain'),
	(229,'Asia/Baku'),
	(230,'Asia/Bangkok'),
	(231,'Asia/Beirut'),
	(232,'Asia/Bishkek'),
	(233,'Asia/Brunei'),
	(234,'Asia/Calcutta'),
	(235,'Asia/Choibalsan'),
	(236,'Asia/Chongqing'),
	(237,'Asia/Chungking'),
	(238,'Asia/Colombo'),
	(239,'Asia/Dacca'),
	(240,'Asia/Damascus'),
	(241,'Asia/Dhaka'),
	(242,'Asia/Dili'),
	(243,'Asia/Dubai'),
	(244,'Asia/Dushanbe'),
	(245,'Asia/Gaza'),
	(246,'Asia/Harbin'),
	(247,'Asia/Ho_Chi_Minh'),
	(248,'Asia/Hong_Kong'),
	(249,'Asia/Hovd'),
	(250,'Asia/Irkutsk'),
	(251,'Asia/Istanbul'),
	(252,'Asia/Jakarta'),
	(253,'Asia/Jayapura'),
	(254,'Asia/Jerusalem'),
	(255,'Asia/Kabul'),
	(256,'Asia/Kamchatka'),
	(257,'Asia/Karachi'),
	(258,'Asia/Kashgar'),
	(259,'Asia/Kathmandu'),
	(260,'Asia/Katmandu'),
	(261,'Asia/Kolkata'),
	(262,'Asia/Krasnoyarsk'),
	(263,'Asia/Kuala_Lumpur'),
	(264,'Asia/Kuching'),
	(265,'Asia/Kuwait'),
	(266,'Asia/Macao'),
	(267,'Asia/Macau'),
	(268,'Asia/Magadan'),
	(269,'Asia/Makassar'),
	(270,'Asia/Manila'),
	(271,'Asia/Muscat'),
	(272,'Asia/Nicosia'),
	(273,'Asia/Novosibirsk'),
	(274,'Asia/Omsk'),
	(275,'Asia/Oral'),
	(276,'Asia/Phnom_Penh'),
	(277,'Asia/Pontianak'),
	(278,'Asia/Pyongyang'),
	(279,'Asia/Qatar'),
	(280,'Asia/Qyzylorda'),
	(281,'Asia/Rangoon'),
	(282,'Asia/Riyadh'),
	(283,'Asia/Saigon'),
	(284,'Asia/Sakhalin'),
	(285,'Asia/Samarkand'),
	(286,'Asia/Seoul'),
	(287,'Asia/Shanghai'),
	(288,'Asia/Singapore'),
	(289,'Asia/Taipei'),
	(290,'Asia/Tashkent'),
	(291,'Asia/Tbilisi'),
	(292,'Asia/Tehran'),
	(293,'Asia/Tel_Aviv'),
	(294,'Asia/Thimbu'),
	(295,'Asia/Thimphu'),
	(296,'Asia/Tokyo'),
	(297,'Asia/Ujung_Pandang'),
	(298,'Asia/Ulaanbaatar'),
	(299,'Asia/Ulan_Bator'),
	(300,'Asia/Urumqi'),
	(301,'Asia/Vientiane'),
	(302,'Asia/Vladivostok'),
	(303,'Asia/Yakutsk'),
	(304,'Asia/Yekaterinburg'),
	(305,'Asia/Yerevan'),
	(306,'Atlantic/Azores'),
	(307,'Atlantic/Bermuda'),
	(308,'Atlantic/Canary'),
	(309,'Atlantic/Cape_Verde'),
	(310,'Atlantic/Faeroe'),
	(311,'Atlantic/Faroe'),
	(312,'Atlantic/Jan_Mayen'),
	(313,'Atlantic/Madeira'),
	(314,'Atlantic/Reykjavik'),
	(315,'Atlantic/South_Georgia'),
	(316,'Atlantic/St_Helena'),
	(317,'Atlantic/Stanley'),
	(318,'Australia/ACT'),
	(319,'Australia/Adelaide'),
	(320,'Australia/Brisbane'),
	(321,'Australia/Broken_Hill'),
	(322,'Australia/Canberra'),
	(323,'Australia/Currie'),
	(324,'Australia/Darwin'),
	(325,'Australia/Eucla'),
	(326,'Australia/Hobart'),
	(327,'Australia/LHI'),
	(328,'Australia/Lindeman'),
	(329,'Australia/Lord_Howe'),
	(330,'Australia/Melbourne'),
	(331,'Australia/North'),
	(332,'Australia/NSW'),
	(333,'Australia/Perth'),
	(334,'Australia/Queensland'),
	(335,'Australia/South'),
	(336,'Australia/Sydney'),
	(337,'Australia/Tasmania'),
	(338,'Australia/Victoria'),
	(339,'Australia/West'),
	(340,'Australia/Yancowinna'),
	(341,'Europe/Amsterdam'),
	(342,'Europe/Andorra'),
	(343,'Europe/Athens'),
	(344,'Europe/Belfast'),
	(345,'Europe/Belgrade'),
	(346,'Europe/Berlin'),
	(347,'Europe/Bratislava'),
	(348,'Europe/Brussels'),
	(349,'Europe/Bucharest'),
	(350,'Europe/Budapest'),
	(351,'Europe/Chisinau'),
	(352,'Europe/Copenhagen'),
	(353,'Europe/Dublin'),
	(354,'Europe/Gibraltar'),
	(355,'Europe/Guernsey'),
	(356,'Europe/Helsinki'),
	(357,'Europe/Isle_of_Man'),
	(358,'Europe/Istanbul'),
	(359,'Europe/Jersey'),
	(360,'Europe/Kaliningrad'),
	(361,'Europe/Kiev'),
	(362,'Europe/Lisbon'),
	(363,'Europe/Ljubljana'),
	(364,'Europe/London'),
	(365,'Europe/Luxembourg'),
	(366,'Europe/Madrid'),
	(367,'Europe/Malta'),
	(368,'Europe/Mariehamn'),
	(369,'Europe/Minsk'),
	(370,'Europe/Monaco'),
	(371,'Europe/Moscow'),
	(372,'Europe/Nicosia'),
	(373,'Europe/Oslo'),
	(374,'Europe/Paris'),
	(375,'Europe/Podgorica'),
	(376,'Europe/Prague'),
	(377,'Europe/Riga'),
	(378,'Europe/Rome'),
	(379,'Europe/Samara'),
	(380,'Europe/San_Marino'),
	(381,'Europe/Sarajevo'),
	(382,'Europe/Simferopol'),
	(383,'Europe/Skopje'),
	(384,'Europe/Sofia'),
	(385,'Europe/Stockholm'),
	(386,'Europe/Tallinn'),
	(387,'Europe/Tirane'),
	(388,'Europe/Tiraspol'),
	(389,'Europe/Uzhgorod'),
	(390,'Europe/Vaduz'),
	(391,'Europe/Vatican'),
	(392,'Europe/Vienna'),
	(393,'Europe/Vilnius'),
	(394,'Europe/Volgograd'),
	(395,'Europe/Warsaw'),
	(396,'Europe/Zagreb'),
	(397,'Europe/Zaporozhye'),
	(398,'Europe/Zurich'),
	(399,'Indian/Antananarivo'),
	(400,'Indian/Chagos'),
	(401,'Indian/Christmas'),
	(402,'Indian/Cocos'),
	(403,'Indian/Comoro'),
	(404,'Indian/Kerguelen'),
	(405,'Indian/Mahe'),
	(406,'Indian/Maldives'),
	(407,'Indian/Mauritius'),
	(408,'Indian/Mayotte'),
	(409,'Indian/Reunion'),
	(410,'Pacific/Apia'),
	(411,'Pacific/Auckland'),
	(412,'Pacific/Chatham'),
	(413,'Pacific/Easter'),
	(414,'Pacific/Efate'),
	(415,'Pacific/Enderbury'),
	(416,'Pacific/Fakaofo'),
	(417,'Pacific/Fiji'),
	(418,'Pacific/Funafuti'),
	(419,'Pacific/Galapagos'),
	(420,'Pacific/Gambier'),
	(421,'Pacific/Guadalcanal'),
	(422,'Pacific/Guam'),
	(423,'Pacific/Honolulu'),
	(424,'Pacific/Johnston'),
	(425,'Pacific/Kiritimati'),
	(426,'Pacific/Kosrae'),
	(427,'Pacific/Kwajalein'),
	(428,'Pacific/Majuro'),
	(429,'Pacific/Marquesas'),
	(430,'Pacific/Midway'),
	(431,'Pacific/Nauru'),
	(432,'Pacific/Niue'),
	(433,'Pacific/Norfolk'),
	(434,'Pacific/Noumea'),
	(435,'Pacific/Pago_Pago'),
	(436,'Pacific/Palau'),
	(437,'Pacific/Pitcairn'),
	(438,'Pacific/Ponape'),
	(439,'Pacific/Port_Moresby'),
	(440,'Pacific/Rarotonga'),
	(441,'Pacific/Saipan'),
	(442,'Pacific/Samoa'),
	(443,'Pacific/Tahiti'),
	(444,'Pacific/Tarawa'),
	(445,'Pacific/Tongatapu'),
	(446,'Pacific/Truk'),
	(447,'Pacific/Wake'),
	(448,'Pacific/Wallis'),
	(449,'Pacific/Yap'),
	(450,'Brazil/Acre'),
	(451,'Brazil/DeNoronha'),
	(452,'Brazil/East'),
	(453,'Brazil/West'),
	(454,'Canada/Atlantic'),
	(455,'Canada/Central'),
	(456,'Canada/East-Saskatchewan'),
	(457,'Canada/Eastern'),
	(458,'Canada/Mountain'),
	(459,'Canada/Newfoundland'),
	(460,'Canada/Pacific'),
	(461,'Canada/Saskatchewan'),
	(462,'Canada/Yukon'),
	(463,'CET'),
	(464,'Chile/Continental'),
	(465,'Chile/EasterIsland'),
	(466,'CST6CDT'),
	(467,'Cuba'),
	(468,'EET'),
	(469,'Egypt'),
	(470,'Eire'),
	(471,'EST'),
	(472,'EST5EDT'),
	(473,'Etc/GMT'),
	(474,'Etc/GMT+0'),
	(475,'Etc/GMT+1'),
	(476,'Etc/GMT+10'),
	(477,'Etc/GMT+11'),
	(478,'Etc/GMT+12'),
	(479,'Etc/GMT+2'),
	(480,'Etc/GMT+3'),
	(481,'Etc/GMT+4'),
	(482,'Etc/GMT+5'),
	(483,'Etc/GMT+6'),
	(484,'Etc/GMT+7'),
	(485,'Etc/GMT+8'),
	(486,'Etc/GMT+9'),
	(487,'Etc/GMT-0'),
	(488,'Etc/GMT-1'),
	(489,'Etc/GMT-10'),
	(490,'Etc/GMT-11'),
	(491,'Etc/GMT-12'),
	(492,'Etc/GMT-13'),
	(493,'Etc/GMT-14'),
	(494,'Etc/GMT-2'),
	(495,'Etc/GMT-3'),
	(496,'Etc/GMT-4'),
	(497,'Etc/GMT-5'),
	(498,'Etc/GMT-6'),
	(499,'Etc/GMT-7'),
	(500,'Etc/GMT-8'),
	(501,'Etc/GMT-9'),
	(502,'Etc/GMT0'),
	(503,'Etc/Greenwich'),
	(504,'Etc/UCT'),
	(505,'Etc/Universal'),
	(506,'Etc/UTC'),
	(507,'Etc/Zulu'),
	(508,'Factory'),
	(509,'GB'),
	(510,'GB-Eire'),
	(511,'GMT'),
	(512,'GMT+0'),
	(513,'GMT-0'),
	(514,'GMT0'),
	(515,'Greenwich'),
	(516,'Hongkong'),
	(517,'HST'),
	(518,'Iceland'),
	(519,'Iran'),
	(520,'Israel'),
	(521,'Jamaica'),
	(522,'Japan'),
	(523,'Kwajalein'),
	(524,'Libya'),
	(525,'MET'),
	(526,'Mexico/BajaNorte'),
	(527,'Mexico/BajaSur'),
	(528,'Mexico/General'),
	(529,'MST'),
	(530,'MST7MDT'),
	(531,'Navajo'),
	(532,'NZ'),
	(533,'NZ-CHAT'),
	(534,'Poland'),
	(535,'Portugal'),
	(536,'PRC'),
	(537,'PST8PDT'),
	(538,'ROC'),
	(539,'ROK'),
	(540,'Singapore'),
	(541,'Turkey'),
	(542,'UCT'),
	(543,'Universal'),
	(544,'US/Alaska'),
	(545,'US/Aleutian'),
	(546,'US/Arizona'),
	(547,'US/Central'),
	(548,'US/East-Indiana'),
	(549,'US/Eastern'),
	(550,'US/Hawaii'),
	(551,'US/Indiana-Starke'),
	(552,'US/Michigan'),
	(553,'US/Mountain'),
	(554,'US/Pacific'),
	(555,'US/Pacific-New'),
	(556,'US/Samoa'),
	(557,'UTC'),
	(558,'W-SU'),
	(559,'WET'),
	(560,'Zulu');



# Dump of table pr_twitter_customer
# ------------------------------------------------------------


CREATE TABLE `pr_twitter_customer` (
  `id` int(11) NOT NULL AUTO_INCREMENT,
  `twitter_id` int(11) NOT NULL,
  `user_id` int(11) NOT NULL,
  PRIMARY KEY (`id`)
) ENGINE=MyISAM DEFAULT CHARSET=utf8;



# Dump of table pr_warehouse
# ------------------------------------------------------------


CREATE TABLE `pr_warehouse` (
  `id_warehouse` int(11) unsigned NOT NULL AUTO_INCREMENT,
  `id_currency` int(11) unsigned NOT NULL,
  `id_address` int(11) unsigned NOT NULL,
  `id_employee` int(11) unsigned NOT NULL,
  `reference` varchar(32) DEFAULT NULL,
  `name` varchar(45) NOT NULL,
  `management_type` enum('WA','FIFO','LIFO') NOT NULL DEFAULT 'WA',
  `deleted` tinyint(1) unsigned NOT NULL DEFAULT '0',
  PRIMARY KEY (`id_warehouse`)
) ENGINE=InnoDB DEFAULT CHARSET=utf8;



# Dump of table pr_warehouse_carrier
# ------------------------------------------------------------


CREATE TABLE `pr_warehouse_carrier` (
  `id_carrier` int(11) unsigned NOT NULL,
  `id_warehouse` int(11) unsigned NOT NULL,
  PRIMARY KEY (`id_warehouse`,`id_carrier`),
  KEY `id_warehouse` (`id_warehouse`),
  KEY `id_carrier` (`id_carrier`)
) ENGINE=InnoDB DEFAULT CHARSET=utf8;



# Dump of table pr_warehouse_product_location
# ------------------------------------------------------------


CREATE TABLE `pr_warehouse_product_location` (
  `id_warehouse_product_location` int(11) unsigned NOT NULL AUTO_INCREMENT,
  `id_product` int(11) unsigned NOT NULL,
  `id_product_attribute` int(11) unsigned NOT NULL,
  `id_warehouse` int(11) unsigned NOT NULL,
  `location` varchar(64) DEFAULT NULL,
  PRIMARY KEY (`id_warehouse_product_location`),
  UNIQUE KEY `id_product` (`id_product`,`id_product_attribute`,`id_warehouse`)
) ENGINE=InnoDB DEFAULT CHARSET=utf8;



# Dump of table pr_warehouse_shop
# ------------------------------------------------------------


CREATE TABLE `pr_warehouse_shop` (
  `id_shop` int(11) unsigned NOT NULL,
  `id_warehouse` int(11) unsigned NOT NULL,
  PRIMARY KEY (`id_warehouse`,`id_shop`),
  KEY `id_warehouse` (`id_warehouse`),
  KEY `id_shop` (`id_shop`)
) ENGINE=InnoDB DEFAULT CHARSET=utf8;



# Dump of table pr_web_browser
# ------------------------------------------------------------


CREATE TABLE `pr_web_browser` (
  `id_web_browser` int(10) unsigned NOT NULL AUTO_INCREMENT,
  `name` varchar(64) DEFAULT NULL,
  PRIMARY KEY (`id_web_browser`)
) ENGINE=InnoDB DEFAULT CHARSET=utf8;


INSERT INTO `pr_web_browser` (`id_web_browser`, `name`)
VALUES
	(1,'Safari'),
	(2,'Firefox 2.x'),
	(3,'Firefox 3.x'),
	(4,'Opera'),
	(5,'IE 6.x'),
	(6,'IE 7.x'),
	(7,'IE 8.x'),
	(8,'Google Chrome'),
	(9,'IE 11');



# Dump of table pr_webservice_account
# ------------------------------------------------------------


CREATE TABLE `pr_webservice_account` (
  `id_webservice_account` int(11) NOT NULL AUTO_INCREMENT,
  `key` varchar(32) NOT NULL,
  `description` text,
  `class_name` varchar(64) NOT NULL DEFAULT 'WebserviceRequest',
  `is_module` tinyint(2) NOT NULL DEFAULT '0',
  `module_name` varchar(50) DEFAULT NULL,
  `active` tinyint(2) NOT NULL,
  PRIMARY KEY (`id_webservice_account`),
  KEY `key` (`key`)
) ENGINE=InnoDB DEFAULT CHARSET=utf8;



# Dump of table pr_webservice_account_shop
# ------------------------------------------------------------


CREATE TABLE `pr_webservice_account_shop` (
  `id_webservice_account` int(11) unsigned NOT NULL,
  `id_shop` int(11) unsigned NOT NULL,
  PRIMARY KEY (`id_webservice_account`,`id_shop`),
  KEY `id_shop` (`id_shop`)
) ENGINE=InnoDB DEFAULT CHARSET=utf8;



# Dump of table pr_webservice_permission
# ------------------------------------------------------------


CREATE TABLE `pr_webservice_permission` (
  `id_webservice_permission` int(11) NOT NULL AUTO_INCREMENT,
  `resource` varchar(50) NOT NULL,
  `method` enum('GET','POST','PUT','DELETE','HEAD') NOT NULL,
  `id_webservice_account` int(11) NOT NULL,
  PRIMARY KEY (`id_webservice_permission`),
  UNIQUE KEY `resource_2` (`resource`,`method`,`id_webservice_account`),
  KEY `resource` (`resource`),
  KEY `method` (`method`),
  KEY `id_webservice_account` (`id_webservice_account`)
) ENGINE=InnoDB DEFAULT CHARSET=utf8;



# Dump of table pr_wishlist
# ------------------------------------------------------------


CREATE TABLE `pr_wishlist` (
  `id_wishlist` int(10) unsigned NOT NULL AUTO_INCREMENT,
  `id_customer` int(10) unsigned NOT NULL,
  `token` varchar(64) NOT NULL,
  `name` varchar(64) NOT NULL,
  `counter` int(10) unsigned DEFAULT NULL,
  `id_shop` int(11) NOT NULL DEFAULT '1',
  `id_group_shop` int(11) NOT NULL DEFAULT '1',
  `date_add` datetime NOT NULL,
  `date_upd` datetime NOT NULL,
  PRIMARY KEY (`id_wishlist`)
) ENGINE=InnoDB DEFAULT CHARSET=utf8;



# Dump of table pr_wishlist_email
# ------------------------------------------------------------


CREATE TABLE `pr_wishlist_email` (
  `id_wishlist` int(10) unsigned NOT NULL,
  `email` varchar(128) NOT NULL,
  `date_add` datetime NOT NULL
) ENGINE=InnoDB DEFAULT CHARSET=utf8;



# Dump of table pr_wishlist_product
# ------------------------------------------------------------


CREATE TABLE `pr_wishlist_product` (
  `id_wishlist_product` int(10) NOT NULL AUTO_INCREMENT,
  `id_wishlist` int(10) unsigned NOT NULL,
  `id_product` int(10) unsigned NOT NULL,
  `id_product_attribute` int(10) unsigned NOT NULL,
  `quantity` int(10) unsigned NOT NULL,
  `priority` int(10) unsigned NOT NULL,
  PRIMARY KEY (`id_wishlist_product`)
) ENGINE=InnoDB DEFAULT CHARSET=utf8;



# Dump of table pr_wishlist_product_cart
# ------------------------------------------------------------


CREATE TABLE `pr_wishlist_product_cart` (
  `id_wishlist_product` int(10) unsigned NOT NULL,
  `id_cart` int(10) unsigned NOT NULL,
  `quantity` int(10) unsigned NOT NULL,
  `date_add` datetime NOT NULL
) ENGINE=InnoDB DEFAULT CHARSET=utf8;



# Dump of table pr_zone
# ------------------------------------------------------------


CREATE TABLE `pr_zone` (
  `id_zone` int(10) unsigned NOT NULL AUTO_INCREMENT,
  `name` varchar(64) NOT NULL,
  `active` tinyint(1) unsigned NOT NULL DEFAULT '0',
  PRIMARY KEY (`id_zone`)
) ENGINE=InnoDB DEFAULT CHARSET=utf8;


INSERT INTO `pr_zone` (`id_zone`, `name`, `active`)
VALUES
	(1,'Europe',1),
	(2,'North America',1),
	(3,'Asia',1),
	(4,'Africa',1),
	(5,'Oceania',1),
	(6,'South America',1),
	(7,'Europe (out E.U)',1),
	(8,'Centrale America/Antilla',1);



# Dump of table pr_zone_shop
# ------------------------------------------------------------


CREATE TABLE `pr_zone_shop` (
  `id_zone` int(11) unsigned NOT NULL,
  `id_shop` int(11) unsigned NOT NULL,
  PRIMARY KEY (`id_zone`,`id_shop`),
  KEY `id_shop` (`id_shop`)
) ENGINE=InnoDB DEFAULT CHARSET=utf8;


INSERT INTO `pr_zone_shop` (`id_zone`, `id_shop`)
VALUES
	(1,1),
	(2,1),
	(3,1),
	(4,1),
	(5,1),
	(6,1),
	(7,1),
	(8,1);




