
CREATE TABLE `pr_country_lang` (
  `id_country` int(10) unsigned NOT NULL,
  `id_lang` int(10) unsigned NOT NULL,
  `name` varchar(64) NOT NULL,
  PRIMARY KEY (`id_country`,`id_lang`)
) ENGINE=InnoDB DEFAULT CHARSET=utf8;


INSERT INTO `pr_country_lang` (`id_country`, `id_lang`, `name`)
VALUES
	(1,1,'Germany'),
	(1,2,'Allemagne'),
	(1,3,'Alemania'),
	(1,4,'Germany'),
	(1,5,'Germany'),
	(2,1,'Austria'),
	(2,2,'Autriche'),
	(2,3,'Austria'),
	(2,4,'Austria'),
	(2,5,'Austria'),
	(3,1,'Belgium'),
	(3,2,'Belgique'),
	(3,3,'Bélgica'),
	(3,4,'Belgium'),
	(3,5,'Belgium'),
	(4,1,'Canada'),
	(4,2,'Canada'),
	(4,3,'Canadá'),
	(4,4,'Canada'),
	(4,5,'Canada'),
	(5,1,'China'),
	(5,2,'Chine'),
	(5,3,'Porcelana'),
	(5,4,'China'),
	(5,5,'China'),
	(6,1,'Spain'),
	(6,2,'Espagne'),
	(6,3,'España'),
	(6,4,'Spain'),
	(6,5,'Spain'),
	(7,1,'Finland'),
	(7,2,'Finlande'),
	(7,3,'Finlandia'),
	(7,4,'Finland'),
	(7,5,'Finland'),
	(8,1,'France'),
	(8,2,'France'),
	(8,3,'Francia'),
	(8,4,'France'),
	(8,5,'France'),
	(9,1,'Greece'),
	(9,2,'Grèce'),
	(9,3,'Grecia'),
	(9,4,'Greece'),
	(9,5,'Greece'),
	(10,1,'Italy'),
	(10,2,'Italie'),
	(10,3,'Italia'),
	(10,4,'Italy'),
	(10,5,'Italy'),
	(11,1,'Japan'),
	(11,2,'Japon'),
	(11,3,'Japón'),
	(11,4,'Japan'),
	(11,5,'Japan'),
	(12,1,'Luxemburg'),
	(12,2,'Luxembourg'),
	(12,3,'Luxemburgo'),
	(12,4,'Luxemburg'),
	(12,5,'Luxemburg'),
	(13,1,'Netherlands'),
	(13,2,'Pays-bas'),
	(13,3,'Países Bajos'),
	(13,4,'Netherlands'),
	(13,5,'Netherlands'),
	(14,1,'Poland'),
	(14,2,'Pologne'),
	(14,3,'Polonia'),
	(14,4,'Poland'),
	(14,5,'Poland'),
	(15,1,'Portugal'),
	(15,2,'Portugal'),
	(15,3,'Portugal'),
	(15,4,'Portugal'),
	(15,5,'Portugal'),
	(16,1,'Czech Republic'),
	(16,2,'République Tchèque'),
	(16,3,'República Checa'),
	(16,4,'Czech Republic'),
	(16,5,'Czech Republic'),
	(17,1,'United Kingdom'),
	(17,2,'Royaume-Uni'),
	(17,3,'Reino Unido'),
	(17,4,'United Kingdom'),
	(17,5,'United Kingdom'),
	(18,1,'Sweden'),
	(18,2,'Suède'),
	(18,3,'Suecia'),
	(18,4,'Sweden'),
	(18,5,'Sweden'),
	(19,1,'Switzerland'),
	(19,2,'Suisse'),
	(19,3,'Suiza'),
	(19,4,'Switzerland'),
	(19,5,'Switzerland'),
	(20,1,'Denmark'),
	(20,2,'Danemark'),
	(20,3,'Dinamarca'),
	(20,4,'Denmark'),
	(20,5,'Denmark'),
	(21,1,'United States'),
	(21,2,'États-Unis'),
	(21,3,'EE.UU.'),
	(21,4,'United States'),
	(21,5,'United States'),
	(22,1,'HongKong'),
	(22,2,'Hong-Kong'),
	(22,3,'Hong Kong'),
	(22,4,'HongKong'),
	(22,5,'HongKong'),
	(23,1,'Norway'),
	(23,2,'Norvège'),
	(23,3,'Noruega'),
	(23,4,'Norway'),
	(23,5,'Norway'),
	(24,1,'Australia'),
	(24,2,'Australie'),
	(24,3,'Australia'),
	(24,4,'Australia'),
	(24,5,'Australia'),
	(25,1,'Singapore'),
	(25,2,'Singapour'),
	(25,3,'Singapur'),
	(25,4,'Singapore'),
	(25,5,'Singapore'),
	(26,1,'Ireland'),
	(26,2,'Eire'),
	(26,3,'Irlanda'),
	(26,4,'Ireland'),
	(26,5,'Ireland'),
	(27,1,'New Zealand'),
	(27,2,'Nouvelle-Zélande'),
	(27,3,'Nueva Zelanda'),
	(27,4,'New Zealand'),
	(27,5,'New Zealand'),
	(28,1,'South Korea'),
	(28,2,'Corée du Sud'),
	(28,3,'Corea del Sur'),
	(28,4,'South Korea'),
	(28,5,'South Korea'),
	(29,1,'Israel'),
	(29,2,'Israël'),
	(29,3,'Israel'),
	(29,4,'Israel'),
	(29,5,'Israel'),
	(30,1,'South Africa'),
	(30,2,'Afrique du Sud'),
	(30,3,'Sudáfrica'),
	(30,4,'South Africa'),
	(30,5,'South Africa'),
	(31,1,'Nigeria'),
	(31,2,'Nigeria'),
	(31,3,'Nigeria'),
	(31,4,'Nigeria'),
	(31,5,'Nigeria'),
	(32,1,'Ivory Coast'),
	(32,2,'Côte d\'Ivoire'),
	(32,3,'Costa de Marfil'),
	(32,4,'Ivory Coast'),
	(32,5,'Ivory Coast'),
	(33,1,'Togo'),
	(33,2,'Togo'),
	(33,3,'Togo'),
	(33,4,'Togo'),
	(33,5,'Togo'),
	(34,1,'Bolivia'),
	(34,2,'Bolivie'),
	(34,3,'Bolivia'),
	(34,4,'Bolivia'),
	(34,5,'Bolivia'),
	(35,1,'Mauritius'),
	(35,2,'Ile Maurice'),
	(35,3,'Mauricio'),
	(35,4,'Mauritius'),
	(35,5,'Mauritius'),
	(36,1,'Romania'),
	(36,2,'Roumanie'),
	(36,3,'Rumania'),
	(36,4,'Romania'),
	(36,5,'Romania'),
	(37,1,'Slovakia'),
	(37,2,'Slovaquie'),
	(37,3,'Eslovaquia'),
	(37,4,'Slovakia'),
	(37,5,'Slovakia'),
	(38,1,'Algeria'),
	(38,2,'Algérie'),
	(38,3,'Argelia'),
	(38,4,'Algeria'),
	(38,5,'Algeria'),
	(39,1,'American Samoa'),
	(39,2,'Samoa Américaines'),
	(39,3,'Samoa Americana'),
	(39,4,'American Samoa'),
	(39,5,'American Samoa'),
	(40,1,'Andorra'),
	(40,2,'Andorre'),
	(40,3,'Andorra'),
	(40,4,'Andorra'),
	(40,5,'Andorra'),
	(41,1,'Angola'),
	(41,2,'Angola'),
	(41,3,'Angola'),
	(41,4,'Angola'),
	(41,5,'Angola'),
	(42,1,'Anguilla'),
	(42,2,'Anguilla'),
	(42,3,'Anguila'),
	(42,4,'Anguilla'),
	(42,5,'Anguilla'),
	(43,1,'Antigua and Barbuda'),
	(43,2,'Antigua et Barbuda'),
	(43,3,'Antigua y Barbuda'),
	(43,4,'Antigua and Barbuda'),
	(43,5,'Antigua and Barbuda'),
	(44,1,'Argentina'),
	(44,2,'Argentine'),
	(44,3,'Argentina'),
	(44,4,'Argentina'),
	(44,5,'Argentina'),
	(45,1,'Armenia'),
	(45,2,'Arménie'),
	(45,3,'Armenia'),
	(45,4,'Armenia'),
	(45,5,'Armenia'),
	(46,1,'Aruba'),
	(46,2,'Aruba'),
	(46,3,'Aruba'),
	(46,4,'Aruba'),
	(46,5,'Aruba'),
	(47,1,'Azerbaijan'),
	(47,2,'Azerbaïdjan'),
	(47,3,'Azerbaiyán'),
	(47,4,'Azerbaijan'),
	(47,5,'Azerbaijan'),
	(48,1,'Bahamas'),
	(48,2,'Bahamas'),
	(48,3,'Bahamas'),
	(48,4,'Bahamas'),
	(48,5,'Bahamas'),
	(49,1,'Bahrain'),
	(49,2,'Bahreïn'),
	(49,3,'Bahrein'),
	(49,4,'Bahrain'),
	(49,5,'Bahrain'),
	(50,1,'Bangladesh'),
	(50,2,'Bangladesh'),
	(50,3,'Bangladesh'),
	(50,4,'Bangladesh'),
	(50,5,'Bangladesh'),
	(51,1,'Barbados'),
	(51,2,'Barbade'),
	(51,3,'Barbados'),
	(51,4,'Barbados'),
	(51,5,'Barbados'),
	(52,1,'Belarus'),
	(52,2,'Bélarus'),
	(52,3,'Belarús'),
	(52,4,'Belarus'),
	(52,5,'Belarus'),
	(53,1,'Belize'),
	(53,2,'Belize'),
	(53,3,'Belice'),
	(53,4,'Belize'),
	(53,5,'Belize'),
	(54,1,'Benin'),
	(54,2,'Bénin'),
	(54,3,'Benin'),
	(54,4,'Benin'),
	(54,5,'Benin'),
	(55,1,'Bermuda'),
	(55,2,'Bermudes'),
	(55,3,'Bermudas'),
	(55,4,'Bermuda'),
	(55,5,'Bermuda'),
	(56,1,'Bhutan'),
	(56,2,'Bhoutan'),
	(56,3,'Bhután'),
	(56,4,'Bhutan'),
	(56,5,'Bhutan'),
	(57,1,'Botswana'),
	(57,2,'Botswana'),
	(57,3,'Botswana'),
	(57,4,'Botswana'),
	(57,5,'Botswana'),
	(58,1,'Brazil'),
	(58,2,'Brésil'),
	(58,3,'Brasil'),
	(58,4,'Brazil'),
	(58,5,'Brazil'),
	(59,1,'Brunei'),
	(59,2,'Brunéi Darussalam'),
	(59,3,'Brunei'),
	(59,4,'Brunei'),
	(59,5,'Brunei'),
	(60,1,'Burkina Faso'),
	(60,2,'Burkina Faso'),
	(60,3,'Burkina Faso'),
	(60,4,'Burkina Faso'),
	(60,5,'Burkina Faso'),
	(61,1,'Burma (Myanmar)'),
	(61,2,'Burma (Myanmar)'),
	(61,3,'Birmania (Myanmar)'),
	(61,4,'Burma (Myanmar)'),
	(61,5,'Burma (Myanmar)'),
	(62,1,'Burundi'),
	(62,2,'Burundi'),
	(62,3,'Burundi'),
	(62,4,'Burundi'),
	(62,5,'Burundi'),
	(63,1,'Cambodia'),
	(63,2,'Cambodge'),
	(63,3,'Camboya'),
	(63,4,'Cambodia'),
	(63,5,'Cambodia'),
	(64,1,'Cameroon'),
	(64,2,'Cameroun'),
	(64,3,'Camerún'),
	(64,4,'Cameroon'),
	(64,5,'Cameroon'),
	(65,1,'Cape Verde'),
	(65,2,'Cap-Vert'),
	(65,3,'Cabo Verde'),
	(65,4,'Cape Verde'),
	(65,5,'Cape Verde'),
	(66,1,'Central African Republic'),
	(66,2,'Centrafricaine, République'),
	(66,3,'República Centroafricana'),
	(66,4,'Central African Republic'),
	(66,5,'Central African Republic'),
	(67,1,'Chad'),
	(67,2,'Tchad'),
	(67,3,'Chad'),
	(67,4,'Chad'),
	(67,5,'Chad'),
	(68,1,'Chile'),
	(68,2,'Chili'),
	(68,3,'Chile'),
	(68,4,'Chile'),
	(68,5,'Chile'),
	(69,1,'Colombia'),
	(69,2,'Colombie'),
	(69,3,'Colombia'),
	(69,4,'Colombia'),
	(69,5,'Colombia'),
	(70,1,'Comoros'),
	(70,2,'Comores'),
	(70,3,'Comoras'),
	(70,4,'Comoros'),
	(70,5,'Comoros'),
	(71,1,'Congo, Dem. Republic'),
	(71,2,'Congo, Rép. Dém.'),
	(71,3,'Congo, Rep. Dem.'),
	(71,4,'Congo, Dem. Republic'),
	(71,5,'Congo, Dem. Republic'),
	(72,1,'Congo, Republic'),
	(72,2,'Congo, Rép.'),
	(72,3,'Congo, República'),
	(72,4,'Congo, Republic'),
	(72,5,'Congo, Republic'),
	(73,1,'Costa Rica'),
	(73,2,'Costa Rica'),
	(73,3,'Costa Rica'),
	(73,4,'Costa Rica'),
	(73,5,'Costa Rica'),
	(74,1,'Croatia'),
	(74,2,'Croatie'),
	(74,3,'Croacia'),
	(74,4,'Croatia'),
	(74,5,'Croatia'),
	(75,1,'Cuba'),
	(75,2,'Cuba'),
	(75,3,'Cuba'),
	(75,4,'Cuba'),
	(75,5,'Cuba'),
	(76,1,'Cyprus'),
	(76,2,'Chypre'),
	(76,3,'Chipre'),
	(76,4,'Cyprus'),
	(76,5,'Cyprus'),
	(77,1,'Djibouti'),
	(77,2,'Djibouti'),
	(77,3,'Djibouti'),
	(77,4,'Djibouti'),
	(77,5,'Djibouti'),
	(78,1,'Dominica'),
	(78,2,'Dominica'),
	(78,3,'Dominica'),
	(78,4,'Dominica'),
	(78,5,'Dominica'),
	(79,1,'Dominican Republic'),
	(79,2,'République Dominicaine'),
	(79,3,'República Dominicana'),
	(79,4,'Dominican Republic'),
	(79,5,'Dominican Republic'),
	(80,1,'East Timor'),
	(80,2,'Timor oriental'),
	(80,3,'Timor Oriental'),
	(80,4,'East Timor'),
	(80,5,'East Timor'),
	(81,1,'Ecuador'),
	(81,2,'Équateur'),
	(81,3,'Ecuador'),
	(81,4,'Ecuador'),
	(81,5,'Ecuador'),
	(82,1,'Egypt'),
	(82,2,'Égypte'),
	(82,3,'Egipto'),
	(82,4,'Egypt'),
	(82,5,'Egypt'),
	(83,1,'El Salvador'),
	(83,2,'El Salvador'),
	(83,3,'El Salvador'),
	(83,4,'El Salvador'),
	(83,5,'El Salvador'),
	(84,1,'Equatorial Guinea'),
	(84,2,'Guinée Équatoriale'),
	(84,3,'Guinea Ecuatorial'),
	(84,4,'Equatorial Guinea'),
	(84,5,'Equatorial Guinea'),
	(85,1,'Eritrea'),
	(85,2,'Érythrée'),
	(85,3,'Eritrea'),
	(85,4,'Eritrea'),
	(85,5,'Eritrea'),
	(86,1,'Estonia'),
	(86,2,'Estonie'),
	(86,3,'Estonia'),
	(86,4,'Estonia'),
	(86,5,'Estonia'),
	(87,1,'Ethiopia'),
	(87,2,'Éthiopie'),
	(87,3,'Etiopía'),
	(87,4,'Ethiopia'),
	(87,5,'Ethiopia'),
	(88,1,'Falkland Islands'),
	(88,2,'Falkland, Îles'),
	(88,3,'Islas Malvinas'),
	(88,4,'Falkland Islands'),
	(88,5,'Falkland Islands'),
	(89,1,'Faroe Islands'),
	(89,2,'Féroé, Îles'),
	(89,3,'Islas Feroe'),
	(89,4,'Faroe Islands'),
	(89,5,'Faroe Islands'),
	(90,1,'Fiji'),
	(90,2,'Fidji'),
	(90,3,'Fiji'),
	(90,4,'Fiji'),
	(90,5,'Fiji'),
	(91,1,'Gabon'),
	(91,2,'Gabon'),
	(91,3,'Gabón'),
	(91,4,'Gabon'),
	(91,5,'Gabon'),
	(92,1,'Gambia'),
	(92,2,'Gambie'),
	(92,3,'Gambia'),
	(92,4,'Gambia'),
	(92,5,'Gambia'),
	(93,1,'Georgia'),
	(93,2,'Géorgie'),
	(93,3,'Georgia'),
	(93,4,'Georgia'),
	(93,5,'Georgia'),
	(94,1,'Ghana'),
	(94,2,'Ghana'),
	(94,3,'Ghana'),
	(94,4,'Ghana'),
	(94,5,'Ghana'),
	(95,1,'Grenada'),
	(95,2,'Grenade'),
	(95,3,'Granada'),
	(95,4,'Grenada'),
	(95,5,'Grenada'),
	(96,1,'Greenland'),
	(96,2,'Groenland'),
	(96,3,'Groenlandia'),
	(96,4,'Greenland'),
	(96,5,'Greenland'),
	(97,1,'Gibraltar'),
	(97,2,'Gibraltar'),
	(97,3,'Gibraltar'),
	(97,4,'Gibraltar'),
	(97,5,'Gibraltar'),
	(98,1,'Guadeloupe'),
	(98,2,'Guadeloupe'),
	(98,3,'Guadalupe'),
	(98,4,'Guadeloupe'),
	(98,5,'Guadeloupe'),
	(99,1,'Guam'),
	(99,2,'Guam'),
	(99,3,'Guam'),
	(99,4,'Guam'),
	(99,5,'Guam'),
	(100,1,'Guatemala'),
	(100,2,'Guatemala'),
	(100,3,'Guatemala'),
	(100,4,'Guatemala'),
	(100,5,'Guatemala'),
	(101,1,'Guernsey'),
	(101,2,'Guernesey'),
	(101,3,'Guernsey'),
	(101,4,'Guernsey'),
	(101,5,'Guernsey'),
	(102,1,'Guinea'),
	(102,2,'Guinée'),
	(102,3,'Guinea'),
	(102,4,'Guinea'),
	(102,5,'Guinea'),
	(103,1,'Guinea-Bissau'),
	(103,2,'Guinée-Bissau'),
	(103,3,'Guinea-Bissau'),
	(103,4,'Guinea-Bissau'),
	(103,5,'Guinea-Bissau'),
	(104,1,'Guyana'),
	(104,2,'Guyana'),
	(104,3,'Guyana'),
	(104,4,'Guyana'),
	(104,5,'Guyana'),
	(105,1,'Haiti'),
	(105,2,'Haîti'),
	(105,3,'Haití'),
	(105,4,'Haiti'),
	(105,5,'Haiti'),
	(106,1,'Heard Island and McDonald Islands'),
	(106,2,'Heard, Île et Mcdonald, Îles'),
	(106,3,'Islas Heard y McDonald Islas'),
	(106,4,'Heard Island and McDonald Islands'),
	(106,5,'Heard Island and McDonald Islands'),
	(107,1,'Vatican City State'),
	(107,2,'Saint-Siege (État de la Cité du Vatican)'),
	(107,3,'Ciudad del Vaticano'),
	(107,4,'Vatican City State'),
	(107,5,'Vatican City State'),
	(108,1,'Honduras'),
	(108,2,'Honduras'),
	(108,3,'Honduras'),
	(108,4,'Honduras'),
	(108,5,'Honduras'),
	(109,1,'Iceland'),
	(109,2,'Islande'),
	(109,3,'Islandia'),
	(109,4,'Iceland'),
	(109,5,'Iceland'),
	(110,1,'India'),
	(110,2,'Inde'),
	(110,3,'India'),
	(110,4,'India'),
	(110,5,'India'),
	(111,1,'Indonesia'),
	(111,2,'Indonésie'),
	(111,3,'Indonesia'),
	(111,4,'Indonesia'),
	(111,5,'Indonesia'),
	(112,1,'Iran'),
	(112,2,'Iran'),
	(112,3,'Irán'),
	(112,4,'Iran'),
	(112,5,'Iran'),
	(113,1,'Iraq'),
	(113,2,'Iraq'),
	(113,3,'Iraq'),
	(113,4,'Iraq'),
	(113,5,'Iraq'),
	(114,1,'Man Island'),
	(114,2,'Man, Île de'),
	(114,3,'Man, Isla'),
	(114,4,'Man Island'),
	(114,5,'Man Island'),
	(115,1,'Jamaica'),
	(115,2,'Jamaique'),
	(115,3,'Jamaica'),
	(115,4,'Jamaica'),
	(115,5,'Jamaica'),
	(116,1,'Jersey'),
	(116,2,'Jersey'),
	(116,3,'Jersey'),
	(116,4,'Jersey'),
	(116,5,'Jersey'),
	(117,1,'Jordan'),
	(117,2,'Jordanie'),
	(117,3,'Jordania'),
	(117,4,'Jordan'),
	(117,5,'Jordan'),
	(118,1,'Kazakhstan'),
	(118,2,'Kazakhstan'),
	(118,3,'Kazajstán'),
	(118,4,'Kazakhstan'),
	(118,5,'Kazakhstan'),
	(119,1,'Kenya'),
	(119,2,'Kenya'),
	(119,3,'Kenya'),
	(119,4,'Kenya'),
	(119,5,'Kenya'),
	(120,1,'Kiribati'),
	(120,2,'Kiribati'),
	(120,3,'Kiribati'),
	(120,4,'Kiribati'),
	(120,5,'Kiribati'),
	(121,1,'Korea, Dem. Republic of'),
	(121,2,'Corée, Rép. Populaire Dém. de'),
	(121,3,'KOREA, DEM. República de'),
	(121,4,'Korea, Dem. Republic of'),
	(121,5,'Korea, Dem. Republic of'),
	(122,1,'Kuwait'),
	(122,2,'Koweït'),
	(122,3,'Kuwait'),
	(122,4,'Kuwait'),
	(122,5,'Kuwait'),
	(123,1,'Kyrgyzstan'),
	(123,2,'Kirghizistan'),
	(123,3,'Kirguistán'),
	(123,4,'Kyrgyzstan'),
	(123,5,'Kyrgyzstan'),
	(124,1,'Laos'),
	(124,2,'Laos'),
	(124,3,'Laos'),
	(124,4,'Laos'),
	(124,5,'Laos'),
	(125,1,'Latvia'),
	(125,2,'Lettonie'),
	(125,3,'Letonia'),
	(125,4,'Latvia'),
	(125,5,'Latvia'),
	(126,1,'Lebanon'),
	(126,2,'Liban'),
	(126,3,'Líbano'),
	(126,4,'Lebanon'),
	(126,5,'Lebanon'),
	(127,1,'Lesotho'),
	(127,2,'Lesotho'),
	(127,3,'Lesotho'),
	(127,4,'Lesotho'),
	(127,5,'Lesotho'),
	(128,1,'Liberia'),
	(128,2,'Libéria'),
	(128,3,'Liberia'),
	(128,4,'Liberia'),
	(128,5,'Liberia'),
	(129,1,'Libya'),
	(129,2,'Libyenne, Jamahiriya Arabe'),
	(129,3,'Libia'),
	(129,4,'Libya'),
	(129,5,'Libya'),
	(130,1,'Liechtenstein'),
	(130,2,'Liechtenstein'),
	(130,3,'Liechtenstein'),
	(130,4,'Liechtenstein'),
	(130,5,'Liechtenstein'),
	(131,1,'Lithuania'),
	(131,2,'Lituanie'),
	(131,3,'Lituania'),
	(131,4,'Lithuania'),
	(131,5,'Lithuania'),
	(132,1,'Macau'),
	(132,2,'Macao'),
	(132,3,'Macao'),
	(132,4,'Macau'),
	(132,5,'Macau'),
	(133,1,'Macedonia'),
	(133,2,'Macédoine'),
	(133,3,'Macedonia'),
	(133,4,'Macedonia'),
	(133,5,'Macedonia'),
	(134,1,'Madagascar'),
	(134,2,'Madagascar'),
	(134,3,'Madagascar'),
	(134,4,'Madagascar'),
	(134,5,'Madagascar'),
	(135,1,'Malawi'),
	(135,2,'Malawi'),
	(135,3,'Malawi'),
	(135,4,'Malawi'),
	(135,5,'Malawi'),
	(136,1,'Malaysia'),
	(136,2,'Malaisie'),
	(136,3,'Malasia'),
	(136,4,'Malaysia'),
	(136,5,'Malaysia'),
	(137,1,'Maldives'),
	(137,2,'Maldives'),
	(137,3,'Maldivas'),
	(137,4,'Maldives'),
	(137,5,'Maldives'),
	(138,1,'Mali'),
	(138,2,'Mali'),
	(138,3,'Malí'),
	(138,4,'Mali'),
	(138,5,'Mali'),
	(139,1,'Malta'),
	(139,2,'Malte'),
	(139,3,'Malta'),
	(139,4,'Malta'),
	(139,5,'Malta'),
	(140,1,'Marshall Islands'),
	(140,2,'Marshall, Îles'),
	(140,3,'Marshall, Islas'),
	(140,4,'Marshall Islands'),
	(140,5,'Marshall Islands'),
	(141,1,'Martinique'),
	(141,2,'Martinique'),
	(141,3,'Martinica'),
	(141,4,'Martinique'),
	(141,5,'Martinique'),
	(142,1,'Mauritania'),
	(142,2,'Mauritanie'),
	(142,3,'Mauritania'),
	(142,4,'Mauritania'),
	(142,5,'Mauritania'),
	(143,1,'Hungary'),
	(143,2,'Hongrie'),
	(143,3,'Hungría'),
	(143,4,'Hungary'),
	(143,5,'Hungary'),
	(144,1,'Mayotte'),
	(144,2,'Mayotte'),
	(144,3,'Mayotte'),
	(144,4,'Mayotte'),
	(144,5,'Mayotte'),
	(145,1,'Mexico'),
	(145,2,'Mexique'),
	(145,3,'México'),
	(145,4,'Mexico'),
	(145,5,'Mexico'),
	(146,1,'Micronesia'),
	(146,2,'Micronésie'),
	(146,3,'Micronesia'),
	(146,4,'Micronesia'),
	(146,5,'Micronesia'),
	(147,1,'Moldova'),
	(147,2,'Moldova'),
	(147,3,'Moldavia'),
	(147,4,'Moldova'),
	(147,5,'Moldova'),
	(148,1,'Monaco'),
	(148,2,'Monaco'),
	(148,3,'Mónaco'),
	(148,4,'Monaco'),
	(148,5,'Monaco'),
	(149,1,'Mongolia'),
	(149,2,'Mongolie'),
	(149,3,'Mongolia'),
	(149,4,'Mongolia'),
	(149,5,'Mongolia'),
	(150,1,'Montenegro'),
	(150,2,'Monténégro'),
	(150,3,'Montenegro'),
	(150,4,'Montenegro'),
	(150,5,'Montenegro'),
	(151,1,'Montserrat'),
	(151,2,'Montserrat'),
	(151,3,'Montserrat'),
	(151,4,'Montserrat'),
	(151,5,'Montserrat'),
	(152,1,'Morocco'),
	(152,2,'Maroc'),
	(152,3,'Marruecos'),
	(152,4,'Morocco'),
	(152,5,'Morocco'),
	(153,1,'Mozambique'),
	(153,2,'Mozambique'),
	(153,3,'Mozambique'),
	(153,4,'Mozambique'),
	(153,5,'Mozambique'),
	(154,1,'Namibia'),
	(154,2,'Namibie'),
	(154,3,'Namibia'),
	(154,4,'Namibia'),
	(154,5,'Namibia'),
	(155,1,'Nauru'),
	(155,2,'Nauru'),
	(155,3,'Nauru'),
	(155,4,'Nauru'),
	(155,5,'Nauru'),
	(156,1,'Nepal'),
	(156,2,'Népal'),
	(156,3,'Nepal'),
	(156,4,'Nepal'),
	(156,5,'Nepal'),
	(157,1,'Netherlands Antilles'),
	(157,2,'Antilles Néerlandaises'),
	(157,3,'Antillas Neerlandesas'),
	(157,4,'Netherlands Antilles'),
	(157,5,'Netherlands Antilles'),
	(158,1,'New Caledonia'),
	(158,2,'Nouvelle-Calédonie'),
	(158,3,'Nueva Caledonia'),
	(158,4,'New Caledonia'),
	(158,5,'New Caledonia'),
	(159,1,'Nicaragua'),
	(159,2,'Nicaragua'),
	(159,3,'Nicaragua'),
	(159,4,'Nicaragua'),
	(159,5,'Nicaragua'),
	(160,1,'Niger'),
	(160,2,'Niger'),
	(160,3,'Níger'),
	(160,4,'Niger'),
	(160,5,'Niger'),
	(161,1,'Niue'),
	(161,2,'Niué'),
	(161,3,'Niue'),
	(161,4,'Niue'),
	(161,5,'Niue'),
	(162,1,'Norfolk Island'),
	(162,2,'Norfolk, Île'),
	(162,3,'Norfolk Island'),
	(162,4,'Norfolk Island'),
	(162,5,'Norfolk Island'),
	(163,1,'Northern Mariana Islands'),
	(163,2,'Mariannes du Nord, Îles'),
	(163,3,'Islas Marianas del Norte'),
	(163,4,'Northern Mariana Islands'),
	(163,5,'Northern Mariana Islands'),
	(164,1,'Oman'),
	(164,2,'Oman'),
	(164,3,'Omán'),
	(164,4,'Oman'),
	(164,5,'Oman'),
	(165,1,'Pakistan'),
	(165,2,'Pakistan'),
	(165,3,'Pakistán'),
	(165,4,'Pakistan'),
	(165,5,'Pakistan'),
	(166,1,'Palau'),
	(166,2,'Palaos'),
	(166,3,'Palau'),
	(166,4,'Palau'),
	(166,5,'Palau'),
	(167,1,'Palestinian Territories'),
	(167,2,'Palestinien Occupé, Territoire'),
	(167,3,'Territorios Palestinos'),
	(167,4,'Palestinian Territories'),
	(167,5,'Palestinian Territories'),
	(168,1,'Panama'),
	(168,2,'Panama'),
	(168,3,'Panamá'),
	(168,4,'Panama'),
	(168,5,'Panama'),
	(169,1,'Papua New Guinea'),
	(169,2,'Papouasie-Nouvelle-Guinée'),
	(169,3,'Papua Nueva Guinea'),
	(169,4,'Papua New Guinea'),
	(169,5,'Papua New Guinea'),
	(170,1,'Paraguay'),
	(170,2,'Paraguay'),
	(170,3,'Paraguay'),
	(170,4,'Paraguay'),
	(170,5,'Paraguay'),
	(171,1,'Peru'),
	(171,2,'Pérou'),
	(171,3,'Perú'),
	(171,4,'Peru'),
	(171,5,'Peru'),
	(172,1,'Philippines'),
	(172,2,'Philippines'),
	(172,3,'Filipinas'),
	(172,4,'Philippines'),
	(172,5,'Philippines'),
	(173,1,'Pitcairn'),
	(173,2,'Pitcairn'),
	(173,3,'Pitcairn'),
	(173,4,'Pitcairn'),
	(173,5,'Pitcairn'),
	(174,1,'Puerto Rico'),
	(174,2,'Porto Rico'),
	(174,3,'Puerto Rico'),
	(174,4,'Puerto Rico'),
	(174,5,'Puerto Rico'),
	(175,1,'Qatar'),
	(175,2,'Qatar'),
	(175,3,'Qatar'),
	(175,4,'Qatar'),
	(175,5,'Qatar'),
	(176,1,'Reunion Island'),
	(176,2,'Réunion, Île de la'),
	(176,3,'Reunión, Isla de la'),
	(176,4,'Reunion Island'),
	(176,5,'Reunion Island'),
	(177,1,'Russian Federation'),
	(177,2,'Russie, Fédération de'),
	(177,3,'Rusia, Federación de'),
	(177,4,'Russian Federation'),
	(177,5,'Russian Federation'),
	(178,1,'Rwanda'),
	(178,2,'Rwanda'),
	(178,3,'Rwanda'),
	(178,4,'Rwanda'),
	(178,5,'Rwanda'),
	(179,1,'Saint Barthelemy'),
	(179,2,'Saint-Barthélemy'),
	(179,3,'San Bartolomé'),
	(179,4,'Saint Barthelemy'),
	(179,5,'Saint Barthelemy'),
	(180,1,'Saint Kitts and Nevis'),
	(180,2,'Saint-Kitts-et-Nevis'),
	(180,3,'Saint Kitts y Nevis'),
	(180,4,'Saint Kitts and Nevis'),
	(180,5,'Saint Kitts and Nevis'),
	(181,1,'Saint Lucia'),
	(181,2,'Sainte-Lucie'),
	(181,3,'Santa Lucía'),
	(181,4,'Saint Lucia'),
	(181,5,'Saint Lucia'),
	(182,1,'Saint Martin'),
	(182,2,'Saint-Martin'),
	(182,3,'Saint Martin'),
	(182,4,'Saint Martin'),
	(182,5,'Saint Martin'),
	(183,1,'Saint Pierre and Miquelon'),
	(183,2,'Saint-Pierre-et-Miquelon'),
	(183,3,'San Pedro y Miquelón'),
	(183,4,'Saint Pierre and Miquelon'),
	(183,5,'Saint Pierre and Miquelon'),
	(184,1,'Saint Vincent and the Grenadines'),
	(184,2,'Saint-Vincent-et-Les Grenadines'),
	(184,3,'San Vicente y las Granadinas'),
	(184,4,'Saint Vincent and the Grenadines'),
	(184,5,'Saint Vincent and the Grenadines'),
	(185,1,'Samoa'),
	(185,2,'Samoa'),
	(185,3,'Samoa'),
	(185,4,'Samoa'),
	(185,5,'Samoa'),
	(186,1,'San Marino'),
	(186,2,'Saint-Marin'),
	(186,3,'San Marino'),
	(186,4,'San Marino'),
	(186,5,'San Marino'),
	(187,1,'São Tomé and Príncipe'),
	(187,2,'Sao Tomé-et-Principe'),
	(187,3,'Santo Tomé y Príncipe'),
	(187,4,'São Tomé and Príncipe'),
	(187,5,'São Tomé and Príncipe'),
	(188,1,'Saudi Arabia'),
	(188,2,'Arabie Saoudite'),
	(188,3,'Arabia Saudita'),
	(188,4,'Saudi Arabia'),
	(188,5,'Saudi Arabia'),
	(189,1,'Senegal'),
	(189,2,'Sénégal'),
	(189,3,'Senegal'),
	(189,4,'Senegal'),
	(189,5,'Senegal'),
	(190,1,'Serbia'),
	(190,2,'Serbie'),
	(190,3,'Serbia'),
	(190,4,'Serbia'),
	(190,5,'Serbia'),
	(191,1,'Seychelles'),
	(191,2,'Seychelles'),
	(191,3,'Seychelles'),
	(191,4,'Seychelles'),
	(191,5,'Seychelles'),
	(192,1,'Sierra Leone'),
	(192,2,'Sierra Leone'),
	(192,3,'Sierra Leona'),
	(192,4,'Sierra Leone'),
	(192,5,'Sierra Leone'),
	(193,1,'Slovenia'),
	(193,2,'Slovénie'),
	(193,3,'Eslovenia'),
	(193,4,'Slovenia'),
	(193,5,'Slovenia'),
	(194,1,'Solomon Islands'),
	(194,2,'Salomon, Îles'),
	(194,3,'Salomón, Islas'),
	(194,4,'Solomon Islands'),
	(194,5,'Solomon Islands'),
	(195,1,'Somalia'),
	(195,2,'Somalie'),
	(195,3,'Somalia'),
	(195,4,'Somalia'),
	(195,5,'Somalia'),
	(196,1,'South Georgia and the South Sandwich Islands'),
	(196,2,'Géorgie du Sud et les Îles Sandwich du Sud'),
	(196,3,'Georgia del Sur e Islas Sandwich del Sur'),
	(196,4,'South Georgia and the South Sandwich Islands'),
	(196,5,'South Georgia and the South Sandwich Islands'),
	(197,1,'Sri Lanka'),
	(197,2,'Sri Lanka'),
	(197,3,'Sri Lanka'),
	(197,4,'Sri Lanka'),
	(197,5,'Sri Lanka'),
	(198,1,'Sudan'),
	(198,2,'Soudan'),
	(198,3,'Sudán'),
	(198,4,'Sudan'),
	(198,5,'Sudan'),
	(199,1,'Suriname'),
	(199,2,'Suriname'),
	(199,3,'Suriname'),
	(199,4,'Suriname'),
	(199,5,'Suriname'),
	(200,1,'Svalbard and Jan Mayen'),
	(200,2,'Svalbard et Île Jan Mayen'),
	(200,3,'Svalbard y Jan Mayen'),
	(200,4,'Svalbard and Jan Mayen'),
	(200,5,'Svalbard and Jan Mayen'),
	(201,1,'Swaziland'),
	(201,2,'Swaziland'),
	(201,3,'Swazilandia'),
	(201,4,'Swaziland'),
	(201,5,'Swaziland'),
	(202,1,'Syria'),
	(202,2,'Syrienne'),
	(202,3,'Siria'),
	(202,4,'Syria'),
	(202,5,'Syria'),
	(203,1,'Taiwan'),
	(203,2,'Taïwan'),
	(203,3,'Taiwán'),
	(203,4,'Taiwan'),
	(203,5,'Taiwan'),
	(204,1,'Tajikistan'),
	(204,2,'Tadjikistan'),
	(204,3,'Tayikistán'),
	(204,4,'Tajikistan'),
	(204,5,'Tajikistan'),
	(205,1,'Tanzania'),
	(205,2,'Tanzanie'),
	(205,3,'Tanzania'),
	(205,4,'Tanzania'),
	(205,5,'Tanzania'),
	(206,1,'Thailand'),
	(206,2,'Thaïlande'),
	(206,3,'Tailandia'),
	(206,4,'Thailand'),
	(206,5,'Thailand'),
	(207,1,'Tokelau'),
	(207,2,'Tokelau'),
	(207,3,'Tokelau'),
	(207,4,'Tokelau'),
	(207,5,'Tokelau'),
	(208,1,'Tonga'),
	(208,2,'Tonga'),
	(208,3,'Tonga'),
	(208,4,'Tonga'),
	(208,5,'Tonga'),
	(209,1,'Trinidad and Tobago'),
	(209,2,'Trinité-et-Tobago'),
	(209,3,'Trinidad y Tobago'),
	(209,4,'Trinidad and Tobago'),
	(209,5,'Trinidad and Tobago'),
	(210,1,'Tunisia'),
	(210,2,'Tunisie'),
	(210,3,'Túnez'),
	(210,4,'Tunisia'),
	(210,5,'Tunisia'),
	(211,1,'Turkey'),
	(211,2,'Turquie'),
	(211,3,'Turquía'),
	(211,4,'Turkey'),
	(211,5,'Turkey'),
	(212,1,'Turkmenistan'),
	(212,2,'Turkménistan'),
	(212,3,'Turkmenistán'),
	(212,4,'Turkmenistan'),
	(212,5,'Turkmenistan'),
	(213,1,'Turks and Caicos Islands'),
	(213,2,'Turks et Caiques, Îles'),
	(213,3,'Islas Turcas y Caicos'),
	(213,4,'Turks and Caicos Islands'),
	(213,5,'Turks and Caicos Islands'),
	(214,1,'Tuvalu'),
	(214,2,'Tuvalu'),
	(214,3,'Tuvalu'),
	(214,4,'Tuvalu'),
	(214,5,'Tuvalu'),
	(215,1,'Uganda'),
	(215,2,'Ouganda'),
	(215,3,'Uganda'),
	(215,4,'Uganda'),
	(215,5,'Uganda'),
	(216,1,'Ukraine'),
	(216,2,'Ukraine'),
	(216,3,'Ucrania'),
	(216,4,'Ukraine'),
	(216,5,'Ukraine'),
	(217,1,'United Arab Emirates'),
	(217,2,'Émirats Arabes Unis'),
	(217,3,'Emiratos Árabes Unidos'),
	(217,4,'United Arab Emirates'),
	(217,5,'United Arab Emirates'),
	(218,1,'Uruguay'),
	(218,2,'Uruguay'),
	(218,3,'Uruguay'),
	(218,4,'Uruguay'),
	(218,5,'Uruguay'),
	(219,1,'Uzbekistan'),
	(219,2,'Ouzbékistan'),
	(219,3,'Uzbekistán'),
	(219,4,'Uzbekistan'),
	(219,5,'Uzbekistan'),
	(220,1,'Vanuatu'),
	(220,2,'Vanuatu'),
	(220,3,'Vanuatu'),
	(220,4,'Vanuatu'),
	(220,5,'Vanuatu'),
	(221,1,'Venezuela'),
	(221,2,'Venezuela'),
	(221,3,'Venezuela'),
	(221,4,'Venezuela'),
	(221,5,'Venezuela'),
	(222,1,'Vietnam'),
	(222,2,'Vietnam'),
	(222,3,'Vietnam'),
	(222,4,'Vietnam'),
	(222,5,'Vietnam'),
	(223,1,'Virgin Islands (British)'),
	(223,2,'Îles Vierges Britanniques'),
	(223,3,'Islas Vírgenes (Británicas)'),
	(223,4,'Virgin Islands (British)'),
	(223,5,'Virgin Islands (British)'),
	(224,1,'Virgin Islands (U.S.)'),
	(224,2,'Îles Vierges des États-Unis'),
	(224,3,'Islas Vírgenes (EE.UU.)'),
	(224,4,'Virgin Islands (U.S.)'),
	(224,5,'Virgin Islands (U.S.)'),
	(225,1,'Wallis and Futuna'),
	(225,2,'Wallis et Futuna'),
	(225,3,'Wallis y Futuna'),
	(225,4,'Wallis and Futuna'),
	(225,5,'Wallis and Futuna'),
	(226,1,'Western Sahara'),
	(226,2,'Sahara Occidental'),
	(226,3,'Sáhara Occidental'),
	(226,4,'Western Sahara'),
	(226,5,'Western Sahara'),
	(227,1,'Yemen'),
	(227,2,'Yémen'),
	(227,3,'Yemen'),
	(227,4,'Yemen'),
	(227,5,'Yemen'),
	(228,1,'Zambia'),
	(228,2,'Zambie'),
	(228,3,'Zambia'),
	(228,4,'Zambia'),
	(228,5,'Zambia'),
	(229,1,'Zimbabwe'),
	(229,2,'Zimbabwe'),
	(229,3,'Zimbabwe'),
	(229,4,'Zimbabwe'),
	(229,5,'Zimbabwe'),
	(230,1,'Albania'),
	(230,2,'Albanie'),
	(230,3,'Albania'),
	(230,4,'Albania'),
	(230,5,'Albania'),
	(231,1,'Afghanistan'),
	(231,2,'Afghanistan'),
	(231,3,'Afganistán'),
	(231,4,'Afghanistan'),
	(231,5,'Afghanistan'),
	(232,1,'Antarctica'),
	(232,2,'Antarctique'),
	(232,3,'Antártida'),
	(232,4,'Antarctica'),
	(232,5,'Antarctica'),
	(233,1,'Bosnia and Herzegovina'),
	(233,2,'Bosnie-Herzégovine'),
	(233,3,'Bosnia y Herzegovina'),
	(233,4,'Bosnia and Herzegovina'),
	(233,5,'Bosnia and Herzegovina'),
	(234,1,'Bouvet Island'),
	(234,2,'Bouvet, Île'),
	(234,3,'Isla Bouvet'),
	(234,4,'Bouvet Island'),
	(234,5,'Bouvet Island'),
	(235,1,'British Indian Ocean Territory'),
	(235,2,'Océan Indien, Territoire Britannique de L\''),
	(235,3,'British Indian Ocean Territory'),
	(235,4,'British Indian Ocean Territory'),
	(235,5,'British Indian Ocean Territory'),
	(236,1,'Bulgaria'),
	(236,2,'Bulgarie'),
	(236,3,'Bulgaria'),
	(236,4,'Bulgaria'),
	(236,5,'Bulgaria'),
	(237,1,'Cayman Islands'),
	(237,2,'Caïmans, Îles'),
	(237,3,'Caimán, Islas'),
	(237,4,'Cayman Islands'),
	(237,5,'Cayman Islands'),
	(238,1,'Christmas Island'),
	(238,2,'Christmas, Île'),
	(238,3,'Navidad, Isla de'),
	(238,4,'Christmas Island'),
	(238,5,'Christmas Island'),
	(239,1,'Cocos (Keeling) Islands'),
	(239,2,'Cocos (Keeling), Îles'),
	(239,3,'Cocos (Keeling), Islas'),
	(239,4,'Cocos (Keeling) Islands'),
	(239,5,'Cocos (Keeling) Islands'),
	(240,1,'Cook Islands'),
	(240,2,'Cook, Îles'),
	(240,3,'Cook, Islas'),
	(240,4,'Cook Islands'),
	(240,5,'Cook Islands'),
	(241,1,'French Guiana'),
	(241,2,'Guyane Française'),
	(241,3,'Francés Guayana'),
	(241,4,'French Guiana'),
	(241,5,'French Guiana'),
	(242,1,'French Polynesia'),
	(242,2,'Polynésie Française'),
	(242,3,'Polinesia francés'),
	(242,4,'French Polynesia'),
	(242,5,'French Polynesia'),
	(243,1,'French Southern Territories'),
	(243,2,'Terres Australes Françaises'),
	(243,3,'Territorios del sur francés'),
	(243,4,'French Southern Territories'),
	(243,5,'French Southern Territories'),
	(244,1,'Åland Islands'),
	(244,2,'Åland, Îles'),
	(244,3,'Islas Åland'),
	(244,4,'Åland Islands'),
	(244,5,'Åland Islands');



# Dump of table pr_country_shop
# ------------------------------------------------------------


CREATE TABLE `pr_country_shop` (
  `id_country` int(11) unsigned NOT NULL,
  `id_shop` int(11) unsigned NOT NULL,
  PRIMARY KEY (`id_country`,`id_shop`),
  KEY `id_shop` (`id_shop`)
) ENGINE=InnoDB DEFAULT CHARSET=utf8;


INSERT INTO `pr_country_shop` (`id_country`, `id_shop`)
VALUES
	(1,1),
	(2,1),
	(3,1),
	(4,1),
	(5,1),
	(6,1),
	(7,1),
	(8,1),
	(9,1),
	(10,1),
	(11,1),
	(12,1),
	(13,1),
	(14,1),
	(15,1),
	(16,1),
	(17,1),
	(18,1),
	(19,1),
	(20,1),
	(21,1),
	(22,1),
	(23,1),
	(24,1),
	(25,1),
	(26,1),
	(27,1),
	(28,1),
	(29,1),
	(30,1),
	(31,1),
	(32,1),
	(33,1),
	(34,1),
	(35,1),
	(36,1),
	(37,1),
	(38,1),
	(39,1),
	(40,1),
	(41,1),
	(42,1),
	(43,1),
	(44,1),
	(45,1),
	(46,1),
	(47,1),
	(48,1),
	(49,1),
	(50,1),
	(51,1),
	(52,1),
	(53,1),
	(54,1),
	(55,1),
	(56,1),
	(57,1),
	(58,1),
	(59,1),
	(60,1),
	(61,1),
	(62,1),
	(63,1),
	(64,1),
	(65,1),
	(66,1),
	(67,1),
	(68,1),
	(69,1),
	(70,1),
	(71,1),
	(72,1),
	(73,1),
	(74,1),
	(75,1),
	(76,1),
	(77,1),
	(78,1),
	(79,1),
	(80,1),
	(81,1),
	(82,1),
	(83,1),
	(84,1),
	(85,1),
	(86,1),
	(87,1),
	(88,1),
	(89,1),
	(90,1),
	(91,1),
	(92,1),
	(93,1),
	(94,1),
	(95,1),
	(96,1),
	(97,1),
	(98,1),
	(99,1),
	(100,1),
	(101,1),
	(102,1),
	(103,1),
	(104,1),
	(105,1),
	(106,1),
	(107,1),
	(108,1),
	(109,1),
	(110,1),
	(111,1),
	(112,1),
	(113,1),
	(114,1),
	(115,1),
	(116,1),
	(117,1),
	(118,1),
	(119,1),
	(120,1),
	(121,1),
	(122,1),
	(123,1),
	(124,1),
	(125,1),
	(126,1),
	(127,1),
	(128,1),
	(129,1),
	(130,1),
	(131,1),
	(132,1),
	(133,1),
	(134,1),
	(135,1),
	(136,1),
	(137,1),
	(138,1),
	(139,1),
	(140,1),
	(141,1),
	(142,1),
	(143,1),
	(144,1),
	(145,1),
	(146,1),
	(147,1),
	(148,1),
	(149,1),
	(150,1),
	(151,1),
	(152,1),
	(153,1),
	(154,1),
	(155,1),
	(156,1),
	(157,1),
	(158,1),
	(159,1),
	(160,1),
	(161,1),
	(162,1),
	(163,1),
	(164,1),
	(165,1),
	(166,1),
	(167,1),
	(168,1),
	(169,1),
	(170,1),
	(171,1),
	(172,1),
	(173,1),
	(174,1),
	(175,1),
	(176,1),
	(177,1),
	(178,1),
	(179,1),
	(180,1),
	(181,1),
	(182,1),
	(183,1),
	(184,1),
	(185,1),
	(186,1),
	(187,1),
	(188,1),
	(189,1),
	(190,1),
	(191,1),
	(192,1),
	(193,1),
	(194,1),
	(195,1),
	(196,1),
	(197,1),
	(198,1),
	(199,1),
	(200,1),
	(201,1),
	(202,1),
	(203,1),
	(204,1),
	(205,1),
	(206,1),
	(207,1),
	(208,1),
	(209,1),
	(210,1),
	(211,1),
	(212,1),
	(213,1),
	(214,1),
	(215,1),
	(216,1),
	(217,1),
	(218,1),
	(219,1),
	(220,1),
	(221,1),
	(222,1),
	(223,1),
	(224,1),
	(225,1),
	(226,1),
	(227,1),
	(228,1),
	(229,1),
	(230,1),
	(231,1),
	(232,1),
	(233,1),
	(234,1),
	(235,1),
	(236,1),
	(237,1),
	(238,1),
	(239,1),
	(240,1),
	(241,1),
	(242,1),
	(243,1),
	(244,1);



# Dump of table pr_currency
# ------------------------------------------------------------


CREATE TABLE `pr_currency` (
  `id_currency` int(10) unsigned NOT NULL AUTO_INCREMENT,
  `name` varchar(32) NOT NULL,
  `iso_code` varchar(3) NOT NULL DEFAULT '0',
  `iso_code_num` varchar(3) NOT NULL DEFAULT '0',
  `sign` varchar(8) NOT NULL,
  `blank` tinyint(1) unsigned NOT NULL DEFAULT '0',
  `format` tinyint(1) unsigned NOT NULL DEFAULT '0',
  `decimals` tinyint(1) unsigned NOT NULL DEFAULT '1',
  `conversion_rate` decimal(13,6) NOT NULL DEFAULT '1.000000',
  `deleted` tinyint(1) unsigned NOT NULL DEFAULT '0',
  `active` tinyint(1) unsigned NOT NULL DEFAULT '1',
  PRIMARY KEY (`id_currency`)
) ENGINE=InnoDB DEFAULT CHARSET=utf8;


INSERT INTO `pr_currency` (`id_currency`, `name`, `iso_code`, `iso_code_num`, `sign`, `blank`, `format`, `decimals`, `conversion_rate`, `deleted`, `active`)
VALUES
	(1,'Euro','EUR','978','€',1,2,1,1.000000,0,1),
	(2,'Dollar','USD','840','$',0,1,1,1.131300,0,0),
	(3,'Pound','GBP','826','£',0,1,1,0.739600,0,0);



# Dump of table pr_currency_shop
# ------------------------------------------------------------


CREATE TABLE `pr_currency_shop` (
  `id_currency` int(11) unsigned NOT NULL,
  `id_shop` int(11) unsigned NOT NULL,
  `conversion_rate` decimal(13,6) NOT NULL,
  PRIMARY KEY (`id_currency`,`id_shop`),
  KEY `id_shop` (`id_shop`)
) ENGINE=InnoDB DEFAULT CHARSET=utf8;


INSERT INTO `pr_currency_shop` (`id_currency`, `id_shop`, `conversion_rate`)
VALUES
	(1,1,1.000000),
	(2,1,1.131300),
	(3,1,0.739600);



# Dump of table pr_customer_group
# ------------------------------------------------------------


CREATE TABLE `pr_customer_group` (
  `id_customer` int(10) unsigned NOT NULL,
  `id_group` int(10) unsigned NOT NULL,
  PRIMARY KEY (`id_customer`,`id_group`),
  KEY `customer_login` (`id_group`),
  KEY `id_customer` (`id_customer`)
) ENGINE=InnoDB DEFAULT CHARSET=utf8;


INSERT INTO `pr_customer_group` (`id_customer`, `id_group`)
VALUES
	(1,1),
	(7,1),
	(9,1),
	(10,1),
	(12,1),
	(13,1),
	(2,2),
	(4,2),
	(5,2),
	(8,2),
	(11,2);



# Dump of table pr_customer_message
# ------------------------------------------------------------


CREATE TABLE `pr_customer_message` (
  `id_customer_message` int(10) unsigned NOT NULL AUTO_INCREMENT,
  `id_customer_thread` int(11) DEFAULT NULL,
  `id_employee` int(10) unsigned DEFAULT NULL,
  `message` text NOT NULL,
  `file_name` varchar(18) DEFAULT NULL,
  `ip_address` varchar(16) DEFAULT NULL,
  `user_agent` varchar(128) DEFAULT NULL,
  `private` tinyint(4) NOT NULL DEFAULT '0',
  `read` tinyint(1) NOT NULL DEFAULT '0',
  `date_add` datetime NOT NULL,
  `date_upd` datetime NOT NULL,
  PRIMARY KEY (`id_customer_message`),
  KEY `id_customer_thread` (`id_customer_thread`),
  KEY `id_employee` (`id_employee`)
) ENGINE=InnoDB DEFAULT CHARSET=utf8;


INSERT INTO `pr_customer_message` (`id_customer_message`, `id_customer_thread`, `id_employee`, `message`, `file_name`, `ip_address`, `user_agent`, `private`, `read`, `date_add`, `date_upd`)
VALUES
	(1,1,0,'vi prego di darmi un indicazione per una struttura del tipo agriturismo per 2 notti con trattamento di mezza pensione\r\n\r\ngrazie\r\nMichele','','1564496239','Mozilla/5.0 (Windows NT 6.1; WOW64) AppleWebKit/537.36 (KHTML, like Gecko) Chrome/31.0.1650.63 Safari/537.36',0,1,'2013-12-17 11:48:14','0000-00-00 00:00:00'),
	(2,2,0,'I see that your online shop is running on PrestaShop platform and because of that I would like to present you the latest PrestaShop SEO eBook guide that has been recently published on  http://prestaseo.ueuo.com .\r\n\r\nIn short words, you will learn how to significantly increase your online sales without paying a small fortune on advertising, seo and any other online marketing services.\r\n\r\nThank you, and good luck with your sales. \r\n\r\nDownload E-book : http://prestaseo.ueuo.com\r\n\r\nBest Regards, Marcell.\r\n','','2147483647','Mozilla/5.0 (compatible; MSIE 9.0; Windows NT 9.0; en-US)',0,1,'2014-01-17 12:54:28','0000-00-00 00:00:00');



# Dump of table pr_customer_message_sync_imap
# ------------------------------------------------------------


CREATE TABLE `pr_customer_message_sync_imap` (
  `md5_header` varbinary(32) NOT NULL,
  KEY `md5_header_index` (`md5_header`(4))
) ENGINE=InnoDB DEFAULT CHARSET=utf8;


# Dump of table pr_customization
# ------------------------------------------------------------


CREATE TABLE `pr_customization` (
  `id_customization` int(10) unsigned NOT NULL AUTO_INCREMENT,
  `id_product_attribute` int(10) unsigned NOT NULL DEFAULT '0',
  `id_address_delivery` int(10) unsigned NOT NULL DEFAULT '0',
  `id_cart` int(10) unsigned NOT NULL,
  `id_product` int(10) NOT NULL,
  `quantity` int(10) NOT NULL,
  `quantity_refunded` int(11) NOT NULL DEFAULT '0',
  `quantity_returned` int(11) NOT NULL DEFAULT '0',
  `in_cart` tinyint(1) unsigned NOT NULL DEFAULT '0',
  PRIMARY KEY (`id_customization`,`id_cart`,`id_product`,`id_address_delivery`),
  KEY `id_product_attribute` (`id_product_attribute`)
) ENGINE=InnoDB DEFAULT CHARSET=utf8;


INSERT INTO `pr_customization` (`id_customization`, `id_product_attribute`, `id_address_delivery`, `id_cart`, `id_product`, `quantity`, `quantity_refunded`, `quantity_returned`, `in_cart`)
VALUES
	(1,50,3,2,1,1,0,0,0);



# Dump of table pr_customization_field
# ------------------------------------------------------------


CREATE TABLE `pr_customization_field` (
  `id_customization_field` int(10) unsigned NOT NULL AUTO_INCREMENT,
  `id_product` int(10) unsigned NOT NULL,
  `type` tinyint(1) NOT NULL,
  `required` tinyint(1) NOT NULL,
  PRIMARY KEY (`id_customization_field`),
  KEY `id_product` (`id_product`)
) ENGINE=InnoDB DEFAULT CHARSET=utf8;



# Dump of table pr_customization_field_lang
# ------------------------------------------------------------


CREATE TABLE `pr_customization_field_lang` (
  `id_customization_field` int(10) unsigned NOT NULL,
  `id_lang` int(10) unsigned NOT NULL,
  `name` varchar(255) NOT NULL,
  PRIMARY KEY (`id_customization_field`,`id_lang`)
) ENGINE=InnoDB DEFAULT CHARSET=utf8;



# Dump of table pr_customized_data
# ------------------------------------------------------------


CREATE TABLE `pr_customized_data` (
  `id_customization` int(10) unsigned NOT NULL,
  `type` tinyint(1) NOT NULL,
  `index` int(3) NOT NULL,
  `value` varchar(255) NOT NULL,
  PRIMARY KEY (`id_customization`,`type`,`index`)
) ENGINE=InnoDB DEFAULT CHARSET=utf8;


INSERT INTO `pr_customized_data` (`id_customization`, `type`, `index`, `value`)
VALUES
	(1,1,1,'Prova'),
	(1,1,2,'prova');



# Dump of table pr_date_range
# ------------------------------------------------------------


CREATE TABLE `pr_date_range` (
  `id_date_range` int(10) unsigned NOT NULL AUTO_INCREMENT,
  `time_start` datetime NOT NULL,
  `time_end` datetime NOT NULL,
  PRIMARY KEY (`id_date_range`)
) ENGINE=InnoDB DEFAULT CHARSET=utf8;



# Dump of table pr_delivery
# ------------------------------------------------------------


CREATE TABLE `pr_delivery` (
  `id_delivery` int(10) unsigned NOT NULL AUTO_INCREMENT,
  `id_shop` int(10) unsigned DEFAULT NULL,
  `id_shop_group` int(11) unsigned DEFAULT NULL,
  `id_carrier` int(10) unsigned NOT NULL,
  `id_range_price` int(10) unsigned DEFAULT NULL,
  `id_range_weight` int(10) unsigned DEFAULT NULL,
  `id_zone` int(10) unsigned NOT NULL,
  `price` decimal(20,6) NOT NULL,
  PRIMARY KEY (`id_delivery`),
  KEY `id_zone` (`id_zone`),
  KEY `id_carrier` (`id_carrier`,`id_zone`),
  KEY `id_range_price` (`id_range_price`),
  KEY `id_range_weight` (`id_range_weight`)
) ENGINE=InnoDB DEFAULT CHARSET=utf8;


INSERT INTO `pr_delivery` (`id_delivery`, `id_shop`, `id_shop_group`, `id_carrier`, `id_range_price`, `id_range_weight`, `id_zone`, `price`)
VALUES
	(1,NULL,NULL,2,NULL,1,1,5.000000),
	(2,NULL,NULL,2,NULL,1,2,5.000000),
	(6,NULL,NULL,2,1,NULL,1,0.000000),
	(7,NULL,NULL,2,1,NULL,2,0.000000);



# Dump of table pr_editorial
# ------------------------------------------------------------


CREATE TABLE `pr_editorial` (
  `id_editorial` int(10) unsigned NOT NULL AUTO_INCREMENT,
  `id_shop` int(10) unsigned NOT NULL,
  `body_home_logo_link` varchar(255) NOT NULL,
  PRIMARY KEY (`id_editorial`)
) ENGINE=InnoDB DEFAULT CHARSET=utf8;


INSERT INTO `pr_editorial` (`id_editorial`, `id_shop`, `body_home_logo_link`)
VALUES
	(1,1,'http://www.prestashop.com');



# Dump of table pr_editorial_lang
# ------------------------------------------------------------


CREATE TABLE `pr_editorial_lang` (
  `id_editorial` int(10) unsigned NOT NULL,
  `id_lang` int(10) unsigned NOT NULL,
  `body_title` varchar(255) NOT NULL,
  `body_subheading` varchar(255) NOT NULL,
  `body_paragraph` text NOT NULL,
  `body_logo_subheading` varchar(255) NOT NULL,
  PRIMARY KEY (`id_editorial`,`id_lang`)
) ENGINE=InnoDB DEFAULT CHARSET=utf8;


INSERT INTO `pr_editorial_lang` (`id_editorial`, `id_lang`, `body_title`, `body_subheading`, `body_paragraph`, `body_logo_subheading`)
VALUES
	(1,1,'Lorem ipsum dolor sit amet','Consectetur adipisicing elit, sed do eiusmod tempor incididunt ut labore et dolore magna aliqua','<p>Lorem ipsum dolor sit amet, consectetur adipisicing elit, sed do eiusmod tempor incididunt ut labore et dolore magna aliqua. Ut enim ad minim veniam, quis nostrud exercitation ullamco laboris nisi ut aliquip ex ea commodo consequat. Duis aute irure dolor in reprehenderit in voluptate velit esse cillum dolore eu fugiat nulla pariatur. Excepteur sint occaecat cupidatat non proident, sunt in culpa qui officia deserunt mollit anim id est laborum</p>','Excepteur sint prestashop cupidatat non proident'),
	(1,2,'Lorem ipsum dolor sit amet','Excepteur sint occaecat cupidatat non proident','<p>Lorem ipsum dolor sit amet, consectetur adipisicing elit, sed do eiusmod tempor incididunt ut labore et dolore magna aliqua. Ut enim ad minim veniam, quis nostrud exercitation ullamco laboris nisi ut aliquip ex ea commodo consequat. Duis aute irure dolor in reprehenderit in voluptate velit esse cillum dolore eu fugiat nulla pariatur. Excepteur sint occaecat cupidatat non proident, sunt in culpa qui officia deserunt mollit anim id est laborum</p>','Lorem ipsum presta shop amet'),
	(1,3,'Lorem ipsum dolor sit amet','Consectetur adipisicing elit, sed do eiusmod tempor incididunt ut labore et dolore magna aliqua','<p>Lorem ipsum dolor sit amet, consectetur adipisicing elit, sed do eiusmod tempor incididunt ut labore et dolore magna aliqua. Ut enim ad minim veniam, quis nostrud exercitation ullamco laboris nisi ut aliquip ex ea commodo consequat. Duis aute irure dolor in reprehenderit in voluptate velit esse cillum dolore eu fugiat nulla pariatur. Excepteur sint occaecat cupidatat non proident, sunt in culpa qui officia deserunt mollit anim id est laborum</p>','Excepteur sint prestashop cupidatat non proident'),
	(1,4,'Lorem ipsum dolor sit amet','Consectetur adipisicing elit, sed do eiusmod tempor incididunt ut labore et dolore magna aliqua','<p>Lorem ipsum dolor sit amet, consectetur adipisicing elit, sed do eiusmod tempor incididunt ut labore et dolore magna aliqua. Ut enim ad minim veniam, quis nostrud exercitation ullamco laboris nisi ut aliquip ex ea commodo consequat. Duis aute irure dolor in reprehenderit in voluptate velit esse cillum dolore eu fugiat nulla pariatur. Excepteur sint occaecat cupidatat non proident, sunt in culpa qui officia deserunt mollit anim id est laborum</p>','Excepteur sint prestashop cupidatat non proident'),
	(1,5,'Lorem ipsum dolor sit amet','Consectetur adipisicing elit, sed do eiusmod tempor incididunt ut labore et dolore magna aliqua','<p>Lorem ipsum dolor sit amet, consectetur adipisicing elit, sed do eiusmod tempor incididunt ut labore et dolore magna aliqua. Ut enim ad minim veniam, quis nostrud exercitation ullamco laboris nisi ut aliquip ex ea commodo consequat. Duis aute irure dolor in reprehenderit in voluptate velit esse cillum dolore eu fugiat nulla pariatur. Excepteur sint occaecat cupidatat non proident, sunt in culpa qui officia deserunt mollit anim id est laborum</p>','Excepteur sint prestashop cupidatat non proident');



# Dump of table pr_employee_shop
# ------------------------------------------------------------


CREATE TABLE `pr_employee_shop` (
  `id_employee` int(11) unsigned NOT NULL,
  `id_shop` int(11) unsigned NOT NULL,
  PRIMARY KEY (`id_employee`,`id_shop`)
) ENGINE=InnoDB DEFAULT CHARSET=utf8;


INSERT INTO `pr_employee_shop` (`id_employee`, `id_shop`)
VALUES
	(1,1),
	(3,1),
	(4,1),
	(5,1);



# Dump of table pr_events
# ------------------------------------------------------------


CREATE TABLE `pr_events` (
  `id_event` int(10) unsigned NOT NULL AUTO_INCREMENT,
  `id_employee` int(10) unsigned NOT NULL,
  `id_customer` int(10) unsigned NOT NULL,
  `location` text,
  `start` timestamp NOT NULL DEFAULT CURRENT_TIMESTAMP,
  `end` timestamp NOT NULL DEFAULT '0000-00-00 00:00:00',
  `lat` varchar(15) NOT NULL,
  `long` varchar(15) NOT NULL,
  `cname` varchar(255) NOT NULL,
  `cemail` varchar(255) NOT NULL,
  `cphone` varchar(255) NOT NULL,
  `active` enum('0','1') NOT NULL DEFAULT '1',
  `image` enum('0','1') NOT NULL DEFAULT '0',
  PRIMARY KEY (`id_event`),
  KEY `active` (`active`)
) ENGINE=MyISAM DEFAULT CHARSET=utf8;


INSERT INTO `pr_events` (`id_event`, `id_employee`, `id_customer`, `location`, `start`, `end`, `lat`, `long`, `cname`, `cemail`, `cphone`, `active`, `image`)
VALUES
	(1,3,0,'San Daniele del Friuli (Udine)','2013-06-28 08:00:00','2013-07-01 08:00:00','','','','','','1','1'),
	(2,3,0,'Gemona del Friuli (UD)','2013-08-02 08:00:00','2013-08-04 08:00:00','','','Pro Loco Gemona','info@gemona.fvg.it','','1','0'),
	(3,3,0,'Valvasone (PN)','2013-09-14 08:00:00','2013-09-15 08:00:00','','','','medioevoavalvasone@gmail.com','+39 340 97 42 358','1','1'),
	(4,3,0,'Udine','2013-09-12 08:00:00','2013-09-15 08:00:00','','','Ufficio Turismo Udine','turismo@comune.udine.it','0432 271 275','1','0'),
	(5,3,0,'Pordenone','2013-09-18 08:00:00','2013-09-22 08:00:00','','','Segreteria organizzativa Pordenone Legge','info@pordenonelegge.it','+39.0434.381600','1','0'),
	(6,3,0,'Gorizia','2013-09-27 08:00:00','2013-09-29 08:00:00','','','','http://www3.comune.gorizia.it/turismo/it','','1','0'),
	(7,3,0,'Trieste','2013-10-05 08:00:00','2013-10-13 08:00:00','','','Società Velica di Barcola e Grignano','segr@svbg.it ','040 411664','1','0'),
	(8,3,0,'Venzone (UD)','2013-10-27 07:00:00','2013-10-27 07:00:00','','','Pro Loco Venzone','provenzone@libero.it','0039 0432-985034','1','0'),
	(9,3,0,'Gemona del Friuli','2013-11-09 08:00:00','2013-11-10 08:00:00','','','','','','1','0'),
	(10,2,0,'Villa Manin, Passariano di Codroipo (UD)','2012-07-05 05:30:00','2012-07-04 08:00:00','','','','','','1','0'),
	(11,3,0,'Illegio (Tolmezzo)','2013-05-12 08:00:00','2013-10-06 08:00:00','','','','','','1','1'),
	(12,3,0,'Gorizia','2013-03-29 07:00:00','2013-09-29 08:00:00','','','','','','1','1'),
	(13,3,0,'','2013-03-31 08:00:00','2013-11-03 07:00:00','','','','','','1','1'),
	(14,3,0,'Villa Manin','2013-05-31 08:00:00','2013-09-22 08:00:00','','','','','','1','1'),
	(15,3,0,'Rivolto','2013-03-01 08:00:00','2013-09-15 08:00:00','','','','','','1','1'),
	(16,3,0,'Villa Manin (Passariano)','2013-06-17 08:00:00','2013-06-17 08:00:00','','','','','','1','0'),
	(17,3,0,'Villa Manin (Passariano)','2013-07-11 08:00:00','2013-07-11 08:00:00','','','','','','1','0'),
	(18,3,0,'','2013-07-24 08:00:00','2013-07-24 08:00:00','','','','','','1','0'),
	(19,3,0,'Lignano Sabbiadoro','2013-08-02 08:00:00','2013-08-04 08:00:00','','','','','','1','0');



# Dump of table pr_events_attendees
# ------------------------------------------------------------


CREATE TABLE `pr_events_attendees` (
  `id_event` int(10) unsigned NOT NULL,
  `id_customer` int(10) unsigned NOT NULL,
  `comment` text,
  UNIQUE KEY `id_event` (`id_event`,`id_customer`)
) ENGINE=MyISAM DEFAULT CHARSET=utf8;



# Dump of table pr_events_lang
# ------------------------------------------------------------


CREATE TABLE `pr_events_lang` (
  `id_event` int(10) unsigned NOT NULL,
  `id_lang` int(10) unsigned NOT NULL,
  `title` varchar(255) NOT NULL,
  `description` text NOT NULL,
  UNIQUE KEY `id_event` (`id_event`,`id_lang`)
) ENGINE=MyISAM DEFAULT CHARSET=utf8;


INSERT INTO `pr_events_lang` (`id_event`, `id_lang`, `title`, `description`)
VALUES
	(1,1,'',''),
	(1,4,'',''),
	(1,5,'Aria di festa','<p>A San Daniele del Friuli quattro giorni di sapori, musica, eventi e spettacoli per vivere un luogo magico, un prosciutto unico e vini bianchi eccellenti <strong><span class=\"title\">VENERD&Igrave; 22 GIUGNO 2012&nbsp;</span></strong> Ore 19.00 - Piazza Duomo<br /><strong>Inaugurazione</strong>&nbsp;con la madrina di Aria di Festa 2012<br />A seguire, premiazione dei vincitori della selezione&nbsp;<strong>Friulano&nbsp;&amp;friends&nbsp;2012</strong>, selezione destinata a proclamare i migliori vini bianchi prodotti ed imbottigliati in Friuli Venezia Giulia.<br /><br />Apertura degli stand di degustazione<br />nel centro storico e delle aziende aperte<br /><br />Ore 21.00 - Piazza Duomo<br /><strong>Concerto della Demo Morselli Band<br /></strong><br />Ore 24.00 Chiusura degli stand<br />Ore 01.00 Chiusura del servizio di bus navetta<br /><strong><br /></strong><strong><br /></strong> <strong>SABATO 23 GIUGNO 2012</strong> <br />Ore 10.00 Apertura degli stand di degustazione<br />nel centro storico e delle aziende aperte<br /><br />Ore 10.00 Chiesa di S. Antonio Abate - Via Garibaldi<br /><strong>San Daniele del Friuli, una storia di gusto</strong><br />Presentazione della guida cartacea e iPad edita da Turismo Culturale e realizzata da Luciano Vanni Editore e Studio Terre da inventare - www.ilturismoculturale.it<br /><br /><br />Ore 15.00 e 18.30 - Piazza Cattaneo<br /><strong>La lavorazione del formaggio Montasio</strong><br />Dimostrazione della lavorazione del formaggio e degustazione<br />(a cura del Consorzio per la tutela del formaggio Montasio)<br /><br />Dalle ore 16.00 alle ore 20.00 - Piazza IV Novembre<br />Per i pi&ugrave; piccoli, parata con pupazzi Mascotte della scuderia Disney e Warner Bros, numeri di giocoleria e strampalate gag con il clown comico&nbsp;<br /><br />Ore 24.00 Chiusura degli stand<br />Ore 01.00 Chiusura del servizio di bus navetta<br /><br /><strong><br /></strong> <strong>DOMENICA 24 GIUGNO 2012</strong> <br />Ore 10.00 Apertura degli stand di degustazione<br />nel centro storico e delle aziende aperte<br /><br />Ore 10.00 &ndash; Chiesa di S. Antonio Abate &ndash; Via Garibaldi<br /><strong>Presentazione mostra filatelica e palmares Filsanda 2012</strong><br /><br />Ore 11.00, 15.00 e 18.30 &ndash; Piazza Cattaneo<br /><strong>La lavorazione del Montasio</strong><br />Dimostrazione della lavorazione del formaggio e degustazione<br />(a cura del Consorzio per la tutela del formaggio Montasio)<br /><br />Dalle ore 16.00 alle ore 20.00 - Piazza IV Novembre<br />Per i pi&ugrave; piccoli, baby dance e Spettacolo Crazy Musical, rivisitazione dei pi&ugrave; celebri musical di tutti i tempi<br />Magic show con il maghetto Harry Potter e i suoi coniglietti e colombe bianche<br /><br />Ore 21.00 &ndash; Piazza Duomo<br /><strong>Concerto di Noemi</strong><br /><br />Ore 24.00 Chiusura degli stand<br />Ore 24.00 Chiusura del servizio di bus navetta<br /><br /><strong><br /></strong> <strong>LUNED&Igrave; 25 GIUGNO 2012</strong> <br />Ore 18.00 Apertura degli stand di degustazione<br />nel centro storico e delle aziende aperte<br /><br />Ore 21.00 &ndash; Piazza Duomo<br /><strong>Concerto di Playa Desnuda</strong><br /><br />Ore 24.00 Chiusura degli stand<br />Ore 24.00 Chiusura del servizio di bus navetta<br /><br /><br /> Alla scoperta dei segreti del San Daniele <br /><strong>Degustazioni guidate<br /></strong>Per scoprire le caratteristiche del San Daniele:<br />come si fa e come si riconosce, consigli per<br />la conservazione e la degustazione, abbinamento<br />con le eccellenze vitivinicole delle DOC regionali<br />(in collaborazione con ERSA)<br /><br />VIA IPPOLITO NIEVO &ndash; Piazzale dell&rsquo;AUDITORIUM ALLA FRATTA<br />SABATO 23 E DOMENICA 24<br />Ore 10.00 &gt; 10.50<br />Ore 13.00 &gt; 13.50<br />Ore 14.00 &gt; 14.50<br />Ore 17.00 &gt; 17.50<br /><br />Per prenotazioni: eventi@prosciuttosandaniele.it<br /><br /><br /><strong>Istruzioni per l&rsquo;uso<br /></strong>Il San Daniele in pratica:<br />come riconoscere il San Daniele, come affettare<br />il prosciutto a macchina, come tagliare<br />il prosciutto a mano, come conservarlo intero,<br />a tranci o affettato<br /><br />VIA IPPOLITO NIEVO &ndash; Piazzale dell&rsquo;AUDITORIUM ALLA FRATTA<br />SABATO 23<br />Ore 15.00 &gt; 15.45<br />Ore 16.00 &gt; 16.45<br />Ore 17.00 &gt; 17.45<br />Ore 18.00 &gt; 18.45<br /><br />DOMENICA 24<br />Ore 10.30 &gt; 11.15<br />Ore 11.30 &gt; 12.15<br />Ore15.00 &gt; 15.45<br />Ore 16.00 &gt; 16.45<br />Ore 17.00 &gt; 17.45<br />Ore 18.00 &gt; 18.45<br /><br />Per prenotazioni: eventi@prosciuttosandaniele.it<br /><br /><strong>Corsi di cucina</strong><br />Ricette creative con il San Daniele<br />e i prodotti del paniere Tipicamente Friulano<br />Dimostrazione pratica e degustazione.<br />(in collaborazione con ERSA)<br /><strong><br /></strong>VIA IPPOLITO NIEVO &ndash; Piazzale dell&rsquo;AUDITORIUM ALLA FRATTA<br />SABATO 23 E DOMENICA 24<br />ORE 11.30 &gt; 12.30<br />ORE 15.30 &gt; 16.30<br />ORE 18.30 &gt; 19.30<br /><br />Per prenotazioni: eventi@prosciuttosandaniele.it<br /><br /><br /> Spettacoli ed altro <br />Tutti i giorni&nbsp;<strong>musica</strong>&nbsp;su tutti i palchi di Aria di Festa<br />Disco anni &rsquo;70, pop, rock, cover, italiana, blues, funky, soul<br />PIAZZA DUOMO - PARCO DEL CASTELLO - PIAZZA PELLEGRINO - PIAZZA IV NOVEMBRE &ndash; PIAZZA CATTANEO<br />VENERD&Igrave; E LUNED&Igrave; ORE 21.00 &gt; 24.00 SABATO E DOMENICA ORE 11.30 &gt; 24.00<br /><br /><strong>La discopista</strong><br />PARCO DEL CASTELLO VENERD&Igrave;, SABATO, DOMENICA, LUNED&Igrave; DALLE ORE 22.00<br /><br /><strong>1 SU 3 PUOI VINCERE. 3 SU 3 TI DIVERTI!</strong>&nbsp;Piazza Pellegrino<br />Pesca di beneficenza con prosciutto di San Daniele e altri ricchi e originali premi<br /><br /><strong>PER I BAMBINI</strong>&nbsp;Piazza IV Novembre<br />Giochi, gonfiabili ed intrattenimenti<br /><br />Trasmissione&nbsp;<strong>CAMPIONATI EUROPEI DI CALCIO 2012</strong>&nbsp;Piazza IV Novembre<br /> &nbsp; Mostre ed esposizioni <br />MUSEO DEL TERRITORIO<strong>&nbsp;</strong>- Via Udine, 4<br />Info: 0432-954484 ven 9.30&gt;12.30, sab-dom 10.00&gt;20.00, lun chiuso<br /><br /><strong>San Daniele e il prosciutto. 5 sensi, 1 emozione&hellip; colori, profumi, suoni, sapori di una terra</strong><br />Un percorso espositivo per scoprire il prosciutto di San Daniele attraverso l&rsquo;utilizzo dei cinque sensi<br /><strong><br />Mostra fotografica &ldquo;Ogni giorno una magia&rdquo;</strong>&nbsp;3a edizione del concorso Piccoli Obiettivi<br /><br />CHIESA S. MARIA DELLA FRATTA &ndash; Via Cavour<br /><strong>66a manifestazione filatelica sandanielese</strong>&nbsp;ven e lun 18.00 &gt; 22.00 sab e dom 9.00 &gt; 22.00<br />Info: info@filsanda.it<br /><br />CHIESA di SAN MICHELE ARCANGELO &ndash; Piazza Duomo<br /><strong>Mostra fotografica dei presepi</strong>&nbsp;allestiti nel Duomo di San Daniele negli ultimi trent&rsquo;anni&nbsp;<br />ven-lun 8.00&gt;18.00<br /><br />CIRCOLO CULTURALE IL COLLE &ndash; Via Umberto I<br /><strong>Mostra di pittura dell&rsquo;artista Piero Snidero</strong><br />Ven-sab 17.00 &gt; 20.00, dom 10.00 &gt; 12.30 e 17.00 &gt; 20.00, lun 18.00 &gt; 20.00<br /><br />VIA GARIBALDI<br /><strong>Mostra &ldquo;Arti figurative e mestieri&rdquo;</strong>&nbsp;a cura di ANLA-Comitato Prov.le di Udine<br /> Mercati <br />VIA VITTORIO VENETO E VIA UMBERTO I - Prodotti alimentari<br />VIA CESARE BATTISTI - Prodotti dell&rsquo;artigianato<br /><br />VIA UMBERTO I - Il patrimonio agroalimentare del Friuli Venezia Giulia&nbsp;(in collaborazione con ERSA) <span class=\"title\">Download:</span><br /> <a href=\"http://www.ariadifesta.it/public/parser_download/save/adf_depl.programma.2012.ita.pdf\">ADF_depl programma 2012 ITA (1822.07 KB)</a> <a href=\"http://www.ariadifesta.it/public/parser_download/save/adf_depl.programm.2012.de.pdf\">ADF_depl Programm 2012 DE (1831.49 KB)</a> <a href=\"http://www.ariadifesta.it/public/parser_download/save/adf_depl.programm.2012.en.pdf\">ADF_depl programm 2012 EN (1796.05 KB)</a></p>'),
	(2,1,'',''),
	(2,4,'',''),
	(2,5,'Tempus est Jocundum','<p>Appuntamento di grande rilievo, che richiama sempre migliaia di persone, &egrave; la festa medievale <strong>Tempus est jocundum</strong>. L\'idea di dedicare un fine settimana alla fantasia ed alla creativit&agrave;, aprendo una finestra sul medioevo, ricreando angoli di vita quotidiana e dando l\'opportunit&agrave; al visitatore di essere protagonista e di respirare un\'atmosfera magica legata ad un\'epoca ormai molto lontana dalla vita di ogni giorno, &egrave; stato senz\'altro lo spunto vincente per ottenere un successo che &egrave; aumentato di anno in anno.</p>'),
	(3,1,'',''),
	(3,4,'',''),
	(3,5,'Medioevo a Valvasone','<p><strong>Il Medioevo </strong>a Valvasone lo si pu&ograve; ancora avvertire nell&rsquo;aria, nell&rsquo;atmosfera semplice e austera delle sue piazze, nei vicoli, nei portici.<br /> Quasi per magia, ogni secondo fine settimana di settembre, chi varca le porte di Valvasone &egrave; trasportato in un baleno nel lontano Medioevo, tra nobili dame e arditi messeri, tra giocosi musici e pungenti giullari, tra abili artigiani e tenaci mercanti, tra ricche taberne e suadenti meretrici. Apri gli occhi e raggiungici nel nostro mondo, un mondo passato che mai ti &egrave; stato cos&igrave; vicino&hellip; a Valvasone!</p>'),
	(4,1,'',''),
	(4,4,'',''),
	(4,5,'Friuli DOC','<p class=\"caps\">Vini, vivande, vicende e vedute, in una parola: <strong>Friuli DOC</strong>, anche quest&rsquo;anno pronto a celebrare la nostra regione, nella splendida atmosfera offerta da Udine. L&rsquo;ormai tradizionale evento torna a stuzzicare curiosit&agrave;, gusti e piaceri per permettere ancora una volta di apprezzare le bellezze, le peculiarit&agrave; e le prelibatezze di una terra ricca e ospitale.</p>\r\n<p class=\"caps\">Dal 12 settembre si dar&agrave; il via alla prossima edizione che per quattro giornate animer&agrave; la citt&agrave; con i suoi stand enogastronomici dove poter gustare i mille sapori della nostra regione, ma come sempre Friuli Doc non &egrave; solo questo. Infatti un centinaio di spettacoli musicali, bande, gruppi folkloristici, animazione da strada e laboratori per bambini animeranno le vie e le piazze cittadine e inoltre per i pi&ugrave; curiosi non mancheranno gli appuntamenti culturali con numerosi incontri, presentazioni, mostre e visite guidate.</p>'),
	(5,1,'',''),
	(5,4,'',''),
	(5,5,'Pordenone Legge','<p>Festa del libro con gli autori. Pordenonelegge unisce le persone sulla base dell&rsquo;amore pi&ugrave; bello che esista, l&rsquo;amore per le storie, per i racconti, per i sogni: in una parola, per la letteratura.<br /> Scrittori, filosofi, giornalisti, poeti, artisti si sono alternati in un palco ideale dove non esistono differenze di ruolo, ma dove suona la parola di una cultura che si confronta per necessit&agrave;, verit&agrave; e vocazione, con i problemi reali del nostro tempo.<br /> La manifestazione, come una vera e propria festa nel centro storico della citt&agrave;, &egrave; un&rsquo;occasione per far apprezzare il territorio pordenonese alle oltre 100 mila persone che hanno raggiunto Pordenone per il festival, con un notevole incremento di pubblico agli incontri. Una pacifica invasione che colora piazze, caff&egrave;, palazzi storici, ristoranti e negozi della citt&agrave;; da mattina a sera.<br /> Gli incontri (oltre 200) distribuiti in 40 sedi vengono affollati dai numerosissimi lettori-spettatori che cercano nella vasta offerta del programma quel particolare percorso di dialoghi ed eventi in grado la &ldquo;loro&rdquo; manifestazione.<br /> A Pordenone, grazie al festival, sono passati i grandi nomi della letteratura italiana e internazionale cos&igrave; che la citt&agrave; viene ormai definita la &ldquo;piccola capitale del libro&rdquo;.<br /> La partecipazione a tutti gli incontri &egrave; gratuita.</p>'),
	(6,1,'',''),
	(6,4,'',''),
	(6,5,'Gusti di frontiera','<p>Dal 27 al 29 settembre 2013 torna <strong>&ldquo;Gusti di Frontiera&rdquo;</strong>: contaminazioni, storie di culture che si intrecciano, influenze e tradizioni che riemergono con i vini, i prodotti tipici, i sapori e i profumi che vivranno nelle vie e nelle piazze del&nbsp; nuovo centro cittadino. <br /> <br /> Gorizia, sempre protagonista nelle specialit&agrave; culinarie delle terre d&rsquo;Europa, aspetta i suoi turisti e visitatori.</p>'),
	(7,1,'',''),
	(7,4,'',''),
	(7,5,'Barcolana','<p>Edizione numero 45 per questa grande festa del mare, occasione di incontro per pi&ugrave; di 20 mila velisti di fronte a un pubblico di oltre 300 mila persone: la pi&ugrave; affollata e amata regata del Mediterraneo. L\'appuntamento per quest\'anno &egrave; fissato per il&nbsp;14 ottobre: la regata torner&agrave; ad animare la citt&agrave;, le Rive e il Molo IV del Porto Vecchio. Attorno e dentro alla corsa per la vittoria, il contesto della grande festa: la <strong>Barcolina</strong> (5 -6 ottobre). Ad arricchire l\'evento, la <strong>Barcolana di Notte</strong> (11-&nbsp;12 ottobre), <strong>la Barcolana Classic</strong> (12 ottobre). A terra, invece, la festa continua con&nbsp; il <strong>Villaggio Barcolana</strong>&nbsp; - <strong>Barcolana</strong> <strong>di carta</strong> <strong>,</strong> la 5^ rassegna del libro di mare, appuntamenti culturali per tutti gli appassionati di letteratura di mare. Inoltre, verr&agrave; allestita un\'arena nel cuore del villaggio Barcolana, che ospiter&agrave; incontri e intrattenimenti vari.</p>'),
	(8,1,'',''),
	(8,4,'',''),
	(8,5,'Festa della Zucca','<p>La Festa della Zucca &egrave; una manifestazione quasi unica per la sua maniera un p&ograve; goliardica di interpretare le antiche cronache della Terra di Venzone. Nata quasi per caso nel 1991, mixando voglia di nuovo, ricerca di originalit&agrave; e tanta buona volont&agrave;. Il successo poi, come sempre, l\'ha decretato la gente, giungendo in paese persino dall\'estero, per trascorrervi alcune ore divertenti, tra intrattenimento, buona cucina, storia e folclore: questo &egrave; la Festa della Zucca, che anima Venzone <strong>il quarto finesettimana di ottobre di ogni anno</strong>. Per il centro storico della cittadina medievale ecco allora sbucare come per incanto - come usciti da una fiaba o, se si&nbsp;preferisce, da un libro di storia - musici e giocolieri, mangiafuoco, nobildonne e cavalieri, personaggi come il Sindaco della Zucca ed i membri della Sacra ArciConfraternita della Zucca, i terribili armigeri, il ciarlatano ed il mendicante, il rustico con i pennuti e tanti altri. Ma al centro di tutto c\'&egrave; sua maest&agrave; la zucca. Zucche dappertutto: in piazza, nelle vetrine, nelle locande e taverne, sulle bancarelle, zucche condite in ogni salsa, in grado di soddisfare anche il palato pi&ugrave; curioso ed esigente, zucche di ogni forma e dimensione, poi addirittura misurate con quell\'estemporaneo marchingegno che &egrave; lo zuccometro. Non basta: c\'&egrave; anche la mostra concorso dei preziosi (e spesso dimenticati) ortaggi: zucche intagliate o decorate in mille maniere, tanto da diventare delle piccole opere d\'arte. <br />Un premio particolare va alla pi&ugrave; pesante: si sono avute zucche anche di 251 kg!</p>'),
	(9,1,'',''),
	(9,4,'',''),
	(9,5,'Gemona, formaggio e... dintorni!','<p>Per un intero fine settimana Gemona del Friuli diventa la &ldquo;golosa&rdquo; meta per tutti coloro che amano il formaggio ed il centro cittadino lo scenario per questa manifestazione, nata per valorizzare l&rsquo;importante produzione casearia delle latterie locali.<br />Questo evento si svolge in concomitanza con la Festa del Ringraziamento e sono numerosi gli &ldquo;stand enogastronomici&rdquo; per la degustazione delle varie specialit&agrave; dai delicati o decisi sapori di formaggio, accompagnati dai vini regionali ed italiani; un&rsquo;occasione per riscoprire prodotti tipici, ma anche&nbsp; un&rsquo;opportunit&agrave; per scoprirne di nuovi ed apprezzare le specialit&agrave; casearie delle regioni ospiti. <br />Oltre alla grande Mostra-mercato sono numerose le iniziative collaterali: visita ad una stalla, mostre ed esposizioni, animazioni musicali, convegni, degustazioni guidate, gare e concorsi tematici, la fattoria degli animali e molto altro ancora.</p>'),
	(10,1,'',''),
	(10,4,'',''),
	(10,5,'Concerto Radiohead ',''),
	(11,1,'',''),
	(11,4,'',''),
	(11,5,'Il cammino di Pietro','<p>&nbsp;</p>\r\n<p><strong>La mostra giunge ad Illegio (Tolmezzo) dopo essere stata proposta a Castel Sant&rsquo;Angelo a Roma. Quaranta opere, da Oriente a Occidente, che percorrono la storia della cristianit&agrave; dal IV al XX secolo.</strong></p>\r\n<p>Dipinti e sculture di artisti d&rsquo;eccezione quali Lorenzo Veneziano, Garofalo, Guercino, Gerrit van Honthorst, Luca Giordano, Mattia Preti, Simon Vouet, Vasilij Dmitrievic Polenov, Eug&eacute;ne Burnand. Non mancano inediti che finalmente possono essere pubblicamente ammirati.<br /> <br /> Le opere d&rsquo;arte esposte, narrano la storia di un uomo nel quale tutti possono riconoscersi almeno in parte: Pietro, l&rsquo;apostolo scelto da Ges&ugrave; come roccia della fede.</p>\r\n<p><strong>L&rsquo;obiettivo della mostra &egrave; far capire cos&rsquo;&egrave; veramente la fede oltre a voler cancellare la distanza di tempo e di spazio che separa noi dagli eventi documentati nei Vangeli, per farcene diventare contemporanei.<br /></strong></p>'),
	(12,1,'',''),
	(12,4,'',''),
	(12,5,'Réclame','<p><strong>Lasciati rapire dai vivaci manifesti pubblicitari, dal cinema, dai miti e dalle cartoline racchiusi in questa splendida mostra a Gorizia....</strong></p>\r\n<p>Ripercorri la ricca attivit&agrave; cartellonistica dello Stabilimento litografico Passero-Chiesa di Udine. Sorprendenti manifesti pubblicitari dai colori eccezionali, straordinari bozzetti, tabelle pubblicitarie di latta e pietre litografiche, tavole illustranti vedute di varie citt&agrave; italiane vi lasceranno a bocca aperta.</p>\r\n<p><strong>Una carrellata completa sulla produzione di fine Ottocento - inizio Novecento di quella che fu una delle principali imprese tipolitografiche del nord Italia.</strong></p>'),
	(13,1,'',''),
	(13,4,'',''),
	(13,5,'Vajont - Per non dimenticare!','<p style=\"text-align: left;\" align=\"center\"><strong>Non solo turismo...ma anche memoria e ricordo!</strong></p>\r\n<p style=\"text-align: left;\" align=\"center\"><strong>In occasione del 50&deg; anniversario della tragedia del 9 ottobre 1963, riprendono le visite guidate da domenica 31 marzo a domenica 3 novembre 2013 a Erto e Casso, zone dove rimangono segni indelebili. </strong></p>\r\n<p style=\"text-align: left;\" align=\"center\">Camminare sulla sommit&agrave; della diga miracolosamente rimasta intatta insieme al racconto di un informatore della memoria sar&agrave; sicuramente un esperienza ricca di emozioni.</p>\r\n<p style=\"text-align: left;\" align=\"center\">Visite guidate per chi vuole conoscere com&rsquo;&egrave; nata la tragedia e i luoghi simbolo del disastro del Vajont, dove entrare in punta di piedi.</p>\r\n<p style=\"text-align: left;\" align=\"center\">Merita inoltre una visita il museo dedicato alla diga del Vajont presso il &ldquo;Centro Visite del Parco Naturale Regionale delle Dolomiti Friulane di Erto e Casso&rdquo;, uno tra i pi&ugrave; importanti e completi centri di documentazione sul disastro, descrive in modo dettagliato e scientifico l\'intera vicenda dalla progettazione del bacino idroelettrico del \"grande Vajont\" fino alla tragedia. Avrete la possibilit&agrave; di osservare la ricostruzione grafica della frana e filmati originali dell\'epoca, di avere quindi una visione globale della catastrofe.<strong><br /></strong></p>'),
	(14,1,'',''),
	(14,4,'',''),
	(14,5,'Giorgio Celiberti a Villa Manin','<p style=\"text-align: left;\" align=\"center\"><strong>A sorpresa il nome di Giorgio Celiberti a villa Manin</strong></p>\r\n<p style=\"text-align: left;\" align=\"center\">Le circa 200 opere che presto riempiranno i saloni della residenza napoleonica saranno per la maggior parte inedite. Davvero poche, nel panorama complessivo, le creazioni provenienti da collezioni private.</p>\r\n<p style=\"text-align: left;\" align=\"center\">Un Celiberti quindi inedito che non vi deluder&agrave;!</p>\r\n<p style=\"text-align: left;\" align=\"center\">Anteprima a Cividale il 18 maggio, nell&rsquo;ex chiesa di San Francesco, con una presentazione-concerto accompagnata dalle note del jazzista e compositore Glauco Venier.</p>'),
	(15,1,'',''),
	(15,4,'',''),
	(15,5,'Live Frecce Tricolori','<p style=\"text-align: left;\" align=\"center\"><strong>T</strong><strong>ornano le visite guidate alla base aeronautica di Rivolto, sede delle Frecce Tricolori.</strong></p>\r\n<p style=\"text-align: left;\">Anche quest&rsquo;anno, l&rsquo;Agenzia TurismoFVG e l&rsquo;Aeronautica Militare ripropongono gli appuntamenti con le Frecce Tricolori che permettono ai turisti e appassionati di scoprire da vicino il mondo della Pattuglia Acrobatica Nazionale.</p>\r\n<p style=\"text-align: left;\">Potrete scoprire tutti i segreti del volo acrobatico durante una<strong> visita di circa tre ore arricchita da filmati</strong> e dalla presenza del personale dell&rsquo;Aeronautica Militare che illustrer&agrave; le caratteristiche dei velivoli, le tecniche di volo e la vita quotidiana della base. Particolare attenzione sar&agrave; dedicata alle attrezzature di cui sono dotati i piloti e nel percorso i visitatori avranno anche l&rsquo;opportunit&agrave; di <strong>vedere da vicino l&rsquo;Aermacchi MB339</strong>, il velivolo attualmente adottato dalle Frecce Tricolori. I pi&ugrave; fortunati, inoltre, avranno l&rsquo;occasione di assistere all&rsquo;<strong>addestramento in volo</strong>.</p>'),
	(16,1,'',''),
	(16,4,'',''),
	(16,5,'Concerto dei Kiss',''),
	(17,1,'',''),
	(17,4,'',''),
	(17,5,'Concerto dei Rammstein',''),
	(18,1,'',''),
	(18,4,'',''),
	(18,5,'Concerto dei Deep Purple',''),
	(19,1,'',''),
	(19,4,'',''),
	(19,5,'Concerto di David Guetta','');



# Dump of table pr_events_messages
# ------------------------------------------------------------


CREATE TABLE `pr_events_messages` (
  `id_event` int(11) NOT NULL,
  `subject` varchar(255) NOT NULL,
  `message` text NOT NULL,
  `sent` timestamp NOT NULL DEFAULT CURRENT_TIMESTAMP
) ENGINE=MyISAM DEFAULT CHARSET=utf8;



# Dump of table pr_facebook_customer
# ------------------------------------------------------------


CREATE TABLE `pr_facebook_customer` (
  `customer_id` int(10) NOT NULL,
  `fb_id` bigint(20) NOT NULL,
  UNIQUE KEY `FB_CUSTOMER` (`customer_id`,`fb_id`)
) ENGINE=InnoDB DEFAULT CHARSET=utf8;



# Dump of table pr_favorite_product
# ------------------------------------------------------------


CREATE TABLE `pr_favorite_product` (
  `id_favorite_product` int(10) unsigned NOT NULL AUTO_INCREMENT,
  `id_product` int(10) unsigned NOT NULL,
  `id_customer` int(10) unsigned NOT NULL,
  `id_shop` int(10) unsigned NOT NULL,
  `date_add` datetime NOT NULL,
  `date_upd` datetime NOT NULL,
  PRIMARY KEY (`id_favorite_product`)
) ENGINE=InnoDB DEFAULT CHARSET=utf8;



# Dump of table pr_feature
# ------------------------------------------------------------


CREATE TABLE `pr_feature` (
  `id_feature` int(10) unsigned NOT NULL AUTO_INCREMENT,
  `position` int(10) unsigned NOT NULL DEFAULT '0',
  PRIMARY KEY (`id_feature`)
) ENGINE=InnoDB DEFAULT CHARSET=utf8;



# Dump of table pr_feature_lang
# ------------------------------------------------------------


CREATE TABLE `pr_feature_lang` (
  `id_feature` int(10) unsigned NOT NULL,
  `id_lang` int(10) unsigned NOT NULL,
  `name` varchar(128) DEFAULT NULL,
  PRIMARY KEY (`id_feature`,`id_lang`),
  KEY `feature_name` (`id_lang`,`name`)
) ENGINE=InnoDB DEFAULT CHARSET=utf8;



# Dump of table pr_feature_product
# ------------------------------------------------------------


CREATE TABLE `pr_feature_product` (
  `id_feature` int(10) unsigned NOT NULL,
  `id_product` int(10) unsigned NOT NULL,
  `id_feature_value` int(10) unsigned NOT NULL,
  PRIMARY KEY (`id_feature`,`id_product`),
  KEY `id_feature_value` (`id_feature_value`),
  KEY `id_product` (`id_product`)
) ENGINE=InnoDB DEFAULT CHARSET=utf8;



# Dump of table pr_feature_shop
# ------------------------------------------------------------


CREATE TABLE `pr_feature_shop` (
  `id_feature` int(11) unsigned NOT NULL,
  `id_shop` int(11) unsigned NOT NULL,
  PRIMARY KEY (`id_feature`,`id_shop`),
  KEY `id_shop` (`id_shop`)
) ENGINE=InnoDB DEFAULT CHARSET=utf8;



# Dump of table pr_feature_value
# ------------------------------------------------------------


CREATE TABLE `pr_feature_value` (
  `id_feature_value` int(10) unsigned NOT NULL AUTO_INCREMENT,
  `id_feature` int(10) unsigned NOT NULL,
  `custom` tinyint(3) unsigned DEFAULT NULL,
  PRIMARY KEY (`id_feature_value`),
  KEY `feature` (`id_feature`)
) ENGINE=InnoDB DEFAULT CHARSET=utf8;



# Dump of table pr_feature_value_lang
# ------------------------------------------------------------


CREATE TABLE `pr_feature_value_lang` (
  `id_feature_value` int(10) unsigned NOT NULL,
  `id_lang` int(10) unsigned NOT NULL,
  `value` varchar(255) DEFAULT NULL,
  PRIMARY KEY (`id_feature_value`,`id_lang`)
) ENGINE=InnoDB DEFAULT CHARSET=utf8;



# Dump of table pr_fianet_seal
# ------------------------------------------------------------


CREATE TABLE `pr_fianet_seal` (
  `id` int(10) unsigned NOT NULL AUTO_INCREMENT,
  `id_order` int(10) unsigned NOT NULL,
  `upload_success` int(10) unsigned NOT NULL,
  `valid` int(10) unsigned NOT NULL,
  `status` int(10) unsigned NOT NULL,
  `date_upd` datetime NOT NULL,
  `date_add` datetime NOT NULL,
  PRIMARY KEY (`id`)
) ENGINE=MyISAM DEFAULT CHARSET=latin1;



# Dump of table pr_gender
# ------------------------------------------------------------


CREATE TABLE `pr_gender` (
  `id_gender` int(11) NOT NULL AUTO_INCREMENT,
  `type` tinyint(1) NOT NULL,
  PRIMARY KEY (`id_gender`)
) ENGINE=InnoDB DEFAULT CHARSET=utf8;


INSERT INTO `pr_gender` (`id_gender`, `type`)
VALUES
	(1,0),
	(2,1),
	(3,1),
	(4,2);



# Dump of table pr_gender_lang
# ------------------------------------------------------------


CREATE TABLE `pr_gender_lang` (
  `id_gender` int(10) unsigned NOT NULL,
  `id_lang` int(10) unsigned NOT NULL,
  `name` varchar(20) NOT NULL,
  PRIMARY KEY (`id_gender`,`id_lang`),
  KEY `id_gender` (`id_gender`)
) ENGINE=InnoDB DEFAULT CHARSET=utf8;


INSERT INTO `pr_gender_lang` (`id_gender`, `id_lang`, `name`)
VALUES
	(1,1,'Mr.'),
	(1,2,'M.'),
	(1,3,'Sr.'),
	(1,4,'Herr'),
	(1,5,'Sig.'),
	(2,1,'Ms.'),
	(2,2,'Mme'),
	(2,3,'Sra.'),
	(2,4,'Frau'),
	(2,5,'Sig.ra'),
	(3,1,'Miss'),
	(3,2,'Melle'),
	(3,3,'Miss'),
	(3,4,'Miss'),
	(3,5,'Miss'),
	(4,1,'Unknown'),
	(4,2,'Unbekannte'),
	(4,3,'Desconocido'),
	(4,4,'Inconnu'),
	(4,5,'Sconosciuto');



# Dump of table pr_group
# ------------------------------------------------------------


CREATE TABLE `pr_group` (
  `id_group` int(10) unsigned NOT NULL AUTO_INCREMENT,
  `reduction` decimal(17,2) NOT NULL DEFAULT '0.00',
  `price_display_method` tinyint(4) NOT NULL DEFAULT '0',
  `show_prices` tinyint(1) unsigned NOT NULL DEFAULT '1',
  `date_add` datetime NOT NULL,
  `date_upd` datetime NOT NULL,
  PRIMARY KEY (`id_group`)
) ENGINE=InnoDB DEFAULT CHARSET=utf8;


INSERT INTO `pr_group` (`id_group`, `reduction`, `price_display_method`, `show_prices`, `date_add`, `date_upd`)
VALUES
	(1,0.00,1,1,'2012-02-15 09:02:48','2012-06-07 12:34:51'),
	(2,0.00,0,1,'2012-05-28 19:06:23','2012-05-28 19:06:23'),
	(3,0.00,0,1,'2013-01-16 17:12:06','2013-01-16 17:12:06'),
	(4,0.00,0,1,'2013-01-16 17:12:06','2013-01-16 17:12:06');



# Dump of table pr_group_lang
# ------------------------------------------------------------


CREATE TABLE `pr_group_lang` (
  `id_group` int(10) unsigned NOT NULL,
  `id_lang` int(10) unsigned NOT NULL,
  `name` varchar(32) NOT NULL,
  PRIMARY KEY (`id_group`,`id_lang`)
) ENGINE=InnoDB DEFAULT CHARSET=utf8;


INSERT INTO `pr_group_lang` (`id_group`, `id_lang`, `name`)
VALUES
	(1,1,'Default'),
	(1,2,'Défaut'),
	(1,3,'Predeterminado'),
	(1,4,'Default'),
	(1,5,'Privati'),
	(2,1,'Agenzie e TO'),
	(2,2,'Agenzie e TO'),
	(2,3,'Agenzie e TO'),
	(2,4,'Agenzie e TO'),
	(2,5,'Agenzie e TO'),
	(3,1,'Visitor'),
	(3,2,'Visiteur'),
	(3,3,'Visitor'),
	(3,4,'Visitor'),
	(3,5,'Visitor'),
	(4,1,'Guest'),
	(4,2,'Invité'),
	(4,3,'Guest'),
	(4,4,'Guest'),
	(4,5,'Guest');



# Dump of table pr_group_reduction
# ------------------------------------------------------------


CREATE TABLE `pr_group_reduction` (
  `id_group_reduction` mediumint(8) unsigned NOT NULL AUTO_INCREMENT,
  `id_group` int(10) unsigned NOT NULL,
  `id_category` int(10) unsigned NOT NULL,
  `reduction` decimal(4,4) NOT NULL,
  PRIMARY KEY (`id_group_reduction`),
  UNIQUE KEY `id_group` (`id_group`,`id_category`)
) ENGINE=InnoDB DEFAULT CHARSET=utf8;


INSERT INTO `pr_group_reduction` (`id_group_reduction`, `id_group`, `id_category`, `reduction`)
VALUES
	(1,2,8,0.0000);



# Dump of table pr_group_shop
# ------------------------------------------------------------


CREATE TABLE `pr_group_shop` (
  `id_group` int(11) unsigned NOT NULL,
  `id_shop` int(11) unsigned NOT NULL,
  PRIMARY KEY (`id_group`,`id_shop`),
  KEY `id_shop` (`id_shop`)
) ENGINE=InnoDB DEFAULT CHARSET=utf8;


INSERT INTO `pr_group_shop` (`id_group`, `id_shop`)
VALUES
	(1,1),
	(2,1);



# Dump of table pr_guest
# ------------------------------------------------------------


CREATE TABLE `pr_guest` (
  `id_guest` int(10) unsigned NOT NULL AUTO_INCREMENT,
  `id_operating_system` int(10) unsigned DEFAULT NULL,
  `id_web_browser` int(10) unsigned DEFAULT NULL,
  `id_customer` int(10) unsigned DEFAULT NULL,
  `javascript` tinyint(1) DEFAULT '0',
  `screen_resolution_x` smallint(5) unsigned DEFAULT NULL,
  `screen_resolution_y` smallint(5) unsigned DEFAULT NULL,
  `screen_color` tinyint(3) unsigned DEFAULT NULL,
  `sun_java` tinyint(1) DEFAULT NULL,
  `adobe_flash` tinyint(1) DEFAULT NULL,
  `adobe_director` tinyint(1) DEFAULT NULL,
  `apple_quicktime` tinyint(1) DEFAULT NULL,
  `real_player` tinyint(1) DEFAULT NULL,
  `windows_media` tinyint(1) DEFAULT NULL,
  `accept_language` varchar(8) DEFAULT NULL,
  PRIMARY KEY (`id_guest`),
  KEY `id_customer` (`id_customer`),
  KEY `id_operating_system` (`id_operating_system`),
  KEY `id_web_browser` (`id_web_browser`)
) ENGINE=InnoDB DEFAULT CHARSET=utf8;


INSERT INTO `pr_guest` (`id_guest`, `id_operating_system`, `id_web_browser`, `id_customer`, `javascript`, `screen_resolution_x`, `screen_resolution_y`, `screen_color`, `sun_java`, `adobe_flash`, `adobe_director`, `apple_quicktime`, `real_player`, `windows_media`, `accept_language`)
VALUES
	(1,1,3,1,1,1680,1050,32,1,1,0,1,1,0,'en-us'),
	(2,3,8,0,0,0,0,0,0,0,0,0,0,0,''),
	(3,3,0,0,0,0,0,0,0,0,0,0,0,0,'it-it'),
	(4,2,0,0,0,0,0,0,0,0,0,0,0,0,'it-it'),
	(5,2,0,0,0,0,0,0,0,0,0,0,0,0,''),
	(6,2,6,0,0,0,0,0,0,0,0,0,0,0,'it'),
	(7,3,3,0,0,0,0,0,0,0,0,0,0,0,'en-us'),
	(8,2,0,0,0,0,0,0,0,0,0,0,0,0,''),
	(9,2,0,0,0,0,0,0,0,0,0,0,0,0,''),
	(10,2,0,0,0,0,0,0,0,0,0,0,0,0,''),
	(11,2,0,0,0,0,0,0,0,0,0,0,0,0,''),
	(12,2,0,0,0,0,0,0,0,0,0,0,0,0,''),
	(13,2,0,0,0,0,0,0,0,0,0,0,0,0,''),
	(14,2,0,0,0,0,0,0,0,0,0,0,0,0,''),
	(15,2,0,0,0,0,0,0,0,0,0,0,0,0,''),
	(16,3,0,2,0,0,0,0,0,0,0,0,0,0,'it'),
	(17,2,0,0,0,0,0,0,0,0,0,0,0,0,''),
	(19,2,0,0,0,0,0,0,0,0,0,0,0,0,''),
	(20,2,0,0,0,0,0,0,0,0,0,0,0,0,'it-it'),
	(21,2,0,0,0,0,0,0,0,0,0,0,0,0,''),
	(22,2,0,0,0,0,0,0,0,0,0,0,0,0,''),
	(23,2,3,0,0,0,0,0,0,0,0,0,0,0,''),
	(24,2,0,0,0,0,0,0,0,0,0,0,0,0,''),
	(25,1,3,0,0,0,0,0,0,0,0,0,0,0,'en-us'),
	(26,1,3,0,0,0,0,0,0,0,0,0,0,0,'en-us'),
	(27,2,0,0,0,0,0,0,0,0,0,0,0,0,''),
	(28,2,0,0,0,0,0,0,0,0,0,0,0,0,''),
	(29,2,0,0,0,0,0,0,0,0,0,0,0,0,''),
	(30,2,0,0,0,0,0,0,0,0,0,0,0,0,''),
	(31,2,0,0,0,0,0,0,0,0,0,0,0,0,''),
	(32,2,0,0,0,0,0,0,0,0,0,0,0,0,''),
	(33,2,0,0,0,0,0,0,0,0,0,0,0,0,''),
	(34,2,0,0,0,0,0,0,0,0,0,0,0,0,''),
	(35,2,0,0,0,0,0,0,0,0,0,0,0,0,''),
	(36,2,0,0,0,0,0,0,0,0,0,0,0,0,''),
	(37,2,0,0,0,0,0,0,0,0,0,0,0,0,''),
	(38,2,0,0,0,0,0,0,0,0,0,0,0,0,''),
	(39,2,0,0,0,0,0,0,0,0,0,0,0,0,''),
	(40,1,3,0,0,0,0,0,0,0,0,0,0,0,'en-us'),
	(41,1,3,0,0,0,0,0,0,0,0,0,0,0,'en-us'),
	(42,2,0,0,0,0,0,0,0,0,0,0,0,0,''),
	(43,2,0,0,0,0,0,0,0,0,0,0,0,0,''),
	(44,2,0,0,0,0,0,0,0,0,0,0,0,0,''),
	(45,2,0,0,0,0,0,0,0,0,0,0,0,0,''),
	(46,2,0,0,0,0,0,0,0,0,0,0,0,0,''),
	(47,0,8,0,0,0,0,0,0,0,0,0,0,0,''),
	(48,0,8,0,0,0,0,0,0,0,0,0,0,0,''),
	(49,2,0,0,0,0,0,0,0,0,0,0,0,0,''),
	(50,2,0,0,0,0,0,0,0,0,0,0,0,0,''),
	(51,3,0,0,0,0,0,0,0,0,0,0,0,0,'it-it'),
	(52,3,8,0,0,0,0,0,0,0,0,0,0,0,'it'),
	(53,4,0,0,0,0,0,0,0,0,0,0,0,0,'en-us'),
	(54,2,0,0,0,0,0,0,0,0,0,0,0,0,''),
	(55,2,0,5,0,0,0,0,0,0,0,0,0,0,'it-it'),
	(56,2,0,0,0,0,0,0,0,0,0,0,0,0,''),
	(57,2,6,0,0,0,0,0,0,0,0,0,0,0,'it'),
	(58,1,8,0,0,0,0,0,0,0,0,0,0,0,''),
	(59,1,6,0,0,0,0,0,0,0,0,0,0,0,'en'),
	(60,2,0,0,0,0,0,0,0,0,0,0,0,0,''),
	(61,1,6,0,0,0,0,0,0,0,0,0,0,0,'en'),
	(62,2,0,0,0,0,0,0,0,0,0,0,0,0,''),
	(63,2,0,0,0,0,0,0,0,0,0,0,0,0,''),
	(64,2,0,0,0,0,0,0,0,0,0,0,0,0,''),
	(65,1,3,0,0,0,0,0,0,0,0,0,0,0,'en-us'),
	(66,1,3,0,0,0,0,0,0,0,0,0,0,0,'en-us'),
	(67,2,0,0,0,0,0,0,0,0,0,0,0,0,''),
	(68,2,0,0,0,0,0,0,0,0,0,0,0,0,''),
	(69,3,1,0,0,0,0,0,0,0,0,0,0,0,'it-it'),
	(70,2,0,0,0,0,0,0,0,0,0,0,0,0,''),
	(71,2,0,0,0,0,0,0,0,0,0,0,0,0,''),
	(72,2,0,0,0,0,0,0,0,0,0,0,0,0,''),
	(73,2,0,0,0,0,0,0,0,0,0,0,0,0,''),
	(74,3,1,0,0,0,0,0,0,0,0,0,0,0,'it-it'),
	(75,1,7,0,0,0,0,0,0,0,0,0,0,0,'it'),
	(76,2,0,0,0,0,0,0,0,0,0,0,0,0,''),
	(77,3,0,0,0,0,0,0,0,0,0,0,0,0,'it-it'),
	(79,3,1,0,0,0,0,0,0,0,0,0,0,0,'it-it'),
	(80,3,1,0,0,0,0,0,0,0,0,0,0,0,'it-it'),
	(81,3,1,0,0,0,0,0,0,0,0,0,0,0,'it-it'),
	(82,2,6,0,0,0,0,0,0,0,0,0,0,0,''),
	(83,2,0,0,0,0,0,0,0,0,0,0,0,0,''),
	(84,2,0,0,0,0,0,0,0,0,0,0,0,0,''),
	(85,2,0,0,0,0,0,0,0,0,0,0,0,0,''),
	(86,2,0,0,0,0,0,0,0,0,0,0,0,0,''),
	(87,2,0,0,0,0,0,0,0,0,0,0,0,0,''),
	(88,1,5,0,0,0,0,0,0,0,0,0,0,0,'en-us'),
	(89,3,1,0,0,0,0,0,0,0,0,0,0,0,'it-it'),
	(90,2,0,0,0,0,0,0,0,0,0,0,0,0,''),
	(91,2,0,0,0,0,0,0,0,0,0,0,0,0,''),
	(92,2,0,0,0,0,0,0,0,0,0,0,0,0,''),
	(93,2,0,0,0,0,0,0,0,0,0,0,0,0,''),
	(94,2,0,0,0,0,0,0,0,0,0,0,0,0,''),
	(95,3,0,0,0,0,0,0,0,0,0,0,0,0,'it-it'),
	(96,2,0,0,0,0,0,0,0,0,0,0,0,0,''),
	(97,2,0,0,0,0,0,0,0,0,0,0,0,0,''),
	(98,2,0,0,0,0,0,0,0,0,0,0,0,0,''),
	(99,2,0,0,0,0,0,0,0,0,0,0,0,0,''),
	(100,2,0,0,0,0,0,0,0,0,0,0,0,0,''),
	(101,1,4,0,0,0,0,0,0,0,0,0,0,0,''),
	(102,2,0,0,0,0,0,0,0,0,0,0,0,0,''),
	(103,2,0,0,0,0,0,0,0,0,0,0,0,0,''),
	(104,2,0,0,0,0,0,0,0,0,0,0,0,0,''),
	(105,2,0,0,0,0,0,0,0,0,0,0,0,0,''),
	(106,2,0,0,0,0,0,0,0,0,0,0,0,0,''),
	(107,2,0,0,0,0,0,0,0,0,0,0,0,0,''),
	(108,2,0,0,0,0,0,0,0,0,0,0,0,0,''),
	(109,2,0,0,0,0,0,0,0,0,0,0,0,0,''),
	(110,2,0,0,0,0,0,0,0,0,0,0,0,0,''),
	(111,2,0,0,0,0,0,0,0,0,0,0,0,0,''),
	(112,3,1,0,0,0,0,0,0,0,0,0,0,0,'it-it'),
	(113,1,3,0,0,0,0,0,0,0,0,0,0,0,'en-us'),
	(114,1,3,0,0,0,0,0,0,0,0,0,0,0,'en-us'),
	(115,2,0,0,0,0,0,0,0,0,0,0,0,0,''),
	(116,2,0,0,0,0,0,0,0,0,0,0,0,0,''),
	(117,2,0,0,0,0,0,0,0,0,0,0,0,0,''),
	(118,2,0,0,0,0,0,0,0,0,0,0,0,0,''),
	(119,2,0,0,0,0,0,0,0,0,0,0,0,0,''),
	(120,4,0,0,0,0,0,0,0,0,0,0,0,0,''),
	(121,2,0,0,0,0,0,0,0,0,0,0,0,0,''),
	(122,2,0,0,0,0,0,0,0,0,0,0,0,0,''),
	(123,2,0,0,0,0,0,0,0,0,0,0,0,0,''),
	(124,2,0,0,0,0,0,0,0,0,0,0,0,0,''),
	(125,2,0,0,0,0,0,0,0,0,0,0,0,0,''),
	(126,2,0,0,0,0,0,0,0,0,0,0,0,0,''),
	(127,2,0,0,0,0,0,0,0,0,0,0,0,0,''),
	(128,2,0,0,0,0,0,0,0,0,0,0,0,0,''),
	(129,2,0,0,0,0,0,0,0,0,0,0,0,0,''),
	(130,2,0,0,0,0,0,0,0,0,0,0,0,0,''),
	(131,1,5,0,0,0,0,0,0,0,0,0,0,0,'zh-cn'),
	(132,2,0,0,0,0,0,0,0,0,0,0,0,0,''),
	(133,2,0,0,0,0,0,0,0,0,0,0,0,0,''),
	(134,2,0,0,0,0,0,0,0,0,0,0,0,0,''),
	(135,2,0,0,0,0,0,0,0,0,0,0,0,0,''),
	(136,2,0,0,0,0,0,0,0,0,0,0,0,0,''),
	(137,2,0,0,0,0,0,0,0,0,0,0,0,0,''),
	(138,2,0,0,0,0,0,0,0,0,0,0,0,0,''),
	(139,2,0,0,0,0,0,0,0,0,0,0,0,0,''),
	(140,2,0,0,0,0,0,0,0,0,0,0,0,0,''),
	(141,2,0,0,0,0,0,0,0,0,0,0,0,0,''),
	(142,2,0,0,0,0,0,0,0,0,0,0,0,0,''),
	(143,2,0,0,0,0,0,0,0,0,0,0,0,0,''),
	(144,2,0,0,0,0,0,0,0,0,0,0,0,0,''),
	(145,2,0,0,0,0,0,0,0,0,0,0,0,0,''),
	(146,2,0,0,0,0,0,0,0,0,0,0,0,0,''),
	(147,2,0,0,0,0,0,0,0,0,0,0,0,0,''),
	(148,2,0,0,0,0,0,0,0,0,0,0,0,0,''),
	(149,2,0,0,0,0,0,0,0,0,0,0,0,0,''),
	(150,2,0,0,0,0,0,0,0,0,0,0,0,0,''),
	(151,2,0,0,0,0,0,0,0,0,0,0,0,0,''),
	(152,1,7,0,0,0,0,0,0,0,0,0,0,0,''),
	(153,2,0,0,0,0,0,0,0,0,0,0,0,0,''),
	(154,2,0,0,0,0,0,0,0,0,0,0,0,0,''),
	(155,2,0,0,0,0,0,0,0,0,0,0,0,0,''),
	(156,2,0,0,0,0,0,0,0,0,0,0,0,0,''),
	(157,2,0,0,0,0,0,0,0,0,0,0,0,0,''),
	(158,1,5,0,0,0,0,0,0,0,0,0,0,0,'zh-cn'),
	(159,2,0,0,0,0,0,0,0,0,0,0,0,0,''),
	(160,2,0,0,0,0,0,0,0,0,0,0,0,0,''),
	(161,2,0,0,0,0,0,0,0,0,0,0,0,0,''),
	(162,2,0,0,0,0,0,0,0,0,0,0,0,0,''),
	(163,2,0,0,0,0,0,0,0,0,0,0,0,0,''),
	(164,2,0,0,0,0,0,0,0,0,0,0,0,0,''),
	(165,2,0,0,0,0,0,0,0,0,0,0,0,0,''),
	(166,2,0,0,0,0,0,0,0,0,0,0,0,0,''),
	(167,2,0,0,0,0,0,0,0,0,0,0,0,0,''),
	(168,2,0,0,0,0,0,0,0,0,0,0,0,0,''),
	(169,2,0,0,0,0,0,0,0,0,0,0,0,0,''),
	(173,1,0,0,0,0,0,0,0,0,0,0,0,0,'it-it'),
	(176,2,0,0,0,0,0,0,0,0,0,0,0,0,''),
	(177,2,0,0,0,0,0,0,0,0,0,0,0,0,''),
	(178,2,0,0,0,0,0,0,0,0,0,0,0,0,''),
	(179,2,0,0,0,0,0,0,0,0,0,0,0,0,''),
	(180,2,0,0,0,0,0,0,0,0,0,0,0,0,''),
	(188,1,7,0,0,0,0,0,0,0,0,0,0,0,''),
	(189,3,1,7,0,0,0,0,0,0,0,0,0,0,'it-it'),
	(199,1,3,0,0,0,0,0,0,0,0,0,0,0,''),
	(200,2,0,0,0,0,0,0,0,0,0,0,0,0,''),
	(201,2,0,0,0,0,0,0,0,0,0,0,0,0,''),
	(202,2,0,0,0,0,0,0,0,0,0,0,0,0,''),
	(203,2,0,0,0,0,0,0,0,0,0,0,0,0,''),
	(204,2,0,0,0,0,0,0,0,0,0,0,0,0,''),
	(206,4,0,0,0,0,0,0,0,0,0,0,0,0,''),
	(207,3,1,0,0,0,0,0,0,0,0,0,0,0,'fr-fr'),
	(208,3,0,0,0,0,0,0,0,0,0,0,0,0,'fr'),
	(210,3,1,0,0,0,0,0,0,0,0,0,0,0,'it-it'),
	(211,2,0,0,0,0,0,0,0,0,0,0,0,0,''),
	(212,2,0,0,0,0,0,0,0,0,0,0,0,0,''),
	(213,2,0,0,0,0,0,0,0,0,0,0,0,0,''),
	(214,2,0,0,0,0,0,0,0,0,0,0,0,0,''),
	(215,2,0,0,0,0,0,0,0,0,0,0,0,0,''),
	(216,1,3,0,0,0,0,0,0,0,0,0,0,0,'en-us'),
	(217,1,3,0,0,0,0,0,0,0,0,0,0,0,'en-us'),
	(218,2,0,0,0,0,0,0,0,0,0,0,0,0,''),
	(219,2,0,0,0,0,0,0,0,0,0,0,0,0,''),
	(220,2,0,0,0,0,0,0,0,0,0,0,0,0,''),
	(221,2,0,0,0,0,0,0,0,0,0,0,0,0,''),
	(222,2,0,0,0,0,0,0,0,0,0,0,0,0,''),
	(223,2,0,0,0,0,0,0,0,0,0,0,0,0,''),
	(224,2,0,0,0,0,0,0,0,0,0,0,0,0,''),
	(225,2,0,0,0,0,0,0,0,0,0,0,0,0,''),
	(226,2,0,0,0,0,0,0,0,0,0,0,0,0,''),
	(227,2,0,0,0,0,0,0,0,0,0,0,0,0,''),
	(228,2,0,0,0,0,0,0,0,0,0,0,0,0,''),
	(229,2,0,0,0,0,0,0,0,0,0,0,0,0,''),
	(230,4,0,0,0,0,0,0,0,0,0,0,0,0,''),
	(231,2,0,0,0,0,0,0,0,0,0,0,0,0,''),
	(232,2,0,0,0,0,0,0,0,0,0,0,0,0,''),
	(233,2,0,0,0,0,0,0,0,0,0,0,0,0,''),
	(234,2,0,0,0,0,0,0,0,0,0,0,0,0,''),
	(235,2,0,0,0,0,0,0,0,0,0,0,0,0,''),
	(236,2,0,0,0,0,0,0,0,0,0,0,0,0,''),
	(238,2,0,0,0,0,0,0,0,0,0,0,0,0,''),
	(239,2,0,0,0,0,0,0,0,0,0,0,0,0,''),
	(240,2,0,0,0,0,0,0,0,0,0,0,0,0,''),
	(241,2,0,0,0,0,0,0,0,0,0,0,0,0,''),
	(242,2,0,0,0,0,0,0,0,0,0,0,0,0,''),
	(243,2,0,0,0,0,0,0,0,0,0,0,0,0,''),
	(244,2,0,0,0,0,0,0,0,0,0,0,0,0,''),
	(245,2,0,0,0,0,0,0,0,0,0,0,0,0,''),
	(246,2,0,0,0,0,0,0,0,0,0,0,0,0,''),
	(247,2,0,0,0,0,0,0,0,0,0,0,0,0,''),
	(248,2,0,0,0,0,0,0,0,0,0,0,0,0,''),
	(249,2,0,0,0,0,0,0,0,0,0,0,0,0,''),
	(250,2,0,0,0,0,0,0,0,0,0,0,0,0,''),
	(251,2,0,0,0,0,0,0,0,0,0,0,0,0,''),
	(252,2,0,0,0,0,0,0,0,0,0,0,0,0,''),
	(253,2,0,0,0,0,0,0,0,0,0,0,0,0,''),
	(254,2,0,0,0,0,0,0,0,0,0,0,0,0,''),
	(255,2,0,0,0,0,0,0,0,0,0,0,0,0,''),
	(256,2,0,0,0,0,0,0,0,0,0,0,0,0,''),
	(257,2,0,0,0,0,0,0,0,0,0,0,0,0,''),
	(258,4,0,0,0,0,0,0,0,0,0,0,0,0,''),
	(259,1,5,0,0,0,0,0,0,0,0,0,0,0,'zh-cn'),
	(260,2,0,0,0,0,0,0,0,0,0,0,0,0,''),
	(261,2,0,0,0,0,0,0,0,0,0,0,0,0,''),
	(262,2,0,0,0,0,0,0,0,0,0,0,0,0,''),
	(263,2,0,0,0,0,0,0,0,0,0,0,0,0,''),
	(264,2,0,0,0,0,0,0,0,0,0,0,0,0,''),
	(265,2,0,0,0,0,0,0,0,0,0,0,0,0,''),
	(266,2,0,0,0,0,0,0,0,0,0,0,0,0,''),
	(267,2,0,0,0,0,0,0,0,0,0,0,0,0,''),
	(268,2,0,0,0,0,0,0,0,0,0,0,0,0,''),
	(269,2,0,0,0,0,0,0,0,0,0,0,0,0,''),
	(270,2,0,0,0,0,0,0,0,0,0,0,0,0,''),
	(271,2,0,0,0,0,0,0,0,0,0,0,0,0,''),
	(272,1,5,0,0,0,0,0,0,0,0,0,0,0,''),
	(273,2,0,0,0,0,0,0,0,0,0,0,0,0,''),
	(274,2,0,0,0,0,0,0,0,0,0,0,0,0,''),
	(275,2,0,0,0,0,0,0,0,0,0,0,0,0,''),
	(276,2,0,0,0,0,0,0,0,0,0,0,0,0,''),
	(277,2,0,0,0,0,0,0,0,0,0,0,0,0,''),
	(278,2,0,0,0,0,0,0,0,0,0,0,0,0,''),
	(279,2,0,0,0,0,0,0,0,0,0,0,0,0,''),
	(280,2,0,0,0,0,0,0,0,0,0,0,0,0,''),
	(281,2,0,0,0,0,0,0,0,0,0,0,0,0,''),
	(282,2,0,0,0,0,0,0,0,0,0,0,0,0,''),
	(283,2,0,0,0,0,0,0,0,0,0,0,0,0,''),
	(284,2,0,0,0,0,0,0,0,0,0,0,0,0,''),
	(285,2,0,0,0,0,0,0,0,0,0,0,0,0,''),
	(286,2,0,0,0,0,0,0,0,0,0,0,0,0,''),
	(287,1,6,0,0,0,0,0,0,0,0,0,0,0,'en-us'),
	(288,4,0,0,0,0,0,0,0,0,0,0,0,0,''),
	(289,2,0,0,0,0,0,0,0,0,0,0,0,0,''),
	(290,2,0,0,0,0,0,0,0,0,0,0,0,0,''),
	(291,2,0,0,0,0,0,0,0,0,0,0,0,0,''),
	(292,2,0,0,0,0,0,0,0,0,0,0,0,0,''),
	(293,2,0,0,0,0,0,0,0,0,0,0,0,0,''),
	(294,2,0,0,0,0,0,0,0,0,0,0,0,0,''),
	(295,1,3,0,0,0,0,0,0,0,0,0,0,0,'en-us'),
	(296,1,3,0,0,0,0,0,0,0,0,0,0,0,'en-us'),
	(297,2,0,0,0,0,0,0,0,0,0,0,0,0,''),
	(298,2,0,0,0,0,0,0,0,0,0,0,0,0,''),
	(299,2,0,0,0,0,0,0,0,0,0,0,0,0,''),
	(300,2,0,0,0,0,0,0,0,0,0,0,0,0,''),
	(301,2,0,0,0,0,0,0,0,0,0,0,0,0,''),
	(302,2,0,0,0,0,0,0,0,0,0,0,0,0,''),
	(303,2,0,0,0,0,0,0,0,0,0,0,0,0,''),
	(304,2,0,0,0,0,0,0,0,0,0,0,0,0,''),
	(305,2,0,0,0,0,0,0,0,0,0,0,0,0,''),
	(306,2,0,0,0,0,0,0,0,0,0,0,0,0,''),
	(307,2,0,0,0,0,0,0,0,0,0,0,0,0,''),
	(308,2,0,0,0,0,0,0,0,0,0,0,0,0,''),
	(309,2,0,0,0,0,0,0,0,0,0,0,0,0,''),
	(310,2,0,0,0,0,0,0,0,0,0,0,0,0,''),
	(311,2,0,0,0,0,0,0,0,0,0,0,0,0,''),
	(312,2,0,0,0,0,0,0,0,0,0,0,0,0,''),
	(313,2,0,0,0,0,0,0,0,0,0,0,0,0,''),
	(314,2,0,0,0,0,0,0,0,0,0,0,0,0,''),
	(315,4,0,0,0,0,0,0,0,0,0,0,0,0,''),
	(316,2,0,0,0,0,0,0,0,0,0,0,0,0,''),
	(317,2,0,0,0,0,0,0,0,0,0,0,0,0,''),
	(318,2,0,0,0,0,0,0,0,0,0,0,0,0,''),
	(319,2,0,0,0,0,0,0,0,0,0,0,0,0,''),
	(320,2,0,0,0,0,0,0,0,0,0,0,0,0,''),
	(321,2,0,0,0,0,0,0,0,0,0,0,0,0,''),
	(322,2,0,0,0,0,0,0,0,0,0,0,0,0,''),
	(323,2,0,0,0,0,0,0,0,0,0,0,0,0,''),
	(324,2,0,0,0,0,0,0,0,0,0,0,0,0,''),
	(325,2,0,0,0,0,0,0,0,0,0,0,0,0,''),
	(326,2,0,0,0,0,0,0,0,0,0,0,0,0,''),
	(327,2,0,0,0,0,0,0,0,0,0,0,0,0,''),
	(328,4,8,0,0,0,0,0,0,0,0,0,0,0,''),
	(329,4,8,0,0,0,0,0,0,0,0,0,0,0,''),
	(330,2,0,0,0,0,0,0,0,0,0,0,0,0,''),
	(331,2,0,0,0,0,0,0,0,0,0,0,0,0,''),
	(332,2,0,0,0,0,0,0,0,0,0,0,0,0,''),
	(333,2,0,0,0,0,0,0,0,0,0,0,0,0,''),
	(334,2,0,0,0,0,0,0,0,0,0,0,0,0,''),
	(335,2,0,0,0,0,0,0,0,0,0,0,0,0,''),
	(336,2,0,0,0,0,0,0,0,0,0,0,0,0,''),
	(337,2,0,0,0,0,0,0,0,0,0,0,0,0,''),
	(338,2,0,0,0,0,0,0,0,0,0,0,0,0,''),
	(339,2,0,0,0,0,0,0,0,0,0,0,0,0,''),
	(340,2,0,0,0,0,0,0,0,0,0,0,0,0,''),
	(341,2,0,0,0,0,0,0,0,0,0,0,0,0,''),
	(342,2,0,0,0,0,0,0,0,0,0,0,0,0,''),
	(343,2,0,0,0,0,0,0,0,0,0,0,0,0,''),
	(344,2,0,0,0,0,0,0,0,0,0,0,0,0,''),
	(345,2,0,0,0,0,0,0,0,0,0,0,0,0,''),
	(346,2,0,0,0,0,0,0,0,0,0,0,0,0,''),
	(347,2,0,0,0,0,0,0,0,0,0,0,0,0,''),
	(348,2,0,0,0,0,0,0,0,0,0,0,0,0,''),
	(349,2,0,0,0,0,0,0,0,0,0,0,0,0,''),
	(350,2,0,0,0,0,0,0,0,0,0,0,0,0,''),
	(351,2,0,0,0,0,0,0,0,0,0,0,0,0,''),
	(352,2,0,0,0,0,0,0,0,0,0,0,0,0,''),
	(353,2,0,0,0,0,0,0,0,0,0,0,0,0,''),
	(354,2,0,0,0,0,0,0,0,0,0,0,0,0,''),
	(355,2,0,0,0,0,0,0,0,0,0,0,0,0,''),
	(356,2,0,0,0,0,0,0,0,0,0,0,0,0,''),
	(357,2,0,0,0,0,0,0,0,0,0,0,0,0,''),
	(358,2,0,0,0,0,0,0,0,0,0,0,0,0,''),
	(359,2,0,0,0,0,0,0,0,0,0,0,0,0,''),
	(360,2,0,0,0,0,0,0,0,0,0,0,0,0,''),
	(361,2,0,0,0,0,0,0,0,0,0,0,0,0,''),
	(362,2,0,0,0,0,0,0,0,0,0,0,0,0,''),
	(363,2,0,0,0,0,0,0,0,0,0,0,0,0,''),
	(364,2,0,0,0,0,0,0,0,0,0,0,0,0,''),
	(365,2,0,0,0,0,0,0,0,0,0,0,0,0,''),
	(366,2,0,0,0,0,0,0,0,0,0,0,0,0,''),
	(367,2,0,0,0,0,0,0,0,0,0,0,0,0,''),
	(368,2,0,0,0,0,0,0,0,0,0,0,0,0,''),
	(369,2,0,0,0,0,0,0,0,0,0,0,0,0,''),
	(370,2,0,0,0,0,0,0,0,0,0,0,0,0,''),
	(371,2,0,0,0,0,0,0,0,0,0,0,0,0,''),
	(372,1,6,8,0,0,0,0,0,0,0,0,0,0,'it'),
	(373,1,3,0,0,0,0,0,0,0,0,0,0,0,'en-us'),
	(374,1,3,0,0,0,0,0,0,0,0,0,0,0,'en-us'),
	(375,2,0,0,0,0,0,0,0,0,0,0,0,0,''),
	(376,2,0,0,0,0,0,0,0,0,0,0,0,0,''),
	(377,2,0,0,0,0,0,0,0,0,0,0,0,0,''),
	(378,2,0,0,0,0,0,0,0,0,0,0,0,0,''),
	(379,2,0,0,0,0,0,0,0,0,0,0,0,0,''),
	(380,2,0,0,0,0,0,0,0,0,0,0,0,0,''),
	(381,2,0,0,0,0,0,0,0,0,0,0,0,0,''),
	(382,2,0,0,0,0,0,0,0,0,0,0,0,0,''),
	(383,2,0,0,0,0,0,0,0,0,0,0,0,0,''),
	(384,2,0,0,0,0,0,0,0,0,0,0,0,0,''),
	(385,2,0,0,0,0,0,0,0,0,0,0,0,0,''),
	(386,2,0,0,0,0,0,0,0,0,0,0,0,0,''),
	(387,2,0,0,0,0,0,0,0,0,0,0,0,0,''),
	(388,2,0,0,0,0,0,0,0,0,0,0,0,0,''),
	(389,2,0,0,0,0,0,0,0,0,0,0,0,0,''),
	(390,2,0,0,0,0,0,0,0,0,0,0,0,0,''),
	(391,2,0,0,0,0,0,0,0,0,0,0,0,0,''),
	(392,2,0,0,0,0,0,0,0,0,0,0,0,0,''),
	(393,2,0,0,0,0,0,0,0,0,0,0,0,0,''),
	(394,2,0,0,0,0,0,0,0,0,0,0,0,0,''),
	(395,2,0,0,0,0,0,0,0,0,0,0,0,0,''),
	(396,2,0,0,0,0,0,0,0,0,0,0,0,0,''),
	(397,2,0,0,0,0,0,0,0,0,0,0,0,0,''),
	(398,2,0,0,0,0,0,0,0,0,0,0,0,0,''),
	(399,2,0,0,0,0,0,0,0,0,0,0,0,0,''),
	(400,2,0,0,0,0,0,0,0,0,0,0,0,0,''),
	(401,2,0,0,0,0,0,0,0,0,0,0,0,0,''),
	(402,2,0,0,0,0,0,0,0,0,0,0,0,0,''),
	(403,2,0,0,0,0,0,0,0,0,0,0,0,0,''),
	(404,2,0,0,0,0,0,0,0,0,0,0,0,0,''),
	(405,2,0,0,0,0,0,0,0,0,0,0,0,0,''),
	(406,2,0,0,0,0,0,0,0,0,0,0,0,0,''),
	(407,2,0,0,0,0,0,0,0,0,0,0,0,0,''),
	(408,2,0,0,0,0,0,0,0,0,0,0,0,0,''),
	(409,2,0,0,0,0,0,0,0,0,0,0,0,0,''),
	(410,2,0,0,0,0,0,0,0,0,0,0,0,0,''),
	(411,2,0,0,0,0,0,0,0,0,0,0,0,0,''),
	(412,2,0,0,0,0,0,0,0,0,0,0,0,0,''),
	(413,2,0,0,0,0,0,0,0,0,0,0,0,0,''),
	(414,2,0,0,0,0,0,0,0,0,0,0,0,0,''),
	(415,2,0,0,0,0,0,0,0,0,0,0,0,0,''),
	(416,2,0,0,0,0,0,0,0,0,0,0,0,0,''),
	(417,2,0,0,0,0,0,0,0,0,0,0,0,0,''),
	(418,2,0,0,0,0,0,0,0,0,0,0,0,0,''),
	(419,2,0,0,0,0,0,0,0,0,0,0,0,0,''),
	(420,2,0,0,0,0,0,0,0,0,0,0,0,0,''),
	(421,2,0,0,0,0,0,0,0,0,0,0,0,0,''),
	(422,3,8,0,0,0,0,0,0,0,0,0,0,0,'it'),
	(423,2,0,0,0,0,0,0,0,0,0,0,0,0,''),
	(424,2,0,0,0,0,0,0,0,0,0,0,0,0,''),
	(425,2,0,0,0,0,0,0,0,0,0,0,0,0,''),
	(426,2,0,0,0,0,0,0,0,0,0,0,0,0,''),
	(427,2,0,0,0,0,0,0,0,0,0,0,0,0,''),
	(428,2,0,0,0,0,0,0,0,0,0,0,0,0,''),
	(429,2,6,0,0,0,0,0,0,0,0,0,0,0,'de'),
	(430,2,0,0,0,0,0,0,0,0,0,0,0,0,''),
	(431,2,0,0,0,0,0,0,0,0,0,0,0,0,''),
	(432,2,0,0,0,0,0,0,0,0,0,0,0,0,''),
	(433,2,0,0,0,0,0,0,0,0,0,0,0,0,''),
	(434,2,0,0,0,0,0,0,0,0,0,0,0,0,''),
	(435,2,0,0,0,0,0,0,0,0,0,0,0,0,''),
	(436,2,0,0,0,0,0,0,0,0,0,0,0,0,''),
	(437,2,0,0,0,0,0,0,0,0,0,0,0,0,''),
	(438,2,0,0,0,0,0,0,0,0,0,0,0,0,''),
	(439,2,0,0,0,0,0,0,0,0,0,0,0,0,''),
	(440,2,0,0,0,0,0,0,0,0,0,0,0,0,''),
	(441,2,0,0,0,0,0,0,0,0,0,0,0,0,''),
	(442,2,0,0,0,0,0,0,0,0,0,0,0,0,''),
	(443,2,0,0,0,0,0,0,0,0,0,0,0,0,''),
	(444,2,0,0,0,0,0,0,0,0,0,0,0,0,''),
	(445,2,0,0,0,0,0,0,0,0,0,0,0,0,''),
	(446,2,0,0,0,0,0,0,0,0,0,0,0,0,''),
	(447,2,0,0,0,0,0,0,0,0,0,0,0,0,''),
	(448,2,0,0,0,0,0,0,0,0,0,0,0,0,''),
	(449,2,0,0,0,0,0,0,0,0,0,0,0,0,''),
	(450,2,0,0,0,0,0,0,0,0,0,0,0,0,''),
	(451,2,0,0,0,0,0,0,0,0,0,0,0,0,''),
	(452,2,0,0,0,0,0,0,0,0,0,0,0,0,''),
	(453,2,0,0,0,0,0,0,0,0,0,0,0,0,''),
	(454,1,3,0,0,0,0,0,0,0,0,0,0,0,'en-us'),
	(455,1,3,0,0,0,0,0,0,0,0,0,0,0,'en-us'),
	(456,2,0,0,0,0,0,0,0,0,0,0,0,0,''),
	(457,2,0,0,0,0,0,0,0,0,0,0,0,0,''),
	(458,2,0,0,0,0,0,0,0,0,0,0,0,0,''),
	(459,2,0,0,0,0,0,0,0,0,0,0,0,0,''),
	(460,2,0,0,0,0,0,0,0,0,0,0,0,0,''),
	(461,2,0,0,0,0,0,0,0,0,0,0,0,0,''),
	(462,2,0,0,0,0,0,0,0,0,0,0,0,0,''),
	(463,2,0,0,0,0,0,0,0,0,0,0,0,0,''),
	(464,2,0,0,0,0,0,0,0,0,0,0,0,0,''),
	(465,2,0,0,0,0,0,0,0,0,0,0,0,0,''),
	(466,2,0,0,0,0,0,0,0,0,0,0,0,0,''),
	(467,2,0,0,0,0,0,0,0,0,0,0,0,0,''),
	(468,2,0,0,0,0,0,0,0,0,0,0,0,0,''),
	(469,2,0,0,0,0,0,0,0,0,0,0,0,0,''),
	(470,2,0,0,0,0,0,0,0,0,0,0,0,0,''),
	(471,2,0,0,0,0,0,0,0,0,0,0,0,0,''),
	(472,2,0,0,0,0,0,0,0,0,0,0,0,0,''),
	(473,2,0,0,0,0,0,0,0,0,0,0,0,0,''),
	(474,2,0,0,0,0,0,0,0,0,0,0,0,0,''),
	(475,2,0,0,0,0,0,0,0,0,0,0,0,0,''),
	(476,2,0,0,0,0,0,0,0,0,0,0,0,0,''),
	(477,2,0,0,0,0,0,0,0,0,0,0,0,0,''),
	(478,2,0,0,0,0,0,0,0,0,0,0,0,0,''),
	(479,2,0,0,0,0,0,0,0,0,0,0,0,0,''),
	(480,1,5,0,0,0,0,0,0,0,0,0,0,0,''),
	(481,1,5,0,0,0,0,0,0,0,0,0,0,0,''),
	(482,2,0,0,0,0,0,0,0,0,0,0,0,0,''),
	(483,2,0,0,0,0,0,0,0,0,0,0,0,0,''),
	(484,2,0,0,0,0,0,0,0,0,0,0,0,0,''),
	(485,2,0,0,0,0,0,0,0,0,0,0,0,0,''),
	(486,2,0,0,0,0,0,0,0,0,0,0,0,0,''),
	(487,2,0,0,0,0,0,0,0,0,0,0,0,0,''),
	(488,2,0,0,0,0,0,0,0,0,0,0,0,0,''),
	(489,2,0,0,0,0,0,0,0,0,0,0,0,0,''),
	(490,2,0,0,0,0,0,0,0,0,0,0,0,0,''),
	(491,2,0,0,0,0,0,0,0,0,0,0,0,0,''),
	(492,2,0,0,0,0,0,0,0,0,0,0,0,0,''),
	(493,2,0,0,0,0,0,0,0,0,0,0,0,0,''),
	(494,2,0,0,0,0,0,0,0,0,0,0,0,0,''),
	(495,2,0,0,0,0,0,0,0,0,0,0,0,0,''),
	(496,2,0,0,0,0,0,0,0,0,0,0,0,0,''),
	(497,2,0,0,0,0,0,0,0,0,0,0,0,0,''),
	(498,2,0,0,0,0,0,0,0,0,0,0,0,0,''),
	(499,2,0,0,0,0,0,0,0,0,0,0,0,0,''),
	(500,2,0,0,0,0,0,0,0,0,0,0,0,0,''),
	(501,2,0,0,0,0,0,0,0,0,0,0,0,0,''),
	(502,2,0,0,0,0,0,0,0,0,0,0,0,0,''),
	(503,2,0,0,0,0,0,0,0,0,0,0,0,0,''),
	(504,2,0,0,0,0,0,0,0,0,0,0,0,0,''),
	(505,2,0,0,0,0,0,0,0,0,0,0,0,0,''),
	(506,2,0,0,0,0,0,0,0,0,0,0,0,0,''),
	(507,2,0,0,0,0,0,0,0,0,0,0,0,0,''),
	(508,2,0,0,0,0,0,0,0,0,0,0,0,0,''),
	(509,2,0,0,0,0,0,0,0,0,0,0,0,0,''),
	(510,2,0,0,0,0,0,0,0,0,0,0,0,0,''),
	(511,2,0,0,0,0,0,0,0,0,0,0,0,0,''),
	(512,2,0,0,0,0,0,0,0,0,0,0,0,0,''),
	(513,2,0,0,0,0,0,0,0,0,0,0,0,0,''),
	(514,2,0,0,0,0,0,0,0,0,0,0,0,0,''),
	(515,2,0,0,0,0,0,0,0,0,0,0,0,0,''),
	(516,2,0,0,0,0,0,0,0,0,0,0,0,0,''),
	(517,2,0,0,0,0,0,0,0,0,0,0,0,0,''),
	(518,2,0,0,0,0,0,0,0,0,0,0,0,0,''),
	(519,2,0,0,0,0,0,0,0,0,0,0,0,0,''),
	(520,2,0,0,0,0,0,0,0,0,0,0,0,0,''),
	(521,2,0,0,0,0,0,0,0,0,0,0,0,0,''),
	(522,2,0,0,0,0,0,0,0,0,0,0,0,0,''),
	(523,2,0,0,0,0,0,0,0,0,0,0,0,0,''),
	(524,2,0,0,0,0,0,0,0,0,0,0,0,0,''),
	(525,2,0,0,0,0,0,0,0,0,0,0,0,0,''),
	(526,2,8,0,0,0,0,0,0,0,0,0,0,0,''),
	(527,2,8,0,0,0,0,0,0,0,0,0,0,0,''),
	(528,1,8,0,0,0,0,0,0,0,0,0,0,0,''),
	(529,1,3,0,0,0,0,0,0,0,0,0,0,0,'en-us'),
	(530,1,3,0,0,0,0,0,0,0,0,0,0,0,'en-us'),
	(531,2,0,0,0,0,0,0,0,0,0,0,0,0,''),
	(532,2,0,0,0,0,0,0,0,0,0,0,0,0,''),
	(533,2,0,0,0,0,0,0,0,0,0,0,0,0,''),
	(534,2,0,0,0,0,0,0,0,0,0,0,0,0,''),
	(535,2,0,0,0,0,0,0,0,0,0,0,0,0,''),
	(536,2,0,0,0,0,0,0,0,0,0,0,0,0,''),
	(537,2,0,0,0,0,0,0,0,0,0,0,0,0,''),
	(538,2,0,0,0,0,0,0,0,0,0,0,0,0,''),
	(539,2,0,0,0,0,0,0,0,0,0,0,0,0,''),
	(540,2,0,0,0,0,0,0,0,0,0,0,0,0,''),
	(541,2,0,0,0,0,0,0,0,0,0,0,0,0,''),
	(542,2,0,0,0,0,0,0,0,0,0,0,0,0,''),
	(543,1,5,0,0,0,0,0,0,0,0,0,0,0,''),
	(544,2,0,0,0,0,0,0,0,0,0,0,0,0,''),
	(545,2,0,0,0,0,0,0,0,0,0,0,0,0,''),
	(546,2,0,0,0,0,0,0,0,0,0,0,0,0,''),
	(547,2,0,0,0,0,0,0,0,0,0,0,0,0,''),
	(548,2,0,0,0,0,0,0,0,0,0,0,0,0,''),
	(549,2,0,0,0,0,0,0,0,0,0,0,0,0,''),
	(550,2,7,0,0,0,0,0,0,0,0,0,0,0,''),
	(551,2,0,0,0,0,0,0,0,0,0,0,0,0,''),
	(552,2,0,0,0,0,0,0,0,0,0,0,0,0,''),
	(553,2,0,0,0,0,0,0,0,0,0,0,0,0,''),
	(554,2,0,0,0,0,0,0,0,0,0,0,0,0,''),
	(555,2,0,0,0,0,0,0,0,0,0,0,0,0,''),
	(556,2,0,0,0,0,0,0,0,0,0,0,0,0,''),
	(557,1,0,0,0,0,0,0,0,0,0,0,0,0,''),
	(558,2,0,0,0,0,0,0,0,0,0,0,0,0,''),
	(559,2,0,0,0,0,0,0,0,0,0,0,0,0,''),
	(560,2,0,0,0,0,0,0,0,0,0,0,0,0,''),
	(561,2,0,0,0,0,0,0,0,0,0,0,0,0,''),
	(562,2,0,0,0,0,0,0,0,0,0,0,0,0,''),
	(563,2,0,0,0,0,0,0,0,0,0,0,0,0,''),
	(564,2,0,0,0,0,0,0,0,0,0,0,0,0,''),
	(565,2,0,0,0,0,0,0,0,0,0,0,0,0,''),
	(566,2,0,0,0,0,0,0,0,0,0,0,0,0,''),
	(567,2,0,0,0,0,0,0,0,0,0,0,0,0,''),
	(568,2,0,0,0,0,0,0,0,0,0,0,0,0,''),
	(569,2,0,0,0,0,0,0,0,0,0,0,0,0,''),
	(570,2,0,0,0,0,0,0,0,0,0,0,0,0,''),
	(571,2,0,0,0,0,0,0,0,0,0,0,0,0,''),
	(572,2,0,0,0,0,0,0,0,0,0,0,0,0,''),
	(573,2,0,0,0,0,0,0,0,0,0,0,0,0,''),
	(574,2,0,0,0,0,0,0,0,0,0,0,0,0,''),
	(575,2,0,0,0,0,0,0,0,0,0,0,0,0,''),
	(576,2,0,0,0,0,0,0,0,0,0,0,0,0,''),
	(577,2,0,0,0,0,0,0,0,0,0,0,0,0,''),
	(578,2,0,0,0,0,0,0,0,0,0,0,0,0,''),
	(579,2,0,0,0,0,0,0,0,0,0,0,0,0,''),
	(580,2,0,0,0,0,0,0,0,0,0,0,0,0,''),
	(581,2,0,0,0,0,0,0,0,0,0,0,0,0,''),
	(582,2,0,0,0,0,0,0,0,0,0,0,0,0,''),
	(583,4,3,0,0,0,0,0,0,0,0,0,0,0,''),
	(584,2,0,0,0,0,0,0,0,0,0,0,0,0,''),
	(585,2,0,0,0,0,0,0,0,0,0,0,0,0,''),
	(586,2,0,0,0,0,0,0,0,0,0,0,0,0,''),
	(587,2,0,0,0,0,0,0,0,0,0,0,0,0,''),
	(588,2,0,0,0,0,0,0,0,0,0,0,0,0,''),
	(589,2,0,0,0,0,0,0,0,0,0,0,0,0,''),
	(590,2,0,0,0,0,0,0,0,0,0,0,0,0,''),
	(591,2,0,0,0,0,0,0,0,0,0,0,0,0,''),
	(592,2,0,0,0,0,0,0,0,0,0,0,0,0,''),
	(593,2,0,0,0,0,0,0,0,0,0,0,0,0,''),
	(594,2,0,0,0,0,0,0,0,0,0,0,0,0,''),
	(595,2,0,0,0,0,0,0,0,0,0,0,0,0,''),
	(596,2,0,0,0,0,0,0,0,0,0,0,0,0,''),
	(597,4,0,0,0,0,0,0,0,0,0,0,0,0,''),
	(598,2,0,0,0,0,0,0,0,0,0,0,0,0,''),
	(599,2,0,0,0,0,0,0,0,0,0,0,0,0,''),
	(600,2,0,0,0,0,0,0,0,0,0,0,0,0,''),
	(601,2,0,0,0,0,0,0,0,0,0,0,0,0,''),
	(602,2,0,0,0,0,0,0,0,0,0,0,0,0,''),
	(603,2,0,0,0,0,0,0,0,0,0,0,0,0,''),
	(604,2,0,0,0,0,0,0,0,0,0,0,0,0,''),
	(605,2,0,0,0,0,0,0,0,0,0,0,0,0,''),
	(606,2,0,0,0,0,0,0,0,0,0,0,0,0,''),
	(607,2,0,0,0,0,0,0,0,0,0,0,0,0,''),
	(608,2,0,0,0,0,0,0,0,0,0,0,0,0,''),
	(609,2,0,0,0,0,0,0,0,0,0,0,0,0,''),
	(610,2,0,0,0,0,0,0,0,0,0,0,0,0,''),
	(611,2,0,0,0,0,0,0,0,0,0,0,0,0,''),
	(612,2,0,0,0,0,0,0,0,0,0,0,0,0,''),
	(613,2,0,0,0,0,0,0,0,0,0,0,0,0,''),
	(614,2,0,0,0,0,0,0,0,0,0,0,0,0,''),
	(615,1,3,0,0,0,0,0,0,0,0,0,0,0,'en-us'),
	(616,1,3,0,0,0,0,0,0,0,0,0,0,0,'en-us'),
	(617,2,0,0,0,0,0,0,0,0,0,0,0,0,''),
	(618,2,0,0,0,0,0,0,0,0,0,0,0,0,''),
	(619,2,0,0,0,0,0,0,0,0,0,0,0,0,''),
	(620,2,0,0,0,0,0,0,0,0,0,0,0,0,''),
	(621,2,0,0,0,0,0,0,0,0,0,0,0,0,''),
	(622,2,0,0,0,0,0,0,0,0,0,0,0,0,''),
	(623,2,0,0,0,0,0,0,0,0,0,0,0,0,''),
	(624,2,0,0,0,0,0,0,0,0,0,0,0,0,''),
	(625,2,0,0,0,0,0,0,0,0,0,0,0,0,''),
	(626,2,0,0,0,0,0,0,0,0,0,0,0,0,''),
	(627,2,0,0,0,0,0,0,0,0,0,0,0,0,''),
	(628,2,0,0,0,0,0,0,0,0,0,0,0,0,''),
	(629,2,0,0,0,0,0,0,0,0,0,0,0,0,''),
	(630,2,0,0,0,0,0,0,0,0,0,0,0,0,''),
	(631,2,0,0,0,0,0,0,0,0,0,0,0,0,''),
	(632,2,0,0,0,0,0,0,0,0,0,0,0,0,''),
	(633,2,0,0,0,0,0,0,0,0,0,0,0,0,''),
	(634,2,0,0,0,0,0,0,0,0,0,0,0,0,''),
	(635,2,0,0,0,0,0,0,0,0,0,0,0,0,''),
	(636,2,6,0,0,0,0,0,0,0,0,0,0,0,'it'),
	(637,3,1,0,0,0,0,0,0,0,0,0,0,0,'it-it'),
	(639,1,6,0,0,0,0,0,0,0,0,0,0,0,'it'),
	(640,2,0,0,0,0,0,0,0,0,0,0,0,0,''),
	(641,2,0,0,0,0,0,0,0,0,0,0,0,0,''),
	(642,2,0,0,0,0,0,0,0,0,0,0,0,0,''),
	(643,2,0,0,0,0,0,0,0,0,0,0,0,0,''),
	(644,2,0,0,0,0,0,0,0,0,0,0,0,0,''),
	(645,2,0,0,0,0,0,0,0,0,0,0,0,0,''),
	(646,2,0,0,0,0,0,0,0,0,0,0,0,0,''),
	(647,2,0,0,0,0,0,0,0,0,0,0,0,0,''),
	(648,2,0,0,0,0,0,0,0,0,0,0,0,0,''),
	(649,2,0,0,0,0,0,0,0,0,0,0,0,0,''),
	(650,2,0,0,0,0,0,0,0,0,0,0,0,0,''),
	(651,2,0,0,0,0,0,0,0,0,0,0,0,0,''),
	(652,2,0,0,0,0,0,0,0,0,0,0,0,0,''),
	(653,4,3,0,0,0,0,0,0,0,0,0,0,0,'en-us'),
	(654,2,0,0,0,0,0,0,0,0,0,0,0,0,''),
	(655,2,0,0,0,0,0,0,0,0,0,0,0,0,''),
	(656,2,0,0,0,0,0,0,0,0,0,0,0,0,''),
	(657,2,0,0,0,0,0,0,0,0,0,0,0,0,''),
	(658,2,0,0,0,0,0,0,0,0,0,0,0,0,''),
	(659,2,0,0,0,0,0,0,0,0,0,0,0,0,''),
	(660,2,0,0,0,0,0,0,0,0,0,0,0,0,''),
	(661,2,0,0,0,0,0,0,0,0,0,0,0,0,''),
	(662,2,0,0,0,0,0,0,0,0,0,0,0,0,''),
	(663,2,0,0,0,0,0,0,0,0,0,0,0,0,''),
	(664,2,0,0,0,0,0,0,0,0,0,0,0,0,''),
	(665,2,0,0,0,0,0,0,0,0,0,0,0,0,''),
	(666,2,0,0,0,0,0,0,0,0,0,0,0,0,''),
	(667,2,0,0,0,0,0,0,0,0,0,0,0,0,''),
	(668,2,0,0,0,0,0,0,0,0,0,0,0,0,''),
	(669,2,0,0,0,0,0,0,0,0,0,0,0,0,''),
	(670,2,0,0,0,0,0,0,0,0,0,0,0,0,''),
	(671,2,0,0,0,0,0,0,0,0,0,0,0,0,''),
	(672,2,0,0,0,0,0,0,0,0,0,0,0,0,''),
	(673,2,0,0,0,0,0,0,0,0,0,0,0,0,''),
	(674,2,0,0,0,0,0,0,0,0,0,0,0,0,''),
	(675,2,0,0,0,0,0,0,0,0,0,0,0,0,''),
	(676,2,0,0,0,0,0,0,0,0,0,0,0,0,''),
	(677,2,0,0,0,0,0,0,0,0,0,0,0,0,''),
	(678,2,0,0,0,0,0,0,0,0,0,0,0,0,''),
	(679,1,5,0,0,0,0,0,0,0,0,0,0,0,'ru'),
	(680,3,1,0,0,0,0,0,0,0,0,0,0,0,'it-it'),
	(681,1,7,0,0,0,0,0,0,0,0,0,0,0,'ru'),
	(682,2,0,0,0,0,0,0,0,0,0,0,0,0,''),
	(683,2,0,0,0,0,0,0,0,0,0,0,0,0,''),
	(684,2,0,0,0,0,0,0,0,0,0,0,0,0,''),
	(685,2,0,0,0,0,0,0,0,0,0,0,0,0,''),
	(686,2,0,0,0,0,0,0,0,0,0,0,0,0,''),
	(687,2,0,0,0,0,0,0,0,0,0,0,0,0,''),
	(688,2,0,0,0,0,0,0,0,0,0,0,0,0,''),
	(689,2,0,0,0,0,0,0,0,0,0,0,0,0,''),
	(690,2,0,0,0,0,0,0,0,0,0,0,0,0,''),
	(691,2,0,0,0,0,0,0,0,0,0,0,0,0,''),
	(692,2,0,0,0,0,0,0,0,0,0,0,0,0,''),
	(693,2,0,0,0,0,0,0,0,0,0,0,0,0,''),
	(694,2,7,0,0,0,0,0,0,0,0,0,0,0,''),
	(695,2,7,0,0,0,0,0,0,0,0,0,0,0,''),
	(696,2,7,0,0,0,0,0,0,0,0,0,0,0,''),
	(697,2,7,0,0,0,0,0,0,0,0,0,0,0,''),
	(698,2,7,0,0,0,0,0,0,0,0,0,0,0,''),
	(699,2,0,0,0,0,0,0,0,0,0,0,0,0,''),
	(700,2,0,0,0,0,0,0,0,0,0,0,0,0,''),
	(701,2,0,0,0,0,0,0,0,0,0,0,0,0,''),
	(702,2,0,0,0,0,0,0,0,0,0,0,0,0,''),
	(703,2,0,0,0,0,0,0,0,0,0,0,0,0,''),
	(704,2,0,0,0,0,0,0,0,0,0,0,0,0,''),
	(705,1,3,0,0,0,0,0,0,0,0,0,0,0,'en-us'),
	(706,1,3,0,0,0,0,0,0,0,0,0,0,0,'en-us'),
	(707,2,0,0,0,0,0,0,0,0,0,0,0,0,''),
	(708,2,0,0,0,0,0,0,0,0,0,0,0,0,''),
	(709,2,0,0,0,0,0,0,0,0,0,0,0,0,''),
	(710,2,0,0,0,0,0,0,0,0,0,0,0,0,''),
	(711,2,0,0,0,0,0,0,0,0,0,0,0,0,''),
	(712,2,0,0,0,0,0,0,0,0,0,0,0,0,''),
	(713,2,0,0,0,0,0,0,0,0,0,0,0,0,''),
	(714,2,0,0,0,0,0,0,0,0,0,0,0,0,''),
	(715,2,0,0,0,0,0,0,0,0,0,0,0,0,''),
	(716,2,0,0,0,0,0,0,0,0,0,0,0,0,''),
	(717,2,0,0,0,0,0,0,0,0,0,0,0,0,''),
	(718,2,0,0,0,0,0,0,0,0,0,0,0,0,''),
	(719,2,0,0,0,0,0,0,0,0,0,0,0,0,''),
	(720,2,0,0,0,0,0,0,0,0,0,0,0,0,''),
	(721,2,0,0,0,0,0,0,0,0,0,0,0,0,''),
	(722,2,0,0,0,0,0,0,0,0,0,0,0,0,''),
	(723,2,0,0,0,0,0,0,0,0,0,0,0,0,''),
	(724,2,0,0,0,0,0,0,0,0,0,0,0,0,''),
	(725,2,0,0,0,0,0,0,0,0,0,0,0,0,''),
	(726,1,3,0,0,0,0,0,0,0,0,0,0,0,''),
	(727,2,0,0,0,0,0,0,0,0,0,0,0,0,''),
	(728,2,0,0,0,0,0,0,0,0,0,0,0,0,''),
	(729,2,0,0,0,0,0,0,0,0,0,0,0,0,''),
	(730,2,0,0,0,0,0,0,0,0,0,0,0,0,''),
	(731,2,0,0,0,0,0,0,0,0,0,0,0,0,''),
	(732,2,0,0,0,0,0,0,0,0,0,0,0,0,''),
	(733,2,0,0,0,0,0,0,0,0,0,0,0,0,''),
	(734,2,0,0,0,0,0,0,0,0,0,0,0,0,''),
	(735,2,0,0,0,0,0,0,0,0,0,0,0,0,''),
	(736,2,0,0,0,0,0,0,0,0,0,0,0,0,''),
	(737,2,0,0,0,0,0,0,0,0,0,0,0,0,''),
	(738,2,0,0,0,0,0,0,0,0,0,0,0,0,''),
	(739,2,0,0,0,0,0,0,0,0,0,0,0,0,''),
	(740,2,0,0,0,0,0,0,0,0,0,0,0,0,''),
	(741,2,0,0,0,0,0,0,0,0,0,0,0,0,''),
	(742,2,0,0,0,0,0,0,0,0,0,0,0,0,''),
	(743,2,0,0,0,0,0,0,0,0,0,0,0,0,''),
	(744,2,0,0,0,0,0,0,0,0,0,0,0,0,''),
	(745,2,0,0,0,0,0,0,0,0,0,0,0,0,''),
	(746,2,0,0,0,0,0,0,0,0,0,0,0,0,''),
	(747,2,0,0,0,0,0,0,0,0,0,0,0,0,''),
	(748,2,0,0,0,0,0,0,0,0,0,0,0,0,''),
	(749,2,0,0,0,0,0,0,0,0,0,0,0,0,''),
	(750,2,0,0,0,0,0,0,0,0,0,0,0,0,''),
	(751,2,0,0,0,0,0,0,0,0,0,0,0,0,''),
	(752,2,0,0,0,0,0,0,0,0,0,0,0,0,''),
	(753,2,0,0,0,0,0,0,0,0,0,0,0,0,''),
	(754,2,0,0,0,0,0,0,0,0,0,0,0,0,''),
	(755,2,0,0,0,0,0,0,0,0,0,0,0,0,''),
	(756,2,0,0,0,0,0,0,0,0,0,0,0,0,''),
	(757,2,0,0,0,0,0,0,0,0,0,0,0,0,''),
	(758,2,0,0,0,0,0,0,0,0,0,0,0,0,''),
	(759,2,0,0,0,0,0,0,0,0,0,0,0,0,''),
	(760,2,0,0,0,0,0,0,0,0,0,0,0,0,''),
	(761,2,0,0,0,0,0,0,0,0,0,0,0,0,''),
	(762,2,0,0,0,0,0,0,0,0,0,0,0,0,''),
	(763,2,0,0,0,0,0,0,0,0,0,0,0,0,''),
	(764,2,0,0,0,0,0,0,0,0,0,0,0,0,''),
	(765,2,0,0,0,0,0,0,0,0,0,0,0,0,''),
	(766,2,0,0,0,0,0,0,0,0,0,0,0,0,''),
	(767,2,0,0,0,0,0,0,0,0,0,0,0,0,''),
	(768,2,0,0,0,0,0,0,0,0,0,0,0,0,''),
	(769,2,0,0,0,0,0,0,0,0,0,0,0,0,''),
	(770,2,0,0,0,0,0,0,0,0,0,0,0,0,''),
	(771,2,0,0,0,0,0,0,0,0,0,0,0,0,''),
	(772,2,0,0,0,0,0,0,0,0,0,0,0,0,''),
	(773,1,6,0,0,0,0,0,0,0,0,0,0,0,'en-us'),
	(774,2,0,0,0,0,0,0,0,0,0,0,0,0,''),
	(775,2,0,0,0,0,0,0,0,0,0,0,0,0,''),
	(776,2,0,0,0,0,0,0,0,0,0,0,0,0,''),
	(777,2,0,0,0,0,0,0,0,0,0,0,0,0,''),
	(778,2,0,0,0,0,0,0,0,0,0,0,0,0,''),
	(779,2,0,0,0,0,0,0,0,0,0,0,0,0,''),
	(780,2,0,0,0,0,0,0,0,0,0,0,0,0,''),
	(781,2,0,0,0,0,0,0,0,0,0,0,0,0,''),
	(782,2,0,0,0,0,0,0,0,0,0,0,0,0,''),
	(783,2,0,0,0,0,0,0,0,0,0,0,0,0,''),
	(784,2,0,0,0,0,0,0,0,0,0,0,0,0,''),
	(785,2,0,0,0,0,0,0,0,0,0,0,0,0,''),
	(786,1,3,0,0,0,0,0,0,0,0,0,0,0,'en-us'),
	(787,1,3,0,0,0,0,0,0,0,0,0,0,0,'en-us'),
	(788,2,0,0,0,0,0,0,0,0,0,0,0,0,''),
	(789,2,0,0,0,0,0,0,0,0,0,0,0,0,''),
	(790,2,0,0,0,0,0,0,0,0,0,0,0,0,''),
	(791,2,0,0,0,0,0,0,0,0,0,0,0,0,''),
	(792,2,0,0,0,0,0,0,0,0,0,0,0,0,''),
	(793,2,0,0,0,0,0,0,0,0,0,0,0,0,''),
	(794,2,0,0,0,0,0,0,0,0,0,0,0,0,''),
	(795,2,0,0,0,0,0,0,0,0,0,0,0,0,''),
	(796,2,0,0,0,0,0,0,0,0,0,0,0,0,''),
	(797,2,0,0,0,0,0,0,0,0,0,0,0,0,''),
	(798,2,0,0,0,0,0,0,0,0,0,0,0,0,''),
	(799,2,0,0,0,0,0,0,0,0,0,0,0,0,''),
	(800,1,5,0,0,0,0,0,0,0,0,0,0,0,'zh-cn'),
	(801,2,0,0,0,0,0,0,0,0,0,0,0,0,''),
	(802,2,0,0,0,0,0,0,0,0,0,0,0,0,''),
	(803,2,0,0,0,0,0,0,0,0,0,0,0,0,''),
	(804,2,0,0,0,0,0,0,0,0,0,0,0,0,''),
	(805,2,0,0,0,0,0,0,0,0,0,0,0,0,''),
	(806,2,0,0,0,0,0,0,0,0,0,0,0,0,''),
	(807,2,0,0,0,0,0,0,0,0,0,0,0,0,''),
	(808,2,0,0,0,0,0,0,0,0,0,0,0,0,''),
	(809,2,0,0,0,0,0,0,0,0,0,0,0,0,''),
	(810,2,0,0,0,0,0,0,0,0,0,0,0,0,''),
	(811,2,0,0,0,0,0,0,0,0,0,0,0,0,''),
	(812,2,0,0,0,0,0,0,0,0,0,0,0,0,''),
	(813,2,0,0,0,0,0,0,0,0,0,0,0,0,''),
	(814,2,0,0,0,0,0,0,0,0,0,0,0,0,''),
	(815,2,0,0,0,0,0,0,0,0,0,0,0,0,''),
	(816,2,0,0,0,0,0,0,0,0,0,0,0,0,''),
	(817,2,0,0,0,0,0,0,0,0,0,0,0,0,''),
	(818,2,0,0,0,0,0,0,0,0,0,0,0,0,''),
	(819,2,0,0,0,0,0,0,0,0,0,0,0,0,''),
	(820,2,0,0,0,0,0,0,0,0,0,0,0,0,''),
	(821,2,0,0,0,0,0,0,0,0,0,0,0,0,''),
	(822,2,0,0,0,0,0,0,0,0,0,0,0,0,''),
	(823,2,0,0,0,0,0,0,0,0,0,0,0,0,''),
	(824,2,0,0,0,0,0,0,0,0,0,0,0,0,'it'),
	(825,2,0,0,0,0,0,0,0,0,0,0,0,0,''),
	(826,2,0,0,0,0,0,0,0,0,0,0,0,0,''),
	(827,2,0,0,0,0,0,0,0,0,0,0,0,0,''),
	(828,2,0,0,0,0,0,0,0,0,0,0,0,0,''),
	(829,2,0,0,0,0,0,0,0,0,0,0,0,0,''),
	(830,2,0,0,0,0,0,0,0,0,0,0,0,0,''),
	(831,2,0,0,0,0,0,0,0,0,0,0,0,0,''),
	(832,2,0,0,0,0,0,0,0,0,0,0,0,0,''),
	(833,2,0,0,0,0,0,0,0,0,0,0,0,0,''),
	(834,2,0,0,0,0,0,0,0,0,0,0,0,0,''),
	(835,2,0,0,0,0,0,0,0,0,0,0,0,0,''),
	(836,2,0,0,0,0,0,0,0,0,0,0,0,0,''),
	(837,1,5,0,0,0,0,0,0,0,0,0,0,0,'zh-cn'),
	(838,2,0,0,0,0,0,0,0,0,0,0,0,0,''),
	(839,2,0,0,0,0,0,0,0,0,0,0,0,0,''),
	(840,2,0,0,0,0,0,0,0,0,0,0,0,0,''),
	(841,2,0,0,0,0,0,0,0,0,0,0,0,0,''),
	(842,2,0,0,0,0,0,0,0,0,0,0,0,0,''),
	(843,2,0,0,0,0,0,0,0,0,0,0,0,0,''),
	(844,2,0,0,0,0,0,0,0,0,0,0,0,0,''),
	(845,2,0,0,0,0,0,0,0,0,0,0,0,0,''),
	(846,2,0,0,0,0,0,0,0,0,0,0,0,0,''),
	(847,2,0,0,0,0,0,0,0,0,0,0,0,0,''),
	(848,2,0,0,0,0,0,0,0,0,0,0,0,0,''),
	(849,2,0,0,0,0,0,0,0,0,0,0,0,0,''),
	(850,2,0,0,0,0,0,0,0,0,0,0,0,0,''),
	(851,2,0,0,0,0,0,0,0,0,0,0,0,0,''),
	(852,2,0,0,0,0,0,0,0,0,0,0,0,0,''),
	(853,2,0,0,0,0,0,0,0,0,0,0,0,0,''),
	(854,2,0,0,0,0,0,0,0,0,0,0,0,0,''),
	(855,2,0,0,0,0,0,0,0,0,0,0,0,0,''),
	(856,2,0,0,0,0,0,0,0,0,0,0,0,0,''),
	(857,2,0,0,0,0,0,0,0,0,0,0,0,0,''),
	(858,4,0,0,0,0,0,0,0,0,0,0,0,0,'en-us'),
	(859,2,0,0,0,0,0,0,0,0,0,0,0,0,''),
	(860,2,0,0,0,0,0,0,0,0,0,0,0,0,''),
	(861,2,0,0,0,0,0,0,0,0,0,0,0,0,''),
	(862,2,0,0,0,0,0,0,0,0,0,0,0,0,''),
	(863,2,0,0,0,0,0,0,0,0,0,0,0,0,''),
	(864,2,0,0,0,0,0,0,0,0,0,0,0,0,''),
	(865,2,0,0,0,0,0,0,0,0,0,0,0,0,''),
	(866,2,6,0,0,0,0,0,0,0,0,0,0,0,'en-us'),
	(867,2,6,0,0,0,0,0,0,0,0,0,0,0,'en-us'),
	(868,2,0,0,0,0,0,0,0,0,0,0,0,0,''),
	(869,2,0,0,0,0,0,0,0,0,0,0,0,0,''),
	(870,2,0,0,0,0,0,0,0,0,0,0,0,0,''),
	(871,2,0,0,0,0,0,0,0,0,0,0,0,0,''),
	(872,2,0,0,0,0,0,0,0,0,0,0,0,0,''),
	(873,2,0,0,0,0,0,0,0,0,0,0,0,0,''),
	(874,1,3,0,0,0,0,0,0,0,0,0,0,0,'en-us'),
	(875,1,3,0,0,0,0,0,0,0,0,0,0,0,'en-us'),
	(876,2,0,0,0,0,0,0,0,0,0,0,0,0,''),
	(877,2,0,0,0,0,0,0,0,0,0,0,0,0,''),
	(878,2,0,0,0,0,0,0,0,0,0,0,0,0,''),
	(879,2,0,0,0,0,0,0,0,0,0,0,0,0,''),
	(880,2,0,0,0,0,0,0,0,0,0,0,0,0,''),
	(881,2,0,0,0,0,0,0,0,0,0,0,0,0,''),
	(882,2,0,0,0,0,0,0,0,0,0,0,0,0,''),
	(883,2,0,0,0,0,0,0,0,0,0,0,0,0,''),
	(884,2,0,0,0,0,0,0,0,0,0,0,0,0,''),
	(885,2,0,0,0,0,0,0,0,0,0,0,0,0,''),
	(886,2,0,0,0,0,0,0,0,0,0,0,0,0,''),
	(887,2,0,0,0,0,0,0,0,0,0,0,0,0,''),
	(888,4,0,0,0,0,0,0,0,0,0,0,0,0,''),
	(889,2,0,0,0,0,0,0,0,0,0,0,0,0,''),
	(890,2,0,0,0,0,0,0,0,0,0,0,0,0,''),
	(891,2,0,0,0,0,0,0,0,0,0,0,0,0,''),
	(892,2,0,0,0,0,0,0,0,0,0,0,0,0,''),
	(893,2,0,0,0,0,0,0,0,0,0,0,0,0,''),
	(894,2,0,0,0,0,0,0,0,0,0,0,0,0,''),
	(895,2,0,0,0,0,0,0,0,0,0,0,0,0,''),
	(896,2,0,0,0,0,0,0,0,0,0,0,0,0,''),
	(897,2,0,0,0,0,0,0,0,0,0,0,0,0,''),
	(898,2,0,0,0,0,0,0,0,0,0,0,0,0,''),
	(899,2,0,0,0,0,0,0,0,0,0,0,0,0,''),
	(900,2,0,0,0,0,0,0,0,0,0,0,0,0,''),
	(901,2,0,0,0,0,0,0,0,0,0,0,0,0,''),
	(902,1,3,0,0,0,0,0,0,0,0,0,0,0,''),
	(903,2,8,0,0,0,0,0,0,0,0,0,0,0,'fr'),
	(904,2,0,0,0,0,0,0,0,0,0,0,0,0,''),
	(905,2,0,0,0,0,0,0,0,0,0,0,0,0,''),
	(906,2,0,0,0,0,0,0,0,0,0,0,0,0,''),
	(907,2,0,0,0,0,0,0,0,0,0,0,0,0,''),
	(908,2,0,0,0,0,0,0,0,0,0,0,0,0,''),
	(909,2,0,0,0,0,0,0,0,0,0,0,0,0,''),
	(910,2,0,0,0,0,0,0,0,0,0,0,0,0,''),
	(911,2,0,0,0,0,0,0,0,0,0,0,0,0,''),
	(912,2,0,0,0,0,0,0,0,0,0,0,0,0,''),
	(913,2,0,0,0,0,0,0,0,0,0,0,0,0,''),
	(914,2,0,0,0,0,0,0,0,0,0,0,0,0,''),
	(915,2,0,0,0,0,0,0,0,0,0,0,0,0,''),
	(916,2,0,0,0,0,0,0,0,0,0,0,0,0,''),
	(917,2,0,0,0,0,0,0,0,0,0,0,0,0,''),
	(918,2,0,0,0,0,0,0,0,0,0,0,0,0,''),
	(919,2,0,0,0,0,0,0,0,0,0,0,0,0,''),
	(920,2,0,0,0,0,0,0,0,0,0,0,0,0,''),
	(921,2,0,0,0,0,0,0,0,0,0,0,0,0,''),
	(922,2,0,0,0,0,0,0,0,0,0,0,0,0,''),
	(923,2,0,0,0,0,0,0,0,0,0,0,0,0,''),
	(924,2,0,0,0,0,0,0,0,0,0,0,0,0,''),
	(925,2,0,0,0,0,0,0,0,0,0,0,0,0,''),
	(926,2,0,0,0,0,0,0,0,0,0,0,0,0,''),
	(927,2,0,0,0,0,0,0,0,0,0,0,0,0,''),
	(928,2,0,0,0,0,0,0,0,0,0,0,0,0,''),
	(929,2,0,0,0,0,0,0,0,0,0,0,0,0,''),
	(930,2,0,0,0,0,0,0,0,0,0,0,0,0,''),
	(931,2,0,0,0,0,0,0,0,0,0,0,0,0,''),
	(932,2,0,0,0,0,0,0,0,0,0,0,0,0,''),
	(933,2,0,0,0,0,0,0,0,0,0,0,0,0,''),
	(934,2,0,0,0,0,0,0,0,0,0,0,0,0,''),
	(935,2,0,0,0,0,0,0,0,0,0,0,0,0,''),
	(936,2,0,0,0,0,0,0,0,0,0,0,0,0,''),
	(937,2,0,0,0,0,0,0,0,0,0,0,0,0,''),
	(938,2,0,0,0,0,0,0,0,0,0,0,0,0,''),
	(939,2,0,0,0,0,0,0,0,0,0,0,0,0,''),
	(940,2,0,0,0,0,0,0,0,0,0,0,0,0,''),
	(941,2,0,0,0,0,0,0,0,0,0,0,0,0,''),
	(942,2,0,0,0,0,0,0,0,0,0,0,0,0,''),
	(943,2,0,0,0,0,0,0,0,0,0,0,0,0,''),
	(944,2,0,0,0,0,0,0,0,0,0,0,0,0,''),
	(945,2,0,0,0,0,0,0,0,0,0,0,0,0,''),
	(946,2,0,0,0,0,0,0,0,0,0,0,0,0,''),
	(947,2,0,0,0,0,0,0,0,0,0,0,0,0,''),
	(948,2,0,0,0,0,0,0,0,0,0,0,0,0,''),
	(949,2,8,0,0,0,0,0,0,0,0,0,0,0,'it'),
	(950,2,0,0,0,0,0,0,0,0,0,0,0,0,''),
	(951,2,0,0,0,0,0,0,0,0,0,0,0,0,''),
	(952,2,0,0,0,0,0,0,0,0,0,0,0,0,''),
	(953,2,0,0,0,0,0,0,0,0,0,0,0,0,''),
	(954,2,0,0,0,0,0,0,0,0,0,0,0,0,''),
	(955,2,0,0,0,0,0,0,0,0,0,0,0,0,''),
	(956,0,5,0,0,0,0,0,0,0,0,0,0,0,''),
	(957,1,3,0,0,0,0,0,0,0,0,0,0,0,'en-us'),
	(958,1,3,0,0,0,0,0,0,0,0,0,0,0,'en-us'),
	(959,2,0,0,0,0,0,0,0,0,0,0,0,0,''),
	(960,2,0,0,0,0,0,0,0,0,0,0,0,0,''),
	(961,2,0,0,0,0,0,0,0,0,0,0,0,0,''),
	(962,2,0,0,0,0,0,0,0,0,0,0,0,0,''),
	(963,2,0,0,0,0,0,0,0,0,0,0,0,0,''),
	(964,2,0,0,0,0,0,0,0,0,0,0,0,0,''),
	(965,2,0,0,0,0,0,0,0,0,0,0,0,0,''),
	(966,2,0,0,0,0,0,0,0,0,0,0,0,0,''),
	(967,2,0,0,0,0,0,0,0,0,0,0,0,0,''),
	(968,2,0,0,0,0,0,0,0,0,0,0,0,0,''),
	(969,2,0,0,0,0,0,0,0,0,0,0,0,0,''),
	(970,2,0,0,0,0,0,0,0,0,0,0,0,0,''),
	(971,2,0,0,0,0,0,0,0,0,0,0,0,0,''),
	(972,0,5,0,0,0,0,0,0,0,0,0,0,0,''),
	(973,2,0,0,0,0,0,0,0,0,0,0,0,0,''),
	(974,2,0,0,0,0,0,0,0,0,0,0,0,0,''),
	(975,2,0,0,0,0,0,0,0,0,0,0,0,0,''),
	(976,2,0,0,0,0,0,0,0,0,0,0,0,0,''),
	(977,2,0,0,0,0,0,0,0,0,0,0,0,0,''),
	(978,2,0,0,0,0,0,0,0,0,0,0,0,0,''),
	(979,2,0,0,0,0,0,0,0,0,0,0,0,0,''),
	(980,2,0,0,0,0,0,0,0,0,0,0,0,0,''),
	(981,2,0,0,0,0,0,0,0,0,0,0,0,0,''),
	(982,2,0,0,0,0,0,0,0,0,0,0,0,0,''),
	(983,2,0,0,0,0,0,0,0,0,0,0,0,0,''),
	(984,2,0,0,0,0,0,0,0,0,0,0,0,0,''),
	(985,1,6,0,0,0,0,0,0,0,0,0,0,0,''),
	(986,2,0,0,0,0,0,0,0,0,0,0,0,0,''),
	(987,2,0,0,0,0,0,0,0,0,0,0,0,0,''),
	(988,2,0,0,0,0,0,0,0,0,0,0,0,0,''),
	(989,2,0,0,0,0,0,0,0,0,0,0,0,0,''),
	(990,2,0,0,0,0,0,0,0,0,0,0,0,0,''),
	(991,2,0,0,0,0,0,0,0,0,0,0,0,0,''),
	(992,1,7,0,0,0,0,0,0,0,0,0,0,0,'it'),
	(993,1,7,0,0,0,0,0,0,0,0,0,0,0,'it'),
	(994,2,0,0,0,0,0,0,0,0,0,0,0,0,''),
	(995,2,0,0,0,0,0,0,0,0,0,0,0,0,''),
	(996,2,0,0,0,0,0,0,0,0,0,0,0,0,''),
	(997,2,0,0,0,0,0,0,0,0,0,0,0,0,''),
	(998,2,0,0,0,0,0,0,0,0,0,0,0,0,''),
	(999,2,0,0,0,0,0,0,0,0,0,0,0,0,''),
	(1000,4,0,0,0,0,0,0,0,0,0,0,0,0,''),
	(1001,1,3,0,0,0,0,0,0,0,0,0,0,0,''),
	(1002,2,0,0,0,0,0,0,0,0,0,0,0,0,''),
	(1003,2,0,0,0,0,0,0,0,0,0,0,0,0,''),
	(1004,2,0,0,0,0,0,0,0,0,0,0,0,0,''),
	(1005,2,0,0,0,0,0,0,0,0,0,0,0,0,''),
	(1006,2,0,0,0,0,0,0,0,0,0,0,0,0,''),
	(1007,2,0,0,0,0,0,0,0,0,0,0,0,0,''),
	(1008,2,0,0,0,0,0,0,0,0,0,0,0,0,''),
	(1009,2,0,0,0,0,0,0,0,0,0,0,0,0,''),
	(1010,2,0,0,0,0,0,0,0,0,0,0,0,0,''),
	(1011,2,0,0,0,0,0,0,0,0,0,0,0,0,''),
	(1012,2,0,0,0,0,0,0,0,0,0,0,0,0,''),
	(1013,2,0,0,0,0,0,0,0,0,0,0,0,0,''),
	(1014,2,0,0,0,0,0,0,0,0,0,0,0,0,''),
	(1015,2,0,0,0,0,0,0,0,0,0,0,0,0,''),
	(1016,2,0,0,0,0,0,0,0,0,0,0,0,0,''),
	(1017,2,0,0,0,0,0,0,0,0,0,0,0,0,''),
	(1018,2,0,0,0,0,0,0,0,0,0,0,0,0,''),
	(1019,2,0,0,0,0,0,0,0,0,0,0,0,0,''),
	(1020,2,3,0,0,0,0,0,0,0,0,0,0,0,''),
	(1021,2,0,0,0,0,0,0,0,0,0,0,0,0,''),
	(1022,2,0,0,0,0,0,0,0,0,0,0,0,0,''),
	(1023,2,0,0,0,0,0,0,0,0,0,0,0,0,''),
	(1024,2,0,0,0,0,0,0,0,0,0,0,0,0,''),
	(1025,2,0,0,0,0,0,0,0,0,0,0,0,0,''),
	(1026,2,0,0,0,0,0,0,0,0,0,0,0,0,''),
	(1027,1,4,0,0,0,0,0,0,0,0,0,0,0,''),
	(1028,2,0,0,0,0,0,0,0,0,0,0,0,0,''),
	(1029,2,0,0,0,0,0,0,0,0,0,0,0,0,''),
	(1030,2,0,0,0,0,0,0,0,0,0,0,0,0,''),
	(1031,2,0,0,0,0,0,0,0,0,0,0,0,0,''),
	(1032,2,0,0,0,0,0,0,0,0,0,0,0,0,''),
	(1033,2,0,0,0,0,0,0,0,0,0,0,0,0,''),
	(1034,2,0,0,0,0,0,0,0,0,0,0,0,0,''),
	(1035,2,0,0,0,0,0,0,0,0,0,0,0,0,''),
	(1036,2,0,0,0,0,0,0,0,0,0,0,0,0,''),
	(1037,2,0,0,0,0,0,0,0,0,0,0,0,0,''),
	(1038,1,6,0,0,0,0,0,0,0,0,0,0,0,''),
	(1039,2,0,0,0,0,0,0,0,0,0,0,0,0,''),
	(1040,2,0,0,0,0,0,0,0,0,0,0,0,0,''),
	(1041,2,0,0,0,0,0,0,0,0,0,0,0,0,''),
	(1042,2,0,0,0,0,0,0,0,0,0,0,0,0,''),
	(1043,2,0,0,0,0,0,0,0,0,0,0,0,0,''),
	(1044,2,0,0,0,0,0,0,0,0,0,0,0,0,''),
	(1045,2,8,0,0,0,0,0,0,0,0,0,0,0,''),
	(1046,2,0,0,0,0,0,0,0,0,0,0,0,0,''),
	(1047,2,0,0,0,0,0,0,0,0,0,0,0,0,''),
	(1048,2,0,0,0,0,0,0,0,0,0,0,0,0,''),
	(1049,2,0,0,0,0,0,0,0,0,0,0,0,0,''),
	(1050,2,0,0,0,0,0,0,0,0,0,0,0,0,''),
	(1051,2,0,0,0,0,0,0,0,0,0,0,0,0,''),
	(1052,2,0,0,0,0,0,0,0,0,0,0,0,0,''),
	(1053,2,0,0,0,0,0,0,0,0,0,0,0,0,''),
	(1054,2,0,0,0,0,0,0,0,0,0,0,0,0,''),
	(1055,2,0,0,0,0,0,0,0,0,0,0,0,0,''),
	(1056,2,0,0,0,0,0,0,0,0,0,0,0,0,''),
	(1057,2,0,0,0,0,0,0,0,0,0,0,0,0,''),
	(1058,2,0,0,0,0,0,0,0,0,0,0,0,0,''),
	(1059,2,3,0,0,0,0,0,0,0,0,0,0,0,''),
	(1060,2,0,0,0,0,0,0,0,0,0,0,0,0,''),
	(1061,2,0,0,0,0,0,0,0,0,0,0,0,0,''),
	(1062,2,0,0,0,0,0,0,0,0,0,0,0,0,''),
	(1063,2,0,0,0,0,0,0,0,0,0,0,0,0,''),
	(1064,2,0,0,0,0,0,0,0,0,0,0,0,0,''),
	(1065,2,0,0,0,0,0,0,0,0,0,0,0,0,''),
	(1066,1,3,0,0,0,0,0,0,0,0,0,0,0,'en-us'),
	(1067,1,3,0,0,0,0,0,0,0,0,0,0,0,'en-us'),
	(1068,2,0,0,0,0,0,0,0,0,0,0,0,0,''),
	(1069,2,0,0,0,0,0,0,0,0,0,0,0,0,''),
	(1070,2,0,0,0,0,0,0,0,0,0,0,0,0,''),
	(1071,2,0,0,0,0,0,0,0,0,0,0,0,0,''),
	(1072,2,0,0,0,0,0,0,0,0,0,0,0,0,''),
	(1073,2,0,0,0,0,0,0,0,0,0,0,0,0,''),
	(1074,1,5,0,0,0,0,0,0,0,0,0,0,0,''),
	(1075,2,0,0,0,0,0,0,0,0,0,0,0,0,''),
	(1076,2,0,0,0,0,0,0,0,0,0,0,0,0,''),
	(1077,2,0,0,0,0,0,0,0,0,0,0,0,0,''),
	(1078,2,0,0,0,0,0,0,0,0,0,0,0,0,''),
	(1079,2,0,0,0,0,0,0,0,0,0,0,0,0,''),
	(1080,2,0,0,0,0,0,0,0,0,0,0,0,0,''),
	(1081,2,0,0,0,0,0,0,0,0,0,0,0,0,''),
	(1082,2,0,0,0,0,0,0,0,0,0,0,0,0,''),
	(1083,2,0,0,0,0,0,0,0,0,0,0,0,0,''),
	(1084,2,0,0,0,0,0,0,0,0,0,0,0,0,''),
	(1085,2,0,0,0,0,0,0,0,0,0,0,0,0,''),
	(1086,2,0,0,0,0,0,0,0,0,0,0,0,0,''),
	(1087,1,7,0,0,0,0,0,0,0,0,0,0,0,'it'),
	(1088,2,0,0,0,0,0,0,0,0,0,0,0,0,''),
	(1089,2,0,0,0,0,0,0,0,0,0,0,0,0,''),
	(1090,2,0,0,0,0,0,0,0,0,0,0,0,0,''),
	(1091,2,0,0,0,0,0,0,0,0,0,0,0,0,''),
	(1092,2,0,0,0,0,0,0,0,0,0,0,0,0,''),
	(1093,2,0,0,0,0,0,0,0,0,0,0,0,0,''),
	(1094,2,0,0,0,0,0,0,0,0,0,0,0,0,''),
	(1095,2,0,0,0,0,0,0,0,0,0,0,0,0,''),
	(1096,2,0,0,0,0,0,0,0,0,0,0,0,0,''),
	(1097,2,0,0,0,0,0,0,0,0,0,0,0,0,''),
	(1098,2,0,0,0,0,0,0,0,0,0,0,0,0,''),
	(1099,2,0,0,0,0,0,0,0,0,0,0,0,0,''),
	(1100,1,6,0,0,0,0,0,0,0,0,0,0,0,'en-us'),
	(1101,2,0,0,0,0,0,0,0,0,0,0,0,0,''),
	(1102,2,0,0,0,0,0,0,0,0,0,0,0,0,''),
	(1103,2,0,0,0,0,0,0,0,0,0,0,0,0,''),
	(1104,2,0,0,0,0,0,0,0,0,0,0,0,0,''),
	(1105,2,0,0,0,0,0,0,0,0,0,0,0,0,''),
	(1106,2,0,0,0,0,0,0,0,0,0,0,0,0,''),
	(1107,1,0,0,0,0,0,0,0,0,0,0,0,0,''),
	(1108,1,6,0,0,0,0,0,0,0,0,0,0,0,'en'),
	(1109,2,0,0,0,0,0,0,0,0,0,0,0,0,''),
	(1110,2,0,0,0,0,0,0,0,0,0,0,0,0,''),
	(1111,2,0,0,0,0,0,0,0,0,0,0,0,0,''),
	(1112,2,0,0,0,0,0,0,0,0,0,0,0,0,''),
	(1113,2,0,0,0,0,0,0,0,0,0,0,0,0,''),
	(1114,2,0,0,0,0,0,0,0,0,0,0,0,0,''),
	(1115,2,0,0,0,0,0,0,0,0,0,0,0,0,''),
	(1116,2,0,0,0,0,0,0,0,0,0,0,0,0,''),
	(1117,2,0,0,0,0,0,0,0,0,0,0,0,0,''),
	(1118,2,0,0,0,0,0,0,0,0,0,0,0,0,''),
	(1119,2,0,0,0,0,0,0,0,0,0,0,0,0,''),
	(1120,2,0,0,0,0,0,0,0,0,0,0,0,0,''),
	(1121,2,0,0,0,0,0,0,0,0,0,0,0,0,''),
	(1122,2,0,0,0,0,0,0,0,0,0,0,0,0,''),
	(1123,2,0,0,0,0,0,0,0,0,0,0,0,0,''),
	(1124,2,0,0,0,0,0,0,0,0,0,0,0,0,''),
	(1125,2,0,0,0,0,0,0,0,0,0,0,0,0,''),
	(1126,2,0,0,0,0,0,0,0,0,0,0,0,0,''),
	(1127,2,0,0,0,0,0,0,0,0,0,0,0,0,''),
	(1128,2,0,0,0,0,0,0,0,0,0,0,0,0,''),
	(1129,2,0,0,0,0,0,0,0,0,0,0,0,0,''),
	(1130,2,0,0,0,0,0,0,0,0,0,0,0,0,''),
	(1131,2,0,0,0,0,0,0,0,0,0,0,0,0,''),
	(1132,2,0,0,0,0,0,0,0,0,0,0,0,0,''),
	(1133,2,0,0,0,0,0,0,0,0,0,0,0,0,''),
	(1134,2,0,0,0,0,0,0,0,0,0,0,0,0,''),
	(1135,2,0,0,0,0,0,0,0,0,0,0,0,0,''),
	(1136,2,0,0,0,0,0,0,0,0,0,0,0,0,''),
	(1137,2,0,0,0,0,0,0,0,0,0,0,0,0,''),
	(1138,2,0,0,0,0,0,0,0,0,0,0,0,0,''),
	(1139,2,0,0,0,0,0,0,0,0,0,0,0,0,''),
	(1140,2,0,0,0,0,0,0,0,0,0,0,0,0,''),
	(1141,2,0,0,0,0,0,0,0,0,0,0,0,0,''),
	(1142,2,0,0,0,0,0,0,0,0,0,0,0,0,''),
	(1143,2,0,0,0,0,0,0,0,0,0,0,0,0,''),
	(1144,2,0,0,0,0,0,0,0,0,0,0,0,0,''),
	(1145,2,0,0,0,0,0,0,0,0,0,0,0,0,''),
	(1146,2,0,0,0,0,0,0,0,0,0,0,0,0,''),
	(1147,1,3,0,0,0,0,0,0,0,0,0,0,0,'en-us'),
	(1148,1,3,0,0,0,0,0,0,0,0,0,0,0,'en-us'),
	(1149,1,6,0,0,0,0,0,0,0,0,0,0,0,'en-us'),
	(1150,2,0,0,0,0,0,0,0,0,0,0,0,0,''),
	(1151,2,0,0,0,0,0,0,0,0,0,0,0,0,''),
	(1152,2,0,0,0,0,0,0,0,0,0,0,0,0,''),
	(1153,2,0,0,0,0,0,0,0,0,0,0,0,0,''),
	(1154,2,0,0,0,0,0,0,0,0,0,0,0,0,''),
	(1155,2,0,0,0,0,0,0,0,0,0,0,0,0,''),
	(1156,2,0,0,0,0,0,0,0,0,0,0,0,0,''),
	(1157,2,0,0,0,0,0,0,0,0,0,0,0,0,''),
	(1158,2,0,0,0,0,0,0,0,0,0,0,0,0,''),
	(1159,2,0,0,0,0,0,0,0,0,0,0,0,0,''),
	(1160,2,0,0,0,0,0,0,0,0,0,0,0,0,''),
	(1161,2,0,0,0,0,0,0,0,0,0,0,0,0,''),
	(1162,2,0,0,0,0,0,0,0,0,0,0,0,0,''),
	(1163,2,0,0,0,0,0,0,0,0,0,0,0,0,''),
	(1164,2,0,0,0,0,0,0,0,0,0,0,0,0,''),
	(1165,2,0,0,0,0,0,0,0,0,0,0,0,0,''),
	(1166,2,0,0,0,0,0,0,0,0,0,0,0,0,''),
	(1167,2,0,0,0,0,0,0,0,0,0,0,0,0,''),
	(1168,2,0,0,0,0,0,0,0,0,0,0,0,0,''),
	(1169,2,0,0,0,0,0,0,0,0,0,0,0,0,''),
	(1170,2,0,0,0,0,0,0,0,0,0,0,0,0,''),
	(1171,2,0,0,0,0,0,0,0,0,0,0,0,0,''),
	(1172,2,0,0,0,0,0,0,0,0,0,0,0,0,''),
	(1173,2,0,0,0,0,0,0,0,0,0,0,0,0,''),
	(1174,2,0,0,0,0,0,0,0,0,0,0,0,0,''),
	(1175,2,0,0,0,0,0,0,0,0,0,0,0,0,''),
	(1176,2,0,0,0,0,0,0,0,0,0,0,0,0,''),
	(1177,2,0,0,0,0,0,0,0,0,0,0,0,0,''),
	(1178,2,0,0,0,0,0,0,0,0,0,0,0,0,''),
	(1179,2,0,0,0,0,0,0,0,0,0,0,0,0,''),
	(1180,2,0,0,0,0,0,0,0,0,0,0,0,0,''),
	(1181,2,0,0,0,0,0,0,0,0,0,0,0,0,''),
	(1182,2,0,0,0,0,0,0,0,0,0,0,0,0,''),
	(1183,2,0,0,0,0,0,0,0,0,0,0,0,0,''),
	(1184,2,0,0,0,0,0,0,0,0,0,0,0,0,''),
	(1185,2,0,0,0,0,0,0,0,0,0,0,0,0,''),
	(1186,2,0,0,0,0,0,0,0,0,0,0,0,0,''),
	(1187,2,0,0,0,0,0,0,0,0,0,0,0,0,''),
	(1188,2,0,0,0,0,0,0,0,0,0,0,0,0,''),
	(1189,2,0,0,0,0,0,0,0,0,0,0,0,0,''),
	(1190,2,0,0,0,0,0,0,0,0,0,0,0,0,''),
	(1191,2,0,0,0,0,0,0,0,0,0,0,0,0,''),
	(1192,2,0,0,0,0,0,0,0,0,0,0,0,0,''),
	(1193,2,0,0,0,0,0,0,0,0,0,0,0,0,''),
	(1194,2,0,0,0,0,0,0,0,0,0,0,0,0,''),
	(1195,2,0,0,0,0,0,0,0,0,0,0,0,0,''),
	(1196,4,3,0,0,0,0,0,0,0,0,0,0,0,''),
	(1197,2,0,0,0,0,0,0,0,0,0,0,0,0,''),
	(1198,2,0,0,0,0,0,0,0,0,0,0,0,0,''),
	(1199,2,0,0,0,0,0,0,0,0,0,0,0,0,''),
	(1200,2,0,0,0,0,0,0,0,0,0,0,0,0,''),
	(1201,2,0,0,0,0,0,0,0,0,0,0,0,0,''),
	(1202,2,0,0,0,0,0,0,0,0,0,0,0,0,''),
	(1203,2,8,0,0,0,0,0,0,0,0,0,0,0,''),
	(1204,2,8,0,0,0,0,0,0,0,0,0,0,0,''),
	(1205,2,0,0,0,0,0,0,0,0,0,0,0,0,''),
	(1206,2,0,0,0,0,0,0,0,0,0,0,0,0,''),
	(1207,2,0,0,0,0,0,0,0,0,0,0,0,0,''),
	(1208,2,0,0,0,0,0,0,0,0,0,0,0,0,''),
	(1209,2,0,0,0,0,0,0,0,0,0,0,0,0,''),
	(1210,2,0,0,0,0,0,0,0,0,0,0,0,0,''),
	(1211,2,0,0,0,0,0,0,0,0,0,0,0,0,''),
	(1212,2,0,0,0,0,0,0,0,0,0,0,0,0,''),
	(1213,2,0,0,0,0,0,0,0,0,0,0,0,0,''),
	(1214,2,0,0,0,0,0,0,0,0,0,0,0,0,''),
	(1215,2,0,0,0,0,0,0,0,0,0,0,0,0,''),
	(1216,2,0,0,0,0,0,0,0,0,0,0,0,0,''),
	(1217,2,0,0,0,0,0,0,0,0,0,0,0,0,''),
	(1218,2,0,0,0,0,0,0,0,0,0,0,0,0,''),
	(1219,2,0,0,0,0,0,0,0,0,0,0,0,0,''),
	(1220,2,0,0,0,0,0,0,0,0,0,0,0,0,''),
	(1221,2,0,0,0,0,0,0,0,0,0,0,0,0,''),
	(1222,2,0,0,0,0,0,0,0,0,0,0,0,0,''),
	(1223,2,0,0,0,0,0,0,0,0,0,0,0,0,''),
	(1224,2,0,0,0,0,0,0,0,0,0,0,0,0,''),
	(1225,2,0,0,0,0,0,0,0,0,0,0,0,0,''),
	(1226,2,0,0,0,0,0,0,0,0,0,0,0,0,''),
	(1227,2,0,0,0,0,0,0,0,0,0,0,0,0,''),
	(1228,2,0,0,0,0,0,0,0,0,0,0,0,0,''),
	(1229,2,0,0,0,0,0,0,0,0,0,0,0,0,''),
	(1230,2,0,0,0,0,0,0,0,0,0,0,0,0,''),
	(1231,1,3,0,0,0,0,0,0,0,0,0,0,0,'en-us'),
	(1232,1,3,0,0,0,0,0,0,0,0,0,0,0,'en-us'),
	(1233,2,0,0,0,0,0,0,0,0,0,0,0,0,''),
	(1234,2,0,0,0,0,0,0,0,0,0,0,0,0,''),
	(1235,2,0,0,0,0,0,0,0,0,0,0,0,0,''),
	(1236,2,0,0,0,0,0,0,0,0,0,0,0,0,''),
	(1237,2,0,0,0,0,0,0,0,0,0,0,0,0,''),
	(1238,2,0,0,0,0,0,0,0,0,0,0,0,0,''),
	(1239,2,8,0,0,0,0,0,0,0,0,0,0,0,''),
	(1240,2,0,0,0,0,0,0,0,0,0,0,0,0,''),
	(1241,2,0,0,0,0,0,0,0,0,0,0,0,0,''),
	(1242,2,0,0,0,0,0,0,0,0,0,0,0,0,''),
	(1243,2,0,0,0,0,0,0,0,0,0,0,0,0,''),
	(1244,2,0,0,0,0,0,0,0,0,0,0,0,0,''),
	(1245,2,0,0,0,0,0,0,0,0,0,0,0,0,''),
	(1246,2,0,0,0,0,0,0,0,0,0,0,0,0,''),
	(1247,2,0,0,0,0,0,0,0,0,0,0,0,0,''),
	(1248,2,0,0,0,0,0,0,0,0,0,0,0,0,''),
	(1249,2,0,0,0,0,0,0,0,0,0,0,0,0,''),
	(1250,2,0,0,0,0,0,0,0,0,0,0,0,0,''),
	(1251,1,5,0,0,0,0,0,0,0,0,0,0,0,''),
	(1252,2,0,0,0,0,0,0,0,0,0,0,0,0,''),
	(1253,2,0,0,0,0,0,0,0,0,0,0,0,0,''),
	(1254,2,0,0,0,0,0,0,0,0,0,0,0,0,''),
	(1255,2,0,0,0,0,0,0,0,0,0,0,0,0,''),
	(1256,2,0,0,0,0,0,0,0,0,0,0,0,0,''),
	(1257,2,0,0,0,0,0,0,0,0,0,0,0,0,''),
	(1258,2,0,0,0,0,0,0,0,0,0,0,0,0,''),
	(1259,2,0,0,0,0,0,0,0,0,0,0,0,0,''),
	(1260,2,0,0,0,0,0,0,0,0,0,0,0,0,''),
	(1261,2,0,0,0,0,0,0,0,0,0,0,0,0,''),
	(1262,2,0,0,0,0,0,0,0,0,0,0,0,0,''),
	(1263,2,0,0,0,0,0,0,0,0,0,0,0,0,''),
	(1264,2,0,0,0,0,0,0,0,0,0,0,0,0,''),
	(1265,2,0,0,0,0,0,0,0,0,0,0,0,0,''),
	(1266,2,0,0,0,0,0,0,0,0,0,0,0,0,''),
	(1267,2,0,0,0,0,0,0,0,0,0,0,0,0,''),
	(1268,2,0,0,0,0,0,0,0,0,0,0,0,0,''),
	(1269,2,0,0,0,0,0,0,0,0,0,0,0,0,''),
	(1270,2,0,0,0,0,0,0,0,0,0,0,0,0,''),
	(1271,1,3,0,0,0,0,0,0,0,0,0,0,0,'ru'),
	(1272,2,0,0,0,0,0,0,0,0,0,0,0,0,''),
	(1273,2,0,0,0,0,0,0,0,0,0,0,0,0,''),
	(1274,2,0,0,0,0,0,0,0,0,0,0,0,0,''),
	(1275,2,0,0,0,0,0,0,0,0,0,0,0,0,''),
	(1276,2,0,0,0,0,0,0,0,0,0,0,0,0,''),
	(1277,2,0,0,0,0,0,0,0,0,0,0,0,0,''),
	(1278,2,0,0,0,0,0,0,0,0,0,0,0,0,''),
	(1279,1,4,0,0,0,0,0,0,0,0,0,0,0,'ru'),
	(1280,2,0,0,0,0,0,0,0,0,0,0,0,0,''),
	(1281,2,0,0,0,0,0,0,0,0,0,0,0,0,''),
	(1282,2,0,0,0,0,0,0,0,0,0,0,0,0,''),
	(1283,2,0,0,0,0,0,0,0,0,0,0,0,0,''),
	(1284,2,0,0,0,0,0,0,0,0,0,0,0,0,''),
	(1285,2,0,0,0,0,0,0,0,0,0,0,0,0,''),
	(1286,2,0,0,0,0,0,0,0,0,0,0,0,0,''),
	(1287,1,4,0,0,0,0,0,0,0,0,0,0,0,'ru'),
	(1288,2,0,0,0,0,0,0,0,0,0,0,0,0,''),
	(1289,2,0,0,0,0,0,0,0,0,0,0,0,0,''),
	(1290,2,0,0,0,0,0,0,0,0,0,0,0,0,''),
	(1291,2,0,0,0,0,0,0,0,0,0,0,0,0,''),
	(1292,2,0,0,0,0,0,0,0,0,0,0,0,0,''),
	(1293,2,0,0,0,0,0,0,0,0,0,0,0,0,''),
	(1294,3,0,0,0,0,0,0,0,0,0,0,0,0,''),
	(1295,2,0,0,0,0,0,0,0,0,0,0,0,0,''),
	(1296,2,0,0,0,0,0,0,0,0,0,0,0,0,''),
	(1297,2,0,0,0,0,0,0,0,0,0,0,0,0,''),
	(1298,2,0,0,0,0,0,0,0,0,0,0,0,0,''),
	(1299,2,0,0,0,0,0,0,0,0,0,0,0,0,''),
	(1300,2,0,0,0,0,0,0,0,0,0,0,0,0,''),
	(1301,2,0,0,0,0,0,0,0,0,0,0,0,0,''),
	(1302,2,0,0,0,0,0,0,0,0,0,0,0,0,''),
	(1303,2,0,0,0,0,0,0,0,0,0,0,0,0,''),
	(1304,2,0,0,0,0,0,0,0,0,0,0,0,0,''),
	(1305,2,0,0,0,0,0,0,0,0,0,0,0,0,''),
	(1306,2,0,0,0,0,0,0,0,0,0,0,0,0,''),
	(1307,2,0,0,0,0,0,0,0,0,0,0,0,0,''),
	(1308,2,0,0,0,0,0,0,0,0,0,0,0,0,''),
	(1309,2,0,0,0,0,0,0,0,0,0,0,0,0,''),
	(1310,2,0,0,0,0,0,0,0,0,0,0,0,0,''),
	(1311,2,0,0,0,0,0,0,0,0,0,0,0,0,''),
	(1312,2,0,0,0,0,0,0,0,0,0,0,0,0,''),
	(1313,2,0,0,0,0,0,0,0,0,0,0,0,0,''),
	(1314,2,0,0,0,0,0,0,0,0,0,0,0,0,''),
	(1315,2,0,0,0,0,0,0,0,0,0,0,0,0,''),
	(1316,2,0,0,0,0,0,0,0,0,0,0,0,0,''),
	(1317,2,0,0,0,0,0,0,0,0,0,0,0,0,''),
	(1318,2,0,0,0,0,0,0,0,0,0,0,0,0,''),
	(1319,1,7,0,0,0,0,0,0,0,0,0,0,0,''),
	(1320,0,5,0,0,0,0,0,0,0,0,0,0,0,''),
	(1321,0,5,0,0,0,0,0,0,0,0,0,0,0,''),
	(1322,2,0,0,0,0,0,0,0,0,0,0,0,0,''),
	(1323,2,0,0,0,0,0,0,0,0,0,0,0,0,''),
	(1324,2,0,0,0,0,0,0,0,0,0,0,0,0,''),
	(1325,2,0,0,0,0,0,0,0,0,0,0,0,0,''),
	(1326,2,0,0,0,0,0,0,0,0,0,0,0,0,''),
	(1327,2,0,0,0,0,0,0,0,0,0,0,0,0,''),
	(1328,2,0,0,0,0,0,0,0,0,0,0,0,0,''),
	(1329,2,0,0,0,0,0,0,0,0,0,0,0,0,''),
	(1330,2,0,0,0,0,0,0,0,0,0,0,0,0,''),
	(1331,2,0,0,0,0,0,0,0,0,0,0,0,0,''),
	(1332,2,0,0,0,0,0,0,0,0,0,0,0,0,''),
	(1333,2,0,0,0,0,0,0,0,0,0,0,0,0,''),
	(1334,2,0,0,0,0,0,0,0,0,0,0,0,0,''),
	(1335,2,0,0,0,0,0,0,0,0,0,0,0,0,''),
	(1336,2,0,0,0,0,0,0,0,0,0,0,0,0,''),
	(1337,2,0,0,0,0,0,0,0,0,0,0,0,0,''),
	(1338,1,3,0,0,0,0,0,0,0,0,0,0,0,'en-us'),
	(1339,1,3,0,0,0,0,0,0,0,0,0,0,0,'en-us'),
	(1340,2,0,0,0,0,0,0,0,0,0,0,0,0,''),
	(1341,2,0,0,0,0,0,0,0,0,0,0,0,0,''),
	(1342,2,0,0,0,0,0,0,0,0,0,0,0,0,''),
	(1343,2,0,0,0,0,0,0,0,0,0,0,0,0,''),
	(1344,2,0,0,0,0,0,0,0,0,0,0,0,0,''),
	(1345,2,0,0,0,0,0,0,0,0,0,0,0,0,''),
	(1346,2,0,0,0,0,0,0,0,0,0,0,0,0,''),
	(1347,2,0,0,0,0,0,0,0,0,0,0,0,0,''),
	(1348,2,0,0,0,0,0,0,0,0,0,0,0,0,''),
	(1349,2,0,0,0,0,0,0,0,0,0,0,0,0,''),
	(1350,2,0,0,0,0,0,0,0,0,0,0,0,0,''),
	(1351,2,0,0,0,0,0,0,0,0,0,0,0,0,''),
	(1352,2,0,0,0,0,0,0,0,0,0,0,0,0,''),
	(1353,2,0,0,0,0,0,0,0,0,0,0,0,0,''),
	(1354,2,0,0,0,0,0,0,0,0,0,0,0,0,''),
	(1355,2,0,0,0,0,0,0,0,0,0,0,0,0,''),
	(1356,2,0,0,0,0,0,0,0,0,0,0,0,0,''),
	(1357,2,0,0,0,0,0,0,0,0,0,0,0,0,''),
	(1358,2,0,0,0,0,0,0,0,0,0,0,0,0,''),
	(1359,2,0,0,0,0,0,0,0,0,0,0,0,0,''),
	(1360,2,0,0,0,0,0,0,0,0,0,0,0,0,''),
	(1361,2,0,0,0,0,0,0,0,0,0,0,0,0,''),
	(1362,2,0,0,0,0,0,0,0,0,0,0,0,0,''),
	(1363,2,0,0,0,0,0,0,0,0,0,0,0,0,''),
	(1364,2,0,0,0,0,0,0,0,0,0,0,0,0,''),
	(1365,2,0,0,0,0,0,0,0,0,0,0,0,0,''),
	(1366,2,0,0,0,0,0,0,0,0,0,0,0,0,''),
	(1367,2,0,0,0,0,0,0,0,0,0,0,0,0,''),
	(1368,2,0,0,0,0,0,0,0,0,0,0,0,0,''),
	(1369,2,0,0,0,0,0,0,0,0,0,0,0,0,''),
	(1370,2,0,0,0,0,0,0,0,0,0,0,0,0,''),
	(1371,2,0,0,0,0,0,0,0,0,0,0,0,0,''),
	(1372,2,4,0,0,0,0,0,0,0,0,0,0,0,''),
	(1373,2,3,0,0,0,0,0,0,0,0,0,0,0,'en-us'),
	(1374,2,8,0,0,0,0,0,0,0,0,0,0,0,''),
	(1375,2,0,0,0,0,0,0,0,0,0,0,0,0,''),
	(1376,2,0,0,0,0,0,0,0,0,0,0,0,0,''),
	(1377,2,0,0,0,0,0,0,0,0,0,0,0,0,''),
	(1378,2,0,0,0,0,0,0,0,0,0,0,0,0,''),
	(1379,2,0,0,0,0,0,0,0,0,0,0,0,0,''),
	(1380,2,0,0,0,0,0,0,0,0,0,0,0,0,''),
	(1381,2,0,0,0,0,0,0,0,0,0,0,0,0,''),
	(1382,2,0,0,0,0,0,0,0,0,0,0,0,0,''),
	(1383,1,4,0,0,0,0,0,0,0,0,0,0,0,''),
	(1384,1,3,0,0,0,0,0,0,0,0,0,0,0,''),
	(1385,2,0,0,0,0,0,0,0,0,0,0,0,0,''),
	(1386,2,0,0,0,0,0,0,0,0,0,0,0,0,''),
	(1387,2,0,0,0,0,0,0,0,0,0,0,0,0,''),
	(1388,2,0,0,0,0,0,0,0,0,0,0,0,0,''),
	(1389,2,0,0,0,0,0,0,0,0,0,0,0,0,''),
	(1390,2,0,0,0,0,0,0,0,0,0,0,0,0,''),
	(1391,2,0,0,0,0,0,0,0,0,0,0,0,0,''),
	(1392,2,0,0,0,0,0,0,0,0,0,0,0,0,''),
	(1393,4,3,0,0,0,0,0,0,0,0,0,0,0,'en-us'),
	(1394,2,0,0,0,0,0,0,0,0,0,0,0,0,''),
	(1395,2,0,0,0,0,0,0,0,0,0,0,0,0,''),
	(1396,0,5,0,0,0,0,0,0,0,0,0,0,0,''),
	(1397,0,5,0,0,0,0,0,0,0,0,0,0,0,''),
	(1398,2,0,0,0,0,0,0,0,0,0,0,0,0,''),
	(1399,2,0,0,0,0,0,0,0,0,0,0,0,0,''),
	(1400,2,0,0,0,0,0,0,0,0,0,0,0,0,''),
	(1401,2,0,0,0,0,0,0,0,0,0,0,0,0,''),
	(1402,2,0,0,0,0,0,0,0,0,0,0,0,0,''),
	(1403,2,0,0,0,0,0,0,0,0,0,0,0,0,''),
	(1404,1,6,0,0,0,0,0,0,0,0,0,0,0,''),
	(1405,2,0,0,0,0,0,0,0,0,0,0,0,0,''),
	(1406,2,0,0,0,0,0,0,0,0,0,0,0,0,''),
	(1407,2,0,0,0,0,0,0,0,0,0,0,0,0,''),
	(1408,2,0,0,0,0,0,0,0,0,0,0,0,0,''),
	(1409,2,0,0,0,0,0,0,0,0,0,0,0,0,''),
	(1410,2,0,0,0,0,0,0,0,0,0,0,0,0,''),
	(1411,2,0,0,0,0,0,0,0,0,0,0,0,0,''),
	(1412,2,0,0,0,0,0,0,0,0,0,0,0,0,''),
	(1413,2,0,0,0,0,0,0,0,0,0,0,0,0,''),
	(1414,2,0,0,0,0,0,0,0,0,0,0,0,0,''),
	(1415,2,0,0,0,0,0,0,0,0,0,0,0,0,''),
	(1416,2,0,0,0,0,0,0,0,0,0,0,0,0,''),
	(1417,2,0,0,0,0,0,0,0,0,0,0,0,0,''),
	(1418,2,0,0,0,0,0,0,0,0,0,0,0,0,''),
	(1419,2,0,0,0,0,0,0,0,0,0,0,0,0,''),
	(1420,2,0,0,0,0,0,0,0,0,0,0,0,0,''),
	(1421,2,0,0,0,0,0,0,0,0,0,0,0,0,''),
	(1422,2,0,0,0,0,0,0,0,0,0,0,0,0,''),
	(1423,2,0,0,0,0,0,0,0,0,0,0,0,0,''),
	(1424,2,0,0,0,0,0,0,0,0,0,0,0,0,''),
	(1425,2,0,0,0,0,0,0,0,0,0,0,0,0,''),
	(1426,2,0,0,0,0,0,0,0,0,0,0,0,0,''),
	(1427,2,0,0,0,0,0,0,0,0,0,0,0,0,''),
	(1428,2,0,0,0,0,0,0,0,0,0,0,0,0,''),
	(1429,2,0,0,0,0,0,0,0,0,0,0,0,0,''),
	(1430,2,0,0,0,0,0,0,0,0,0,0,0,0,''),
	(1431,2,0,0,0,0,0,0,0,0,0,0,0,0,''),
	(1432,2,0,0,0,0,0,0,0,0,0,0,0,0,''),
	(1433,2,0,0,0,0,0,0,0,0,0,0,0,0,''),
	(1434,2,0,0,0,0,0,0,0,0,0,0,0,0,''),
	(1435,2,0,0,0,0,0,0,0,0,0,0,0,0,''),
	(1436,1,3,0,0,0,0,0,0,0,0,0,0,0,'en-us'),
	(1437,1,3,0,0,0,0,0,0,0,0,0,0,0,'en-us'),
	(1438,2,4,0,0,0,0,0,0,0,0,0,0,0,''),
	(1439,2,0,0,0,0,0,0,0,0,0,0,0,0,''),
	(1440,2,0,0,0,0,0,0,0,0,0,0,0,0,''),
	(1441,2,0,0,0,0,0,0,0,0,0,0,0,0,''),
	(1442,2,0,0,0,0,0,0,0,0,0,0,0,0,''),
	(1443,2,0,0,0,0,0,0,0,0,0,0,0,0,''),
	(1444,2,0,0,0,0,0,0,0,0,0,0,0,0,''),
	(1445,2,0,0,0,0,0,0,0,0,0,0,0,0,''),
	(1446,2,0,0,0,0,0,0,0,0,0,0,0,0,''),
	(1447,1,5,0,0,0,0,0,0,0,0,0,0,0,''),
	(1448,1,0,0,0,0,0,0,0,0,0,0,0,0,'it'),
	(1449,1,4,0,0,0,0,0,0,0,0,0,0,0,''),
	(1450,2,0,0,0,0,0,0,0,0,0,0,0,0,''),
	(1451,2,0,0,0,0,0,0,0,0,0,0,0,0,''),
	(1452,2,0,0,0,0,0,0,0,0,0,0,0,0,''),
	(1453,2,0,0,0,0,0,0,0,0,0,0,0,0,''),
	(1454,2,0,0,0,0,0,0,0,0,0,0,0,0,''),
	(1455,2,0,0,0,0,0,0,0,0,0,0,0,0,''),
	(1456,2,0,0,0,0,0,0,0,0,0,0,0,0,''),
	(1457,2,0,0,0,0,0,0,0,0,0,0,0,0,''),
	(1458,1,6,0,0,0,0,0,0,0,0,0,0,0,''),
	(1459,1,8,0,0,0,0,0,0,0,0,0,0,0,''),
	(1460,3,8,0,0,0,0,0,0,0,0,0,0,0,''),
	(1461,2,0,0,0,0,0,0,0,0,0,0,0,0,''),
	(1462,2,0,0,0,0,0,0,0,0,0,0,0,0,''),
	(1463,2,0,0,0,0,0,0,0,0,0,0,0,0,''),
	(1464,2,0,0,0,0,0,0,0,0,0,0,0,0,''),
	(1465,2,0,0,0,0,0,0,0,0,0,0,0,0,''),
	(1466,2,0,0,0,0,0,0,0,0,0,0,0,0,''),
	(1467,2,0,0,0,0,0,0,0,0,0,0,0,0,''),
	(1468,2,0,0,0,0,0,0,0,0,0,0,0,0,''),
	(1469,2,8,0,0,0,0,0,0,0,0,0,0,0,''),
	(1470,2,0,0,0,0,0,0,0,0,0,0,0,0,'de-de'),
	(1471,1,0,0,0,0,0,0,0,0,0,0,0,0,''),
	(1472,2,0,0,0,0,0,0,0,0,0,0,0,0,''),
	(1473,2,0,0,0,0,0,0,0,0,0,0,0,0,''),
	(1474,2,0,0,0,0,0,0,0,0,0,0,0,0,''),
	(1475,2,0,0,0,0,0,0,0,0,0,0,0,0,''),
	(1476,2,0,0,0,0,0,0,0,0,0,0,0,0,''),
	(1477,2,0,0,0,0,0,0,0,0,0,0,0,0,''),
	(1478,4,8,0,0,0,0,0,0,0,0,0,0,0,''),
	(1479,4,8,0,0,0,0,0,0,0,0,0,0,0,''),
	(1480,2,0,0,0,0,0,0,0,0,0,0,0,0,'en'),
	(1481,2,4,0,0,0,0,0,0,0,0,0,0,0,''),
	(1482,2,0,0,0,0,0,0,0,0,0,0,0,0,''),
	(1483,2,0,0,0,0,0,0,0,0,0,0,0,0,''),
	(1484,2,0,0,0,0,0,0,0,0,0,0,0,0,''),
	(1485,2,0,0,0,0,0,0,0,0,0,0,0,0,''),
	(1486,2,0,0,0,0,0,0,0,0,0,0,0,0,''),
	(1487,2,0,0,0,0,0,0,0,0,0,0,0,0,''),
	(1488,1,0,0,0,0,0,0,0,0,0,0,0,0,''),
	(1489,1,4,0,0,0,0,0,0,0,0,0,0,0,''),
	(1490,2,0,0,0,0,0,0,0,0,0,0,0,0,''),
	(1491,2,0,0,0,0,0,0,0,0,0,0,0,0,''),
	(1492,2,0,0,0,0,0,0,0,0,0,0,0,0,''),
	(1493,2,0,0,0,0,0,0,0,0,0,0,0,0,''),
	(1494,2,0,0,0,0,0,0,0,0,0,0,0,0,''),
	(1495,2,0,0,0,0,0,0,0,0,0,0,0,0,''),
	(1496,2,4,0,0,0,0,0,0,0,0,0,0,0,''),
	(1497,2,0,0,0,0,0,0,0,0,0,0,0,0,''),
	(1498,2,0,0,0,0,0,0,0,0,0,0,0,0,''),
	(1499,2,0,0,0,0,0,0,0,0,0,0,0,0,''),
	(1500,2,0,0,0,0,0,0,0,0,0,0,0,0,''),
	(1501,2,0,0,0,0,0,0,0,0,0,0,0,0,''),
	(1502,2,0,0,0,0,0,0,0,0,0,0,0,0,''),
	(1503,2,0,0,0,0,0,0,0,0,0,0,0,0,''),
	(1504,2,0,0,0,0,0,0,0,0,0,0,0,0,''),
	(1505,2,0,0,0,0,0,0,0,0,0,0,0,0,''),
	(1506,2,0,0,0,0,0,0,0,0,0,0,0,0,''),
	(1507,2,0,0,0,0,0,0,0,0,0,0,0,0,''),
	(1508,2,0,0,0,0,0,0,0,0,0,0,0,0,''),
	(1509,2,0,0,0,0,0,0,0,0,0,0,0,0,''),
	(1510,2,0,0,0,0,0,0,0,0,0,0,0,0,''),
	(1511,2,0,0,0,0,0,0,0,0,0,0,0,0,''),
	(1512,2,0,0,0,0,0,0,0,0,0,0,0,0,''),
	(1513,2,0,0,0,0,0,0,0,0,0,0,0,0,''),
	(1514,2,0,0,0,0,0,0,0,0,0,0,0,0,''),
	(1515,2,0,0,0,0,0,0,0,0,0,0,0,0,''),
	(1516,1,8,0,0,0,0,0,0,0,0,0,0,0,''),
	(1517,2,0,0,0,0,0,0,0,0,0,0,0,0,''),
	(1518,2,0,0,0,0,0,0,0,0,0,0,0,0,''),
	(1519,2,0,0,0,0,0,0,0,0,0,0,0,0,''),
	(1520,2,0,0,0,0,0,0,0,0,0,0,0,0,''),
	(1521,2,0,0,0,0,0,0,0,0,0,0,0,0,''),
	(1522,2,0,0,0,0,0,0,0,0,0,0,0,0,''),
	(1523,2,0,0,0,0,0,0,0,0,0,0,0,0,''),
	(1524,2,0,0,0,0,0,0,0,0,0,0,0,0,''),
	(1525,2,0,0,0,0,0,0,0,0,0,0,0,0,''),
	(1526,2,0,0,0,0,0,0,0,0,0,0,0,0,''),
	(1527,2,0,0,0,0,0,0,0,0,0,0,0,0,''),
	(1528,2,0,0,0,0,0,0,0,0,0,0,0,0,''),
	(1529,2,0,0,0,0,0,0,0,0,0,0,0,0,''),
	(1530,2,0,0,0,0,0,0,0,0,0,0,0,0,''),
	(1531,4,8,0,0,0,0,0,0,0,0,0,0,0,''),
	(1532,2,0,0,0,0,0,0,0,0,0,0,0,0,''),
	(1533,2,0,0,0,0,0,0,0,0,0,0,0,0,''),
	(1534,2,0,0,0,0,0,0,0,0,0,0,0,0,''),
	(1535,2,0,0,0,0,0,0,0,0,0,0,0,0,''),
	(1536,2,0,0,0,0,0,0,0,0,0,0,0,0,''),
	(1537,2,0,0,0,0,0,0,0,0,0,0,0,0,''),
	(1538,2,0,0,0,0,0,0,0,0,0,0,0,0,''),
	(1539,2,0,0,0,0,0,0,0,0,0,0,0,0,''),
	(1540,1,3,0,0,0,0,0,0,0,0,0,0,0,'en-us'),
	(1541,1,3,0,0,0,0,0,0,0,0,0,0,0,'en-us'),
	(1542,2,0,0,0,0,0,0,0,0,0,0,0,0,''),
	(1543,2,0,0,0,0,0,0,0,0,0,0,0,0,''),
	(1544,2,0,0,0,0,0,0,0,0,0,0,0,0,''),
	(1545,2,0,0,0,0,0,0,0,0,0,0,0,0,''),
	(1546,2,0,0,0,0,0,0,0,0,0,0,0,0,''),
	(1547,2,0,0,0,0,0,0,0,0,0,0,0,0,''),
	(1548,2,0,0,0,0,0,0,0,0,0,0,0,0,''),
	(1549,2,0,0,0,0,0,0,0,0,0,0,0,0,''),
	(1550,4,8,0,0,0,0,0,0,0,0,0,0,0,''),
	(1551,2,0,0,0,0,0,0,0,0,0,0,0,0,''),
	(1552,2,0,0,0,0,0,0,0,0,0,0,0,0,''),
	(1553,2,0,0,0,0,0,0,0,0,0,0,0,0,''),
	(1554,2,0,0,0,0,0,0,0,0,0,0,0,0,''),
	(1555,2,0,0,0,0,0,0,0,0,0,0,0,0,''),
	(1556,2,0,0,0,0,0,0,0,0,0,0,0,0,''),
	(1557,2,0,0,0,0,0,0,0,0,0,0,0,0,''),
	(1558,2,0,0,0,0,0,0,0,0,0,0,0,0,''),
	(1559,2,0,0,0,0,0,0,0,0,0,0,0,0,''),
	(1560,2,0,0,0,0,0,0,0,0,0,0,0,0,''),
	(1561,2,0,0,0,0,0,0,0,0,0,0,0,0,''),
	(1562,2,0,0,0,0,0,0,0,0,0,0,0,0,''),
	(1563,2,0,0,0,0,0,0,0,0,0,0,0,0,''),
	(1564,2,0,0,0,0,0,0,0,0,0,0,0,0,''),
	(1565,2,0,0,0,0,0,0,0,0,0,0,0,0,''),
	(1566,2,0,0,0,0,0,0,0,0,0,0,0,0,''),
	(1567,2,0,0,0,0,0,0,0,0,0,0,0,0,''),
	(1568,2,0,0,0,0,0,0,0,0,0,0,0,0,''),
	(1569,2,0,0,0,0,0,0,0,0,0,0,0,0,''),
	(1570,2,0,0,0,0,0,0,0,0,0,0,0,0,''),
	(1571,2,0,0,0,0,0,0,0,0,0,0,0,0,''),
	(1572,1,6,0,0,0,0,0,0,0,0,0,0,0,''),
	(1573,2,0,0,0,0,0,0,0,0,0,0,0,0,''),
	(1574,2,0,0,0,0,0,0,0,0,0,0,0,0,''),
	(1575,2,0,0,0,0,0,0,0,0,0,0,0,0,''),
	(1576,2,0,0,0,0,0,0,0,0,0,0,0,0,''),
	(1577,2,0,0,0,0,0,0,0,0,0,0,0,0,''),
	(1578,2,0,0,0,0,0,0,0,0,0,0,0,0,''),
	(1579,2,0,0,0,0,0,0,0,0,0,0,0,0,''),
	(1580,2,0,0,0,0,0,0,0,0,0,0,0,0,''),
	(1581,4,8,0,0,0,0,0,0,0,0,0,0,0,''),
	(1582,2,0,0,0,0,0,0,0,0,0,0,0,0,''),
	(1583,2,0,0,0,0,0,0,0,0,0,0,0,0,''),
	(1584,2,0,0,0,0,0,0,0,0,0,0,0,0,''),
	(1585,2,0,0,0,0,0,0,0,0,0,0,0,0,''),
	(1586,2,0,0,0,0,0,0,0,0,0,0,0,0,''),
	(1587,2,0,0,0,0,0,0,0,0,0,0,0,0,''),
	(1588,2,7,0,0,0,0,0,0,0,0,0,0,0,''),
	(1589,2,0,0,0,0,0,0,0,0,0,0,0,0,''),
	(1590,2,0,0,0,0,0,0,0,0,0,0,0,0,''),
	(1591,2,0,0,0,0,0,0,0,0,0,0,0,0,''),
	(1592,2,0,0,0,0,0,0,0,0,0,0,0,0,''),
	(1593,2,0,0,0,0,0,0,0,0,0,0,0,0,''),
	(1594,2,0,0,0,0,0,0,0,0,0,0,0,0,''),
	(1595,2,0,0,0,0,0,0,0,0,0,0,0,0,''),
	(1596,2,0,0,0,0,0,0,0,0,0,0,0,0,''),
	(1597,2,8,0,0,0,0,0,0,0,0,0,0,0,''),
	(1598,1,6,0,0,0,0,0,0,0,0,0,0,0,'en-us'),
	(1601,3,1,0,0,0,0,0,0,0,0,0,0,0,'it-it'),
	(1603,1,7,0,0,0,0,0,0,0,0,0,0,0,'it'),
	(1604,2,0,0,0,0,0,0,0,0,0,0,0,0,''),
	(1605,2,0,0,0,0,0,0,0,0,0,0,0,0,''),
	(1606,2,0,0,0,0,0,0,0,0,0,0,0,0,''),
	(1607,2,0,0,0,0,0,0,0,0,0,0,0,0,''),
	(1608,2,0,0,0,0,0,0,0,0,0,0,0,0,''),
	(1609,2,0,0,0,0,0,0,0,0,0,0,0,0,''),
	(1610,4,8,0,0,0,0,0,0,0,0,0,0,0,''),
	(1611,4,8,0,0,0,0,0,0,0,0,0,0,0,''),
	(1612,1,2,0,0,0,0,0,0,0,0,0,0,0,''),
	(1613,1,0,0,0,0,0,0,0,0,0,0,0,0,'it'),
	(1614,1,0,11,0,0,0,0,0,0,0,0,0,0,'it'),
	(1615,3,1,0,0,0,0,0,0,0,0,0,0,0,'it-it'),
	(1617,1,3,0,0,0,0,0,0,0,0,0,0,0,''),
	(1618,1,5,0,0,0,0,0,0,0,0,0,0,0,''),
	(1619,1,6,0,0,0,0,0,0,0,0,0,0,0,'en-us'),
	(1620,2,0,0,0,0,0,0,0,0,0,0,0,0,''),
	(1621,2,0,0,0,0,0,0,0,0,0,0,0,0,''),
	(1622,2,0,0,0,0,0,0,0,0,0,0,0,0,''),
	(1623,2,0,0,0,0,0,0,0,0,0,0,0,0,''),
	(1624,2,0,0,0,0,0,0,0,0,0,0,0,0,''),
	(1625,2,0,0,0,0,0,0,0,0,0,0,0,0,''),
	(1626,2,0,0,0,0,0,0,0,0,0,0,0,0,''),
	(1627,2,0,0,0,0,0,0,0,0,0,0,0,0,''),
	(1628,2,0,0,0,0,0,0,0,0,0,0,0,0,''),
	(1629,2,0,0,0,0,0,0,0,0,0,0,0,0,''),
	(1630,2,0,0,0,0,0,0,0,0,0,0,0,0,''),
	(1631,2,0,0,0,0,0,0,0,0,0,0,0,0,''),
	(1632,2,0,0,0,0,0,0,0,0,0,0,0,0,''),
	(1633,2,0,0,0,0,0,0,0,0,0,0,0,0,''),
	(1634,2,1,0,0,0,0,0,0,0,0,0,0,0,''),
	(1635,2,8,0,0,0,0,0,0,0,0,0,0,0,'it'),
	(1636,2,0,0,0,0,0,0,0,0,0,0,0,0,''),
	(1637,2,0,0,0,0,0,0,0,0,0,0,0,0,''),
	(1638,2,0,0,0,0,0,0,0,0,0,0,0,0,''),
	(1639,2,0,0,0,0,0,0,0,0,0,0,0,0,''),
	(1640,2,0,0,0,0,0,0,0,0,0,0,0,0,''),
	(1641,2,0,0,0,0,0,0,0,0,0,0,0,0,''),
	(1642,2,0,0,0,0,0,0,0,0,0,0,0,0,''),
	(1643,2,0,0,0,0,0,0,0,0,0,0,0,0,''),
	(1644,0,5,0,0,0,0,0,0,0,0,0,0,0,''),
	(1645,0,5,0,0,0,0,0,0,0,0,0,0,0,''),
	(1646,2,0,0,0,0,0,0,0,0,0,0,0,0,''),
	(1647,2,0,0,0,0,0,0,0,0,0,0,0,0,''),
	(1648,2,0,0,0,0,0,0,0,0,0,0,0,0,''),
	(1649,2,0,0,0,0,0,0,0,0,0,0,0,0,''),
	(1650,2,0,0,0,0,0,0,0,0,0,0,0,0,''),
	(1651,2,0,0,0,0,0,0,0,0,0,0,0,0,''),
	(1652,2,0,0,0,0,0,0,0,0,0,0,0,0,''),
	(1653,2,0,0,0,0,0,0,0,0,0,0,0,0,''),
	(1654,2,0,0,0,0,0,0,0,0,0,0,0,0,''),
	(1655,2,0,0,0,0,0,0,0,0,0,0,0,0,''),
	(1656,2,0,0,0,0,0,0,0,0,0,0,0,0,''),
	(1657,2,0,0,0,0,0,0,0,0,0,0,0,0,''),
	(1658,2,8,0,0,0,0,0,0,0,0,0,0,0,''),
	(1659,2,0,0,0,0,0,0,0,0,0,0,0,0,''),
	(1660,2,0,0,0,0,0,0,0,0,0,0,0,0,''),
	(1661,2,0,0,0,0,0,0,0,0,0,0,0,0,''),
	(1662,2,0,0,0,0,0,0,0,0,0,0,0,0,''),
	(1663,2,0,0,0,0,0,0,0,0,0,0,0,0,''),
	(1664,2,0,0,0,0,0,0,0,0,0,0,0,0,''),
	(1665,2,0,0,0,0,0,0,0,0,0,0,0,0,''),
	(1666,2,0,0,0,0,0,0,0,0,0,0,0,0,''),
	(1667,2,0,0,0,0,0,0,0,0,0,0,0,0,''),
	(1668,2,0,0,0,0,0,0,0,0,0,0,0,0,''),
	(1669,2,0,0,0,0,0,0,0,0,0,0,0,0,''),
	(1670,2,0,0,0,0,0,0,0,0,0,0,0,0,''),
	(1671,2,0,0,0,0,0,0,0,0,0,0,0,0,''),
	(1672,2,0,0,0,0,0,0,0,0,0,0,0,0,''),
	(1673,1,7,0,0,0,0,0,0,0,0,0,0,0,'it'),
	(1674,2,0,0,0,0,0,0,0,0,0,0,0,0,''),
	(1675,2,0,0,0,0,0,0,0,0,0,0,0,0,''),
	(1676,2,0,0,0,0,0,0,0,0,0,0,0,0,''),
	(1677,2,0,0,0,0,0,0,0,0,0,0,0,0,''),
	(1678,2,0,0,0,0,0,0,0,0,0,0,0,0,''),
	(1679,2,0,0,0,0,0,0,0,0,0,0,0,0,''),
	(1680,2,0,0,0,0,0,0,0,0,0,0,0,0,''),
	(1681,2,0,0,0,0,0,0,0,0,0,0,0,0,''),
	(1682,2,0,0,0,0,0,0,0,0,0,0,0,0,''),
	(1683,2,0,0,0,0,0,0,0,0,0,0,0,0,''),
	(1684,2,0,0,0,0,0,0,0,0,0,0,0,0,''),
	(1685,2,0,0,0,0,0,0,0,0,0,0,0,0,''),
	(1686,2,0,0,0,0,0,0,0,0,0,0,0,0,''),
	(1687,2,0,0,0,0,0,0,0,0,0,0,0,0,''),
	(1688,1,3,0,0,0,0,0,0,0,0,0,0,0,'en-us'),
	(1689,1,3,0,0,0,0,0,0,0,0,0,0,0,'en-us'),
	(1690,0,5,0,0,0,0,0,0,0,0,0,0,0,''),
	(1691,2,0,0,0,0,0,0,0,0,0,0,0,0,'it'),
	(1692,2,8,0,0,0,0,0,0,0,0,0,0,0,''),
	(1693,2,0,0,0,0,0,0,0,0,0,0,0,0,''),
	(1694,2,0,0,0,0,0,0,0,0,0,0,0,0,''),
	(1695,2,0,0,0,0,0,0,0,0,0,0,0,0,''),
	(1696,2,0,0,0,0,0,0,0,0,0,0,0,0,''),
	(1697,2,0,0,0,0,0,0,0,0,0,0,0,0,''),
	(1698,2,0,0,0,0,0,0,0,0,0,0,0,0,''),
	(1699,2,0,0,0,0,0,0,0,0,0,0,0,0,''),
	(1700,2,0,0,0,0,0,0,0,0,0,0,0,0,''),
	(1701,2,0,0,0,0,0,0,0,0,0,0,0,0,''),
	(1702,2,0,0,0,0,0,0,0,0,0,0,0,0,''),
	(1703,2,0,0,0,0,0,0,0,0,0,0,0,0,''),
	(1704,2,0,0,0,0,0,0,0,0,0,0,0,0,''),
	(1705,2,0,0,0,0,0,0,0,0,0,0,0,0,''),
	(1706,2,0,0,0,0,0,0,0,0,0,0,0,0,''),
	(1707,2,4,0,0,0,0,0,0,0,0,0,0,0,''),
	(1708,2,8,0,0,0,0,0,0,0,0,0,0,0,''),
	(1709,2,0,0,0,0,0,0,0,0,0,0,0,0,''),
	(1710,2,0,0,0,0,0,0,0,0,0,0,0,0,''),
	(1711,2,0,0,0,0,0,0,0,0,0,0,0,0,''),
	(1712,2,0,0,0,0,0,0,0,0,0,0,0,0,''),
	(1713,2,0,0,0,0,0,0,0,0,0,0,0,0,''),
	(1714,2,0,0,0,0,0,0,0,0,0,0,0,0,''),
	(1715,2,0,0,0,0,0,0,0,0,0,0,0,0,''),
	(1716,2,0,0,0,0,0,0,0,0,0,0,0,0,''),
	(1717,2,0,0,0,0,0,0,0,0,0,0,0,0,''),
	(1718,2,0,0,0,0,0,0,0,0,0,0,0,0,''),
	(1719,2,0,0,0,0,0,0,0,0,0,0,0,0,''),
	(1720,2,0,0,0,0,0,0,0,0,0,0,0,0,''),
	(1721,2,0,0,0,0,0,0,0,0,0,0,0,0,''),
	(1722,2,0,0,0,0,0,0,0,0,0,0,0,0,''),
	(1723,0,5,0,0,0,0,0,0,0,0,0,0,0,''),
	(1724,2,0,0,0,0,0,0,0,0,0,0,0,0,''),
	(1725,2,0,0,0,0,0,0,0,0,0,0,0,0,''),
	(1726,2,0,0,0,0,0,0,0,0,0,0,0,0,''),
	(1727,2,0,0,0,0,0,0,0,0,0,0,0,0,''),
	(1728,2,0,0,0,0,0,0,0,0,0,0,0,0,''),
	(1729,2,0,0,0,0,0,0,0,0,0,0,0,0,''),
	(1730,2,0,0,0,0,0,0,0,0,0,0,0,0,''),
	(1731,1,4,0,0,0,0,0,0,0,0,0,0,0,''),
	(1732,2,0,0,0,0,0,0,0,0,0,0,0,0,''),
	(1733,2,0,0,0,0,0,0,0,0,0,0,0,0,''),
	(1734,2,0,0,0,0,0,0,0,0,0,0,0,0,''),
	(1735,2,0,0,0,0,0,0,0,0,0,0,0,0,''),
	(1736,2,0,0,0,0,0,0,0,0,0,0,0,0,''),
	(1737,2,0,0,0,0,0,0,0,0,0,0,0,0,''),
	(1738,2,0,0,0,0,0,0,0,0,0,0,0,0,''),
	(1739,2,0,0,0,0,0,0,0,0,0,0,0,0,''),
	(1740,2,4,0,0,0,0,0,0,0,0,0,0,0,''),
	(1741,2,0,0,0,0,0,0,0,0,0,0,0,0,''),
	(1742,2,0,0,0,0,0,0,0,0,0,0,0,0,''),
	(1743,2,0,0,0,0,0,0,0,0,0,0,0,0,''),
	(1744,2,0,0,0,0,0,0,0,0,0,0,0,0,''),
	(1745,2,0,0,0,0,0,0,0,0,0,0,0,0,''),
	(1746,2,0,0,0,0,0,0,0,0,0,0,0,0,''),
	(1747,4,8,0,0,0,0,0,0,0,0,0,0,0,''),
	(1748,1,7,0,0,0,0,0,0,0,0,0,0,0,''),
	(1749,2,0,0,0,0,0,0,0,0,0,0,0,0,''),
	(1750,2,0,0,0,0,0,0,0,0,0,0,0,0,''),
	(1751,2,0,0,0,0,0,0,0,0,0,0,0,0,''),
	(1752,2,0,0,0,0,0,0,0,0,0,0,0,0,''),
	(1753,2,0,0,0,0,0,0,0,0,0,0,0,0,''),
	(1754,2,0,0,0,0,0,0,0,0,0,0,0,0,''),
	(1755,2,0,0,0,0,0,0,0,0,0,0,0,0,''),
	(1756,2,0,0,0,0,0,0,0,0,0,0,0,0,''),
	(1757,2,4,0,0,0,0,0,0,0,0,0,0,0,''),
	(1758,2,0,0,0,0,0,0,0,0,0,0,0,0,''),
	(1759,2,0,0,0,0,0,0,0,0,0,0,0,0,''),
	(1760,2,0,0,0,0,0,0,0,0,0,0,0,0,''),
	(1761,2,0,0,0,0,0,0,0,0,0,0,0,0,''),
	(1762,2,0,0,0,0,0,0,0,0,0,0,0,0,''),
	(1763,2,0,0,0,0,0,0,0,0,0,0,0,0,''),
	(1764,4,0,0,0,0,0,0,0,0,0,0,0,0,''),
	(1765,2,0,0,0,0,0,0,0,0,0,0,0,0,''),
	(1766,2,0,0,0,0,0,0,0,0,0,0,0,0,''),
	(1767,2,0,0,0,0,0,0,0,0,0,0,0,0,''),
	(1768,2,0,0,0,0,0,0,0,0,0,0,0,0,''),
	(1769,2,0,0,0,0,0,0,0,0,0,0,0,0,''),
	(1770,2,0,0,0,0,0,0,0,0,0,0,0,0,''),
	(1771,2,0,0,0,0,0,0,0,0,0,0,0,0,''),
	(1772,2,0,0,0,0,0,0,0,0,0,0,0,0,''),
	(1773,2,0,0,0,0,0,0,0,0,0,0,0,0,''),
	(1774,2,0,0,0,0,0,0,0,0,0,0,0,0,''),
	(1775,2,0,0,0,0,0,0,0,0,0,0,0,0,''),
	(1776,2,0,0,0,0,0,0,0,0,0,0,0,0,''),
	(1777,2,0,0,0,0,0,0,0,0,0,0,0,0,''),
	(1778,2,0,0,0,0,0,0,0,0,0,0,0,0,''),
	(1779,2,0,0,0,0,0,0,0,0,0,0,0,0,''),
	(1780,2,0,0,0,0,0,0,0,0,0,0,0,0,''),
	(1781,2,0,0,0,0,0,0,0,0,0,0,0,0,''),
	(1782,2,0,0,0,0,0,0,0,0,0,0,0,0,''),
	(1783,2,0,0,0,0,0,0,0,0,0,0,0,0,''),
	(1784,1,7,0,0,0,0,0,0,0,0,0,0,0,''),
	(1785,2,0,0,0,0,0,0,0,0,0,0,0,0,'ru-ru'),
	(1786,2,0,0,0,0,0,0,0,0,0,0,0,0,'ru-ru'),
	(1787,2,0,0,0,0,0,0,0,0,0,0,0,0,''),
	(1788,2,0,0,0,0,0,0,0,0,0,0,0,0,''),
	(1789,2,0,0,0,0,0,0,0,0,0,0,0,0,''),
	(1790,2,0,0,0,0,0,0,0,0,0,0,0,0,''),
	(1791,2,0,0,0,0,0,0,0,0,0,0,0,0,''),
	(1792,2,0,0,0,0,0,0,0,0,0,0,0,0,''),
	(1793,2,0,0,0,0,0,0,0,0,0,0,0,0,''),
	(1794,2,0,0,0,0,0,0,0,0,0,0,0,0,''),
	(1795,1,3,0,0,0,0,0,0,0,0,0,0,0,'en-us'),
	(1796,1,3,0,0,0,0,0,0,0,0,0,0,0,'en-us'),
	(1797,2,8,0,0,0,0,0,0,0,0,0,0,0,''),
	(1798,2,0,0,0,0,0,0,0,0,0,0,0,0,''),
	(1799,2,0,0,0,0,0,0,0,0,0,0,0,0,''),
	(1800,2,0,0,0,0,0,0,0,0,0,0,0,0,''),
	(1801,2,0,0,0,0,0,0,0,0,0,0,0,0,''),
	(1802,2,0,0,0,0,0,0,0,0,0,0,0,0,''),
	(1803,2,0,0,0,0,0,0,0,0,0,0,0,0,''),
	(1804,2,0,0,0,0,0,0,0,0,0,0,0,0,'it'),
	(1805,0,5,0,0,0,0,0,0,0,0,0,0,0,''),
	(1806,1,4,0,0,0,0,0,0,0,0,0,0,0,''),
	(1807,2,0,0,0,0,0,0,0,0,0,0,0,0,''),
	(1808,2,0,0,0,0,0,0,0,0,0,0,0,0,''),
	(1809,2,0,0,0,0,0,0,0,0,0,0,0,0,''),
	(1810,2,0,0,0,0,0,0,0,0,0,0,0,0,''),
	(1811,2,0,0,0,0,0,0,0,0,0,0,0,0,''),
	(1812,2,0,0,0,0,0,0,0,0,0,0,0,0,''),
	(1813,2,0,0,0,0,0,0,0,0,0,0,0,0,''),
	(1814,2,0,0,0,0,0,0,0,0,0,0,0,0,''),
	(1815,0,5,0,0,0,0,0,0,0,0,0,0,0,''),
	(1816,2,8,0,0,0,0,0,0,0,0,0,0,0,''),
	(1817,2,0,0,0,0,0,0,0,0,0,0,0,0,''),
	(1818,2,0,0,0,0,0,0,0,0,0,0,0,0,''),
	(1819,2,0,0,0,0,0,0,0,0,0,0,0,0,''),
	(1820,2,0,0,0,0,0,0,0,0,0,0,0,0,''),
	(1821,2,0,0,0,0,0,0,0,0,0,0,0,0,''),
	(1822,2,0,0,0,0,0,0,0,0,0,0,0,0,''),
	(1823,3,1,0,0,0,0,0,0,0,0,0,0,0,'it-it'),
	(1824,1,6,0,0,0,0,0,0,0,0,0,0,0,''),
	(1825,2,0,0,0,0,0,0,0,0,0,0,0,0,''),
	(1826,2,0,0,0,0,0,0,0,0,0,0,0,0,''),
	(1827,2,0,0,0,0,0,0,0,0,0,0,0,0,''),
	(1828,2,0,0,0,0,0,0,0,0,0,0,0,0,''),
	(1829,2,0,0,0,0,0,0,0,0,0,0,0,0,''),
	(1830,2,0,0,0,0,0,0,0,0,0,0,0,0,''),
	(1831,2,0,0,0,0,0,0,0,0,0,0,0,0,''),
	(1832,2,0,0,0,0,0,0,0,0,0,0,0,0,''),
	(1833,1,8,0,0,0,0,0,0,0,0,0,0,0,''),
	(1834,2,0,0,0,0,0,0,0,0,0,0,0,0,''),
	(1835,2,0,0,0,0,0,0,0,0,0,0,0,0,''),
	(1836,2,0,0,0,0,0,0,0,0,0,0,0,0,''),
	(1837,2,0,0,0,0,0,0,0,0,0,0,0,0,''),
	(1838,2,0,0,0,0,0,0,0,0,0,0,0,0,''),
	(1839,2,0,0,0,0,0,0,0,0,0,0,0,0,''),
	(1840,1,0,0,0,0,0,0,0,0,0,0,0,0,''),
	(1841,1,0,0,0,0,0,0,0,0,0,0,0,0,''),
	(1842,1,0,0,0,0,0,0,0,0,0,0,0,0,''),
	(1843,1,0,0,0,0,0,0,0,0,0,0,0,0,''),
	(1844,2,0,0,0,0,0,0,0,0,0,0,0,0,''),
	(1845,2,0,0,0,0,0,0,0,0,0,0,0,0,''),
	(1846,2,0,0,0,0,0,0,0,0,0,0,0,0,''),
	(1847,2,0,0,0,0,0,0,0,0,0,0,0,0,''),
	(1848,2,0,0,0,0,0,0,0,0,0,0,0,0,''),
	(1849,2,0,0,0,0,0,0,0,0,0,0,0,0,''),
	(1850,4,0,0,0,0,0,0,0,0,0,0,0,0,''),
	(1851,2,8,0,0,0,0,0,0,0,0,0,0,0,''),
	(1852,2,0,0,0,0,0,0,0,0,0,0,0,0,''),
	(1853,2,0,0,0,0,0,0,0,0,0,0,0,0,''),
	(1854,2,0,0,0,0,0,0,0,0,0,0,0,0,''),
	(1855,2,0,0,0,0,0,0,0,0,0,0,0,0,''),
	(1856,2,0,0,0,0,0,0,0,0,0,0,0,0,''),
	(1857,2,0,0,0,0,0,0,0,0,0,0,0,0,''),
	(1858,2,0,0,0,0,0,0,0,0,0,0,0,0,''),
	(1859,2,0,0,0,0,0,0,0,0,0,0,0,0,''),
	(1860,2,0,0,0,0,0,0,0,0,0,0,0,0,''),
	(1861,3,4,0,0,0,0,0,0,0,0,0,0,0,''),
	(1862,2,0,0,0,0,0,0,0,0,0,0,0,0,''),
	(1863,1,5,0,0,0,0,0,0,0,0,0,0,0,''),
	(1864,2,0,0,0,0,0,0,0,0,0,0,0,0,''),
	(1865,2,0,0,0,0,0,0,0,0,0,0,0,0,''),
	(1866,2,0,0,0,0,0,0,0,0,0,0,0,0,''),
	(1867,2,0,0,0,0,0,0,0,0,0,0,0,0,''),
	(1868,2,0,0,0,0,0,0,0,0,0,0,0,0,''),
	(1869,2,0,0,0,0,0,0,0,0,0,0,0,0,''),
	(1870,1,5,0,0,0,0,0,0,0,0,0,0,0,''),
	(1871,2,8,0,0,0,0,0,0,0,0,0,0,0,''),
	(1872,1,5,0,0,0,0,0,0,0,0,0,0,0,''),
	(1873,1,5,0,0,0,0,0,0,0,0,0,0,0,''),
	(1874,1,5,0,0,0,0,0,0,0,0,0,0,0,''),
	(1875,1,5,0,0,0,0,0,0,0,0,0,0,0,''),
	(1876,1,5,0,0,0,0,0,0,0,0,0,0,0,''),
	(1877,2,0,0,0,0,0,0,0,0,0,0,0,0,''),
	(1878,2,0,0,0,0,0,0,0,0,0,0,0,0,''),
	(1879,1,5,0,0,0,0,0,0,0,0,0,0,0,''),
	(1880,2,0,0,0,0,0,0,0,0,0,0,0,0,''),
	(1881,2,0,0,0,0,0,0,0,0,0,0,0,0,''),
	(1882,2,0,0,0,0,0,0,0,0,0,0,0,0,''),
	(1883,2,0,0,0,0,0,0,0,0,0,0,0,0,''),
	(1884,2,0,0,0,0,0,0,0,0,0,0,0,0,''),
	(1885,2,0,0,0,0,0,0,0,0,0,0,0,0,''),
	(1886,1,5,0,0,0,0,0,0,0,0,0,0,0,''),
	(1887,1,5,0,0,0,0,0,0,0,0,0,0,0,''),
	(1888,1,5,0,0,0,0,0,0,0,0,0,0,0,''),
	(1889,1,5,0,0,0,0,0,0,0,0,0,0,0,''),
	(1890,2,0,0,0,0,0,0,0,0,0,0,0,0,''),
	(1891,2,0,0,0,0,0,0,0,0,0,0,0,0,''),
	(1892,2,0,0,0,0,0,0,0,0,0,0,0,0,''),
	(1893,2,0,0,0,0,0,0,0,0,0,0,0,0,''),
	(1894,2,0,0,0,0,0,0,0,0,0,0,0,0,''),
	(1895,2,0,0,0,0,0,0,0,0,0,0,0,0,''),
	(1896,1,6,0,0,0,0,0,0,0,0,0,0,0,'it'),
	(1897,1,4,0,0,0,0,0,0,0,0,0,0,0,''),
	(1898,2,0,0,0,0,0,0,0,0,0,0,0,0,''),
	(1899,2,0,0,0,0,0,0,0,0,0,0,0,0,''),
	(1900,2,0,0,0,0,0,0,0,0,0,0,0,0,''),
	(1901,1,6,0,0,0,0,0,0,0,0,0,0,0,'en-us'),
	(1902,1,6,0,0,0,0,0,0,0,0,0,0,0,'en-us'),
	(1903,1,7,0,0,0,0,0,0,0,0,0,0,0,'it'),
	(1904,2,0,0,0,0,0,0,0,0,0,0,0,0,''),
	(1905,2,0,0,0,0,0,0,0,0,0,0,0,0,''),
	(1906,2,0,0,0,0,0,0,0,0,0,0,0,0,''),
	(1907,2,0,0,0,0,0,0,0,0,0,0,0,0,''),
	(1908,2,0,0,0,0,0,0,0,0,0,0,0,0,''),
	(1909,2,0,0,0,0,0,0,0,0,0,0,0,0,''),
	(1912,3,0,0,0,0,0,0,0,0,0,0,0,0,'it'),
	(1913,3,1,0,0,0,0,0,0,0,0,0,0,0,'it-it'),
	(1914,3,0,0,0,0,0,0,0,0,0,0,0,0,'it'),
	(1916,3,1,0,0,0,0,0,0,0,0,0,0,0,'it-it'),
	(1920,3,0,0,0,0,0,0,0,0,0,0,0,0,'it'),
	(1921,3,1,0,0,0,0,0,0,0,0,0,0,0,'it-it'),
	(1922,1,0,0,0,0,0,0,0,0,0,0,0,0,'it'),
	(1923,3,0,0,0,0,0,0,0,0,0,0,0,0,'it'),
	(1924,1,0,0,0,0,0,0,0,0,0,0,0,0,'en-us'),
	(1925,1,0,0,0,0,0,0,0,0,0,0,0,0,''),
	(1926,1,0,0,0,0,0,0,0,0,0,0,0,0,'ru'),
	(1927,1,0,0,0,0,0,0,0,0,0,0,0,0,'ru'),
	(1928,4,0,0,0,0,0,0,0,0,0,0,0,0,''),
	(1929,1,0,0,0,0,0,0,0,0,0,0,0,0,''),
	(1930,1,0,0,0,0,0,0,0,0,0,0,0,0,'en-us'),
	(1931,1,0,0,0,0,0,0,0,0,0,0,0,0,'en-us'),
	(1932,4,0,0,0,0,0,0,0,0,0,0,0,0,''),
	(1933,4,0,0,0,0,0,0,0,0,0,0,0,0,''),
	(1934,1,0,0,0,0,0,0,0,0,0,0,0,0,'en-us'),
	(1935,1,0,0,0,0,0,0,0,0,0,0,0,0,''),
	(1936,1,0,0,0,0,0,0,0,0,0,0,0,0,'en-us'),
	(1937,1,0,0,0,0,0,0,0,0,0,0,0,0,'en-us'),
	(1938,4,0,0,0,0,0,0,0,0,0,0,0,0,''),
	(1939,4,0,0,0,0,0,0,0,0,0,0,0,0,''),
	(1940,1,0,0,0,0,0,0,0,0,0,0,0,0,''),
	(1941,0,4,0,0,0,0,0,0,0,0,0,0,0,''),
	(1942,1,0,0,0,0,0,0,0,0,0,0,0,0,''),
	(1943,4,0,0,0,0,0,0,0,0,0,0,0,0,''),
	(1944,1,0,0,0,0,0,0,0,0,0,0,0,0,''),
	(1945,3,1,0,0,0,0,0,0,0,0,0,0,0,'it-it'),
	(1946,1,0,0,0,0,0,0,0,0,0,0,0,0,'en-us'),
	(1947,1,0,0,0,0,0,0,0,0,0,0,0,0,'en-us'),
	(1948,1,0,0,0,0,0,0,0,0,0,0,0,0,''),
	(1949,2,0,0,0,0,0,0,0,0,0,0,0,0,''),
	(1950,1,0,0,0,0,0,0,0,0,0,0,0,0,''),
	(1951,1,0,0,0,0,0,0,0,0,0,0,0,0,''),
	(1952,1,0,0,0,0,0,0,0,0,0,0,0,0,'en-us'),
	(1953,1,0,0,0,0,0,0,0,0,0,0,0,0,''),
	(1954,1,0,0,0,0,0,0,0,0,0,0,0,0,''),
	(1955,2,0,0,0,0,0,0,0,0,0,0,0,0,''),
	(1956,0,4,0,0,0,0,0,0,0,0,0,0,0,''),
	(1957,4,0,0,0,0,0,0,0,0,0,0,0,0,''),
	(1958,3,1,0,0,0,0,0,0,0,0,0,0,0,''),
	(1959,1,0,0,0,0,0,0,0,0,0,0,0,0,'zh-cn'),
	(1960,4,0,0,0,0,0,0,0,0,0,0,0,0,''),
	(1961,4,0,0,0,0,0,0,0,0,0,0,0,0,''),
	(1962,1,0,0,0,0,0,0,0,0,0,0,0,0,'en-us'),
	(1963,1,0,0,0,0,0,0,0,0,0,0,0,0,'en-us'),
	(1964,3,1,0,0,0,0,0,0,0,0,0,0,0,'it-it'),
	(1965,2,0,0,0,0,0,0,0,0,0,0,0,0,''),
	(1966,2,0,0,0,0,0,0,0,0,0,0,0,0,''),
	(1967,1,0,0,0,0,0,0,0,0,0,0,0,0,'it'),
	(1968,2,0,0,0,0,0,0,0,0,0,0,0,0,'it'),
	(1969,3,0,0,0,0,0,0,0,0,0,0,0,0,'it-it'),
	(1970,1,0,0,0,0,0,0,0,0,0,0,0,0,'en-us'),
	(1971,1,0,0,0,0,0,0,0,0,0,0,0,0,'en-us'),
	(1972,1,0,0,0,0,0,0,0,0,0,0,0,0,''),
	(1973,1,0,0,0,0,0,0,0,0,0,0,0,0,'de'),
	(1974,1,0,0,0,0,0,0,0,0,0,0,0,0,'en-us'),
	(1975,4,0,0,0,0,0,0,0,0,0,0,0,0,''),
	(1976,4,0,0,0,0,0,0,0,0,0,0,0,0,''),
	(1977,1,0,0,0,0,0,0,0,0,0,0,0,0,'it'),
	(1978,3,1,0,0,0,0,0,0,0,0,0,0,0,''),
	(1979,2,4,0,0,0,0,0,0,0,0,0,0,0,''),
	(1980,0,4,0,0,0,0,0,0,0,0,0,0,0,''),
	(1981,1,0,0,0,0,0,0,0,0,0,0,0,0,'en'),
	(1982,1,0,0,0,0,0,0,0,0,0,0,0,0,'it'),
	(1983,3,1,0,0,0,0,0,0,0,0,0,0,0,''),
	(1984,1,0,0,0,0,0,0,0,0,0,0,0,0,'en-us'),
	(1985,1,0,0,0,0,0,0,0,0,0,0,0,0,'en-us'),
	(1986,1,0,0,0,0,0,0,0,0,0,0,0,0,'it'),
	(1987,4,0,0,0,0,0,0,0,0,0,0,0,0,''),
	(1988,1,0,0,0,0,0,0,0,0,0,0,0,0,''),
	(1989,3,1,0,0,0,0,0,0,0,0,0,0,0,''),
	(1990,3,1,0,0,0,0,0,0,0,0,0,0,0,''),
	(1991,4,0,0,0,0,0,0,0,0,0,0,0,0,'en'),
	(1992,3,1,0,0,0,0,0,0,0,0,0,0,0,''),
	(1993,1,4,0,0,0,0,0,0,0,0,0,0,0,''),
	(1994,1,0,0,0,0,0,0,0,0,0,0,0,0,'en-us'),
	(1995,3,1,0,0,0,0,0,0,0,0,0,0,0,''),
	(1996,3,1,0,0,0,0,0,0,0,0,0,0,0,'it-it'),
	(1997,1,0,0,0,0,0,0,0,0,0,0,0,0,'en-us'),
	(1998,1,0,0,0,0,0,0,0,0,0,0,0,0,'it'),
	(1999,1,0,0,0,0,0,0,0,0,0,0,0,0,'it'),
	(2000,3,1,0,0,0,0,0,0,0,0,0,0,0,''),
	(2001,1,0,0,0,0,0,0,0,0,0,0,0,0,'en-us'),
	(2002,1,0,0,0,0,0,0,0,0,0,0,0,0,'en-us'),
	(2003,3,1,0,0,0,0,0,0,0,0,0,0,0,''),
	(2004,3,1,0,0,0,0,0,0,0,0,0,0,0,''),
	(2005,3,1,0,0,0,0,0,0,0,0,0,0,0,''),
	(2006,3,1,0,0,0,0,0,0,0,0,0,0,0,'it-it'),
	(2007,3,1,0,0,0,0,0,0,0,0,0,0,0,''),
	(2008,3,1,0,0,0,0,0,0,0,0,0,0,0,''),
	(2009,1,0,0,0,0,0,0,0,0,0,0,0,0,''),
	(2010,1,0,0,0,0,0,0,0,0,0,0,0,0,'it'),
	(2011,3,1,0,0,0,0,0,0,0,0,0,0,0,''),
	(2012,3,1,0,0,0,0,0,0,0,0,0,0,0,''),
	(2013,1,0,0,0,0,0,0,0,0,0,0,0,0,''),
	(2014,3,1,0,0,0,0,0,0,0,0,0,0,0,''),
	(2015,1,0,0,0,0,0,0,0,0,0,0,0,0,''),
	(2016,3,1,0,0,0,0,0,0,0,0,0,0,0,''),
	(2017,3,1,0,0,0,0,0,0,0,0,0,0,0,''),
	(2018,3,1,0,0,0,0,0,0,0,0,0,0,0,''),
	(2019,3,1,0,0,0,0,0,0,0,0,0,0,0,''),
	(2020,1,0,0,0,0,0,0,0,0,0,0,0,0,''),
	(2021,3,1,0,0,0,0,0,0,0,0,0,0,0,''),
	(2022,3,1,0,0,0,0,0,0,0,0,0,0,0,''),
	(2023,3,0,0,0,0,0,0,0,0,0,0,0,0,'it-it'),
	(2024,3,1,0,0,0,0,0,0,0,0,0,0,0,''),
	(2025,2,0,0,0,0,0,0,0,0,0,0,0,0,''),
	(2026,3,1,0,0,0,0,0,0,0,0,0,0,0,''),
	(2027,1,0,0,0,0,0,0,0,0,0,0,0,0,'it'),
	(2028,1,0,0,0,0,0,0,0,0,0,0,0,0,'en-us'),
	(2029,1,0,0,0,0,0,0,0,0,0,0,0,0,'en-us'),
	(2030,1,0,0,0,0,0,0,0,0,0,0,0,0,'en-us'),
	(2031,3,1,0,0,0,0,0,0,0,0,0,0,0,''),
	(2032,1,0,0,0,0,0,0,0,0,0,0,0,0,'it'),
	(2033,1,0,0,0,0,0,0,0,0,0,0,0,0,'en'),
	(2034,1,0,0,0,0,0,0,0,0,0,0,0,0,'it'),
	(2035,1,0,0,0,0,0,0,0,0,0,0,0,0,'en'),
	(2036,1,0,0,0,0,0,0,0,0,0,0,0,0,'en'),
	(2037,1,0,0,0,0,0,0,0,0,0,0,0,0,'en'),
	(2038,1,0,0,0,0,0,0,0,0,0,0,0,0,'en'),
	(2039,1,0,0,0,0,0,0,0,0,0,0,0,0,'en'),
	(2040,1,0,0,0,0,0,0,0,0,0,0,0,0,'en'),
	(2041,1,0,0,0,0,0,0,0,0,0,0,0,0,'en'),
	(2042,1,0,0,0,0,0,0,0,0,0,0,0,0,'en'),
	(2043,1,0,0,0,0,0,0,0,0,0,0,0,0,'en'),
	(2044,1,0,0,0,0,0,0,0,0,0,0,0,0,'en'),
	(2045,1,0,0,0,0,0,0,0,0,0,0,0,0,'en'),
	(2046,1,0,0,0,0,0,0,0,0,0,0,0,0,'en'),
	(2047,1,0,0,0,0,0,0,0,0,0,0,0,0,'en'),
	(2048,1,0,0,0,0,0,0,0,0,0,0,0,0,'en'),
	(2049,1,0,0,0,0,0,0,0,0,0,0,0,0,'en'),
	(2050,1,0,0,0,0,0,0,0,0,0,0,0,0,'en'),
	(2051,1,0,0,0,0,0,0,0,0,0,0,0,0,'en'),
	(2052,1,0,0,0,0,0,0,0,0,0,0,0,0,'en'),
	(2053,1,0,0,0,0,0,0,0,0,0,0,0,0,'en'),
	(2054,1,0,0,0,0,0,0,0,0,0,0,0,0,'en'),
	(2055,1,0,0,0,0,0,0,0,0,0,0,0,0,'en'),
	(2056,1,0,0,0,0,0,0,0,0,0,0,0,0,'en'),
	(2057,3,1,0,0,0,0,0,0,0,0,0,0,0,''),
	(2058,3,1,0,0,0,0,0,0,0,0,0,0,0,''),
	(2059,1,0,0,0,0,0,0,0,0,0,0,0,0,'en'),
	(2060,1,0,0,0,0,0,0,0,0,0,0,0,0,'en'),
	(2061,1,0,0,0,0,0,0,0,0,0,0,0,0,'en'),
	(2062,1,0,0,0,0,0,0,0,0,0,0,0,0,'en'),
	(2063,1,0,0,0,0,0,0,0,0,0,0,0,0,'en'),
	(2064,1,0,0,0,0,0,0,0,0,0,0,0,0,'en'),
	(2065,2,0,0,0,0,0,0,0,0,0,0,0,0,''),
	(2066,3,1,0,0,0,0,0,0,0,0,0,0,0,''),
	(2067,2,0,0,0,0,0,0,0,0,0,0,0,0,''),
	(2068,1,0,0,0,0,0,0,0,0,0,0,0,0,''),
	(2069,1,0,0,0,0,0,0,0,0,0,0,0,0,''),
	(2070,3,1,0,0,0,0,0,0,0,0,0,0,0,''),
	(2071,1,0,0,0,0,0,0,0,0,0,0,0,0,'en-us'),
	(2072,4,0,0,0,0,0,0,0,0,0,0,0,0,''),
	(2073,4,0,0,0,0,0,0,0,0,0,0,0,0,''),
	(2074,4,0,0,0,0,0,0,0,0,0,0,0,0,''),
	(2075,3,1,0,0,0,0,0,0,0,0,0,0,0,''),
	(2076,3,1,0,0,0,0,0,0,0,0,0,0,0,''),
	(2077,3,1,0,0,0,0,0,0,0,0,0,0,0,''),
	(2078,1,0,0,0,0,0,0,0,0,0,0,0,0,''),
	(2079,3,1,0,0,0,0,0,0,0,0,0,0,0,''),
	(2080,1,0,0,0,0,0,0,0,0,0,0,0,0,'en'),
	(2081,1,0,0,0,0,0,0,0,0,0,0,0,0,'it'),
	(2082,1,0,0,0,0,0,0,0,0,0,0,0,0,'zh-cn'),
	(2083,1,0,0,0,0,0,0,0,0,0,0,0,0,'zh-cn'),
	(2084,1,0,0,0,0,0,0,0,0,0,0,0,0,'zh-cn'),
	(2085,3,0,0,0,0,0,0,0,0,0,0,0,0,'it'),
	(2086,3,1,0,0,0,0,0,0,0,0,0,0,0,''),
	(2087,3,1,0,0,0,0,0,0,0,0,0,0,0,''),
	(2088,1,0,0,0,0,0,0,0,0,0,0,0,0,''),
	(2089,3,1,0,0,0,0,0,0,0,0,0,0,0,''),
	(2090,4,0,0,0,0,0,0,0,0,0,0,0,0,''),
	(2091,1,0,0,0,0,0,0,0,0,0,0,0,0,'en-us'),
	(2092,1,0,0,0,0,0,0,0,0,0,0,0,0,'en-us'),
	(2093,4,0,0,0,0,0,0,0,0,0,0,0,0,''),
	(2094,3,1,0,0,0,0,0,0,0,0,0,0,0,''),
	(2095,1,0,0,0,0,0,0,0,0,0,0,0,0,'it'),
	(2096,3,1,0,0,0,0,0,0,0,0,0,0,0,''),
	(2097,3,1,0,0,0,0,0,0,0,0,0,0,0,''),
	(2098,1,0,0,0,0,0,0,0,0,0,0,0,0,''),
	(2099,4,0,0,0,0,0,0,0,0,0,0,0,0,''),
	(2100,1,0,0,0,0,0,0,0,0,0,0,0,0,'it'),
	(2101,1,0,0,0,0,0,0,0,0,0,0,0,0,''),
	(2102,1,0,0,0,0,0,0,0,0,0,0,0,0,''),
	(2103,1,0,0,0,0,0,0,0,0,0,0,0,0,'en-us'),
	(2104,1,0,0,0,0,0,0,0,0,0,0,0,0,'en-us'),
	(2105,4,0,0,0,0,0,0,0,0,0,0,0,0,''),
	(2106,0,4,0,0,0,0,0,0,0,0,0,0,0,''),
	(2107,1,0,0,0,0,0,0,0,0,0,0,0,0,''),
	(2108,1,0,0,0,0,0,0,0,0,0,0,0,0,''),
	(2109,3,1,0,0,0,0,0,0,0,0,0,0,0,''),
	(2110,2,0,0,0,0,0,0,0,0,0,0,0,0,''),
	(2111,3,0,0,0,0,0,0,0,0,0,0,0,0,'it-it'),
	(2112,4,0,0,0,0,0,0,0,0,0,0,0,0,''),
	(2113,1,0,0,0,0,0,0,0,0,0,0,0,0,''),
	(2114,1,0,0,0,0,0,0,0,0,0,0,0,0,''),
	(2115,3,1,0,0,0,0,0,0,0,0,0,0,0,''),
	(2116,3,0,0,0,0,0,0,0,0,0,0,0,0,''),
	(2117,1,0,0,0,0,0,0,0,0,0,0,0,0,''),
	(2118,3,1,0,0,0,0,0,0,0,0,0,0,0,'it'),
	(2119,3,1,0,0,0,0,0,0,0,0,0,0,0,'it'),
	(2120,3,1,0,0,0,0,0,0,0,0,0,0,0,''),
	(2121,1,0,0,0,0,0,0,0,0,0,0,0,0,''),
	(2122,1,0,0,0,0,0,0,0,0,0,0,0,0,''),
	(2123,3,1,0,0,0,0,0,0,0,0,0,0,0,''),
	(2124,1,0,0,0,0,0,0,0,0,0,0,0,0,'it'),
	(2125,3,1,0,0,0,0,0,0,0,0,0,0,0,''),
	(2126,1,0,0,0,0,0,0,0,0,0,0,0,0,'en-gb'),
	(2127,1,0,0,0,0,0,0,0,0,0,0,0,0,'en-us'),
	(2128,1,0,0,0,0,0,0,0,0,0,0,0,0,'en-us'),
	(2129,1,0,0,0,0,0,0,0,0,0,0,0,0,'it'),
	(2130,3,1,0,0,0,0,0,0,0,0,0,0,0,''),
	(2131,1,0,0,0,0,0,0,0,0,0,0,0,0,''),
	(2132,3,1,0,0,0,0,0,0,0,0,0,0,0,''),
	(2133,3,1,0,0,0,0,0,0,0,0,0,0,0,''),
	(2134,3,1,0,0,0,0,0,0,0,0,0,0,0,'it-it'),
	(2135,2,0,0,0,0,0,0,0,0,0,0,0,0,'en-us'),
	(2136,2,0,0,0,0,0,0,0,0,0,0,0,0,'en-us'),
	(2137,2,0,0,0,0,0,0,0,0,0,0,0,0,'en-us'),
	(2138,2,0,0,0,0,0,0,0,0,0,0,0,0,'en-us'),
	(2139,3,1,0,0,0,0,0,0,0,0,0,0,0,''),
	(2140,2,0,0,0,0,0,0,0,0,0,0,0,0,'en-us'),
	(2141,2,0,0,0,0,0,0,0,0,0,0,0,0,'en-us'),
	(2142,2,0,0,0,0,0,0,0,0,0,0,0,0,'en-us'),
	(2143,2,0,0,0,0,0,0,0,0,0,0,0,0,'en-us'),
	(2144,2,0,0,0,0,0,0,0,0,0,0,0,0,'en-us'),
	(2145,2,0,0,0,0,0,0,0,0,0,0,0,0,'en-us'),
	(2146,2,0,0,0,0,0,0,0,0,0,0,0,0,'en-us'),
	(2147,2,0,0,0,0,0,0,0,0,0,0,0,0,'en-us'),
	(2148,2,0,0,0,0,0,0,0,0,0,0,0,0,'en-us'),
	(2149,2,0,0,0,0,0,0,0,0,0,0,0,0,'en-us'),
	(2150,2,0,0,0,0,0,0,0,0,0,0,0,0,'en-us'),
	(2151,2,0,0,0,0,0,0,0,0,0,0,0,0,'en-us'),
	(2152,2,0,0,0,0,0,0,0,0,0,0,0,0,'en-us'),
	(2153,2,0,0,0,0,0,0,0,0,0,0,0,0,'en-us'),
	(2154,2,0,0,0,0,0,0,0,0,0,0,0,0,'en-us'),
	(2155,2,0,0,0,0,0,0,0,0,0,0,0,0,'en-us'),
	(2156,2,0,0,0,0,0,0,0,0,0,0,0,0,'en-us'),
	(2157,2,0,0,0,0,0,0,0,0,0,0,0,0,'en-us'),
	(2158,2,0,0,0,0,0,0,0,0,0,0,0,0,'en-us'),
	(2159,2,0,0,0,0,0,0,0,0,0,0,0,0,'en-us'),
	(2160,2,0,0,0,0,0,0,0,0,0,0,0,0,'en-us'),
	(2161,2,0,0,0,0,0,0,0,0,0,0,0,0,'en-us'),
	(2162,2,0,0,0,0,0,0,0,0,0,0,0,0,'en-us'),
	(2163,2,0,0,0,0,0,0,0,0,0,0,0,0,'en-us'),
	(2164,1,0,0,0,0,0,0,0,0,0,0,0,0,''),
	(2165,2,0,0,0,0,0,0,0,0,0,0,0,0,'en-us'),
	(2166,2,0,0,0,0,0,0,0,0,0,0,0,0,'en-us'),
	(2167,2,0,0,0,0,0,0,0,0,0,0,0,0,'en-us'),
	(2168,2,0,0,0,0,0,0,0,0,0,0,0,0,'en-us'),
	(2169,2,0,0,0,0,0,0,0,0,0,0,0,0,'en-us'),
	(2170,2,0,0,0,0,0,0,0,0,0,0,0,0,'en-us'),
	(2171,2,0,0,0,0,0,0,0,0,0,0,0,0,'en-us'),
	(2172,2,0,0,0,0,0,0,0,0,0,0,0,0,'en-us'),
	(2173,2,0,0,0,0,0,0,0,0,0,0,0,0,'en-us'),
	(2174,2,0,0,0,0,0,0,0,0,0,0,0,0,'en-us'),
	(2175,2,0,0,0,0,0,0,0,0,0,0,0,0,'en-us'),
	(2176,2,0,0,0,0,0,0,0,0,0,0,0,0,'en-us'),
	(2177,2,0,0,0,0,0,0,0,0,0,0,0,0,'en-us'),
	(2178,2,0,0,0,0,0,0,0,0,0,0,0,0,'en-us'),
	(2179,2,0,0,0,0,0,0,0,0,0,0,0,0,'en-us'),
	(2180,2,0,0,0,0,0,0,0,0,0,0,0,0,'en-us'),
	(2181,2,0,0,0,0,0,0,0,0,0,0,0,0,'en-us'),
	(2182,2,0,0,0,0,0,0,0,0,0,0,0,0,'en-us'),
	(2183,2,0,0,0,0,0,0,0,0,0,0,0,0,'en-us'),
	(2184,2,0,0,0,0,0,0,0,0,0,0,0,0,'en-us'),
	(2185,4,0,0,0,0,0,0,0,0,0,0,0,0,'en'),
	(2186,2,0,0,0,0,0,0,0,0,0,0,0,0,'en-us'),
	(2187,3,1,0,0,0,0,0,0,0,0,0,0,0,''),
	(2188,2,0,0,0,0,0,0,0,0,0,0,0,0,'en-us'),
	(2189,2,0,0,0,0,0,0,0,0,0,0,0,0,'en-us'),
	(2190,2,0,0,0,0,0,0,0,0,0,0,0,0,'en-us'),
	(2191,2,0,0,0,0,0,0,0,0,0,0,0,0,'en-us'),
	(2192,2,0,0,0,0,0,0,0,0,0,0,0,0,'en-us'),
	(2193,2,0,0,0,0,0,0,0,0,0,0,0,0,'en-us'),
	(2194,2,0,0,0,0,0,0,0,0,0,0,0,0,'en-us'),
	(2195,2,0,0,0,0,0,0,0,0,0,0,0,0,'en-us'),
	(2196,2,0,0,0,0,0,0,0,0,0,0,0,0,'en-us'),
	(2197,2,0,0,0,0,0,0,0,0,0,0,0,0,'en-us'),
	(2198,2,0,0,0,0,0,0,0,0,0,0,0,0,'en-us'),
	(2199,2,0,0,0,0,0,0,0,0,0,0,0,0,'en-us'),
	(2200,2,0,0,0,0,0,0,0,0,0,0,0,0,'en-us'),
	(2201,2,0,0,0,0,0,0,0,0,0,0,0,0,'en-us'),
	(2202,2,0,0,0,0,0,0,0,0,0,0,0,0,'en-us'),
	(2203,2,0,0,0,0,0,0,0,0,0,0,0,0,'en-us'),
	(2204,2,0,0,0,0,0,0,0,0,0,0,0,0,'en-us'),
	(2205,2,0,0,0,0,0,0,0,0,0,0,0,0,'en-us'),
	(2206,2,0,0,0,0,0,0,0,0,0,0,0,0,'en-us'),
	(2207,2,0,0,0,0,0,0,0,0,0,0,0,0,'en-us'),
	(2208,2,0,0,0,0,0,0,0,0,0,0,0,0,'en-us'),
	(2209,2,0,0,0,0,0,0,0,0,0,0,0,0,'en-us'),
	(2210,2,0,0,0,0,0,0,0,0,0,0,0,0,'en-us'),
	(2211,2,0,0,0,0,0,0,0,0,0,0,0,0,'en-us'),
	(2212,2,0,0,0,0,0,0,0,0,0,0,0,0,'en-us'),
	(2213,2,0,0,0,0,0,0,0,0,0,0,0,0,'en-us'),
	(2214,2,0,0,0,0,0,0,0,0,0,0,0,0,'en-us'),
	(2215,2,0,0,0,0,0,0,0,0,0,0,0,0,'en-us'),
	(2216,2,0,0,0,0,0,0,0,0,0,0,0,0,'en-us'),
	(2217,2,0,0,0,0,0,0,0,0,0,0,0,0,'en-us'),
	(2218,2,0,0,0,0,0,0,0,0,0,0,0,0,'en-us'),
	(2219,2,0,0,0,0,0,0,0,0,0,0,0,0,'en-us'),
	(2220,2,0,0,0,0,0,0,0,0,0,0,0,0,'en-us'),
	(2221,2,0,0,0,0,0,0,0,0,0,0,0,0,'en-us'),
	(2222,2,0,0,0,0,0,0,0,0,0,0,0,0,'en-us'),
	(2223,2,0,0,0,0,0,0,0,0,0,0,0,0,'en-us'),
	(2224,2,0,0,0,0,0,0,0,0,0,0,0,0,'en-us'),
	(2225,2,0,0,0,0,0,0,0,0,0,0,0,0,'en-us'),
	(2226,2,0,0,0,0,0,0,0,0,0,0,0,0,'en-us'),
	(2227,2,0,0,0,0,0,0,0,0,0,0,0,0,'en-us'),
	(2228,2,0,0,0,0,0,0,0,0,0,0,0,0,'en-us'),
	(2229,2,0,0,0,0,0,0,0,0,0,0,0,0,'en-us'),
	(2230,2,0,0,0,0,0,0,0,0,0,0,0,0,'en-us'),
	(2231,2,0,0,0,0,0,0,0,0,0,0,0,0,'en-us'),
	(2232,2,0,0,0,0,0,0,0,0,0,0,0,0,'en-us'),
	(2233,2,0,0,0,0,0,0,0,0,0,0,0,0,'en-us'),
	(2234,2,0,0,0,0,0,0,0,0,0,0,0,0,'en-us'),
	(2235,2,0,0,0,0,0,0,0,0,0,0,0,0,'en-us'),
	(2236,2,0,0,0,0,0,0,0,0,0,0,0,0,'en-us'),
	(2237,2,0,0,0,0,0,0,0,0,0,0,0,0,'en-us'),
	(2238,2,0,0,0,0,0,0,0,0,0,0,0,0,'en-us'),
	(2239,2,0,0,0,0,0,0,0,0,0,0,0,0,'en-us'),
	(2240,2,0,0,0,0,0,0,0,0,0,0,0,0,'en-us'),
	(2241,2,0,0,0,0,0,0,0,0,0,0,0,0,'en-us'),
	(2242,2,0,0,0,0,0,0,0,0,0,0,0,0,'en-us'),
	(2243,2,0,0,0,0,0,0,0,0,0,0,0,0,'en-us'),
	(2244,2,0,0,0,0,0,0,0,0,0,0,0,0,'en-us'),
	(2245,2,0,0,0,0,0,0,0,0,0,0,0,0,'en-us'),
	(2246,2,0,0,0,0,0,0,0,0,0,0,0,0,'en-us'),
	(2247,2,0,0,0,0,0,0,0,0,0,0,0,0,'en-us'),
	(2248,2,0,0,0,0,0,0,0,0,0,0,0,0,'en-us'),
	(2249,2,0,0,0,0,0,0,0,0,0,0,0,0,'en-us'),
	(2250,2,0,0,0,0,0,0,0,0,0,0,0,0,'en-us'),
	(2251,2,0,0,0,0,0,0,0,0,0,0,0,0,'en-us'),
	(2252,2,0,0,0,0,0,0,0,0,0,0,0,0,'en-us'),
	(2253,2,0,0,0,0,0,0,0,0,0,0,0,0,'en-us'),
	(2254,2,0,0,0,0,0,0,0,0,0,0,0,0,'en-us'),
	(2255,2,0,0,0,0,0,0,0,0,0,0,0,0,'en-us'),
	(2256,2,0,0,0,0,0,0,0,0,0,0,0,0,'en-us'),
	(2257,2,0,0,0,0,0,0,0,0,0,0,0,0,'en-us'),
	(2258,2,0,0,0,0,0,0,0,0,0,0,0,0,'en-us'),
	(2259,2,0,0,0,0,0,0,0,0,0,0,0,0,'en-us'),
	(2260,2,0,0,0,0,0,0,0,0,0,0,0,0,'en-us'),
	(2261,2,0,0,0,0,0,0,0,0,0,0,0,0,'en-us'),
	(2262,2,0,0,0,0,0,0,0,0,0,0,0,0,'en-us'),
	(2263,2,0,0,0,0,0,0,0,0,0,0,0,0,'en-us'),
	(2264,2,0,0,0,0,0,0,0,0,0,0,0,0,'en-us'),
	(2265,2,0,0,0,0,0,0,0,0,0,0,0,0,'en-us'),
	(2266,2,0,0,0,0,0,0,0,0,0,0,0,0,'en-us'),
	(2267,2,0,0,0,0,0,0,0,0,0,0,0,0,'en-us'),
	(2268,2,0,0,0,0,0,0,0,0,0,0,0,0,'en-us'),
	(2269,2,0,0,0,0,0,0,0,0,0,0,0,0,'en-us'),
	(2270,2,0,0,0,0,0,0,0,0,0,0,0,0,'en-us'),
	(2271,2,0,0,0,0,0,0,0,0,0,0,0,0,'en-us'),
	(2272,2,0,0,0,0,0,0,0,0,0,0,0,0,'en-us'),
	(2273,2,0,0,0,0,0,0,0,0,0,0,0,0,'en-us'),
	(2274,2,0,0,0,0,0,0,0,0,0,0,0,0,'en-us'),
	(2275,2,0,0,0,0,0,0,0,0,0,0,0,0,'en-us'),
	(2276,2,0,0,0,0,0,0,0,0,0,0,0,0,'en-us'),
	(2277,2,0,0,0,0,0,0,0,0,0,0,0,0,'en-us'),
	(2278,2,0,0,0,0,0,0,0,0,0,0,0,0,'en-us'),
	(2279,2,0,0,0,0,0,0,0,0,0,0,0,0,'en-us'),
	(2280,2,0,0,0,0,0,0,0,0,0,0,0,0,'en-us'),
	(2281,2,0,0,0,0,0,0,0,0,0,0,0,0,'en-us'),
	(2282,2,0,0,0,0,0,0,0,0,0,0,0,0,'en-us'),
	(2283,2,0,0,0,0,0,0,0,0,0,0,0,0,'en-us'),
	(2284,2,0,0,0,0,0,0,0,0,0,0,0,0,'en-us'),
	(2285,2,0,0,0,0,0,0,0,0,0,0,0,0,'en-us'),
	(2286,2,0,0,0,0,0,0,0,0,0,0,0,0,'en-us'),
	(2287,2,0,0,0,0,0,0,0,0,0,0,0,0,'en-us'),
	(2288,2,0,0,0,0,0,0,0,0,0,0,0,0,'en-us'),
	(2289,2,0,0,0,0,0,0,0,0,0,0,0,0,'en-us'),
	(2290,2,0,0,0,0,0,0,0,0,0,0,0,0,'en-us'),
	(2291,2,0,0,0,0,0,0,0,0,0,0,0,0,'en-us'),
	(2292,2,0,0,0,0,0,0,0,0,0,0,0,0,'en-us'),
	(2293,2,0,0,0,0,0,0,0,0,0,0,0,0,'en-us'),
	(2294,2,0,0,0,0,0,0,0,0,0,0,0,0,'en-us'),
	(2295,2,0,0,0,0,0,0,0,0,0,0,0,0,'en-us'),
	(2296,2,0,0,0,0,0,0,0,0,0,0,0,0,'en-us'),
	(2297,2,0,0,0,0,0,0,0,0,0,0,0,0,'en-us'),
	(2298,2,0,0,0,0,0,0,0,0,0,0,0,0,'en-us'),
	(2299,2,0,0,0,0,0,0,0,0,0,0,0,0,'en-us'),
	(2300,2,0,0,0,0,0,0,0,0,0,0,0,0,'en-us'),
	(2301,2,0,0,0,0,0,0,0,0,0,0,0,0,'en-us'),
	(2302,2,0,0,0,0,0,0,0,0,0,0,0,0,'en-us'),
	(2303,2,0,0,0,0,0,0,0,0,0,0,0,0,'en-us'),
	(2304,2,0,0,0,0,0,0,0,0,0,0,0,0,'en-us'),
	(2305,2,0,0,0,0,0,0,0,0,0,0,0,0,'en-us'),
	(2306,2,0,0,0,0,0,0,0,0,0,0,0,0,'en-us'),
	(2307,2,0,0,0,0,0,0,0,0,0,0,0,0,'en-us'),
	(2308,2,0,0,0,0,0,0,0,0,0,0,0,0,'en-us'),
	(2309,2,0,0,0,0,0,0,0,0,0,0,0,0,'en-us'),
	(2310,2,0,0,0,0,0,0,0,0,0,0,0,0,'en-us'),
	(2311,2,0,0,0,0,0,0,0,0,0,0,0,0,'en-us'),
	(2312,2,0,0,0,0,0,0,0,0,0,0,0,0,'en-us'),
	(2313,2,0,0,0,0,0,0,0,0,0,0,0,0,'en-us'),
	(2314,2,0,0,0,0,0,0,0,0,0,0,0,0,'en-us'),
	(2315,2,0,0,0,0,0,0,0,0,0,0,0,0,'en-us'),
	(2316,2,0,0,0,0,0,0,0,0,0,0,0,0,'en-us'),
	(2317,2,0,0,0,0,0,0,0,0,0,0,0,0,'en-us'),
	(2318,2,0,0,0,0,0,0,0,0,0,0,0,0,'en-us'),
	(2319,2,0,0,0,0,0,0,0,0,0,0,0,0,'en-us'),
	(2320,2,0,0,0,0,0,0,0,0,0,0,0,0,'en-us'),
	(2321,2,0,0,0,0,0,0,0,0,0,0,0,0,'en-us'),
	(2322,2,0,0,0,0,0,0,0,0,0,0,0,0,'en-us'),
	(2323,2,0,0,0,0,0,0,0,0,0,0,0,0,'en-us'),
	(2324,2,0,0,0,0,0,0,0,0,0,0,0,0,'en-us'),
	(2325,2,0,0,0,0,0,0,0,0,0,0,0,0,'en-us'),
	(2326,2,0,0,0,0,0,0,0,0,0,0,0,0,'en-us'),
	(2327,2,0,0,0,0,0,0,0,0,0,0,0,0,'en-us'),
	(2328,2,0,0,0,0,0,0,0,0,0,0,0,0,'en-us'),
	(2329,4,0,0,0,0,0,0,0,0,0,0,0,0,''),
	(2330,3,1,0,0,0,0,0,0,0,0,0,0,0,''),
	(2331,3,1,0,0,0,0,0,0,0,0,0,0,0,''),
	(2332,3,1,0,0,0,0,0,0,0,0,0,0,0,''),
	(2333,3,1,0,0,0,0,0,0,0,0,0,0,0,'it-it'),
	(2334,3,1,0,0,0,0,0,0,0,0,0,0,0,''),
	(2335,3,1,0,0,0,0,0,0,0,0,0,0,0,'it-it'),
	(2336,3,1,0,0,0,0,0,0,0,0,0,0,0,'');



# Dump of table pr_handlegroups
# ------------------------------------------------------------


CREATE TABLE `pr_handlegroups` (
  `group_id` int(3) NOT NULL,
  `visible` tinyint(1) NOT NULL,
  `disabled` tinyint(1) NOT NULL,
  PRIMARY KEY (`group_id`)
) ENGINE=MyISAM DEFAULT CHARSET=utf8;


INSERT INTO `pr_handlegroups` (`group_id`, `visible`, `disabled`)
VALUES
	(1,1,0),
	(2,1,0);



# Dump of table pr_handlegroups_text
# ------------------------------------------------------------


CREATE TABLE `pr_handlegroups_text` (
  `id_lang` int(2) NOT NULL,
  `title` text NOT NULL,
  `label` text NOT NULL,
  `bottomdesc` text NOT NULL,
  PRIMARY KEY (`id_lang`)
) ENGINE=MyISAM DEFAULT CHARSET=utf8;


INSERT INTO `pr_handlegroups_text` (`id_lang`, `title`, `label`, `bottomdesc`)
VALUES
	(5,'Categoria di utente','Categoria','Se sei un <strong>agente di viaggio</strong>, un <strong>Tour Operator</strong> o un <strong>organizzatore di viaggi di gruppo</strong>, selezionando la categoria di utente <strong>\"Agenzie e TO\"</strong> potrai visualizzare l\'area del sito contenente i pacchetti e le proposte di viaggio per le organizzazioni come la tua!');



# Dump of table pr_homeslider
# ------------------------------------------------------------


CREATE TABLE `pr_homeslider` (
  `id_homeslider_slides` int(10) unsigned NOT NULL AUTO_INCREMENT,
  `id_shop` int(10) unsigned NOT NULL,
  PRIMARY KEY (`id_homeslider_slides`,`id_shop`)
) ENGINE=InnoDB DEFAULT CHARSET=utf8;


INSERT INTO `pr_homeslider` (`id_homeslider_slides`, `id_shop`)
VALUES
	(1,1),
	(2,1),
	(3,1),
	(4,1),
	(5,1),
	(6,1),
	(7,1),
	(8,1);



# Dump of table pr_homeslider_slides
# ------------------------------------------------------------


CREATE TABLE `pr_homeslider_slides` (
  `id_homeslider_slides` int(10) unsigned NOT NULL AUTO_INCREMENT,
  `position` int(10) unsigned NOT NULL DEFAULT '0',
  `active` tinyint(1) unsigned NOT NULL DEFAULT '0',
  PRIMARY KEY (`id_homeslider_slides`)
) ENGINE=InnoDB DEFAULT CHARSET=utf8;


INSERT INTO `pr_homeslider_slides` (`id_homeslider_slides`, `position`, `active`)
VALUES
	(1,1,1),
	(2,2,1),
	(3,3,1),
	(4,4,1),
	(5,5,1),
	(6,0,1),
	(7,0,1),
	(8,0,1);



# Dump of table pr_homeslider_slides_lang
# ------------------------------------------------------------


CREATE TABLE `pr_homeslider_slides_lang` (
  `id_homeslider_slides` int(10) unsigned NOT NULL,
  `id_lang` int(10) unsigned NOT NULL,
  `title` varchar(255) NOT NULL,
  `description` text NOT NULL,
  `legend` varchar(255) NOT NULL,
  `url` varchar(255) NOT NULL,
  `image` varchar(255) NOT NULL,
  PRIMARY KEY (`id_homeslider_slides`,`id_lang`)
) ENGINE=InnoDB DEFAULT CHARSET=utf8;


INSERT INTO `pr_homeslider_slides_lang` (`id_homeslider_slides`, `id_lang`, `title`, `description`, `legend`, `url`, `image`)
VALUES
	(1,1,'Sample 1','This is a sample picture','sample-1','http://www.prestashop.com','sample-1.jpg'),
	(2,1,'Sample 2','This is a sample picture','sample-2','http://www.prestashop.com','sample-2.jpg'),
	(3,1,'Sample 3','This is a sample picture','sample-3','http://www.prestashop.com','sample-3.jpg'),
	(4,1,'Sample 4','This is a sample picture','sample-4','http://www.prestashop.com','sample-4.jpg'),
	(5,1,'Sample 5','This is a sample picture','sample-5','http://www.prestashop.com','sample-5.jpg'),
	(6,1,'Sample 1','<h2>EXCEPTEUR<br />OCCAECAT</h2>\n<p>Lorem ipsum dolor sit amet, consectetur adipiscing elit. Proin tristique in tortor et dignissim. Quisque non tempor leo. Maecenas egestas sem elit</p>\n<p><button class=\"btn btn-default\" type=\"button\">Shop now !</button></p>','sample-1','http://www.prestashop.com/?utm_source=v16_homeslider','sample-1.jpg'),
	(6,2,'Sample 1','<h2>EXCEPTEUR<br />OCCAECAT</h2>\n<p>Lorem ipsum dolor sit amet, consectetur adipiscing elit. Proin tristique in tortor et dignissim. Quisque non tempor leo. Maecenas egestas sem elit</p>\n<p><button class=\"btn btn-default\" type=\"button\">Shop now !</button></p>','sample-1','http://www.prestashop.com/?utm_source=v16_homeslider','sample-1.jpg'),
	(6,3,'Sample 1','<h2>EXCEPTEUR<br />OCCAECAT</h2>\n<p>Lorem ipsum dolor sit amet, consectetur adipiscing elit. Proin tristique in tortor et dignissim. Quisque non tempor leo. Maecenas egestas sem elit</p>\n<p><button class=\"btn btn-default\" type=\"button\">Shop now !</button></p>','sample-1','http://www.prestashop.com/?utm_source=v16_homeslider','sample-1.jpg'),
	(6,4,'Sample 1','<h2>EXCEPTEUR<br />OCCAECAT</h2>\n<p>Lorem ipsum dolor sit amet, consectetur adipiscing elit. Proin tristique in tortor et dignissim. Quisque non tempor leo. Maecenas egestas sem elit</p>\n<p><button class=\"btn btn-default\" type=\"button\">Shop now !</button></p>','sample-1','http://www.prestashop.com/?utm_source=v16_homeslider','sample-1.jpg'),
	(6,5,'Emozioni enogastronomiche nelle Terre di Mezzo Friulane','<p>I suggestivi paesaggi, descritti nei racconti di famosi autori come Nievo e Pasolini, faranno da sfondo alla vostra vacanza e alle pause golose in rinomate cantine...</p>\n<p><button class=\"btn btn-default\" type=\"button\">VAI</button></p>','Emozioni enogastronomiche nelle Terre di Mezzo Friulane','http://www.incomingfriuli.it/it/sapori-friulani/13-122-emozioni-enogastronomiche-nelle-terre-di-mezzo-friulane.html','a265ce46b696a854502f1092fac64b4b17198327_villa-manin-terre-di-mezzo.jpg'),
	(7,1,'Sample 2','<h2>EXCEPTEUR<br />OCCAECAT</h2>\n<p>Lorem ipsum dolor sit amet, consectetur adipiscing elit. Proin tristique in tortor et dignissim. Quisque non tempor leo. Maecenas egestas sem elit</p>\n<p><button class=\"btn btn-default\" type=\"button\">Shop now !</button></p>','sample-2','http://www.prestashop.com/?utm_source=v16_homeslider','sample-2.jpg'),
	(7,2,'Sample 2','<h2>EXCEPTEUR<br />OCCAECAT</h2>\n<p>Lorem ipsum dolor sit amet, consectetur adipiscing elit. Proin tristique in tortor et dignissim. Quisque non tempor leo. Maecenas egestas sem elit</p>\n<p><button class=\"btn btn-default\" type=\"button\">Shop now !</button></p>','sample-2','http://www.prestashop.com/?utm_source=v16_homeslider','sample-2.jpg'),
	(7,3,'Sample 2','<h2>EXCEPTEUR<br />OCCAECAT</h2>\n<p>Lorem ipsum dolor sit amet, consectetur adipiscing elit. Proin tristique in tortor et dignissim. Quisque non tempor leo. Maecenas egestas sem elit</p>\n<p><button class=\"btn btn-default\" type=\"button\">Shop now !</button></p>','sample-2','http://www.prestashop.com/?utm_source=v16_homeslider','sample-2.jpg'),
	(7,4,'Sample 2','<h2>EXCEPTEUR<br />OCCAECAT</h2>\n<p>Lorem ipsum dolor sit amet, consectetur adipiscing elit. Proin tristique in tortor et dignissim. Quisque non tempor leo. Maecenas egestas sem elit</p>\n<p><button class=\"btn btn-default\" type=\"button\">Shop now !</button></p>','sample-2','http://www.prestashop.com/?utm_source=v16_homeslider','sample-2.jpg'),
	(7,5,'Una giornata sulla laguna di Marano','<p>Una giornata indimenticabile sulla Laguna di Marano Lagunare. Una vera e propria \"macchina del tempo\" che vi porterà a conoscere ed a ripercorrere le antiche rotte seguite dai navigatori dell\'Impero Romano...</p>\n<p><button class=\"btn btn-default\" type=\"button\">VAI !</button></p>','Una giornata sulla laguna di Marano','http://www.incomingfriuli.it/it/gruppi/78-una-giornata-indimenticabile-sulla-laguna-di-marano.html','4ab2d22fd182c8044732b5944c184806f8058f60_marano-al-tramonto.jpg'),
	(8,1,'Sample 3','<h2>EXCEPTEUR<br />OCCAECAT</h2>\n<p>Lorem ipsum dolor sit amet, consectetur adipiscing elit. Proin tristique in tortor et dignissim. Quisque non tempor leo. Maecenas egestas sem elit</p>\n<p><button class=\"btn btn-default\" type=\"button\">Shop now !</button></p>','sample-3','http://www.prestashop.com/?utm_source=v16_homeslider','sample-3.jpg'),
	(8,2,'Sample 3','<h2>EXCEPTEUR<br />OCCAECAT</h2>\n<p>Lorem ipsum dolor sit amet, consectetur adipiscing elit. Proin tristique in tortor et dignissim. Quisque non tempor leo. Maecenas egestas sem elit</p>\n<p><button class=\"btn btn-default\" type=\"button\">Shop now !</button></p>','sample-3','http://www.prestashop.com/?utm_source=v16_homeslider','sample-3.jpg'),
	(8,3,'Sample 3','<h2>EXCEPTEUR<br />OCCAECAT</h2>\n<p>Lorem ipsum dolor sit amet, consectetur adipiscing elit. Proin tristique in tortor et dignissim. Quisque non tempor leo. Maecenas egestas sem elit</p>\n<p><button class=\"btn btn-default\" type=\"button\">Shop now !</button></p>','sample-3','http://www.prestashop.com/?utm_source=v16_homeslider','sample-3.jpg'),
	(8,4,'Sample 3','<h2>EXCEPTEUR<br />OCCAECAT</h2>\n<p>Lorem ipsum dolor sit amet, consectetur adipiscing elit. Proin tristique in tortor et dignissim. Quisque non tempor leo. Maecenas egestas sem elit</p>\n<p><button class=\"btn btn-default\" type=\"button\">Shop now !</button></p>','sample-3','http://www.prestashop.com/?utm_source=v16_homeslider','sample-3.jpg'),
	(8,5,'Relax e benessere nell\'antico borgo','<p>Perdersi nella tranquillità del Friuli Centrale... Relax e buona gastronomia in una terra ricca di cultura e storia. Il connubio perfetto per una vacanza ideale!</p>\n<p><button class=\"btn btn-default\" type=\"button\">VAI !</button></p>','Relax & Benessere nell\'antico Borgo','http://www.incomingfriuli.it/it/wellness/14-relax-benessere-nell-antico-borgo.html','0e5d935db4150d504b6274e599e2d7c24aaf059a_relax.jpg');



# Dump of table pr_hook
# ------------------------------------------------------------


CREATE TABLE `pr_hook` (
  `id_hook` int(10) unsigned NOT NULL AUTO_INCREMENT,
  `name` varchar(64) NOT NULL,
  `title` varchar(64) NOT NULL,
  `description` text,
  `position` tinyint(1) NOT NULL DEFAULT '1',
  `live_edit` tinyint(1) NOT NULL DEFAULT '0',
  PRIMARY KEY (`id_hook`),
  UNIQUE KEY `hook_name` (`name`)
) ENGINE=InnoDB DEFAULT CHARSET=utf8;


INSERT INTO `pr_hook` (`id_hook`, `name`, `title`, `description`, `position`, `live_edit`)
VALUES
	(1,'displayPayment','Payment',NULL,1,1),
	(2,'actionValidateOrder','New orders',NULL,0,0),
	(3,'actionPaymentConfirmation','Payment confirmation',NULL,0,0),
	(4,'displayPaymentReturn','Payment return',NULL,0,1),
	(5,'actionUpdateQuantity','Quantity update','Quantity is updated only when the customer effectively <b>place</b> his order.',0,0),
	(6,'displayRightColumn','Right column blocks',NULL,1,1),
	(7,'displayLeftColumn','Left column blocks',NULL,1,1),
	(8,'displayHome','Homepage content',NULL,1,1),
	(9,'displayHeader','Header of pages','A hook which allow you to do things in the header of each pages',1,0),
	(10,'actionCartSave','Cart creation and update',NULL,0,0),
	(11,'actionAuthentication','Successful customer authentication',NULL,0,0),
	(12,'actionProductAdd','Product creation',NULL,0,0),
	(13,'actionProductUpdate','Product Update',NULL,0,0),
	(14,'displayTop','Top of pages','A hook which allow you to do things a the top of each pages.',1,1),
	(15,'displayRightColumnProduct','Extra actions on the product page (right column).',NULL,0,1),
	(16,'actionProductDelete','Product deletion','This hook is called when a product is deleted',0,0),
	(17,'displayFooterProduct','Product footer','Add new blocks under the product description',1,1),
	(18,'displayInvoice','Invoice','Add blocks to invoice (order)',1,0),
	(19,'actionOrderStatusUpdate','Order\'s status update event','Launch modules when the order\'s status of an order change.',0,0),
	(20,'displayAdminOrder','Display in Back-Office, tab AdminOrder','Launch modules when the tab AdminOrder is displayed on back-office.',0,0),
	(21,'displayFooter','Footer','Add block in footer',1,1),
	(22,'displayPDFInvoice','PDF Invoice','Allow the display of extra informations into the PDF invoice',0,0),
	(23,'displayAdminCustomers','Display in Back-Office, tab AdminCustomers','Launch modules when the tab AdminCustomers is displayed on back-office.',0,0),
	(24,'displayOrderConfirmation','Order confirmation page','Called on order confirmation page',0,1),
	(25,'actionCustomerAccountAdd','Successful customer create account','Called when new customer create account successfuled',0,0),
	(26,'displayCustomerAccount','Customer account page display in front office','Display on page account of the customer',1,1),
	(27,'actionOrderSlipAdd','Called when a order slip is created','This hook is called when a new credit slip is added regarding client order',0,0),
	(28,'displayProductTab','Tabs on product page','Called on order product page tabs',0,1),
	(29,'displayProductTabContent','Content of tabs on product page','Called on order product page tabs',0,1),
	(30,'displayShoppingCartFooter','Shopping cart footer','Display some specific informations on the shopping cart page',0,1),
	(31,'displayCustomerAccountForm','Customer account creation form','Display some information on the form to create a customer account',1,1),
	(32,'displayAdminStatsModules','Stats - Modules',NULL,1,0),
	(33,'displayAdminStatsGraphEngine','Graph Engines',NULL,0,0),
	(34,'actionOrderReturn','Product returned',NULL,0,0),
	(35,'displayProductButtons','Product actions','Put new action buttons on product page',1,1),
	(36,'displayBackOfficeHome','Administration panel homepage',NULL,1,0),
	(37,'displayAdminStatsGridEngine','Grid Engines',NULL,0,0),
	(38,'actionWatermark','Watermark',NULL,0,0),
	(39,'actionProductCancel','Product cancelled','This hook is called when you cancel a product in an order',0,0),
	(40,'displayLeftColumnProduct','Extra actions on the product page (left column).',NULL,0,1),
	(41,'actionProductOutOfStock','Product out of stock','Make action while product is out of stock',1,0),
	(42,'actionProductAttributeUpdate','Product attribute update',NULL,0,0),
	(43,'displayCarrierList','Extra carrier (module mode)',NULL,0,1),
	(44,'displayShoppingCart','Shopping cart extra button','Display some specific informations',1,1),
	(45,'actionSearch','Search',NULL,0,0),
	(46,'displayBeforePayment','Redirect in order process','Redirect user to the module instead of displaying payment modules',0,1),
	(47,'actionCarrierUpdate','Carrier Update','This hook is called when a carrier is updated',0,0),
	(48,'actionOrderStatusPostUpdate','Post update of order status',NULL,0,0),
	(49,'displayCustomerAccountFormTop','Block above the form for create an account',NULL,1,1),
	(50,'displayBackOfficeHeader','Administration panel header',NULL,0,0),
	(51,'displayBackOfficeTop','Administration panel hover the tabs',NULL,1,0),
	(52,'displayBackOfficeFooter','Administration panel footer',NULL,1,0),
	(53,'actionProductAttributeDelete','Product Attribute Deletion',NULL,0,0),
	(54,'actionCarrierProcess','Carrier Process',NULL,0,0),
	(55,'actionOrderDetail','Order Detail','To set the follow-up in smarty when order detail is called',0,0),
	(56,'displayBeforeCarrier','Before carrier list','This hook is display before the carrier list on Front office',1,1),
	(57,'displayOrderDetail','Order detail displayed','Displayed on order detail on front office',1,1),
	(58,'actionPaymentCCAdd','Payment CC added','Payment CC added',0,0),
	(59,'displayProductComparison','Extra Product Comparison','Extra Product Comparison',0,1),
	(60,'actionCategoryAdd','Category creation','',0,0),
	(61,'actionCategoryUpdate','Category modification','',0,0),
	(62,'actionCategoryDelete','Category removal','',0,0),
	(63,'actionBeforeAuthentication','Before Authentication','Before authentication',0,0),
	(64,'displayPaymentTop','Top of payment page','Top of payment page',0,1),
	(65,'actionHtaccessCreate','After htaccess creation','After htaccess creation',0,0),
	(66,'actionAdminMetaSave','After save configuration in AdminMeta','After save configuration in AdminMeta',0,0),
	(67,'displayAttributeGroupForm','Add fields to the form \"attribute group\"','Add fields to the form \"attribute group\"',0,1),
	(68,'actionAttributeGroupSave','On saving attribute group','On saving attribute group',0,0),
	(69,'actionAttributeGroupDelete','On deleting attribute group','On deleting attribute group',0,0),
	(70,'displayFeatureForm','Add fields to the form \"feature\"','Add fields to the form \"feature\"',0,1),
	(71,'actionFeatureSave','On saving attribute feature','On saving attribute feature',0,0),
	(72,'actionFeatureDelete','On deleting attribute feature','On deleting attribute feature',0,0),
	(73,'actionProductSave','On saving products','On saving products',0,0),
	(74,'actionProductListOverride','Assign product list to a category','Assign product list to a category',0,0),
	(75,'displayAttributeGroupPostProcess','On post-process in admin attribute group','On post-process in admin attribute group',0,0),
	(76,'displayFeaturePostProcess','On post-process in admin feature','On post-process in admin feature',0,0),
	(77,'displayFeatureValueForm','Add fields to the form \"feature value\"','Add fields to the form \"feature value\"',0,1),
	(78,'displayFeatureValuePostProcess','On post-process in admin feature value','On post-process in admin feature value',0,0),
	(79,'actionFeatureValueDelete','On deleting attribute feature value','On deleting attribute feature value',0,0),
	(90,'actionFeatureValueSave','On saving attribute feature value','On saving attribute feature value',0,0),
	(91,'displayAttributeForm','Add fields to the form \"attribute value\"','Add fields to the form \"attribute value\"',0,1),
	(92,'actionAttributePostProcess','On post-process in admin feature value','On post-process in admin feature value',0,0),
	(93,'actionAttributeDelete','On deleting attribute feature value','On deleting attribute feature value',0,0),
	(94,'actionAttributeSave','On saving attribute feature value','On saving attribute feature value',0,0),
	(95,'frontCanonicalRedirect','Front Canonical Redirect','Check for 404 errors before canonical redirects',0,0),
	(96,'myAccountBlock','My account block','Display extra informations inside the \"my account\" block',1,0),
	(112,'modulesModify','Modules Modify','Modify the output of Modules from within another Module',1,0),
	(113,'Events','Events Page',NULL,1,0),
	(114,'actionTaxManager','taxmanager',NULL,1,0),
	(115,'actionCartListOverride','actionCartListOverride',NULL,1,0),
	(116,'actionObjectManufacturerDeleteAfter','actionObjectManufacturerDeleteAfter',NULL,1,0),
	(117,'actionObjectManufacturerAddAfter','actionObjectManufacturerAddAfter',NULL,1,0),
	(118,'actionObjectManufacturerUpdateAfter','actionObjectManufacturerUpdateAfter',NULL,1,0),
	(119,'actionModuleRegisterHookAfter','actionModuleRegisterHookAfter',NULL,1,0),
	(120,'actionModuleUnRegisterHookAfter','actionModuleUnRegisterHookAfter',NULL,1,0),
	(121,'dashboardZoneOne','dashboardZoneOne',NULL,1,0),
	(122,'dashboardZoneTwo','dashboardZoneTwo',NULL,1,0),
	(123,'dashboardData','dashboardData',NULL,0,0),
	(124,'displayHomeTab','Home Page Tabs','This hook displays new elements on the homepage tabs',1,1),
	(125,'displayHomeTabContent','Home Page Tabs Content','This hook displays new elements on the homepage tabs content',1,1),
	(126,'displayBackOfficeCategory','Display new elements in the Back Office, tab AdminCategories','This hook launches modules when the AdminCategories tab is displayed in the Back Office',1,1),
	(127,'actionBackOfficeCategory','Process new elements in the Back Office, tab AdminCategories','This hook process modules when the AdminCategories tab is displayed in the Back Office',1,1),
	(128,'actionAdminControllerSetMedia','Admin action setMedia','',0,0),
	(129,'displayAdminOrderTabOrder','Display new elements in Back Office on AdminOrder, panel Order','This hook launches modules when the AdminOrder tab is displayed in the Back Office and extends / override Order panel tabs',1,0),
	(130,'displayAdminOrderContentOrder','Display new elements in Back Office on AdminOrder, panel Order','This hook launches modules when the AdminOrder tab is displayed in the Back Office and extends / override Order panel content',1,0),
	(131,'displayAdminOrderTabShip','Display new elements in Back Office, AdminOrder, panel Shipping','This hook launches modules when the AdminOrder tab is displayed in the Back Office and extends / override Shipping panel tabs',1,0),
	(132,'displayAdminOrderContentShip','Display new elements in Back Office, AdminOrder, panel Shipping','This hook launches modules when the AdminOrder tab is displayed in the Back Office and extends / override Shipping panel content',1,0),
	(133,'actionObjectProductUpdateAfter','actionObjectProductUpdateAfter','',0,0),
	(134,'actionObjectProductDeleteAfter','actionObjectProductDeleteAfter','',0,0),
	(135,'displayCompareExtraInformation','displayCompareExtraInformation','',1,1),
	(136,'displayBanner','displayBanner','',1,1),
	(137,'actionObjectLanguageAddAfter','actionObjectLanguageAddAfter','',0,0),
	(138,'displayNav','displayNav','',1,1),
	(139,'displayMyAccountBlockfooter','My account block','Display extra informations inside the \"my account\" block',1,0),
	(140,'actionObjectSupplierDeleteAfter','actionObjectSupplierDeleteAfter','',0,0),
	(141,'actionObjectSupplierAddAfter','actionObjectSupplierAddAfter','',0,0),
	(142,'actionObjectSupplierUpdateAfter','actionObjectSupplierUpdateAfter','',0,0),
	(143,'actionObjectCategoryUpdateAfter','actionObjectCategoryUpdateAfter','',0,0),
	(144,'actionObjectCategoryDeleteAfter','actionObjectCategoryDeleteAfter','',0,0),
	(145,'actionObjectCategoryAddAfter','actionObjectCategoryAddAfter','',0,0),
	(146,'actionObjectCmsUpdateAfter','actionObjectCmsUpdateAfter','',0,0),
	(147,'actionObjectCmsDeleteAfter','actionObjectCmsDeleteAfter','',0,0),
	(148,'actionObjectCmsAddAfter','actionObjectCmsAddAfter','',0,0),
	(149,'actionObjectProductAddAfter','actionObjectProductAddAfter','',0,0),
	(150,'actionShopDataDuplication','actionShopDataDuplication','',0,0),
	(151,'displayTopColumn','displayTopColumn','',1,1),
	(152,'displayProductListReviews','displayProductListReviews','',1,1),
	(153,'displayProductListFunctionalButtons','displayProductListFunctionalButtons','',1,1),
	(154,'actionAdminStoresControllerUpdate_optionsAfter','actionAdminStoresControllerUpdate_optionsAfter','',0,0),
	(155,'actionObjectCustomerUpdateAfter','actionObjectCustomerUpdateAfter','',0,0);



# Dump of table pr_hook_alias
# ------------------------------------------------------------


CREATE TABLE `pr_hook_alias` (
  `id_hook_alias` int(10) unsigned NOT NULL AUTO_INCREMENT,
  `alias` varchar(64) NOT NULL,
  `name` varchar(64) NOT NULL,
  PRIMARY KEY (`id_hook_alias`),
  UNIQUE KEY `alias` (`alias`)
) ENGINE=InnoDB DEFAULT CHARSET=utf8;


INSERT INTO `pr_hook_alias` (`id_hook_alias`, `alias`, `name`)
VALUES
	(1,'payment','displayPayment'),
	(2,'newOrder','actionValidateOrder'),
	(3,'paymentConfirm','actionPaymentConfirmation'),
	(4,'paymentReturn','displayPaymentReturn'),
	(5,'updateQuantity','actionUpdateQuantity'),
	(6,'rightColumn','displayRightColumn'),
	(7,'leftColumn','displayLeftColumn'),
	(8,'home','displayHome'),
	(9,'header','displayHeader'),
	(10,'cart','actionCartSave'),
	(11,'authentication','actionAuthentication'),
	(12,'addproduct','actionProductAdd'),
	(13,'updateproduct','actionProductUpdate'),
	(14,'top','displayTop'),
	(15,'extraRight','displayRightColumnProduct'),
	(16,'deleteproduct','actionProductDelete'),
	(17,'productfooter','displayFooterProduct'),
	(18,'invoice','displayInvoice'),
	(19,'updateOrderStatus','actionOrderStatusUpdate'),
	(20,'adminOrder','displayAdminOrder'),
	(21,'footer','displayFooter'),
	(22,'PDFInvoice','displayPDFInvoice'),
	(23,'adminCustomers','displayAdminCustomers'),
	(24,'orderConfirmation','displayOrderConfirmation'),
	(25,'createAccount','actionCustomerAccountAdd'),
	(26,'customerAccount','displayCustomerAccount'),
	(27,'orderSlip','actionOrderSlipAdd'),
	(28,'productTab','displayProductTab'),
	(29,'productTabContent','displayProductTabContent'),
	(30,'shoppingCart','displayShoppingCartFooter'),
	(31,'createAccountForm','displayCustomerAccountForm'),
	(32,'AdminStatsModules','displayAdminStatsModules'),
	(33,'GraphEngine','displayAdminStatsGraphEngine'),
	(34,'orderReturn','actionOrderReturn'),
	(35,'productActions','displayProductButtons'),
	(36,'backOfficeHome','displayBackOfficeHome'),
	(37,'GridEngine','displayAdminStatsGridEngine'),
	(38,'watermark','actionWatermark'),
	(39,'cancelProduct','actionProductCancel'),
	(40,'extraLeft','displayLeftColumnProduct'),
	(41,'productOutOfStock','actionProductOutOfStock'),
	(42,'updateProductAttribute','actionProductAttributeUpdate'),
	(43,'extraCarrier','displayCarrierList'),
	(44,'shoppingCartExtra','displayShoppingCart'),
	(45,'search','actionSearch'),
	(46,'backBeforePayment','displayBeforePayment'),
	(47,'updateCarrier','actionCarrierUpdate'),
	(48,'postUpdateOrderStatus','actionOrderStatusPostUpdate'),
	(49,'createAccountTop','displayCustomerAccountFormTop'),
	(50,'backOfficeHeader','displayBackOfficeHeader'),
	(51,'backOfficeTop','displayBackOfficeTop'),
	(52,'backOfficeFooter','displayBackOfficeFooter'),
	(53,'deleteProductAttribute','actionProductAttributeDelete'),
	(54,'processCarrier','actionCarrierProcess'),
	(55,'orderDetail','actionOrderDetail'),
	(56,'beforeCarrier','displayBeforeCarrier'),
	(57,'orderDetailDisplayed','displayOrderDetail'),
	(58,'paymentCCAdded','actionPaymentCCAdd'),
	(59,'extraProductComparison','displayProductComparison'),
	(60,'categoryAddition','actionCategoryAdd'),
	(61,'categoryUpdate','actionCategoryUpdate'),
	(62,'categoryDeletion','actionCategoryDelete'),
	(63,'beforeAuthentication','actionBeforeAuthentication'),
	(64,'paymentTop','displayPaymentTop'),
	(65,'afterCreateHtaccess','actionHtaccessCreate'),
	(66,'afterSaveAdminMeta','actionAdminMetaSave'),
	(67,'attributeGroupForm','displayAttributeGroupForm'),
	(68,'afterSaveAttributeGroup','actionAttributeGroupSave'),
	(69,'afterDeleteAttributeGroup','actionAttributeGroupDelete'),
	(70,'featureForm','displayFeatureForm'),
	(71,'afterSaveFeature','actionFeatureSave'),
	(72,'afterDeleteFeature','actionFeatureDelete'),
	(73,'afterSaveProduct','actionProductSave'),
	(74,'productListAssign','actionProductListOverride'),
	(75,'postProcessAttributeGroup','displayAttributeGroupPostProcess'),
	(76,'postProcessFeature','displayFeaturePostProcess'),
	(77,'featureValueForm','displayFeatureValueForm'),
	(78,'postProcessFeatureValue','displayFeatureValuePostProcess'),
	(79,'afterDeleteFeatureValue','actionFeatureValueDelete'),
	(80,'afterSaveFeatureValue','actionFeatureValueSave'),
	(81,'attributeForm','displayAttributeForm'),
	(82,'postProcessAttribute','actionAttributePostProcess'),
	(83,'afterDeleteAttribute','actionAttributeDelete'),
	(84,'afterSaveAttribute','actionAttributeSave'),
	(85,'taxManager','actionTaxManager'),
	(86,'myAccountBlock','displayMyAccountBlock');



# Dump of table pr_hook_module
# ------------------------------------------------------------


CREATE TABLE `pr_hook_module` (
  `id_module` int(10) unsigned NOT NULL,
  `id_hook` int(10) unsigned NOT NULL,
  `id_shop` int(11) unsigned NOT NULL DEFAULT '1',
  `position` tinyint(2) unsigned NOT NULL,
  PRIMARY KEY (`id_module`,`id_hook`,`id_shop`),
  KEY `id_hook` (`id_hook`),
  KEY `id_module` (`id_module`)
) ENGINE=InnoDB DEFAULT CHARSET=utf8;


INSERT INTO `pr_hook_module` (`id_module`, `id_hook`, `id_shop`, `position`)
VALUES
	(0,6,1,1),
	(1,9,1,33),
	(1,12,1,4),
	(1,13,1,4),
	(1,16,1,4),
	(1,61,1,4),
	(1,124,1,2),
	(1,125,1,2),
	(3,1,1,1),
	(3,4,1,1),
	(4,1,1,3),
	(4,4,1,3),
	(5,9,1,6),
	(6,1,1,2),
	(6,4,1,2),
	(7,9,1,15),
	(8,7,1,1),
	(8,9,1,3),
	(8,12,1,1),
	(8,13,1,1),
	(8,16,1,1),
	(8,48,1,1),
	(8,124,1,3),
	(8,125,1,3),
	(9,9,1,4),
	(9,115,1,1),
	(10,7,1,2),
	(10,9,1,7),
	(10,60,1,1),
	(10,61,1,1),
	(10,62,1,1),
	(10,126,1,1),
	(11,9,1,8),
	(11,138,1,2),
	(12,21,1,2),
	(12,146,1,1),
	(12,147,1,1),
	(12,150,1,1),
	(12,154,1,1),
	(13,9,1,10),
	(13,138,1,3),
	(14,9,1,14),
	(14,116,1,1),
	(14,117,1,1),
	(14,118,1,1),
	(15,7,1,4),
	(15,9,1,16),
	(15,119,1,1),
	(15,120,1,1),
	(16,9,1,18),
	(16,12,1,2),
	(16,13,1,2),
	(16,16,1,2),
	(16,124,1,1),
	(16,125,1,1),
	(17,7,1,5),
	(17,9,1,21),
	(19,9,1,41),
	(19,14,1,1),
	(20,9,1,23),
	(20,12,1,3),
	(20,13,1,3),
	(20,16,1,3),
	(21,7,1,6),
	(21,9,1,29),
	(22,9,1,30),
	(22,14,1,4),
	(22,138,1,1),
	(24,9,1,31),
	(25,11,1,1),
	(25,21,1,4),
	(25,25,1,2),
	(26,32,1,1),
	(27,32,1,2),
	(28,32,1,3),
	(30,32,1,4),
	(31,32,1,5),
	(32,32,1,6),
	(33,32,1,7),
	(34,33,1,1),
	(35,33,1,2),
	(36,33,1,3),
	(37,33,1,4),
	(39,37,1,1),
	(40,32,1,8),
	(41,20,1,1),
	(41,32,1,9),
	(42,32,1,10),
	(42,95,1,1),
	(43,32,1,11),
	(44,32,1,12),
	(45,32,1,13),
	(46,32,1,15),
	(47,32,1,14),
	(48,32,1,16),
	(49,32,1,17),
	(50,32,1,18),
	(51,32,1,19),
	(51,45,1,1),
	(52,32,1,20),
	(53,32,1,21),
	(54,9,1,25),
	(55,32,1,22),
	(56,9,1,19),
	(56,30,1,1),
	(58,1,1,4),
	(58,4,1,4),
	(58,20,1,2),
	(58,39,1,1),
	(58,44,1,1),
	(58,46,1,1),
	(61,2,1,2),
	(61,5,1,1),
	(61,13,1,1),
	(61,16,1,1),
	(61,26,1,1),
	(61,41,1,1),
	(61,42,1,1),
	(61,53,1,1),
	(61,96,1,1),
	(64,9,1,26),
	(64,15,1,1),
	(64,28,1,1),
	(64,29,1,1),
	(64,40,1,1),
	(68,19,1,2),
	(69,60,1,2),
	(69,61,1,2),
	(69,62,1,2),
	(69,66,1,2),
	(72,38,1,1),
	(73,9,1,36),
	(73,10,1,1),
	(73,14,1,5),
	(73,23,1,1),
	(73,26,1,1),
	(73,35,1,1),
	(73,153,1,1),
	(74,19,1,3),
	(75,9,1,24),
	(75,17,1,1),
	(92,25,1,2),
	(92,49,1,1),
	(94,9,1,22),
	(94,15,1,2),
	(95,6,1,2),
	(95,9,1,27),
	(95,113,1,1),
	(99,19,1,4),
	(102,121,1,1),
	(102,123,1,1),
	(102,128,1,1),
	(103,48,1,2),
	(103,122,1,1),
	(103,123,1,2),
	(103,128,1,2),
	(104,122,1,2),
	(104,123,1,3),
	(104,128,1,3),
	(105,45,1,1),
	(105,122,1,3),
	(105,123,1,4),
	(106,9,1,1),
	(106,15,1,1),
	(106,133,1,1),
	(106,134,1,1),
	(106,135,1,1),
	(107,9,1,2),
	(107,136,1,1),
	(107,137,1,1),
	(108,9,1,5),
	(108,21,1,1),
	(109,9,1,9),
	(110,7,1,3),
	(110,9,1,11),
	(110,60,1,2),
	(110,61,1,2),
	(110,62,1,2),
	(110,67,1,1),
	(110,68,1,1),
	(110,69,1,1),
	(110,70,1,1),
	(110,71,1,1),
	(110,72,1,1),
	(110,73,1,1),
	(110,74,1,1),
	(110,75,1,1),
	(110,76,1,1),
	(110,77,1,1),
	(110,78,1,1),
	(110,79,1,1),
	(110,90,1,1),
	(110,91,1,1),
	(110,92,1,1),
	(110,93,1,1),
	(110,94,1,1),
	(112,9,1,12),
	(112,138,1,4),
	(113,9,1,13),
	(113,21,1,3),
	(114,9,1,17),
	(114,119,1,2),
	(114,120,1,2),
	(115,9,1,20),
	(115,14,1,2),
	(115,25,1,1),
	(116,9,1,28),
	(116,140,1,1),
	(116,141,1,1),
	(116,142,1,1),
	(117,14,1,3),
	(117,61,1,3),
	(117,116,1,2),
	(117,117,1,2),
	(117,118,1,2),
	(117,133,1,2),
	(117,134,1,2),
	(117,140,1,2),
	(117,141,1,2),
	(117,142,1,2),
	(117,143,1,1),
	(117,144,1,1),
	(117,145,1,1),
	(117,146,1,2),
	(117,147,1,2),
	(117,148,1,1),
	(117,149,1,1),
	(117,150,1,2),
	(118,9,1,32),
	(118,150,1,3),
	(118,151,1,1),
	(119,9,1,34),
	(119,35,1,2),
	(120,7,1,7),
	(120,9,1,35),
	(120,21,1,5),
	(120,50,1,1),
	(120,137,1,2),
	(120,151,1,2),
	(121,9,1,37),
	(121,15,1,2),
	(121,28,1,1),
	(121,29,1,1),
	(121,59,1,1),
	(121,152,1,1),
	(122,9,1,38),
	(122,40,1,1),
	(123,6,1,3),
	(123,9,1,39),
	(123,151,1,3),
	(124,9,1,40),
	(124,25,1,3),
	(124,155,1,1),
	(125,128,1,4);



# Dump of table pr_hook_module_exceptions
# ------------------------------------------------------------


CREATE TABLE `pr_hook_module_exceptions` (
  `id_hook_module_exceptions` int(10) unsigned NOT NULL AUTO_INCREMENT,
  `id_module` int(10) unsigned NOT NULL,
  `id_hook` int(10) unsigned NOT NULL,
  `id_shop` int(11) unsigned NOT NULL DEFAULT '1',
  `file_name` varchar(255) DEFAULT NULL,
  PRIMARY KEY (`id_hook_module_exceptions`),
  KEY `id_module` (`id_module`),
  KEY `id_hook` (`id_hook`)
) ENGINE=InnoDB DEFAULT CHARSET=utf8;


INSERT INTO `pr_hook_module_exceptions` (`id_hook_module_exceptions`, `id_module`, `id_hook`, `id_shop`, `file_name`)
VALUES
	(1,8,7,1,'category'),
	(2,14,7,1,'category'),
	(3,15,7,1,'category'),
	(4,17,7,1,'category'),
	(5,116,7,1,'category'),
	(6,8,7,1,'category'),
	(7,14,7,1,'category'),
	(8,15,7,1,'category'),
	(9,17,7,1,'category'),
	(10,116,7,1,'category'),
	(11,8,7,1,'category'),
	(12,14,7,1,'category'),
	(13,15,7,1,'category'),
	(14,17,7,1,'category'),
	(15,116,7,1,'category');



# Dump of table pr_image
# ------------------------------------------------------------


CREATE TABLE `pr_image` (
  `id_image` int(10) unsigned NOT NULL AUTO_INCREMENT,
  `id_product` int(10) unsigned NOT NULL,
  `position` smallint(2) unsigned NOT NULL DEFAULT '0',
  `cover` tinyint(1) unsigned NOT NULL DEFAULT '0',
  PRIMARY KEY (`id_image`),
  UNIQUE KEY `idx_product_image` (`id_image`,`id_product`,`cover`),
  KEY `image_product` (`id_product`),
  KEY `id_product_cover` (`id_product`,`cover`)
) ENGINE=InnoDB DEFAULT CHARSET=utf8;


INSERT INTO `pr_image` (`id_image`, `id_product`, `position`, `cover`)
VALUES
	(95,59,4,0),
	(131,12,1,1),
	(132,12,2,0),
	(133,13,1,1),
	(134,13,2,0),
	(135,14,2,0),
	(136,14,1,1),
	(137,15,1,1),
	(138,15,2,0),
	(139,17,1,1),
	(140,17,2,0),
	(141,17,3,0),
	(142,18,1,1),
	(143,18,2,0),
	(144,19,1,1),
	(145,19,2,0),
	(146,19,3,0),
	(147,21,1,1),
	(148,21,2,0),
	(149,23,1,1),
	(150,23,2,0),
	(151,27,1,1),
	(152,27,3,0),
	(153,27,2,0),
	(154,28,1,1),
	(155,28,2,0),
	(156,28,3,0),
	(157,29,1,1),
	(158,29,2,0),
	(159,36,2,0),
	(160,36,1,1),
	(161,36,3,0),
	(162,37,2,0),
	(164,37,1,1),
	(165,38,1,1),
	(166,38,2,0),
	(167,38,3,0),
	(168,40,1,1),
	(169,40,2,0),
	(170,40,3,0),
	(171,44,1,1),
	(172,44,2,0),
	(173,44,3,0),
	(174,45,1,1),
	(175,45,2,0),
	(176,45,3,0),
	(177,46,1,1),
	(178,46,2,0),
	(179,46,3,0),
	(180,47,1,1),
	(181,47,2,0),
	(182,48,3,0),
	(183,48,1,1),
	(184,48,2,0),
	(185,49,1,1),
	(186,49,2,0),
	(187,50,1,1),
	(188,50,2,0),
	(189,51,1,1),
	(190,51,2,0),
	(191,51,3,0),
	(192,52,2,0),
	(193,52,1,1),
	(194,52,3,0),
	(202,55,1,1),
	(203,55,2,0),
	(204,55,3,0),
	(205,56,1,1),
	(206,56,3,0),
	(207,56,2,0),
	(208,56,4,0),
	(209,57,1,1),
	(210,57,2,0),
	(211,57,3,0),
	(215,58,3,0),
	(216,58,1,1),
	(217,58,2,0),
	(218,59,1,1),
	(219,59,2,0),
	(220,59,3,0),
	(221,60,2,0),
	(222,60,3,0),
	(223,60,1,1),
	(224,60,4,0),
	(225,61,1,1),
	(226,61,2,0),
	(227,61,3,0),
	(228,62,2,0),
	(229,62,1,1),
	(230,62,3,0),
	(231,62,4,0),
	(232,64,1,1),
	(233,64,2,0),
	(234,64,3,0),
	(235,65,2,0),
	(236,65,1,1),
	(237,65,3,0),
	(246,69,3,0),
	(247,69,2,0),
	(248,69,1,1),
	(249,70,2,0),
	(250,70,1,1),
	(251,70,3,0),
	(252,70,4,0),
	(253,70,5,0),
	(257,72,3,0),
	(258,72,2,0),
	(259,72,1,1),
	(260,73,3,0),
	(261,73,1,1),
	(262,73,2,0),
	(263,74,1,1),
	(264,74,2,0),
	(265,74,3,0),
	(266,74,4,0),
	(267,75,1,1),
	(268,75,2,0),
	(269,75,3,0),
	(270,75,4,0),
	(271,76,2,0),
	(272,76,3,0),
	(273,76,1,1),
	(274,78,1,1),
	(275,78,2,0),
	(276,78,3,0),
	(277,79,1,1),
	(278,79,3,0),
	(279,79,2,0),
	(280,80,1,1),
	(281,80,2,0),
	(282,80,3,0),
	(283,81,2,1),
	(284,81,3,0),
	(285,81,1,0),
	(286,82,1,1),
	(287,82,3,0),
	(288,82,2,0),
	(289,82,4,0),
	(290,83,1,1),
	(291,83,2,0),
	(292,83,3,0),
	(293,83,4,0),
	(294,84,1,1),
	(295,84,2,0),
	(296,84,3,0),
	(297,85,1,1),
	(298,85,2,0),
	(299,85,3,0),
	(300,86,3,0),
	(301,86,2,0),
	(302,86,1,1),
	(303,87,2,0),
	(304,87,1,1),
	(305,88,1,1),
	(306,88,3,0),
	(307,88,2,0),
	(308,89,1,1),
	(309,89,2,0),
	(310,89,3,0),
	(311,90,1,1),
	(312,90,2,0),
	(313,91,2,0),
	(314,91,1,1),
	(315,92,1,1),
	(316,92,2,0),
	(317,92,3,0),
	(318,93,1,1),
	(319,93,2,0),
	(320,94,2,0),
	(321,94,1,1),
	(322,94,3,0),
	(323,95,2,0),
	(324,95,1,1),
	(325,96,2,0),
	(326,96,1,1),
	(327,96,3,0),
	(328,97,2,0),
	(329,97,1,1),
	(330,97,3,0),
	(331,98,4,0),
	(332,98,1,1),
	(333,98,2,0),
	(334,98,3,0),
	(335,99,1,1),
	(336,99,3,0),
	(337,99,2,0),
	(338,99,4,0),
	(339,100,1,1),
	(340,100,3,0),
	(341,100,2,0),
	(342,100,4,0),
	(343,101,1,1),
	(344,101,3,0),
	(345,101,2,0),
	(346,101,4,0),
	(347,102,1,1),
	(348,102,3,0),
	(349,102,2,0),
	(350,102,4,0),
	(351,103,1,1),
	(352,103,3,0),
	(353,103,2,0),
	(354,103,4,0),
	(355,104,2,0),
	(356,104,1,1),
	(357,104,3,0),
	(358,105,2,0),
	(360,105,1,1),
	(361,106,1,1),
	(362,106,2,0),
	(363,106,3,0),
	(364,107,2,0),
	(368,107,3,0),
	(369,107,1,1),
	(370,107,4,0);



# Dump of table pr_image_lang
# ------------------------------------------------------------


CREATE TABLE `pr_image_lang` (
  `id_image` int(10) unsigned NOT NULL,
  `id_lang` int(10) unsigned NOT NULL,
  `legend` varchar(128) DEFAULT NULL,
  PRIMARY KEY (`id_image`,`id_lang`),
  KEY `id_image` (`id_image`)
) ENGINE=InnoDB DEFAULT CHARSET=utf8;


INSERT INTO `pr_image_lang` (`id_image`, `id_lang`, `legend`)
VALUES
	(10,1,'luxury-cover-for-ipod-video'),
	(10,2,'housse-luxe-pour-ipod-video'),
	(10,3,'luxury-cover-for-ipod-video'),
	(10,4,'luxury-cover-for-ipod-video'),
	(10,5,'luxury-cover-for-ipod-video'),
	(11,1,'cover'),
	(11,2,'housse'),
	(11,3,'cubrir'),
	(11,4,'cover'),
	(11,5,'cover'),
	(12,1,'myglove-ipod-nano'),
	(12,2,'myglove-ipod-nano'),
	(12,3,'myglove-ipod-nano'),
	(12,4,'myglove-ipod-nano'),
	(12,5,'myglove-ipod-nano'),
	(13,1,'myglove-ipod-nano'),
	(13,2,'myglove-ipod-nano'),
	(13,3,'myglove-ipod-nano'),
	(13,4,'myglove-ipod-nano'),
	(13,5,'myglove-ipod-nano'),
	(14,1,'myglove-ipod-nano'),
	(14,2,'myglove-ipod-nano'),
	(14,3,'myglove-ipod-nano'),
	(14,4,'myglove-ipod-nano'),
	(14,5,'myglove-ipod-nano'),
	(95,1,''),
	(95,2,''),
	(95,3,''),
	(95,4,''),
	(95,5,''),
	(131,1,'Weekend di Charme nel Sandanielese'),
	(131,2,'Weekend di Charme nel Sandanielese'),
	(131,3,'Weekend di Charme nel Sandanielese'),
	(131,4,'Weekend di Charme nel Sandanielese'),
	(131,5,'Weekend di Charme nel Sandanielese'),
	(132,1,'Weekend di Charme nel Sandanielese'),
	(132,2,'Weekend di Charme nel Sandanielese'),
	(132,3,'Weekend di Charme nel Sandanielese'),
	(132,4,'Weekend di Charme nel Sandanielese'),
	(132,5,'Weekend di Charme nel Sandanielese'),
	(133,1,'Emozioni enogastronomiche nelle Terre di Mezzo Friulane'),
	(133,2,'Emozioni enogastronomiche nelle Terre di Mezzo Friulane'),
	(133,3,'Emozioni enogastronomiche nelle Terre di Mezzo Friulane'),
	(133,4,'Emozioni enogastronomiche nelle Terre di Mezzo Friulane'),
	(133,5,'Emozioni enogastronomiche nelle Terre di Mezzo Friulane'),
	(134,1,'Emozioni enogastronomiche nelle Terre di Mezzo Friulane'),
	(134,2,'Emozioni enogastronomiche nelle Terre di Mezzo Friulane'),
	(134,3,'Emozioni enogastronomiche nelle Terre di Mezzo Friulane'),
	(134,4,'Emozioni enogastronomiche nelle Terre di Mezzo Friulane'),
	(134,5,'Emozioni enogastronomiche nelle Terre di Mezzo Friulane'),
	(135,1,'Relax & Benessere nell\'antico Borgo'),
	(135,2,'Relax & Benessere nell\'antico Borgo'),
	(135,3,'Relax & Benessere nell\'antico Borgo'),
	(135,4,'Relax & Benessere nell\'antico Borgo'),
	(135,5,'Relax & Benessere nell\'antico Borgo'),
	(136,1,'Relax & Benessere nell\'antico Borgo'),
	(136,2,'Relax & Benessere nell\'antico Borgo'),
	(136,3,'Relax & Benessere nell\'antico Borgo'),
	(136,4,'Relax & Benessere nell\'antico Borgo'),
	(136,5,'Relax & Benessere nell\'antico Borgo'),
	(137,1,'Gorizia: emozioni & sapori della Mitteleuropa'),
	(137,2,'Gorizia: emozioni & sapori della Mitteleuropa'),
	(137,3,'Gorizia: emozioni & sapori della Mitteleuropa'),
	(137,4,'Gorizia: emozioni & sapori della Mitteleuropa'),
	(137,5,'Gorizia: emozioni & sapori della Mitteleuropa'),
	(138,1,'Gorizia: emozioni & sapori della Mitteleuropa'),
	(138,2,'Gorizia: emozioni & sapori della Mitteleuropa'),
	(138,3,'Gorizia: emozioni & sapori della Mitteleuropa'),
	(138,4,'Gorizia: emozioni & sapori della Mitteleuropa'),
	(138,5,'Gorizia: emozioni & sapori della Mitteleuropa'),
	(139,1,'San Daniele del Friuli & la Strada dei castelli e del prosciutto'),
	(139,2,'San Daniele del Friuli & la Strada dei castelli e del prosciutto'),
	(139,3,'San Daniele del Friuli & la Strada dei castelli e del prosciutto'),
	(139,4,'San Daniele del Friuli & la Strada dei castelli e del prosciutto'),
	(139,5,'San Daniele del Friuli & la Strada dei castelli e del prosciutto'),
	(140,1,'San Daniele del Friuli & la Strada dei castelli e del prosciutto'),
	(140,2,'San Daniele del Friuli & la Strada dei castelli e del prosciutto'),
	(140,3,'San Daniele del Friuli & la Strada dei castelli e del prosciutto'),
	(140,4,'San Daniele del Friuli & la Strada dei castelli e del prosciutto'),
	(140,5,'San Daniele del Friuli & la Strada dei castelli e del prosciutto'),
	(141,1,'San Daniele del Friuli & la Strada dei castelli e del prosciutto'),
	(141,2,'San Daniele del Friuli & la Strada dei castelli e del prosciutto'),
	(141,3,'San Daniele del Friuli & la Strada dei castelli e del prosciutto'),
	(141,4,'San Daniele del Friuli & la Strada dei castelli e del prosciutto'),
	(141,5,'San Daniele del Friuli & la Strada dei castelli e del prosciutto'),
	(142,1,'Tra suggestioni medievali & arte musiva'),
	(142,2,'Tra suggestioni medievali & arte musiva'),
	(142,3,'Tra suggestioni medievali & arte musiva'),
	(142,4,'Tra suggestioni medievali & arte musiva'),
	(142,5,'Tra suggestioni medievali & arte musiva'),
	(143,1,'Tra suggestioni medievali & arte musiva'),
	(143,2,'Tra suggestioni medievali & arte musiva'),
	(143,3,'Tra suggestioni medievali & arte musiva'),
	(143,4,'Tra suggestioni medievali & arte musiva'),
	(143,5,'Tra suggestioni medievali & arte musiva'),
	(144,1,'Il fascino letterario di Trieste'),
	(144,2,'Il fascino letterario di Trieste'),
	(144,3,'Il fascino letterario di Trieste'),
	(144,4,'Il fascino letterario di Trieste'),
	(144,5,'Il fascino letterario di Trieste'),
	(145,1,'Il fascino letterario di Trieste'),
	(145,2,'Il fascino letterario di Trieste'),
	(145,3,'Il fascino letterario di Trieste'),
	(145,4,'Il fascino letterario di Trieste'),
	(145,5,'Il fascino letterario di Trieste'),
	(146,1,'Il fascino letterario di Trieste'),
	(146,2,'Il fascino letterario di Trieste'),
	(146,3,'Il fascino letterario di Trieste'),
	(146,4,'Il fascino letterario di Trieste'),
	(146,5,'Il fascino letterario di Trieste'),
	(147,1,'Paesaggi e Profumi del Tagliamento'),
	(147,2,'Paesaggi e Profumi del Tagliamento'),
	(147,3,'Paesaggi e Profumi del Tagliamento'),
	(147,4,'Paesaggi e Profumi del Tagliamento'),
	(147,5,'Vini, paesaggi e profumi del Tagliamento'),
	(148,1,'Paesaggi e Profumi del Tagliamento'),
	(148,2,'Paesaggi e Profumi del Tagliamento'),
	(148,3,'Paesaggi e Profumi del Tagliamento'),
	(148,4,'Paesaggi e Profumi del Tagliamento'),
	(148,5,'Vini, paesaggi e profumi del Tagliamento'),
	(149,1,'Medioevo e Mosaico tra Valvasone & Spilimbergo'),
	(149,2,'Medioevo e Mosaico tra Valvasone & Spilimbergo'),
	(149,3,'Medioevo e Mosaico tra Valvasone & Spilimbergo'),
	(149,4,'Medioevo e Mosaico tra Valvasone & Spilimbergo'),
	(149,5,'Medioevo e Mosaico tra Valvasone & Spilimbergo'),
	(150,1,'Medioevo e Mosaico tra Valvasone & Spilimbergo'),
	(150,2,'Medioevo e Mosaico tra Valvasone & Spilimbergo'),
	(150,3,'Medioevo e Mosaico tra Valvasone & Spilimbergo'),
	(150,4,'Medioevo e Mosaico tra Valvasone & Spilimbergo'),
	(150,5,'Medioevo e Mosaico tra Valvasone & Spilimbergo'),
	(151,1,'Poeti e Scrittori nelle Terre di Mezzo'),
	(151,2,'Poeti e Scrittori nelle Terre di Mezzo'),
	(151,3,'Poeti e Scrittori nelle Terre di Mezzo'),
	(151,4,'Poeti e Scrittori nelle Terre di Mezzo'),
	(151,5,'Poesia e letteratura delle terre di mezzo friulane'),
	(152,1,'Poeti e Scrittori nelle Terre di Mezzo'),
	(152,2,'Poeti e Scrittori nelle Terre di Mezzo'),
	(152,3,'Poeti e Scrittori nelle Terre di Mezzo'),
	(152,4,'Poeti e Scrittori nelle Terre di Mezzo'),
	(152,5,'Poesia e letteratura delle terre di mezzo friulane'),
	(153,1,'Poeti e Scrittori nelle Terre di Mezzo'),
	(153,2,'Poeti e Scrittori nelle Terre di Mezzo'),
	(153,3,'Poeti e Scrittori nelle Terre di Mezzo'),
	(153,4,'Poeti e Scrittori nelle Terre di Mezzo'),
	(153,5,'Poesia e letteratura delle terre di mezzo friulane'),
	(154,1,'Ad Aquileia con gli Antichi Romani'),
	(154,2,'Ad Aquileia con gli Antichi Romani'),
	(154,3,'Ad Aquileia con gli Antichi Romani'),
	(154,4,'Ad Aquileia con gli Antichi Romani'),
	(154,5,'Ad Aquileia con gli Antichi Romani'),
	(155,1,'Ad Aquileia con gli Antichi Romani'),
	(155,2,'Ad Aquileia con gli Antichi Romani'),
	(155,3,'Ad Aquileia con gli Antichi Romani'),
	(155,4,'Ad Aquileia con gli Antichi Romani'),
	(155,5,'Ad Aquileia con gli Antichi Romani'),
	(156,1,'Ad Aquileia con gli Antichi Romani'),
	(156,2,'Ad Aquileia con gli Antichi Romani'),
	(156,3,'Ad Aquileia con gli Antichi Romani'),
	(156,4,'Ad Aquileia con gli Antichi Romani'),
	(156,5,'Ad Aquileia con gli Antichi Romani'),
	(157,1,'Percorsi eno-gastronomici tra Veneto e Friuli'),
	(157,2,'Percorsi eno-gastronomici tra Veneto e Friuli'),
	(157,3,'Percorsi eno-gastronomici tra Veneto e Friuli'),
	(157,4,'Percorsi eno-gastronomici tra Veneto e Friuli'),
	(157,5,'Percorsi eno-gastronomici tra Veneto e Friuli'),
	(158,1,'Percorsi eno-gastronomici tra Veneto e Friuli'),
	(158,2,'Percorsi eno-gastronomici tra Veneto e Friuli'),
	(158,3,'Percorsi eno-gastronomici tra Veneto e Friuli'),
	(158,4,'Percorsi eno-gastronomici tra Veneto e Friuli'),
	(158,5,'Percorsi eno-gastronomici tra Veneto e Friuli'),
	(159,1,'Armonie e Sapori del Medio Friuli'),
	(159,2,'Armonie e Sapori del Medio Friuli'),
	(159,3,'Armonie e Sapori del Medio Friuli'),
	(159,4,'Armonie e Sapori del Medio Friuli'),
	(159,5,'Armonie e Sapori del Medio Friuli'),
	(160,1,'Armonie e Sapori del Medio Friuli'),
	(160,2,'Armonie e Sapori del Medio Friuli'),
	(160,3,'Armonie e Sapori del Medio Friuli'),
	(160,4,'Armonie e Sapori del Medio Friuli'),
	(160,5,'Armonie e Sapori del Medio Friuli'),
	(161,1,'Armonie e Sapori del Medio Friuli'),
	(161,2,'Armonie e Sapori del Medio Friuli'),
	(161,3,'Armonie e Sapori del Medio Friuli'),
	(161,4,'Armonie e Sapori del Medio Friuli'),
	(161,5,'Armonie e Sapori del Medio Friuli'),
	(162,1,'Andar per frasche, osterie e cantine nelle terre di mezzo'),
	(162,2,'Andar per frasche, osterie e cantine nelle terre di mezzo'),
	(162,3,'Andar per frasche, osterie e cantine nelle terre di mezzo'),
	(162,4,'Andar per frasche, osterie e cantine nelle terre di mezzo'),
	(162,5,'Andar per frasche, osterie e cantine nelle terre di mezzo'),
	(164,1,'Andar per frasche, osterie e cantine nelle terre di mezzo'),
	(164,2,'Andar per frasche, osterie e cantine nelle terre di mezzo'),
	(164,3,'Andar per frasche, osterie e cantine nelle terre di mezzo'),
	(164,4,'Andar per frasche, osterie e cantine nelle terre di mezzo'),
	(164,5,'Andar per frasche, osterie e cantine nelle terre di mezzo'),
	(165,1,'Le radici del vino'),
	(165,2,'Le radici del vino'),
	(165,3,'Le radici del vino'),
	(165,4,'Le radici del vino'),
	(165,5,'Le radici del vino'),
	(166,1,'Le radici del vino'),
	(166,2,'Le radici del vino'),
	(166,3,'Le radici del vino'),
	(166,4,'Le radici del vino'),
	(166,5,'Le radici del vino'),
	(167,1,'Le radici del vino'),
	(167,2,'Le radici del vino'),
	(167,3,'Le radici del vino'),
	(167,4,'Le radici del vino'),
	(167,5,'Le radici del vino'),
	(168,1,'Viti e Vitigni del mondo'),
	(168,2,'Viti e Vitigni del mondo'),
	(168,3,'Viti e Vitigni del mondo'),
	(168,4,'Viti e Vitigni del mondo'),
	(168,5,'Viti e vitigni del mondo'),
	(169,1,'Viti e Vitigni del mondo'),
	(169,2,'Viti e Vitigni del mondo'),
	(169,3,'Viti e Vitigni del mondo'),
	(169,4,'Viti e Vitigni del mondo'),
	(169,5,'Viti e vitigni del mondo'),
	(170,1,'Viti e Vitigni del mondo'),
	(170,2,'Viti e Vitigni del mondo'),
	(170,3,'Viti e Vitigni del mondo'),
	(170,4,'Viti e Vitigni del mondo'),
	(170,5,'Viti e vitigni del mondo'),
	(171,1,'Udine del Tiepolo e delle antiche osterie'),
	(171,2,'Udine del Tiepolo e delle antiche osterie'),
	(171,3,'Udine del Tiepolo e delle antiche osterie'),
	(171,4,'Udine del Tiepolo e delle antiche osterie'),
	(171,5,'Udine del Tiepolo e delle antiche osterie'),
	(172,1,'Udine del Tiepolo e delle antiche osterie'),
	(172,2,'Udine del Tiepolo e delle antiche osterie'),
	(172,3,'Udine del Tiepolo e delle antiche osterie'),
	(172,4,'Udine del Tiepolo e delle antiche osterie'),
	(172,5,'Udine del Tiepolo e delle antiche osterie'),
	(173,1,'Udine del Tiepolo e delle antiche osterie'),
	(173,2,'Udine del Tiepolo e delle antiche osterie'),
	(173,3,'Udine del Tiepolo e delle antiche osterie'),
	(173,4,'Udine del Tiepolo e delle antiche osterie'),
	(173,5,'Udine del Tiepolo e delle antiche osterie'),
	(174,1,'Gusti delle risorgive'),
	(174,2,'Gusti delle risorgive'),
	(174,3,'Gusti delle risorgive'),
	(174,4,'Gusti delle risorgive'),
	(174,5,'Gusti delle risorgive'),
	(175,1,'Gusti delle risorgive'),
	(175,2,'Gusti delle risorgive'),
	(175,3,'Gusti delle risorgive'),
	(175,4,'Gusti delle risorgive'),
	(175,5,'Gusti delle risorgive'),
	(176,1,'Gusti delle risorgive'),
	(176,2,'Gusti delle risorgive'),
	(176,3,'Gusti delle risorgive'),
	(176,4,'Gusti delle risorgive'),
	(176,5,'Gusti delle risorgive'),
	(177,1,'Arte e spiritualità del Sanvitese'),
	(177,2,'Arte e spiritualità del Sanvitese'),
	(177,3,'Arte e spiritualità del Sanvitese'),
	(177,4,'Arte e spiritualità del Sanvitese'),
	(177,5,'Arte e spiritualità del Sanvitese'),
	(178,1,'Arte e spiritualità del Sanvitese'),
	(178,2,'Arte e spiritualità del Sanvitese'),
	(178,3,'Arte e spiritualità del Sanvitese'),
	(178,4,'Arte e spiritualità del Sanvitese'),
	(178,5,'Arte e spiritualità del Sanvitese'),
	(179,1,'Arte e spiritualità del Sanvitese'),
	(179,2,'Arte e spiritualità del Sanvitese'),
	(179,3,'Arte e spiritualità del Sanvitese'),
	(179,4,'Arte e spiritualità del Sanvitese'),
	(179,5,'Arte e spiritualità del Sanvitese'),
	(180,1,'Suggestioni friulane'),
	(180,2,'Suggestioni friulane'),
	(180,3,'Suggestioni friulane'),
	(180,4,'Suggestioni friulane'),
	(180,5,'Suggestioni friulane'),
	(181,1,'Suggestioni friulane'),
	(181,2,'Suggestioni friulane'),
	(181,3,'Suggestioni friulane'),
	(181,4,'Suggestioni friulane'),
	(181,5,'Suggestioni friulane'),
	(182,1,'Storia e Mito in una Terra di Piloti'),
	(182,2,'Storia e Mito in una Terra di Piloti'),
	(182,3,'Storia e Mito in una Terra di Piloti'),
	(182,4,'Storia e Mito in una Terra di Piloti'),
	(182,5,'Storia e Mito in una Terra di Piloti'),
	(183,1,'Storia e Mito in una Terra di Piloti'),
	(183,2,'Storia e Mito in una Terra di Piloti'),
	(183,3,'Storia e Mito in una Terra di Piloti'),
	(183,4,'Storia e Mito in una Terra di Piloti'),
	(183,5,'Storia e Mito in una Terra di Piloti'),
	(184,1,'Storia e Mito in una Terra di Piloti'),
	(184,2,'Storia e Mito in una Terra di Piloti'),
	(184,3,'Storia e Mito in una Terra di Piloti'),
	(184,4,'Storia e Mito in una Terra di Piloti'),
	(184,5,'Storia e Mito in una Terra di Piloti'),
	(185,1,'Spiritualità e Arte per le tue Parrocchie'),
	(185,2,'Spiritualità e Arte per le tue Parrocchie'),
	(185,3,'Spiritualità e Arte per le tue Parrocchie'),
	(185,4,'Spiritualità e Arte per le tue Parrocchie'),
	(185,5,'Spiritualità e Arte per le tue Parrocchie'),
	(186,1,'Spiritualità e Arte per le tue Parrocchie'),
	(186,2,'Spiritualità e Arte per le tue Parrocchie'),
	(186,3,'Spiritualità e Arte per le tue Parrocchie'),
	(186,4,'Spiritualità e Arte per le tue Parrocchie'),
	(186,5,'Spiritualità e Arte per le tue Parrocchie'),
	(187,1,'Una giornata nel Codroipese'),
	(187,2,'Una giornata nel Codroipese'),
	(187,3,'Una giornata nel Codroipese'),
	(187,4,'Una giornata nel Codroipese'),
	(187,5,'Una giornata nel Codroipese'),
	(188,1,'Una giornata nel Codroipese'),
	(188,2,'Una giornata nel Codroipese'),
	(188,3,'Una giornata nel Codroipese'),
	(188,4,'Una giornata nel Codroipese'),
	(188,5,'Una giornata nel Codroipese'),
	(189,1,'Una giornata in collina'),
	(189,2,'Una giornata in collina'),
	(189,3,'Una giornata in collina'),
	(189,4,'Una giornata in collina'),
	(189,5,'Una giornata in collina'),
	(190,1,'Una giornata in collina'),
	(190,2,'Una giornata in collina'),
	(190,3,'Una giornata in collina'),
	(190,4,'Una giornata in collina'),
	(190,5,'Una giornata in collina'),
	(191,1,'Una giornata in collina'),
	(191,2,'Una giornata in collina'),
	(191,3,'Una giornata in collina'),
	(191,4,'Una giornata in collina'),
	(191,5,'Una giornata in collina'),
	(192,1,'Casarsa, città del vino'),
	(192,2,'Casarsa, città del vino'),
	(192,3,'Casarsa, città del vino'),
	(192,4,'Casarsa, città del vino'),
	(192,5,'Casarsa, città del vino'),
	(193,1,'Casarsa, città del vino'),
	(193,2,'Casarsa, città del vino'),
	(193,3,'Casarsa, città del vino'),
	(193,4,'Casarsa, città del vino'),
	(193,5,'Casarsa, città del vino'),
	(194,1,'Casarsa, città del vino'),
	(194,2,'Casarsa, città del vino'),
	(194,3,'Casarsa, città del vino'),
	(194,4,'Casarsa, città del vino'),
	(194,5,'Casarsa, città del vino'),
	(202,1,'Armonie e sapori del Friuli'),
	(202,2,'Armonie e sapori del Friuli'),
	(202,3,'Armonie e sapori del Friuli'),
	(202,4,'Armonie e sapori del Friuli'),
	(202,5,'Armonie e sapori del Friuli'),
	(203,1,'Armonie e sapori del Friuli'),
	(203,2,'Armonie e sapori del Friuli'),
	(203,3,'Armonie e sapori del Friuli'),
	(203,4,'Armonie e sapori del Friuli'),
	(203,5,'Armonie e sapori del Friuli'),
	(204,1,'Armonie e sapori del Friuli'),
	(204,2,'Armonie e sapori del Friuli'),
	(204,3,'Armonie e sapori del Friuli'),
	(204,4,'Armonie e sapori del Friuli'),
	(204,5,'Armonie e sapori del Friuli'),
	(205,1,'Medioevo a Valvasone'),
	(205,2,'Medioevo a Valvasone'),
	(205,3,'Medioevo a Valvasone'),
	(205,4,'Medioevo a Valvasone'),
	(205,5,'Medioevo a Valvasone'),
	(206,1,'Medioevo a Valvasone'),
	(206,2,'Medioevo a Valvasone'),
	(206,3,'Medioevo a Valvasone'),
	(206,4,'Medioevo a Valvasone'),
	(206,5,'Medioevo a Valvasone'),
	(207,1,'Medioevo a Valvasone'),
	(207,2,'Medioevo a Valvasone'),
	(207,3,'Medioevo a Valvasone'),
	(207,4,'Medioevo a Valvasone'),
	(207,5,'Medioevo a Valvasone'),
	(208,1,'Medioevo a Valvasone'),
	(208,2,'Medioevo a Valvasone'),
	(208,3,'Medioevo a Valvasone'),
	(208,4,'Medioevo a Valvasone'),
	(208,5,'Medioevo a Valvasone'),
	(209,1,'Il Friuli storico'),
	(209,2,'Il Friuli storico'),
	(209,3,'Il Friuli storico'),
	(209,4,'Il Friuli storico'),
	(209,5,'Il Friuli storico'),
	(210,1,'Il Friuli storico'),
	(210,2,'Il Friuli storico'),
	(210,3,'Il Friuli storico'),
	(210,4,'Il Friuli storico'),
	(210,5,'Il Friuli storico'),
	(211,1,'Il Friuli storico'),
	(211,2,'Il Friuli storico'),
	(211,3,'Il Friuli storico'),
	(211,4,'Il Friuli storico'),
	(211,5,'Il Friuli storico'),
	(215,1,'Antichi blasoni e torri merlate'),
	(215,2,'Antichi blasoni e torri merlate'),
	(215,3,'Antichi blasoni e torri merlate'),
	(215,4,'Antichi blasoni e torri merlate'),
	(215,5,'Antichi blasoni e torri merlate'),
	(216,1,'Antichi blasoni e torri merlate'),
	(216,2,'Antichi blasoni e torri merlate'),
	(216,3,'Antichi blasoni e torri merlate'),
	(216,4,'Antichi blasoni e torri merlate'),
	(216,5,'Antichi blasoni e torri merlate'),
	(217,1,'Antichi blasoni e torri merlate'),
	(217,2,'Antichi blasoni e torri merlate'),
	(217,3,'Antichi blasoni e torri merlate'),
	(217,4,'Antichi blasoni e torri merlate'),
	(217,5,'Antichi blasoni e torri merlate'),
	(218,1,'Una giornata nel Sanvitese'),
	(218,2,'Una giornata nel Sanvitese'),
	(218,3,'Una giornata nel Sanvitese'),
	(218,4,'Una giornata nel Sanvitese'),
	(218,5,'Una giornata nel Sanvitese'),
	(219,1,'Una giornata nel Sanvitese'),
	(219,2,'Una giornata nel Sanvitese'),
	(219,3,'Una giornata nel Sanvitese'),
	(219,4,'Una giornata nel Sanvitese'),
	(219,5,'Una giornata nel Sanvitese'),
	(220,1,'Una giornata nel Sanvitese'),
	(220,2,'Una giornata nel Sanvitese'),
	(220,3,'Una giornata nel Sanvitese'),
	(220,4,'Una giornata nel Sanvitese'),
	(220,5,'Una giornata nel Sanvitese'),
	(221,1,'Una giornata in montagna'),
	(221,2,'Una giornata in montagna'),
	(221,3,'Una giornata in montagna'),
	(221,4,'Una giornata in montagna'),
	(221,5,'Una giornata in montagna'),
	(222,1,'Una giornata in montagna'),
	(222,2,'Una giornata in montagna'),
	(222,3,'Una giornata in montagna'),
	(222,4,'Una giornata in montagna'),
	(222,5,'Una giornata in montagna'),
	(223,1,'Una giornata in montagna'),
	(223,2,'Una giornata in montagna'),
	(223,3,'Una giornata in montagna'),
	(223,4,'Una giornata in montagna'),
	(223,5,'Una giornata in montagna'),
	(224,1,'Una giornata in montagna'),
	(224,2,'Una giornata in montagna'),
	(224,3,'Una giornata in montagna'),
	(224,4,'Una giornata in montagna'),
	(224,5,'Una giornata in montagna'),
	(225,1,'Trieste & il Castello di Miramare'),
	(225,2,'Trieste & il Castello di Miramare'),
	(225,3,'Trieste & il Castello di Miramare'),
	(225,4,'Trieste & il Castello di Miramare'),
	(225,5,'Trieste & il Castello di Miramare'),
	(226,1,'Trieste & il Castello di Miramare'),
	(226,2,'Trieste & il Castello di Miramare'),
	(226,3,'Trieste & il Castello di Miramare'),
	(226,4,'Trieste & il Castello di Miramare'),
	(226,5,'Trieste & il Castello di Miramare'),
	(227,1,'Trieste & il Castello di Miramare'),
	(227,2,'Trieste & il Castello di Miramare'),
	(227,3,'Trieste & il Castello di Miramare'),
	(227,4,'Trieste & il Castello di Miramare'),
	(227,5,'Trieste & il Castello di Miramare'),
	(228,1,'Alla scoperta del Friuli: Itinerario Eno-Gastronomico'),
	(228,2,'Alla scoperta del Friuli: Itinerario Eno-Gastronomico'),
	(228,3,'Alla scoperta del Friuli: Itinerario Eno-Gastronomico'),
	(228,4,'Alla scoperta del Friuli: Itinerario Eno-Gastronomico'),
	(228,5,'Alla scoperta del Friuli: Itinerario Eno-Gastronomico'),
	(229,1,'Alla scoperta del Friuli: Itinerario Eno-Gastronomico'),
	(229,2,'Alla scoperta del Friuli: Itinerario Eno-Gastronomico'),
	(229,3,'Alla scoperta del Friuli: Itinerario Eno-Gastronomico'),
	(229,4,'Alla scoperta del Friuli: Itinerario Eno-Gastronomico'),
	(229,5,'Alla scoperta del Friuli: Itinerario Eno-Gastronomico'),
	(230,1,'Alla scoperta del Friuli: Itinerario Eno-Gastronomico'),
	(230,2,'Alla scoperta del Friuli: Itinerario Eno-Gastronomico'),
	(230,3,'Alla scoperta del Friuli: Itinerario Eno-Gastronomico'),
	(230,4,'Alla scoperta del Friuli: Itinerario Eno-Gastronomico'),
	(230,5,'Alla scoperta del Friuli: Itinerario Eno-Gastronomico'),
	(231,1,'Alla scoperta del Friuli: Itinerario Eno-Gastronomico'),
	(231,2,'Alla scoperta del Friuli: Itinerario Eno-Gastronomico'),
	(231,3,'Alla scoperta del Friuli: Itinerario Eno-Gastronomico'),
	(231,4,'Alla scoperta del Friuli: Itinerario Eno-Gastronomico'),
	(231,5,'Alla scoperta del Friuli: Itinerario Eno-Gastronomico'),
	(232,1,'Alla scoperta del Pordenonese'),
	(232,2,'Alla scoperta del Pordenonese'),
	(232,3,'Alla scoperta del Pordenonese'),
	(232,4,'Alla scoperta del Pordenonese'),
	(232,5,'Alla scoperta del Pordenonese'),
	(233,1,'Alla scoperta del Pordenonese'),
	(233,2,'Alla scoperta del Pordenonese'),
	(233,3,'Alla scoperta del Pordenonese'),
	(233,4,'Alla scoperta del Pordenonese'),
	(233,5,'Alla scoperta del Pordenonese'),
	(234,1,'Alla scoperta del Pordenonese'),
	(234,2,'Alla scoperta del Pordenonese'),
	(234,3,'Alla scoperta del Pordenonese'),
	(234,4,'Alla scoperta del Pordenonese'),
	(234,5,'Alla scoperta del Pordenonese'),
	(235,1,'I Tesori del Pordenonese: Spilimbergo, Pordenone & Sacile'),
	(235,2,'I Tesori del Pordenonese: Spilimbergo, Pordenone & Sacile'),
	(235,3,'I Tesori del Pordenonese: Spilimbergo, Pordenone & Sacile'),
	(235,4,'I Tesori del Pordenonese: Spilimbergo, Pordenone & Sacile'),
	(235,5,'I Tesori del Pordenonese: Spilimbergo, Pordenone & Sacile'),
	(236,1,'I Tesori del Pordenonese: Spilimbergo, Pordenone & Sacile'),
	(236,2,'I Tesori del Pordenonese: Spilimbergo, Pordenone & Sacile'),
	(236,3,'I Tesori del Pordenonese: Spilimbergo, Pordenone & Sacile'),
	(236,4,'I Tesori del Pordenonese: Spilimbergo, Pordenone & Sacile'),
	(236,5,'I Tesori del Pordenonese: Spilimbergo, Pordenone & Sacile'),
	(237,1,'I Tesori del Pordenonese: Spilimbergo, Pordenone & Sacile'),
	(237,2,'I Tesori del Pordenonese: Spilimbergo, Pordenone & Sacile'),
	(237,3,'I Tesori del Pordenonese: Spilimbergo, Pordenone & Sacile'),
	(237,4,'I Tesori del Pordenonese: Spilimbergo, Pordenone & Sacile'),
	(237,5,'I Tesori del Pordenonese: Spilimbergo, Pordenone & Sacile'),
	(246,1,'I Sacrari di Redipuglia, Caporetto e l\'Isola dei morti di Moriago della Battaglia'),
	(246,2,'I Sacrari di Redipuglia, Caporetto e l\'Isola dei morti di Moriago della Battaglia'),
	(246,3,'I Sacrari di Redipuglia, Caporetto e l\'Isola dei morti di Moriago della Battaglia'),
	(246,4,'I Sacrari di Redipuglia, Caporetto e l\'Isola dei morti di Moriago della Battaglia'),
	(246,5,'I Sacrari di Redipuglia, Caporetto e l\'Isola dei morti di Moriago della Battaglia'),
	(247,1,'I Sacrari di Redipuglia, Caporetto e l\'Isola dei morti di Moriago della Battaglia'),
	(247,2,'I Sacrari di Redipuglia, Caporetto e l\'Isola dei morti di Moriago della Battaglia'),
	(247,3,'I Sacrari di Redipuglia, Caporetto e l\'Isola dei morti di Moriago della Battaglia'),
	(247,4,'I Sacrari di Redipuglia, Caporetto e l\'Isola dei morti di Moriago della Battaglia'),
	(247,5,'I Sacrari di Redipuglia, Caporetto e l\'Isola dei morti di Moriago della Battaglia'),
	(248,1,'I Sacrari di Redipuglia, Caporetto e l\'Isola dei morti di Moriago della Battaglia'),
	(248,2,'I Sacrari di Redipuglia, Caporetto e l\'Isola dei morti di Moriago della Battaglia'),
	(248,3,'I Sacrari di Redipuglia, Caporetto e l\'Isola dei morti di Moriago della Battaglia'),
	(248,4,'I Sacrari di Redipuglia, Caporetto e l\'Isola dei morti di Moriago della Battaglia'),
	(248,5,'I Sacrari di Redipuglia, Caporetto e l\'Isola dei morti di Moriago della Battaglia'),
	(249,1,'Udine capitale della Grande Guerra, Ragogna, San Daniele, i sacrari di Redipuglia, Caporetto e la suggestiva Cividale'),
	(249,2,'Udine capitale della Grande Guerra, Ragogna, San Daniele, i sacrari di Redipuglia, Caporetto e la suggestiva Cividale'),
	(249,3,'Udine capitale della Grande Guerra, Ragogna, San Daniele, i sacrari di Redipuglia, Caporetto e la suggestiva Cividale'),
	(249,4,'Udine capitale della Grande Guerra, Ragogna, San Daniele, i sacrari di Redipuglia, Caporetto e la suggestiva Cividale'),
	(249,5,'Udine capitale della Grande Guerra, Ragogna, San Daniele, i sacrari di Redipuglia, Caporetto e la suggestiva Cividale'),
	(250,1,'Udine capitale della Grande Guerra, Ragogna, San Daniele, i sacrari di Redipuglia, Caporetto e la suggestiva Cividale'),
	(250,2,'Udine capitale della Grande Guerra, Ragogna, San Daniele, i sacrari di Redipuglia, Caporetto e la suggestiva Cividale'),
	(250,3,'Udine capitale della Grande Guerra, Ragogna, San Daniele, i sacrari di Redipuglia, Caporetto e la suggestiva Cividale'),
	(250,4,'Udine capitale della Grande Guerra, Ragogna, San Daniele, i sacrari di Redipuglia, Caporetto e la suggestiva Cividale'),
	(250,5,'Udine capitale della Grande Guerra, Ragogna, San Daniele, i sacrari di Redipuglia, Caporetto e la suggestiva Cividale'),
	(251,1,'Udine capitale della Grande Guerra, Ragogna, San Daniele, i sacrari di Redipuglia, Caporetto e la suggestiva Cividale'),
	(251,2,'Udine capitale della Grande Guerra, Ragogna, San Daniele, i sacrari di Redipuglia, Caporetto e la suggestiva Cividale'),
	(251,3,'Udine capitale della Grande Guerra, Ragogna, San Daniele, i sacrari di Redipuglia, Caporetto e la suggestiva Cividale'),
	(251,4,'Udine capitale della Grande Guerra, Ragogna, San Daniele, i sacrari di Redipuglia, Caporetto e la suggestiva Cividale'),
	(251,5,'Udine capitale della Grande Guerra, Ragogna, San Daniele, i sacrari di Redipuglia, Caporetto e la suggestiva Cividale'),
	(252,1,'Udine capitale della Grande Guerra, Ragogna, San Daniele, i sacrari di Redipuglia, Caporetto e la suggestiva Cividale'),
	(252,2,'Udine capitale della Grande Guerra, Ragogna, San Daniele, i sacrari di Redipuglia, Caporetto e la suggestiva Cividale'),
	(252,3,'Udine capitale della Grande Guerra, Ragogna, San Daniele, i sacrari di Redipuglia, Caporetto e la suggestiva Cividale'),
	(252,4,'Udine capitale della Grande Guerra, Ragogna, San Daniele, i sacrari di Redipuglia, Caporetto e la suggestiva Cividale'),
	(252,5,'Udine capitale della Grande Guerra, Ragogna, San Daniele, i sacrari di Redipuglia, Caporetto e la suggestiva Cividale'),
	(253,1,'Udine capitale della Grande Guerra, Ragogna, San Daniele, i sacrari di Redipuglia, Caporetto e la suggestiva Cividale'),
	(253,2,'Udine capitale della Grande Guerra, Ragogna, San Daniele, i sacrari di Redipuglia, Caporetto e la suggestiva Cividale'),
	(253,3,'Udine capitale della Grande Guerra, Ragogna, San Daniele, i sacrari di Redipuglia, Caporetto e la suggestiva Cividale'),
	(253,4,'Udine capitale della Grande Guerra, Ragogna, San Daniele, i sacrari di Redipuglia, Caporetto e la suggestiva Cividale'),
	(253,5,'Udine capitale della Grande Guerra, Ragogna, San Daniele, i sacrari di Redipuglia, Caporetto e la suggestiva Cividale'),
	(257,1,'Udine capitale della Grande Guerra, il museo interattivo di Ragogna, Gorizia e l\'Isola dei Morti di Moriago della Battaglia'),
	(257,2,'Udine capitale della Grande Guerra, il museo interattivo di Ragogna, Gorizia e l\'Isola dei Morti di Moriago della Battaglia'),
	(257,3,'Udine capitale della Grande Guerra, il museo interattivo di Ragogna, Gorizia e l\'Isola dei Morti di Moriago della Battaglia'),
	(257,4,'Udine capitale della Grande Guerra, il museo interattivo di Ragogna, Gorizia e l\'Isola dei Morti di Moriago della Battaglia'),
	(257,5,'Udine capitale della Grande Guerra, il museo interattivo di Ragogna, Gorizia e l\'Isola dei Morti di Moriago della Battaglia'),
	(258,1,'Udine capitale della Grande Guerra, il museo interattivo di Ragogna, Gorizia e l\'Isola dei Morti di Moriago della Battaglia'),
	(258,2,'Udine capitale della Grande Guerra, il museo interattivo di Ragogna, Gorizia e l\'Isola dei Morti di Moriago della Battaglia'),
	(258,3,'Udine capitale della Grande Guerra, il museo interattivo di Ragogna, Gorizia e l\'Isola dei Morti di Moriago della Battaglia'),
	(258,4,'Udine capitale della Grande Guerra, il museo interattivo di Ragogna, Gorizia e l\'Isola dei Morti di Moriago della Battaglia'),
	(258,5,'Udine capitale della Grande Guerra, il museo interattivo di Ragogna, Gorizia e l\'Isola dei Morti di Moriago della Battaglia'),
	(259,1,'Udine capitale della Grande Guerra, il museo interattivo di Ragogna, Gorizia e l\'Isola dei Morti di Moriago della Battaglia'),
	(259,2,'Udine capitale della Grande Guerra, il museo interattivo di Ragogna, Gorizia e l\'Isola dei Morti di Moriago della Battaglia'),
	(259,3,'Udine capitale della Grande Guerra, il museo interattivo di Ragogna, Gorizia e l\'Isola dei Morti di Moriago della Battaglia'),
	(259,4,'Udine capitale della Grande Guerra, il museo interattivo di Ragogna, Gorizia e l\'Isola dei Morti di Moriago della Battaglia'),
	(259,5,'Udine capitale della Grande Guerra, il museo interattivo di Ragogna, Gorizia e l\'Isola dei Morti di Moriago della Battaglia'),
	(260,1,'Udine capitale della Grande Guerra, il Museo di Ragogna, Redipuglia, Caporetto e l\'Isola dei Morti di Moriago della Battaglia'),
	(260,2,'Udine capitale della Grande Guerra, il Museo di Ragogna, Redipuglia, Caporetto e l\'Isola dei Morti di Moriago della Battaglia'),
	(260,3,'Udine capitale della Grande Guerra, il Museo di Ragogna, Redipuglia, Caporetto e l\'Isola dei Morti di Moriago della Battaglia'),
	(260,4,'Udine capitale della Grande Guerra, il Museo di Ragogna, Redipuglia, Caporetto e l\'Isola dei Morti di Moriago della Battaglia'),
	(260,5,'Udine capitale della Grande Guerra, il Museo di Ragogna, Redipuglia, Caporetto e l\'Isola dei Morti di Moriago della Battaglia'),
	(261,1,'Udine capitale della Grande Guerra, il Museo di Ragogna, Redipuglia, Caporetto e l\'Isola dei Morti di Moriago della Battaglia'),
	(261,2,'Udine capitale della Grande Guerra, il Museo di Ragogna, Redipuglia, Caporetto e l\'Isola dei Morti di Moriago della Battaglia'),
	(261,3,'Udine capitale della Grande Guerra, il Museo di Ragogna, Redipuglia, Caporetto e l\'Isola dei Morti di Moriago della Battaglia'),
	(261,4,'Udine capitale della Grande Guerra, il Museo di Ragogna, Redipuglia, Caporetto e l\'Isola dei Morti di Moriago della Battaglia'),
	(261,5,'Udine capitale della Grande Guerra, il Museo di Ragogna, Redipuglia, Caporetto e l\'Isola dei Morti di Moriago della Battaglia'),
	(262,1,'Udine capitale della Grande Guerra, il Museo di Ragogna, Redipuglia, Caporetto e l\'Isola dei Morti di Moriago della Battaglia'),
	(262,2,'Udine capitale della Grande Guerra, il Museo di Ragogna, Redipuglia, Caporetto e l\'Isola dei Morti di Moriago della Battaglia'),
	(262,3,'Udine capitale della Grande Guerra, il Museo di Ragogna, Redipuglia, Caporetto e l\'Isola dei Morti di Moriago della Battaglia'),
	(262,4,'Udine capitale della Grande Guerra, il Museo di Ragogna, Redipuglia, Caporetto e l\'Isola dei Morti di Moriago della Battaglia'),
	(262,5,'Udine capitale della Grande Guerra, il Museo di Ragogna, Redipuglia, Caporetto e l\'Isola dei Morti di Moriago della Battaglia'),
	(263,1,'Udine capitale della Grande Guerra, il Museo di Ragogna, Redipuglia, Caporetto e Gorizia'),
	(263,2,'Udine capitale della Grande Guerra, il Museo di Ragogna, Redipuglia, Caporetto e Gorizia'),
	(263,3,'Udine capitale della Grande Guerra, il Museo di Ragogna, Redipuglia, Caporetto e Gorizia'),
	(263,4,'Udine capitale della Grande Guerra, il Museo di Ragogna, Redipuglia, Caporetto e Gorizia'),
	(263,5,'Udine capitale della Grande Guerra, il Museo di Ragogna, Redipuglia, Caporetto e Gorizia'),
	(264,1,'Udine capitale della Grande Guerra, il Museo di Ragogna, Redipuglia, Caporetto e Gorizia'),
	(264,2,'Udine capitale della Grande Guerra, il Museo di Ragogna, Redipuglia, Caporetto e Gorizia'),
	(264,3,'Udine capitale della Grande Guerra, il Museo di Ragogna, Redipuglia, Caporetto e Gorizia'),
	(264,4,'Udine capitale della Grande Guerra, il Museo di Ragogna, Redipuglia, Caporetto e Gorizia'),
	(264,5,'Udine capitale della Grande Guerra, il Museo di Ragogna, Redipuglia, Caporetto e Gorizia'),
	(265,1,'Udine capitale della Grande Guerra, il Museo di Ragogna, Redipuglia, Caporetto e Gorizia'),
	(265,2,'Udine capitale della Grande Guerra, il Museo di Ragogna, Redipuglia, Caporetto e Gorizia'),
	(265,3,'Udine capitale della Grande Guerra, il Museo di Ragogna, Redipuglia, Caporetto e Gorizia'),
	(265,4,'Udine capitale della Grande Guerra, il Museo di Ragogna, Redipuglia, Caporetto e Gorizia'),
	(265,5,'Udine capitale della Grande Guerra, il Museo di Ragogna, Redipuglia, Caporetto e Gorizia'),
	(266,1,'Udine capitale della Grande Guerra, il Museo di Ragogna, Redipuglia, Caporetto e Gorizia'),
	(266,2,'Udine capitale della Grande Guerra, il Museo di Ragogna, Redipuglia, Caporetto e Gorizia'),
	(266,3,'Udine capitale della Grande Guerra, il Museo di Ragogna, Redipuglia, Caporetto e Gorizia'),
	(266,4,'Udine capitale della Grande Guerra, il Museo di Ragogna, Redipuglia, Caporetto e Gorizia'),
	(266,5,'Udine capitale della Grande Guerra, il Museo di Ragogna, Redipuglia, Caporetto e Gorizia'),
	(267,1,'Udine capitale della Grande Guerra, il Museo di Ragogna, Redipuglia, Caporetto e la suggestiva Cividale'),
	(267,2,'Udine capitale della Grande Guerra, il Museo di Ragogna, Redipuglia, Caporetto e la suggestiva Cividale'),
	(267,3,'Udine capitale della Grande Guerra, il Museo di Ragogna, Redipuglia, Caporetto e la suggestiva Cividale'),
	(267,4,'Udine capitale della Grande Guerra, il Museo di Ragogna, Redipuglia, Caporetto e la suggestiva Cividale'),
	(267,5,'Udine capitale della Grande Guerra, il Museo di Ragogna, Redipuglia, Caporetto e la suggestiva Cividale'),
	(268,1,'Udine capitale della Grande Guerra, il Museo di Ragogna, Redipuglia, Caporetto e la suggestiva Cividale'),
	(268,2,'Udine capitale della Grande Guerra, il Museo di Ragogna, Redipuglia, Caporetto e la suggestiva Cividale'),
	(268,3,'Udine capitale della Grande Guerra, il Museo di Ragogna, Redipuglia, Caporetto e la suggestiva Cividale'),
	(268,4,'Udine capitale della Grande Guerra, il Museo di Ragogna, Redipuglia, Caporetto e la suggestiva Cividale'),
	(268,5,'Udine capitale della Grande Guerra, il Museo di Ragogna, Redipuglia, Caporetto e la suggestiva Cividale'),
	(269,1,'Udine capitale della Grande Guerra, il Museo di Ragogna, Redipuglia, Caporetto e la suggestiva Cividale'),
	(269,2,'Udine capitale della Grande Guerra, il Museo di Ragogna, Redipuglia, Caporetto e la suggestiva Cividale'),
	(269,3,'Udine capitale della Grande Guerra, il Museo di Ragogna, Redipuglia, Caporetto e la suggestiva Cividale'),
	(269,4,'Udine capitale della Grande Guerra, il Museo di Ragogna, Redipuglia, Caporetto e la suggestiva Cividale'),
	(269,5,'Udine capitale della Grande Guerra, il Museo di Ragogna, Redipuglia, Caporetto e la suggestiva Cividale'),
	(270,1,'Udine capitale della Grande Guerra, il Museo di Ragogna, Redipuglia, Caporetto e la suggestiva Cividale'),
	(270,2,'Udine capitale della Grande Guerra, il Museo di Ragogna, Redipuglia, Caporetto e la suggestiva Cividale'),
	(270,3,'Udine capitale della Grande Guerra, il Museo di Ragogna, Redipuglia, Caporetto e la suggestiva Cividale'),
	(270,4,'Udine capitale della Grande Guerra, il Museo di Ragogna, Redipuglia, Caporetto e la suggestiva Cividale'),
	(270,5,'Udine capitale della Grande Guerra, il Museo di Ragogna, Redipuglia, Caporetto e la suggestiva Cividale'),
	(271,1,'Sauris: Incanto dei Sapori2'),
	(271,2,'Sauris: Incanto dei Sapori2'),
	(271,3,'Sauris: Incanto dei Sapori2'),
	(271,4,'Sauris: Incanto dei Sapori2'),
	(271,5,'Sauris: Incanto dei Sapori'),
	(272,1,'Sauris: Incanto dei Sapori2'),
	(272,2,'Sauris: Incanto dei Sapori2'),
	(272,3,'Sauris: Incanto dei Sapori2'),
	(272,4,'Sauris: Incanto dei Sapori2'),
	(272,5,'Sauris: Incanto dei Sapori'),
	(273,1,'Sauris: Incanto dei Sapori2'),
	(273,2,'Sauris: Incanto dei Sapori2'),
	(273,3,'Sauris: Incanto dei Sapori2'),
	(273,4,'Sauris: Incanto dei Sapori2'),
	(273,5,'Sauris: Incanto dei Sapori'),
	(274,1,'Una giornata indimenticabile sulla Laguna di Marano'),
	(274,2,'Una giornata indimenticabile sulla Laguna di Marano'),
	(274,3,'Una giornata indimenticabile sulla Laguna di Marano'),
	(274,4,'Una giornata indimenticabile sulla Laguna di Marano'),
	(274,5,'Una giornata indimenticabile sulla Laguna di Marano'),
	(275,1,'Una giornata indimenticabile sulla Laguna di Marano'),
	(275,2,'Una giornata indimenticabile sulla Laguna di Marano'),
	(275,3,'Una giornata indimenticabile sulla Laguna di Marano'),
	(275,4,'Una giornata indimenticabile sulla Laguna di Marano'),
	(275,5,'Una giornata indimenticabile sulla Laguna di Marano'),
	(276,1,'Una giornata indimenticabile sulla Laguna di Marano'),
	(276,2,'Una giornata indimenticabile sulla Laguna di Marano'),
	(276,3,'Una giornata indimenticabile sulla Laguna di Marano'),
	(276,4,'Una giornata indimenticabile sulla Laguna di Marano'),
	(276,5,'Una giornata indimenticabile sulla Laguna di Marano'),
	(277,1,'Enogastronomia, Arte e Storia in Friuli Venezia Giulia'),
	(277,2,'Enogastronomia, Arte e Storia in Friuli Venezia Giulia'),
	(277,3,'Enogastronomia, Arte e Storia in Friuli Venezia Giulia'),
	(277,4,'Enogastronomia, Arte e Storia in Friuli Venezia Giulia'),
	(277,5,'Enogastronomia, Arte e Storia in Friuli Venezia Giulia'),
	(278,1,'Enogastronomia, Arte e Storia in Friuli Venezia Giulia'),
	(278,2,'Enogastronomia, Arte e Storia in Friuli Venezia Giulia'),
	(278,3,'Enogastronomia, Arte e Storia in Friuli Venezia Giulia'),
	(278,4,'Enogastronomia, Arte e Storia in Friuli Venezia Giulia'),
	(278,5,'Enogastronomia, Arte e Storia in Friuli Venezia Giulia'),
	(279,1,'Enogastronomia, Arte e Storia in Friuli Venezia Giulia'),
	(279,2,'Enogastronomia, Arte e Storia in Friuli Venezia Giulia'),
	(279,3,'Enogastronomia, Arte e Storia in Friuli Venezia Giulia'),
	(279,4,'Enogastronomia, Arte e Storia in Friuli Venezia Giulia'),
	(279,5,'Enogastronomia, Arte e Storia in Friuli Venezia Giulia'),
	(280,1,'L\'isola della Cona'),
	(280,2,'L\'isola della Cona'),
	(280,3,'L\'isola della Cona'),
	(280,4,'L\'isola della Cona'),
	(280,5,'L\'isola della Cona'),
	(281,1,'L\'isola della Cona'),
	(281,2,'L\'isola della Cona'),
	(281,3,'L\'isola della Cona'),
	(281,4,'L\'isola della Cona'),
	(281,5,'L\'isola della Cona'),
	(282,1,'L\'isola della Cona'),
	(282,2,'L\'isola della Cona'),
	(282,3,'L\'isola della Cona'),
	(282,4,'L\'isola della Cona'),
	(282,5,'L\'isola della Cona'),
	(283,1,'Palmanova e i borghi di Strassoldo e Clauiano'),
	(283,2,'Palmanova e i borghi di Strassoldo e Clauiano'),
	(283,3,'Palmanova e i borghi di Strassoldo e Clauiano'),
	(283,4,'Palmanova e i borghi di Strassoldo e Clauiano'),
	(283,5,'Palmanova e i borghi di Strassoldo e Clauiano'),
	(284,1,'Palmanova e i borghi di Strassoldo e Clauiano'),
	(284,2,'Palmanova e i borghi di Strassoldo e Clauiano'),
	(284,3,'Palmanova e i borghi di Strassoldo e Clauiano'),
	(284,4,'Palmanova e i borghi di Strassoldo e Clauiano'),
	(284,5,'Palmanova e i borghi di Strassoldo e Clauiano'),
	(285,1,'Palmanova e i borghi di Strassoldo e Clauiano'),
	(285,2,'Palmanova e i borghi di Strassoldo e Clauiano'),
	(285,3,'Palmanova e i borghi di Strassoldo e Clauiano'),
	(285,4,'Palmanova e i borghi di Strassoldo e Clauiano'),
	(285,5,'Palmanova e i borghi di Strassoldo e Clauiano'),
	(286,1,'TOUR La Strada dei Castelli e del Prosciutto'),
	(286,2,'TOUR La Strada dei Castelli e del Prosciutto'),
	(286,3,'TOUR La Strada dei Castelli e del Prosciutto'),
	(286,4,'TOUR La Strada dei Castelli e del Prosciutto'),
	(286,5,'TOUR La Strada dei Castelli e del Prosciutto'),
	(287,1,'TOUR La Strada dei Castelli e del Prosciutto'),
	(287,2,'TOUR La Strada dei Castelli e del Prosciutto'),
	(287,3,'TOUR La Strada dei Castelli e del Prosciutto'),
	(287,4,'TOUR La Strada dei Castelli e del Prosciutto'),
	(287,5,'TOUR La Strada dei Castelli e del Prosciutto'),
	(288,1,'TOUR La Strada dei Castelli e del Prosciutto'),
	(288,2,'TOUR La Strada dei Castelli e del Prosciutto'),
	(288,3,'TOUR La Strada dei Castelli e del Prosciutto'),
	(288,4,'TOUR La Strada dei Castelli e del Prosciutto'),
	(288,5,'TOUR La Strada dei Castelli e del Prosciutto'),
	(289,1,'TOUR La Strada dei Castelli e del Prosciutto'),
	(289,2,'TOUR La Strada dei Castelli e del Prosciutto'),
	(289,3,'TOUR La Strada dei Castelli e del Prosciutto'),
	(289,4,'TOUR La Strada dei Castelli e del Prosciutto'),
	(289,5,'TOUR La Strada dei Castelli e del Prosciutto'),
	(290,1,'Trieste, Gorizia e la Grande Guerra'),
	(290,2,'Trieste, Gorizia e la Grande Guerra'),
	(290,3,'Trieste, Gorizia e la Grande Guerra'),
	(290,4,'Trieste, Gorizia e la Grande Guerra'),
	(290,5,'Trieste, Gorizia e la Grande Guerra'),
	(291,1,'Trieste, Gorizia e la Grande Guerra'),
	(291,2,'Trieste, Gorizia e la Grande Guerra'),
	(291,3,'Trieste, Gorizia e la Grande Guerra'),
	(291,4,'Trieste, Gorizia e la Grande Guerra'),
	(291,5,'Trieste, Gorizia e la Grande Guerra'),
	(292,1,'Trieste, Gorizia e la Grande Guerra'),
	(292,2,'Trieste, Gorizia e la Grande Guerra'),
	(292,3,'Trieste, Gorizia e la Grande Guerra'),
	(292,4,'Trieste, Gorizia e la Grande Guerra'),
	(292,5,'Trieste, Gorizia e la Grande Guerra'),
	(293,1,'Trieste, Gorizia e la Grande Guerra'),
	(293,2,'Trieste, Gorizia e la Grande Guerra'),
	(293,3,'Trieste, Gorizia e la Grande Guerra'),
	(293,4,'Trieste, Gorizia e la Grande Guerra'),
	(293,5,'Trieste, Gorizia e la Grande Guerra'),
	(294,1,'San Sabba, Redipuglia e Gorizia'),
	(294,2,'San Sabba, Redipuglia e Gorizia'),
	(294,3,'San Sabba, Redipuglia e Gorizia'),
	(294,4,'San Sabba, Redipuglia e Gorizia'),
	(294,5,'San Sabba, Redipuglia e Gorizia'),
	(295,1,'San Sabba, Redipuglia e Gorizia'),
	(295,2,'San Sabba, Redipuglia e Gorizia'),
	(295,3,'San Sabba, Redipuglia e Gorizia'),
	(295,4,'San Sabba, Redipuglia e Gorizia'),
	(295,5,'San Sabba, Redipuglia e Gorizia'),
	(296,1,'San Sabba, Redipuglia e Gorizia'),
	(296,2,'San Sabba, Redipuglia e Gorizia'),
	(296,3,'San Sabba, Redipuglia e Gorizia'),
	(296,4,'San Sabba, Redipuglia e Gorizia'),
	(296,5,'San Sabba, Redipuglia e Gorizia'),
	(297,1,'I sacrari di Redipuglia e Caporetto, Fagarè della Battaglia e la suggestiva Cividale'),
	(297,2,'I sacrari di Redipuglia e Caporetto, Fagarè della Battaglia e la suggestiva Cividale'),
	(297,3,'I sacrari di Redipuglia e Caporetto, Fagarè della Battaglia e la suggestiva Cividale'),
	(297,4,'I sacrari di Redipuglia e Caporetto, Fagarè della Battaglia e la suggestiva Cividale'),
	(297,5,'I sacrari di Redipuglia e Caporetto, Fagarè della Battaglia e la suggestiva Cividale'),
	(298,1,'I sacrari di Redipuglia e Caporetto, Fagarè della Battaglia e la suggestiva Cividale'),
	(298,2,'I sacrari di Redipuglia e Caporetto, Fagarè della Battaglia e la suggestiva Cividale'),
	(298,3,'I sacrari di Redipuglia e Caporetto, Fagarè della Battaglia e la suggestiva Cividale'),
	(298,4,'I sacrari di Redipuglia e Caporetto, Fagarè della Battaglia e la suggestiva Cividale'),
	(298,5,'I sacrari di Redipuglia e Caporetto, Fagarè della Battaglia e la suggestiva Cividale'),
	(299,1,'I sacrari di Redipuglia e Caporetto, Fagarè della Battaglia e la suggestiva Cividale'),
	(299,2,'I sacrari di Redipuglia e Caporetto, Fagarè della Battaglia e la suggestiva Cividale'),
	(299,3,'I sacrari di Redipuglia e Caporetto, Fagarè della Battaglia e la suggestiva Cividale'),
	(299,4,'I sacrari di Redipuglia e Caporetto, Fagarè della Battaglia e la suggestiva Cividale'),
	(299,5,'I sacrari di Redipuglia e Caporetto, Fagarè della Battaglia e la suggestiva Cividale'),
	(300,1,'Il Museo di Gorizia, la suggestiva Cividale e il sacrario di Fagarè della Battaglia'),
	(300,2,'Il Museo di Gorizia, la suggestiva Cividale e il sacrario di Fagarè della Battaglia'),
	(300,3,'Il Museo di Gorizia, la suggestiva Cividale e il sacrario di Fagarè della Battaglia'),
	(300,4,'Il Museo di Gorizia, la suggestiva Cividale e il sacrario di Fagarè della Battaglia'),
	(300,5,'Il Museo di Gorizia, la suggestiva Cividale e il sacrario di Fagarè della Battaglia'),
	(301,1,'Il Museo di Gorizia, la suggestiva Cividale e il sacrario di Fagarè della Battaglia'),
	(301,2,'Il Museo di Gorizia, la suggestiva Cividale e il sacrario di Fagarè della Battaglia'),
	(301,3,'Il Museo di Gorizia, la suggestiva Cividale e il sacrario di Fagarè della Battaglia'),
	(301,4,'Il Museo di Gorizia, la suggestiva Cividale e il sacrario di Fagarè della Battaglia'),
	(301,5,'Il Museo di Gorizia, la suggestiva Cividale e il sacrario di Fagarè della Battaglia'),
	(302,1,'Il Museo di Gorizia, la suggestiva Cividale e il sacrario di Fagarè della Battaglia'),
	(302,2,'Il Museo di Gorizia, la suggestiva Cividale e il sacrario di Fagarè della Battaglia'),
	(302,3,'Il Museo di Gorizia, la suggestiva Cividale e il sacrario di Fagarè della Battaglia'),
	(302,4,'Il Museo di Gorizia, la suggestiva Cividale e il sacrario di Fagarè della Battaglia'),
	(302,5,'Il Museo di Gorizia, la suggestiva Cividale e il sacrario di Fagarè della Battaglia'),
	(303,1,'Il museo di Gorizia e l\'Isola dei morti di Moriago della Battaglia'),
	(303,2,'Il museo di Gorizia e l\'Isola dei morti di Moriago della Battaglia'),
	(303,3,'Il museo di Gorizia e l\'Isola dei morti di Moriago della Battaglia'),
	(303,4,'Il museo di Gorizia e l\'Isola dei morti di Moriago della Battaglia'),
	(303,5,'Il museo di Gorizia e l\'Isola dei morti di Moriago della Battaglia'),
	(304,1,'Il museo di Gorizia e l\'Isola dei morti di Moriago della Battaglia'),
	(304,2,'Il museo di Gorizia e l\'Isola dei morti di Moriago della Battaglia'),
	(304,3,'Il museo di Gorizia e l\'Isola dei morti di Moriago della Battaglia'),
	(304,4,'Il museo di Gorizia e l\'Isola dei morti di Moriago della Battaglia'),
	(304,5,'Il museo di Gorizia e l\'Isola dei morti di Moriago della Battaglia'),
	(305,1,'Una giornata nel Pordenonese'),
	(305,2,'Una giornata nel Pordenonese'),
	(305,3,'Una giornata nel Pordenonese'),
	(305,4,'Una giornata nel Pordenonese'),
	(305,5,'Una giornata nel Pordenonese'),
	(306,1,'Una giornata nel Pordenonese'),
	(306,2,'Una giornata nel Pordenonese'),
	(306,3,'Una giornata nel Pordenonese'),
	(306,4,'Una giornata nel Pordenonese'),
	(306,5,'Una giornata nel Pordenonese'),
	(307,1,'Una giornata nel Pordenonese'),
	(307,2,'Una giornata nel Pordenonese'),
	(307,3,'Una giornata nel Pordenonese'),
	(307,4,'Una giornata nel Pordenonese'),
	(307,5,'Una giornata nel Pordenonese'),
	(308,1,'SPIRITUALITA\' IN FRIULI'),
	(308,2,'SPIRITUALITA\' IN FRIULI'),
	(308,3,'SPIRITUALITA\' IN FRIULI'),
	(308,4,'SPIRITUALITA\' IN FRIULI'),
	(308,5,'SPIRITUALITA\' IN FRIULI'),
	(309,1,'SPIRITUALITA\' IN FRIULI'),
	(309,2,'SPIRITUALITA\' IN FRIULI'),
	(309,3,'SPIRITUALITA\' IN FRIULI'),
	(309,4,'SPIRITUALITA\' IN FRIULI'),
	(309,5,'SPIRITUALITA\' IN FRIULI'),
	(310,1,'SPIRITUALITA\' IN FRIULI'),
	(310,2,'SPIRITUALITA\' IN FRIULI'),
	(310,3,'SPIRITUALITA\' IN FRIULI'),
	(310,4,'SPIRITUALITA\' IN FRIULI'),
	(310,5,'SPIRITUALITA\' IN FRIULI'),
	(311,1,'Poesia e letteratura nelle terre di mezzo'),
	(311,2,'Poesia e letteratura nelle terre di mezzo'),
	(311,3,'Poesia e letteratura nelle terre di mezzo'),
	(311,4,'Poesia e letteratura nelle terre di mezzo'),
	(311,5,'Poesia e letteratura nelle terre di mezzo'),
	(312,1,'Poesia e letteratura nelle terre di mezzo'),
	(312,2,'Poesia e letteratura nelle terre di mezzo'),
	(312,3,'Poesia e letteratura nelle terre di mezzo'),
	(312,4,'Poesia e letteratura nelle terre di mezzo'),
	(312,5,'Poesia e letteratura nelle terre di mezzo'),
	(313,1,'Palmanova e i borghi di Strassoldo e Clauiano'),
	(313,2,'Palmanova e i borghi di Strassoldo e Clauiano'),
	(313,3,'Palmanova e i borghi di Strassoldo e Clauiano'),
	(313,4,'Palmanova e i borghi di Strassoldo e Clauiano'),
	(313,5,'Palmanova e i borghi di Strassoldo e Clauiano'),
	(314,1,'Palmanova e i borghi di Strassoldo e Clauiano'),
	(314,2,'Palmanova e i borghi di Strassoldo e Clauiano'),
	(314,3,'Palmanova e i borghi di Strassoldo e Clauiano'),
	(314,4,'Palmanova e i borghi di Strassoldo e Clauiano'),
	(314,5,'Palmanova e i borghi di Strassoldo e Clauiano'),
	(315,1,'Il fascino letterario di Trieste'),
	(315,2,'Il fascino letterario di Trieste'),
	(315,3,'Il fascino letterario di Trieste'),
	(315,4,'Il fascino letterario di Trieste'),
	(315,5,'Il fascino letterario di Trieste'),
	(316,1,'Il fascino letterario di Trieste'),
	(316,2,'Il fascino letterario di Trieste'),
	(316,3,'Il fascino letterario di Trieste'),
	(316,4,'Il fascino letterario di Trieste'),
	(316,5,'Il fascino letterario di Trieste'),
	(317,1,'Il fascino letterario di Trieste'),
	(317,2,'Il fascino letterario di Trieste'),
	(317,3,'Il fascino letterario di Trieste'),
	(317,4,'Il fascino letterario di Trieste'),
	(317,5,'Il fascino letterario di Trieste'),
	(318,1,'Gorizia: emozioni & sapori della Mitteleuropa'),
	(318,2,'Gorizia: emozioni & sapori della Mitteleuropa'),
	(318,3,'Gorizia: emozioni & sapori della Mitteleuropa'),
	(318,4,'Gorizia: emozioni & sapori della Mitteleuropa'),
	(318,5,'Gorizia: emozioni & sapori della Mitteleuropa'),
	(319,1,'Gorizia: emozioni & sapori della Mitteleuropa'),
	(319,2,'Gorizia: emozioni & sapori della Mitteleuropa'),
	(319,3,'Gorizia: emozioni & sapori della Mitteleuropa'),
	(319,4,'Gorizia: emozioni & sapori della Mitteleuropa'),
	(319,5,'Gorizia: emozioni & sapori della Mitteleuropa'),
	(320,1,'Casarsa, città del vino'),
	(320,2,'Casarsa, città del vino'),
	(320,3,'Casarsa, città del vino'),
	(320,4,'Casarsa, città del vino'),
	(320,5,'Casarsa, città del vino'),
	(321,1,'Casarsa, città del vino'),
	(321,2,'Casarsa, città del vino'),
	(321,3,'Casarsa, città del vino'),
	(321,4,'Casarsa, città del vino'),
	(321,5,'Casarsa, città del vino'),
	(322,1,'Casarsa, città del vino'),
	(322,2,'Casarsa, città del vino'),
	(322,3,'Casarsa, città del vino'),
	(322,4,'Casarsa, città del vino'),
	(322,5,'Casarsa, città del vino'),
	(323,1,'Tra suggestioni medievali & arte musiva'),
	(323,2,'Tra suggestioni medievali & arte musiva'),
	(323,3,'Tra suggestioni medievali & arte musiva'),
	(323,4,'Tra suggestioni medievali & arte musiva'),
	(323,5,'Tra suggestioni medievali & arte musiva'),
	(324,1,'Tra suggestioni medievali & arte musiva'),
	(324,2,'Tra suggestioni medievali & arte musiva'),
	(324,3,'Tra suggestioni medievali & arte musiva'),
	(324,4,'Tra suggestioni medievali & arte musiva'),
	(324,5,'Tra suggestioni medievali & arte musiva'),
	(325,1,'I Tesori del Pordenonese: Spilimbergo, Pordenone & Sacile'),
	(325,2,'I Tesori del Pordenonese: Spilimbergo, Pordenone & Sacile'),
	(325,3,'I Tesori del Pordenonese: Spilimbergo, Pordenone & Sacile'),
	(325,4,'I Tesori del Pordenonese: Spilimbergo, Pordenone & Sacile'),
	(325,5,'I Tesori del Pordenonese: Spilimbergo, Pordenone & Sacile'),
	(326,1,'I Tesori del Pordenonese: Spilimbergo, Pordenone & Sacile'),
	(326,2,'I Tesori del Pordenonese: Spilimbergo, Pordenone & Sacile'),
	(326,3,'I Tesori del Pordenonese: Spilimbergo, Pordenone & Sacile'),
	(326,4,'I Tesori del Pordenonese: Spilimbergo, Pordenone & Sacile'),
	(326,5,'I Tesori del Pordenonese: Spilimbergo, Pordenone & Sacile'),
	(327,1,'I Tesori del Pordenonese: Spilimbergo, Pordenone & Sacile'),
	(327,2,'I Tesori del Pordenonese: Spilimbergo, Pordenone & Sacile'),
	(327,3,'I Tesori del Pordenonese: Spilimbergo, Pordenone & Sacile'),
	(327,4,'I Tesori del Pordenonese: Spilimbergo, Pordenone & Sacile'),
	(327,5,'I Tesori del Pordenonese: Spilimbergo, Pordenone & Sacile'),
	(328,1,'I Tesori del Pordenonese: Spilimbergo, Pordenone & Sacile'),
	(328,2,'I Tesori del Pordenonese: Spilimbergo, Pordenone & Sacile'),
	(328,3,'I Tesori del Pordenonese: Spilimbergo, Pordenone & Sacile'),
	(328,4,'I Tesori del Pordenonese: Spilimbergo, Pordenone & Sacile'),
	(328,5,'I Tesori del Pordenonese: Spilimbergo, Pordenone & Sacile'),
	(329,1,'I Tesori del Pordenonese: Spilimbergo, Pordenone & Sacile'),
	(329,2,'I Tesori del Pordenonese: Spilimbergo, Pordenone & Sacile'),
	(329,3,'I Tesori del Pordenonese: Spilimbergo, Pordenone & Sacile'),
	(329,4,'I Tesori del Pordenonese: Spilimbergo, Pordenone & Sacile'),
	(329,5,'I Tesori del Pordenonese: Spilimbergo, Pordenone & Sacile'),
	(330,1,'I Tesori del Pordenonese: Spilimbergo, Pordenone & Sacile'),
	(330,2,'I Tesori del Pordenonese: Spilimbergo, Pordenone & Sacile'),
	(330,3,'I Tesori del Pordenonese: Spilimbergo, Pordenone & Sacile'),
	(330,4,'I Tesori del Pordenonese: Spilimbergo, Pordenone & Sacile'),
	(330,5,'I Tesori del Pordenonese: Spilimbergo, Pordenone & Sacile'),
	(331,1,''),
	(331,2,''),
	(331,3,''),
	(331,4,''),
	(331,5,''),
	(332,1,'Una giornata nel Sanvitese'),
	(332,2,'Una giornata nel Sanvitese'),
	(332,3,'Una giornata nel Sanvitese'),
	(332,4,'Una giornata nel Sanvitese'),
	(332,5,'Una giornata nel Sanvitese'),
	(333,1,'Una giornata nel Sanvitese'),
	(333,2,'Una giornata nel Sanvitese'),
	(333,3,'Una giornata nel Sanvitese'),
	(333,4,'Una giornata nel Sanvitese'),
	(333,5,'Una giornata nel Sanvitese'),
	(334,1,'Una giornata nel Sanvitese'),
	(334,2,'Una giornata nel Sanvitese'),
	(334,3,'Una giornata nel Sanvitese'),
	(334,4,'Una giornata nel Sanvitese'),
	(334,5,'Una giornata nel Sanvitese'),
	(335,1,'Una giornata in montagna'),
	(335,2,'Una giornata in montagna'),
	(335,3,'Una giornata in montagna'),
	(335,4,'Una giornata in montagna'),
	(335,5,'Una giornata in montagna'),
	(336,1,'Una giornata in montagna'),
	(336,2,'Una giornata in montagna'),
	(336,3,'Una giornata in montagna'),
	(336,4,'Una giornata in montagna'),
	(336,5,'Una giornata in montagna'),
	(337,1,'Una giornata in montagna'),
	(337,2,'Una giornata in montagna'),
	(337,3,'Una giornata in montagna'),
	(337,4,'Una giornata in montagna'),
	(337,5,'Una giornata in montagna'),
	(338,1,'Una giornata in montagna'),
	(338,2,'Una giornata in montagna'),
	(338,3,'Una giornata in montagna'),
	(338,4,'Una giornata in montagna'),
	(338,5,'Una giornata in montagna'),
	(339,1,'Una giornata in montagna'),
	(339,2,'Una giornata in montagna'),
	(339,3,'Una giornata in montagna'),
	(339,4,'Una giornata in montagna'),
	(339,5,'Una giornata in montagna'),
	(340,1,'Una giornata in montagna'),
	(340,2,'Una giornata in montagna'),
	(340,3,'Una giornata in montagna'),
	(340,4,'Una giornata in montagna'),
	(340,5,'Una giornata in montagna'),
	(341,1,'Una giornata in montagna'),
	(341,2,'Una giornata in montagna'),
	(341,3,'Una giornata in montagna'),
	(341,4,'Una giornata in montagna'),
	(341,5,'Una giornata in montagna'),
	(342,1,'Una giornata in montagna'),
	(342,2,'Una giornata in montagna'),
	(342,3,'Una giornata in montagna'),
	(342,4,'Una giornata in montagna'),
	(342,5,'Una giornata in montagna'),
	(343,1,'Una giornata in montagna'),
	(343,2,'Una giornata in montagna'),
	(343,3,'Una giornata in montagna'),
	(343,4,'Una giornata in montagna'),
	(343,5,'Una giornata in montagna'),
	(344,1,'Una giornata in montagna'),
	(344,2,'Una giornata in montagna'),
	(344,3,'Una giornata in montagna'),
	(344,4,'Una giornata in montagna'),
	(344,5,'Una giornata in montagna'),
	(345,1,'Una giornata in montagna'),
	(345,2,'Una giornata in montagna'),
	(345,3,'Una giornata in montagna'),
	(345,4,'Una giornata in montagna'),
	(345,5,'Una giornata in montagna'),
	(346,1,'Una giornata in montagna'),
	(346,2,'Una giornata in montagna'),
	(346,3,'Una giornata in montagna'),
	(346,4,'Una giornata in montagna'),
	(346,5,'Una giornata in montagna'),
	(347,1,'Una giornata in montagna'),
	(347,2,'Una giornata in montagna'),
	(347,3,'Una giornata in montagna'),
	(347,4,'Una giornata in montagna'),
	(347,5,'Una giornata in montagna'),
	(348,1,'Una giornata in montagna'),
	(348,2,'Una giornata in montagna'),
	(348,3,'Una giornata in montagna'),
	(348,4,'Una giornata in montagna'),
	(348,5,'Una giornata in montagna'),
	(349,1,'Una giornata in montagna'),
	(349,2,'Una giornata in montagna'),
	(349,3,'Una giornata in montagna'),
	(349,4,'Una giornata in montagna'),
	(349,5,'Una giornata in montagna'),
	(350,1,'Una giornata in montagna'),
	(350,2,'Una giornata in montagna'),
	(350,3,'Una giornata in montagna'),
	(350,4,'Una giornata in montagna'),
	(350,5,'Una giornata in montagna'),
	(351,1,'Una giornata in montagna'),
	(351,2,'Una giornata in montagna'),
	(351,3,'Una giornata in montagna'),
	(351,4,'Una giornata in montagna'),
	(351,5,'Una giornata in montagna'),
	(352,1,'Una giornata in montagna'),
	(352,2,'Una giornata in montagna'),
	(352,3,'Una giornata in montagna'),
	(352,4,'Una giornata in montagna'),
	(352,5,'Una giornata in montagna'),
	(353,1,'Una giornata in montagna'),
	(353,2,'Una giornata in montagna'),
	(353,3,'Una giornata in montagna'),
	(353,4,'Una giornata in montagna'),
	(353,5,'Una giornata in montagna'),
	(354,1,'Una giornata in montagna'),
	(354,2,'Una giornata in montagna'),
	(354,3,'Una giornata in montagna'),
	(354,4,'Una giornata in montagna'),
	(354,5,'Una giornata in montagna'),
	(355,1,'Una giornata in collina'),
	(355,2,'Una giornata in collina'),
	(355,3,'Una giornata in collina'),
	(355,4,'Una giornata in collina'),
	(355,5,'Una giornata in collina'),
	(356,1,'Una giornata in collina'),
	(356,2,'Una giornata in collina'),
	(356,3,'Una giornata in collina'),
	(356,4,'Una giornata in collina'),
	(356,5,'Una giornata in collina'),
	(357,1,'Una giornata in collina'),
	(357,2,'Una giornata in collina'),
	(357,3,'Una giornata in collina'),
	(357,4,'Una giornata in collina'),
	(357,5,'Una giornata in collina'),
	(358,1,'Una giornata nel Codroipese'),
	(358,2,'Una giornata nel Codroipese'),
	(358,3,'Una giornata nel Codroipese'),
	(358,4,'Una giornata nel Codroipese'),
	(358,5,'Una giornata nel Codroipese'),
	(360,1,'Una giornata nel Codroipese'),
	(360,2,'Una giornata nel Codroipese'),
	(360,3,'Una giornata nel Codroipese'),
	(360,4,'Una giornata nel Codroipese'),
	(360,5,'Una giornata nel Codroipese'),
	(361,1,'Ad Aquileia con gli Antichi Romani'),
	(361,2,'Ad Aquileia con gli Antichi Romani'),
	(361,3,'Ad Aquileia con gli Antichi Romani'),
	(361,4,'Ad Aquileia con gli Antichi Romani'),
	(361,5,'Ad Aquileia con gli Antichi Romani'),
	(362,1,'Ad Aquileia con gli Antichi Romani'),
	(362,2,'Ad Aquileia con gli Antichi Romani'),
	(362,3,'Ad Aquileia con gli Antichi Romani'),
	(362,4,'Ad Aquileia con gli Antichi Romani'),
	(362,5,'Ad Aquileia con gli Antichi Romani'),
	(363,1,'Ad Aquileia con gli Antichi Romani'),
	(363,2,'Ad Aquileia con gli Antichi Romani'),
	(363,3,'Ad Aquileia con gli Antichi Romani'),
	(363,4,'Ad Aquileia con gli Antichi Romani'),
	(363,5,'Ad Aquileia con gli Antichi Romani'),
	(364,1,'Una giornata in montagna'),
	(364,2,'Una giornata in montagna'),
	(364,3,'Una giornata in montagna'),
	(364,4,'Una giornata in montagna'),
	(364,5,'Una giornata in montagna'),
	(368,1,'Una giornata in montagna'),
	(368,2,'Una giornata in montagna'),
	(368,3,'Una giornata in montagna'),
	(368,4,'Una giornata in montagna'),
	(368,5,'Profumi e Sapori della Carnia 5'),
	(369,1,'Una giornata in montagna'),
	(369,2,'Una giornata in montagna'),
	(369,3,'Una giornata in montagna'),
	(369,4,'Una giornata in montagna'),
	(369,5,'Profumi e Sapori della Carnia 5'),
	(370,1,'Una giornata in montagna'),
	(370,2,'Una giornata in montagna'),
	(370,3,'Una giornata in montagna'),
	(370,4,'Una giornata in montagna'),
	(370,5,'Profumi e Sapori della Carnia 5');



# Dump of table pr_image_shop
# ------------------------------------------------------------

