# ************************************************************
# Sequel Pro SQL dump
# Version 4541
#
# http://www.sequelpro.com/
# https://github.com/sequelpro/sequelpro
#
# Host: 77.104.189.233 (MySQL 5.6.40-84.0-log)
# Database: terredai_test
# Generation Time: 2019-10-26 11:55:30 +0000
# ************************************************************




# Dump of table pr_access
# ------------------------------------------------------------


CREATE TABLE `pr_access` (
  `id_profile` int(10) unsigned NOT NULL,
  `id_tab` int(10) unsigned NOT NULL,
  `view` int(11) NOT NULL,
  `add` int(11) NOT NULL,
  `edit` int(11) NOT NULL,
  `delete` int(11) NOT NULL,
  PRIMARY KEY (`id_profile`,`id_tab`)
) ENGINE=InnoDB DEFAULT CHARSET=utf8;


INSERT INTO `pr_access` (`id_profile`, `id_tab`, `view`, `add`, `edit`, `delete`)
VALUES
	(1,1,1,1,1,1),
	(1,2,1,1,1,1),
	(1,3,1,1,1,1),
	(1,4,1,1,1,1),
	(1,5,1,1,1,1),
	(1,6,1,1,1,1),
	(1,7,1,1,1,1),
	(1,8,1,1,1,1),
	(1,9,1,1,1,1),
	(1,10,1,1,1,1),
	(1,11,1,1,1,1),
	(1,12,1,1,1,1),
	(1,13,1,1,1,1),
	(1,14,1,1,1,1),
	(1,15,1,1,1,1),
	(1,16,1,1,1,1),
	(1,17,1,1,1,1),
	(1,18,1,1,1,1),
	(1,19,1,1,1,1),
	(1,20,1,1,1,1),
	(1,21,1,1,1,1),
	(1,22,1,1,1,1),
	(1,24,1,1,1,1),
	(1,26,1,1,1,1),
	(1,27,1,1,1,1),
	(1,28,1,1,1,1),
	(1,29,1,1,1,1),
	(1,30,1,1,1,1),
	(1,31,1,1,1,1),
	(1,32,1,1,1,1),
	(1,33,1,1,1,1),
	(1,34,1,1,1,1),
	(1,35,1,1,1,1),
	(1,36,1,1,1,1),
	(1,37,1,1,1,1),
	(1,38,1,1,1,1),
	(1,41,1,1,1,1),
	(1,42,1,1,1,1),
	(1,43,1,1,1,1),
	(1,44,1,1,1,1),
	(1,46,1,1,1,1),
	(1,47,1,1,1,1),
	(1,49,1,1,1,1),
	(1,53,1,1,1,1),
	(1,54,1,1,1,1),
	(1,55,1,1,1,1),
	(1,56,1,1,1,1),
	(1,57,1,1,1,1),
	(1,58,1,1,1,1),
	(1,60,1,1,1,1),
	(1,61,1,1,1,1),
	(1,62,1,1,1,1),
	(1,63,1,1,1,1),
	(1,65,1,1,1,1),
	(1,66,1,1,1,1),
	(1,67,1,1,1,1),
	(1,68,1,1,1,1),
	(1,69,1,1,1,1),
	(1,70,1,1,1,1),
	(1,71,1,1,1,1),
	(1,72,1,1,1,1),
	(1,73,1,1,1,1),
	(1,80,1,1,1,1),
	(1,82,1,1,1,1),
	(1,84,1,1,1,1),
	(1,85,1,1,1,1),
	(1,86,1,1,1,1),
	(1,87,1,1,1,1),
	(1,88,1,1,1,1),
	(1,106,1,1,1,1),
	(1,108,1,1,1,1),
	(1,112,1,1,1,1),
	(1,113,1,1,1,1),
	(1,114,1,1,1,1),
	(1,115,1,1,1,1),
	(1,116,1,1,1,1),
	(1,117,1,1,1,1),
	(1,118,1,1,1,1),
	(1,120,1,1,1,1),
	(1,121,1,1,1,1),
	(1,122,1,1,1,1),
	(1,123,1,1,1,1),
	(1,124,1,1,1,1),
	(1,125,1,1,1,1),
	(1,126,1,1,1,1),
	(1,127,1,1,1,1),
	(1,128,1,1,1,1),
	(1,129,1,1,1,1),
	(1,130,1,1,1,1),
	(1,131,1,1,1,1),
	(1,132,1,1,1,1),
	(1,133,1,1,1,1),
	(1,134,1,1,1,1),
	(1,135,1,1,1,1),
	(1,136,1,1,1,1),
	(1,138,1,1,1,1),
	(1,139,1,1,1,1),
	(1,140,1,1,1,1),
	(1,141,1,1,1,1),
	(1,142,1,1,1,1),
	(1,143,1,1,1,1),
	(1,144,1,1,1,1),
	(1,145,1,1,1,1),
	(1,146,1,1,1,1),
	(1,147,1,1,1,1),
	(3,1,1,1,1,1),
	(3,2,0,0,0,0),
	(3,3,0,0,0,0),
	(3,4,0,0,0,0),
	(3,5,0,0,0,0),
	(3,6,0,0,0,0),
	(3,7,0,0,0,0),
	(3,8,0,0,0,0),
	(3,9,1,0,0,0),
	(3,10,0,0,0,0),
	(3,11,0,0,0,0),
	(3,12,0,0,0,0),
	(3,13,0,0,0,0),
	(3,14,0,0,0,0),
	(3,15,0,0,0,0),
	(3,16,0,0,0,0),
	(3,17,0,0,0,0),
	(3,18,0,0,0,0),
	(3,19,0,0,0,0),
	(3,20,0,0,0,0),
	(3,21,0,0,0,0),
	(3,22,0,0,0,0),
	(3,24,0,0,0,0),
	(3,26,0,0,0,0),
	(3,27,0,0,0,0),
	(3,28,0,0,0,0),
	(3,29,0,0,0,0),
	(3,30,0,0,0,0),
	(3,31,0,0,0,0),
	(3,32,1,1,1,1),
	(3,33,1,1,1,1),
	(3,34,0,0,0,0),
	(3,35,0,0,0,0),
	(3,36,0,0,0,0),
	(3,37,0,0,0,0),
	(3,38,0,0,0,0),
	(3,41,0,0,0,0),
	(3,42,0,0,0,0),
	(3,43,1,0,0,0),
	(3,44,0,0,0,0),
	(3,46,0,0,0,0),
	(3,47,0,0,0,0),
	(3,49,0,0,0,0),
	(3,53,0,0,0,0),
	(3,54,0,0,0,0),
	(3,55,0,0,0,0),
	(3,56,0,0,0,0),
	(3,57,1,1,1,1),
	(3,58,0,0,0,0),
	(3,60,0,0,0,0),
	(3,61,0,0,0,0),
	(3,62,0,0,0,0),
	(3,63,0,0,0,0),
	(3,65,0,0,0,0),
	(3,66,0,0,0,0),
	(3,67,0,0,0,0),
	(3,68,0,0,0,0),
	(3,69,0,0,0,0),
	(3,70,0,0,0,0),
	(3,71,0,0,0,0),
	(3,72,0,0,0,0),
	(3,73,0,0,0,0),
	(3,80,0,0,0,0),
	(3,82,0,0,0,0),
	(3,84,0,0,0,0),
	(3,85,0,0,0,0),
	(3,86,0,0,0,0),
	(3,87,0,0,0,0),
	(3,88,1,1,1,1),
	(3,106,0,0,0,0),
	(3,108,1,1,1,1),
	(3,112,1,1,1,1),
	(3,113,1,1,1,1),
	(3,114,1,1,1,1),
	(3,115,1,1,1,1),
	(3,116,1,1,1,1),
	(3,117,0,0,0,0),
	(3,118,0,0,0,0),
	(3,120,1,1,1,1),
	(3,121,1,1,1,1),
	(3,122,1,1,1,1),
	(3,123,1,1,1,1),
	(3,124,1,1,1,1),
	(3,125,1,1,1,1),
	(3,126,1,1,1,1),
	(3,127,1,1,1,1),
	(3,128,1,1,1,1),
	(3,129,1,1,1,1),
	(3,130,1,1,1,1),
	(3,131,1,1,1,1),
	(3,132,1,1,1,1),
	(3,133,1,1,1,1),
	(3,134,1,1,1,1),
	(3,135,1,1,1,1),
	(3,136,1,1,1,1),
	(3,138,1,1,1,1),
	(3,139,1,1,1,1),
	(3,140,1,1,1,1),
	(3,141,1,1,1,1),
	(3,142,1,1,1,1),
	(3,143,0,0,0,0),
	(3,144,1,1,1,1),
	(3,145,0,0,0,0),
	(3,146,0,0,0,0),
	(3,147,0,0,0,0),
	(4,1,1,1,1,1),
	(4,2,1,1,1,1),
	(4,3,1,1,1,1),
	(4,4,0,0,0,0),
	(4,5,0,0,0,0),
	(4,6,1,1,1,1),
	(4,7,0,0,0,0),
	(4,8,0,0,0,0),
	(4,9,0,0,0,0),
	(4,10,1,0,0,0),
	(4,11,0,0,0,0),
	(4,12,1,1,1,1),
	(4,13,0,0,0,0),
	(4,14,0,0,0,0),
	(4,15,0,0,0,0),
	(4,16,0,0,0,0),
	(4,17,0,0,0,0),
	(4,18,0,0,0,0),
	(4,19,0,0,0,0),
	(4,20,0,0,0,0),
	(4,21,0,0,0,0),
	(4,22,0,0,0,0),
	(4,24,0,0,0,0),
	(4,26,0,0,0,0),
	(4,27,0,0,0,0),
	(4,28,0,0,0,0),
	(4,29,0,0,0,0),
	(4,30,0,0,0,0),
	(4,31,0,0,0,0),
	(4,32,0,0,0,0),
	(4,33,0,0,0,0),
	(4,34,0,0,0,0),
	(4,35,0,0,0,0),
	(4,36,0,0,0,0),
	(4,37,0,0,0,0),
	(4,38,0,0,0,0),
	(4,41,0,0,0,0),
	(4,42,1,1,1,1),
	(4,43,1,0,0,0),
	(4,44,0,0,0,0),
	(4,46,0,0,0,0),
	(4,47,0,0,0,0),
	(4,49,1,1,1,1),
	(4,53,0,0,0,0),
	(4,54,1,1,1,1),
	(4,55,0,0,0,0),
	(4,56,0,0,0,0),
	(4,57,0,0,0,0),
	(4,58,0,0,0,0),
	(4,60,0,0,0,0),
	(4,61,0,0,0,0),
	(4,62,1,1,1,1),
	(4,63,1,1,1,1),
	(4,65,1,1,1,1),
	(4,66,0,0,0,0),
	(4,67,0,0,0,0),
	(4,68,0,0,0,0),
	(4,69,0,0,0,0),
	(4,70,0,0,0,0),
	(4,71,0,0,0,0),
	(4,72,0,0,0,0),
	(4,73,0,0,0,0),
	(4,80,0,0,0,0),
	(4,82,1,1,1,1),
	(4,84,0,0,0,0),
	(4,85,0,0,0,0),
	(4,86,0,0,0,0),
	(4,87,0,0,0,0),
	(4,88,1,1,1,1),
	(4,106,0,0,0,0),
	(4,108,1,1,1,1),
	(4,112,1,1,1,1),
	(4,113,1,1,1,1),
	(4,114,1,1,1,1),
	(4,115,1,1,1,1),
	(4,116,1,1,1,1),
	(4,117,1,1,1,1),
	(4,118,1,1,1,1),
	(4,120,1,1,1,1),
	(4,121,1,1,1,1),
	(4,122,1,1,1,1),
	(4,123,1,1,1,1),
	(4,124,1,1,1,1),
	(4,125,1,1,1,1),
	(4,126,0,0,0,0),
	(4,127,0,0,0,0),
	(4,128,1,1,1,1),
	(4,129,1,1,1,1),
	(4,130,1,1,1,1),
	(4,131,1,1,1,1),
	(4,132,1,1,1,1),
	(4,133,1,1,1,1),
	(4,134,1,1,1,1),
	(4,135,1,1,1,1),
	(4,136,1,1,1,1),
	(4,138,1,1,1,1),
	(4,139,1,1,1,1),
	(4,140,1,1,1,1),
	(4,141,1,1,1,1),
	(4,142,1,1,1,1),
	(4,143,0,0,0,0),
	(4,144,1,1,1,1),
	(4,145,0,0,0,0),
	(4,146,0,0,0,0),
	(4,147,0,0,0,0),
	(5,1,1,1,1,1),
	(5,2,0,0,0,0),
	(5,3,0,0,0,0),
	(5,4,0,0,0,0),
	(5,5,0,0,0,0),
	(5,6,0,0,0,0),
	(5,7,0,0,0,0),
	(5,8,1,1,1,0),
	(5,9,0,0,0,0),
	(5,10,1,1,1,1),
	(5,11,1,1,1,1),
	(5,12,0,0,0,0),
	(5,13,0,0,0,0),
	(5,14,1,1,1,1),
	(5,15,0,0,0,0),
	(5,16,0,0,0,0),
	(5,17,0,0,0,0),
	(5,18,0,0,0,0),
	(5,19,0,0,0,0),
	(5,22,0,0,0,0),
	(5,24,0,0,0,0),
	(5,26,1,1,1,0),
	(5,27,1,1,1,0),
	(5,28,0,0,0,0),
	(5,29,0,0,0,0),
	(5,30,0,0,0,0),
	(5,31,0,0,0,0),
	(5,32,0,0,0,0),
	(5,33,0,0,0,0),
	(5,34,1,1,1,1),
	(5,35,0,0,0,0),
	(5,36,1,1,1,1),
	(5,37,1,1,0,0),
	(5,38,1,1,1,0),
	(5,41,0,0,0,0),
	(5,42,0,0,0,0),
	(5,43,0,0,0,0),
	(5,44,0,0,0,0),
	(5,46,0,0,0,0),
	(5,47,0,0,0,0),
	(5,49,0,0,0,0),
	(5,53,0,0,0,0),
	(5,54,0,0,0,0),
	(5,55,0,0,0,0),
	(5,56,1,1,1,0),
	(5,57,1,1,1,0),
	(5,58,1,1,1,1),
	(5,60,1,1,1,1),
	(5,61,0,0,0,0),
	(5,62,0,0,0,0),
	(5,63,0,0,0,0),
	(5,65,0,0,0,0),
	(5,66,1,1,1,1),
	(5,67,1,1,1,0),
	(5,68,1,1,1,1),
	(5,69,0,0,0,0),
	(5,70,0,0,0,0),
	(5,71,0,0,0,0),
	(5,72,0,0,0,0),
	(5,73,1,1,1,1),
	(5,80,0,0,0,0),
	(5,82,1,1,1,0),
	(5,84,0,0,0,0),
	(5,85,0,0,0,0),
	(5,86,0,0,0,0),
	(5,87,0,0,0,0),
	(5,88,1,1,1,1),
	(5,105,0,0,0,0),
	(5,106,1,1,1,1),
	(5,108,1,1,1,1),
	(5,112,0,0,0,0),
	(5,113,0,0,0,0),
	(5,114,1,1,1,1),
	(5,115,1,1,1,1),
	(5,116,1,1,1,1),
	(5,117,1,1,1,1),
	(5,118,1,1,1,1),
	(5,119,0,0,0,0),
	(5,120,1,1,1,1),
	(5,121,1,1,1,1),
	(5,122,1,1,1,1),
	(5,123,1,1,1,1),
	(5,124,1,1,1,1),
	(5,125,1,1,1,1),
	(5,126,1,1,1,1),
	(5,127,1,1,1,1),
	(5,128,0,0,0,0),
	(5,129,0,0,0,0),
	(5,130,1,1,1,1),
	(5,131,0,0,0,0),
	(5,132,0,0,0,0),
	(5,133,0,0,0,0),
	(5,134,1,0,0,0),
	(5,135,0,0,0,0),
	(5,136,0,0,0,0),
	(5,138,1,1,1,0),
	(5,139,1,1,1,0),
	(5,140,0,0,0,0),
	(5,141,1,1,0,0),
	(5,142,0,0,0,0),
	(5,143,0,0,0,0),
	(5,144,1,1,1,1),
	(5,145,0,0,0,0),
	(5,146,0,0,0,0),
	(5,147,0,0,0,0);



# Dump of table pr_accessory
# ------------------------------------------------------------


CREATE TABLE `pr_accessory` (
  `id_product_1` int(10) unsigned NOT NULL,
  `id_product_2` int(10) unsigned NOT NULL,
  PRIMARY KEY (`id_product_1`,`id_product_2`)
) ENGINE=InnoDB DEFAULT CHARSET=utf8;



# Dump of table pr_address
# ------------------------------------------------------------


CREATE TABLE `pr_address` (
  `id_address` int(10) unsigned NOT NULL AUTO_INCREMENT,
  `id_country` int(10) unsigned NOT NULL,
  `id_state` int(10) unsigned DEFAULT NULL,
  `id_customer` int(10) unsigned NOT NULL DEFAULT '0',
  `id_manufacturer` int(10) unsigned NOT NULL DEFAULT '0',
  `id_supplier` int(10) unsigned NOT NULL DEFAULT '0',
  `id_warehouse` int(10) unsigned NOT NULL DEFAULT '0',
  `alias` varchar(32) NOT NULL,
  `company` varchar(32) DEFAULT NULL,
  `lastname` varchar(32) NOT NULL,
  `firstname` varchar(32) NOT NULL,
  `address1` varchar(128) NOT NULL,
  `address2` varchar(128) DEFAULT NULL,
  `postcode` varchar(12) DEFAULT NULL,
  `city` varchar(64) NOT NULL,
  `other` text,
  `phone` varchar(16) DEFAULT NULL,
  `phone_mobile` varchar(16) DEFAULT NULL,
  `vat_number` varchar(32) DEFAULT NULL,
  `dni` varchar(16) DEFAULT NULL,
  `date_add` datetime NOT NULL,
  `date_upd` datetime NOT NULL,
  `active` tinyint(1) unsigned NOT NULL DEFAULT '1',
  `deleted` tinyint(1) unsigned NOT NULL DEFAULT '0',
  PRIMARY KEY (`id_address`),
  KEY `address_customer` (`id_customer`),
  KEY `id_country` (`id_country`),
  KEY `id_state` (`id_state`),
  KEY `id_manufacturer` (`id_manufacturer`),
  KEY `id_supplier` (`id_supplier`)
) ENGINE=InnoDB DEFAULT CHARSET=utf8;


INSERT INTO `pr_address` (`id_address`, `id_country`, `id_state`, `id_customer`, `id_manufacturer`, `id_supplier`, `id_warehouse`, `alias`, `company`, `lastname`, `firstname`, `address1`, `address2`, `postcode`, `city`, `other`, `phone`, `phone_mobile`, `vat_number`, `dni`, `date_add`, `date_upd`, `active`, `deleted`)
VALUES
	(1,21,5,0,1,0,0,'manufacturer',NULL,'JOBS','STEVE','1 Infinite Loop',NULL,'95014','Cupertino',NULL,'(800) 275-2273',NULL,NULL,NULL,'2012-02-15 09:02:49','2012-02-15 09:02:49',1,0),
	(2,8,0,1,0,0,0,'Mon adresse','My Company','DOE','John','16, Main street','2nd floor','75000','Paris ',NULL,'102030405',NULL,NULL,NULL,'2012-02-15 09:02:49','2012-02-15 09:02:49',1,0),
	(3,10,224,2,0,0,0,'Il mio indirizzo','','Lorigliola','Davide','Via Sabbionera 109','','33053','Latisana','','043150504','','','','2012-04-16 17:06:20','2012-04-16 17:06:20',1,0),
	(4,109,0,9,0,0,0,'My address','','Thore','Marry','Flurgasse 12','','242','Kittsee','','9','','','','2012-11-07 19:21:09','2012-11-07 19:21:09',1,0),
	(5,109,109,10,0,0,0,'My address','My company','Berry','Adam','France','Soultz Les Bains','469','Soultz Les Bains','','6','9','','','2012-11-08 17:34:14','2012-11-08 17:34:14',1,0),
	(6,10,224,11,0,0,0,'abc','DELIZIA VIAGGI','Costantini','Tania','Via Isonzo 1','','33033','Codroipo','','0432900071','','','','2012-12-14 16:31:13','2012-12-14 16:31:13',1,0),
	(7,10,224,0,0,5,0,'Hotel Friuli','','supplier','supplier','Viale Ledra 24','','33100','Udine','','0432 234351','','','','2013-05-27 18:42:17','2013-06-01 09:47:18',1,0),
	(8,10,224,0,0,6,0,'Idea Hotel','','supplier','supplier','Via Alpe Adria 10','','33100','Tavagnacco','','0432 579600','','','','2013-05-27 18:43:18','2013-06-01 09:55:57',1,0),
	(9,10,224,0,0,7,0,'Hotel Best Western Continental','','supplier','supplier','Via Tricesimo 71','','33100','Udine','','0432 46969','','','','2013-05-27 18:44:11','2013-06-01 09:57:04',1,0),
	(10,10,224,0,0,8,0,'Hotel Best Western Là di Moret','','supplier','supplier','Viale Tricesimo 276','','33100','Udine','','0432 545096','','','','2013-05-27 18:45:13','2013-06-01 09:58:20',1,0),
	(11,10,224,0,0,9,0,'Hotel Astoria','','supplier','supplier','Piazza 20 settembre 24','','33100','Udine','','0432 505091','','','','2013-05-27 18:46:01','2013-06-01 09:59:17',1,0),
	(12,10,224,0,0,10,0,'Villa Premiere','','supplier','supplier','Via Cividale 177','','33100','Udine','','0432 581434','','','','2013-05-27 18:47:32','2013-06-01 10:10:31',1,0),
	(13,10,199,0,0,11,0,'Best Western Park Hotel','','supplier','supplier','Via Mazzini 43','','33170','Pordenone','','0434 27901','','','','2013-05-27 18:49:41','2013-06-01 10:12:01',1,0),
	(14,10,199,0,0,12,0,'Antico Borgo Torricella','','supplier','supplier','Via Pordenone 71','','33170','San Vito al Tagliamento','','0434 834072','','','','2013-05-27 18:51:00','2013-06-01 10:12:54',1,0),
	(15,10,199,0,0,13,0,'Grand Hotel President','','supplier','supplier','Via Cividale 10','','33170','Spilimbergo','','0427 51002','','','','2013-05-27 18:54:22','2013-06-01 10:13:43',1,0),
	(16,10,223,0,0,14,0,'Hotel Major','','supplier','supplier','Via Pietro Micca 19','','34010','Ronchi dei Legionari','','0481 476020','','','','2013-05-27 18:57:02','2013-06-01 10:16:05',1,0),
	(17,10,223,0,0,15,0,'Hotel San Giusto Best Western','','supplier','supplier','Via dell\'Istria 7','','34137','Trieste','','040 764824','','','','2013-05-28 09:18:44','2013-06-01 10:16:44',1,0),
	(18,10,223,0,0,16,0,'Hotel Jolly','','supplier','supplier','Corso Cavour 7','','34132','Trieste','','040 7600055','','','','2013-05-28 09:20:34','2013-06-01 10:18:26',1,0),
	(19,10,162,0,0,17,0,'Hotel Ai Cacciatori','','supplier','supplier','Via Terza Armata 20','','34070 ','Fogliano Redipuglia','','0481 489962','','','','2013-05-28 09:22:11','2013-06-01 10:28:47',1,0),
	(20,10,162,0,0,18,0,'Hotel Rialto','','supplier','supplier','Viale del Turismo 2','','34073','Grado','','0431 80658','','','','2013-05-28 09:23:47','2013-06-01 10:30:14',1,0),
	(21,10,162,0,0,19,0,'Hotel Fonzari','','supplier','supplier','Piazza Biagio Marin','','34073','Grado','','0431 876360 ','','','','2013-05-28 09:25:32','2013-06-05 17:42:42',1,0),
	(22,10,224,0,0,20,0,'Hotel New York','','supplier','supplier','Via dei Pini 10','','33054','Lignano Sabbiadoro','','0431 428509','','','','2013-05-28 09:27:08','2013-06-05 17:44:10',1,0),
	(23,10,224,0,0,21,0,'Osteria Alle Volte','','supplier','supplier','Via Mercato Vecchio 4','','33170','Udine','','0432 502800','','','','2013-05-28 16:44:36','2013-06-05 17:44:58',1,0),
	(24,10,224,0,0,22,0,'Al Vecchio Stallo','','supplier','supplier','Via Viola 7','','33170','Udine','','0432 21296','','','','2013-05-28 16:46:13','2013-06-05 17:46:32',1,0),
	(25,10,224,0,0,23,0,'Tana del Lupo','','supplier','supplier','Via IV novembre ','','33170','Pavia di Udine','','0432 655282','','','','2013-05-28 16:47:47','2013-06-05 17:49:20',1,0),
	(26,10,224,0,0,24,0,'Dok dall\'Ava','','supplier','supplier','Via Gemona 29','','33170','San Daniele','','0432 957335','','','','2013-05-28 16:50:19','2013-06-05 18:04:05',1,0),
	(27,10,224,0,0,25,0,'Antico Ristorante Toran','','supplier','supplier','Via Umberto I','','33170','San Daniele','','0432 957544','','','','2013-05-28 16:51:38','2013-06-05 18:05:59',1,0),
	(28,10,162,0,0,26,0,'Ai tre soldi goriziani','','supplier','supplier','Corso Italia 38','','34010','Gorizia','','0481 531956','','','','2013-05-28 16:53:03','2013-06-05 18:37:12',1,0),
	(29,10,224,0,0,27,0,'Da Solder','','supplier','supplier','Via Gramogliano 14','','33170','Corno di Rosazzo','','0432 759152','','','','2013-05-28 16:54:35','2013-06-05 18:42:32',1,0),
	(30,10,224,0,0,28,0,'Osteria della Ribolla','','supplier','supplier','Via Forum Juli 2','','33170','Corno di Rosazzo','','0432 759753','','','','2013-05-28 16:55:52','2013-06-05 18:45:59',1,0),
	(31,10,224,0,0,29,0,'Al Pomo d\'Oro','','supplier','supplier','Piazza San Giovanni 20','','33043','Cividale','','0432 731489','','','','2013-05-28 16:58:14','2013-06-05 18:48:57',1,0),
	(32,10,224,0,0,30,0,'Al Fortino','','supplier','supplier','Via Carlo Alberto 40','','33043','Cividale','','0432 731217','','','','2013-05-28 16:59:17','2013-06-05 18:53:21',1,0),
	(33,10,223,0,0,31,0,'Caffè Tommaseo','','supplier','supplier','Piazza Nicolò Tommaseo','','34010','Trieste','','040 362666','','','','2013-05-28 17:02:12','2013-06-05 18:55:40',1,0),
	(34,10,223,0,0,32,0,'Nero di Seppia','','supplier','supplier','Vai Cadorna 23','','34010','Trieste','','040 301377','','','','2013-05-28 17:03:15','2013-06-05 18:57:45',1,0),
	(35,10,223,0,0,33,0,'Suban','','supplier','supplier','Via Emilio Comici 2','','34128','Trieste','','040 54368','','','','2013-05-28 17:04:29','2013-06-05 18:59:17',1,0),
	(36,10,162,0,0,34,0,'Da Ovidio','','supplier','supplier','Via Marina 36','','34073','Grado','','0431 80440','','','','2013-05-28 17:05:31','2013-06-05 19:05:03',1,0),
	(37,10,224,0,0,35,0,'La Colombara','','supplier','supplier','Via Zilli 34','','33051','Aquileia','','0431 91513','','','','2013-05-28 17:06:50','2013-05-29 17:33:22',1,0),
	(38,10,224,0,0,36,0,'Hotel Ai Patriarchi','','supplier','supplier','Via Julia 1','','33050','Sevegliano','','0431 919596','','','','2013-05-28 17:08:33','2013-05-29 18:53:58',1,0),
	(39,10,224,0,0,37,0,'Napoleone','','supplier','supplier','Via Napoleonica 9','','33050','Castions di Strada','','0432 768025','','','','2013-05-28 17:09:35','2013-05-30 09:22:13',1,0),
	(40,10,0,0,0,38,0,'La Ferrata','','supplier','supplier','Via Gorizia 7','','33170','Pordenone','','0434 20562','','','','2013-05-28 17:10:40','2013-05-30 09:33:57',1,0),
	(41,10,199,0,0,39,0,'Abbate Ermanno','','supplier','supplier','Piazza Aquileia 2','','33079','Sesto al Reghena','','0434 694911','','','','2013-05-28 18:39:38','2013-05-30 09:42:04',1,0),
	(42,10,199,0,0,40,0,'Dall\'Ongaro','','supplier','supplier','Piazza G. Mazzini','','33080','Ghirano di Prata','','0434 622234','','','','2013-05-28 18:40:38','2013-05-30 09:50:35',1,0),
	(43,10,224,0,0,41,0,'Madot','','supplier','supplier','Via Santuario 29','','33030','Codroipo','','0432 908029','','','','2013-05-28 18:41:40','2013-05-30 10:05:44',1,0),
	(44,10,224,0,0,42,0,'Trattoria Da Wanda','','supplier','supplier','Vai Erminia 9','','33030','Codroipo','','0432 900029','','','','2013-05-28 18:42:30','2013-05-30 10:09:19',1,0),
	(45,10,224,0,0,43,0,'Alle Ortensie','','supplier','supplier','Via Nuova 25','','33034','San Vito di Fagagna','','0432 808368','','','','2013-05-28 18:43:51','2013-05-30 10:14:39',1,0),
	(46,10,224,0,0,44,0,'Hotel Costantini','','supplier','supplier','Via Pontebbana ','','33017','Collalto','','0432 792004','','','','2013-05-28 18:45:00','2013-05-30 10:27:32',1,0),
	(47,10,224,0,0,45,0,'Da Afro','','supplier','supplier','Via Umberto I 14','','33097','Spilimbergo','','0427 2264','','','','2013-05-28 18:48:43','2013-05-30 11:03:43',1,0),
	(48,10,224,0,0,46,0,'Mulino delle Tolle','','supplier','supplier','Via Julia 1','','33050','Bagnaria Arsa','','0432 924723','','','','2013-05-29 18:19:33','2013-05-30 09:19:25',1,0),
	(49,10,224,0,0,47,0,'Al Mus C\'Al Svuale','','supplier','supplier','Via 20 settembre 10','','33097','Spilimbergo','','0427 51588','','','','2013-05-30 11:27:55','2013-05-30 12:05:21',1,0),
	(50,10,224,0,0,48,0,'Al Bachero','','supplier','supplier','Via Pilacorte 5','','33057','Spilimbergo','','0427 2317','','','','2013-05-30 11:30:04','2013-05-30 12:09:20',1,0),
	(51,10,224,0,0,49,0,'Fattoria dei Gelsi','','supplier','supplier','Via Lignano Sud 55','','33053','Lignano Sabbiadoro','','0431 53100','','','','2013-05-30 11:32:11','2013-05-30 12:11:45',1,0),
	(52,10,224,0,0,50,0,'La Granseola','','supplier','supplier','Viale a Mare 3','','33054','Lignano','','0431 422034','','','','2013-05-30 11:34:52','2013-05-30 12:16:11',1,0),
	(53,10,199,0,0,51,0,'Europa e Dintorni','','supplier','supplier','Largo Isonzo 1','','33098','Valvasone','','0434 899082','','','','2013-05-30 11:40:32','2013-05-30 12:20:01',1,0),
	(54,10,199,0,0,52,0,'Cantina Pitars','','supplier','supplier','Via Tonello 10','','33098','San Martino al Tagliamento','','0434 88078','','','','2013-05-30 17:04:07','2013-05-31 10:29:50',1,0),
	(55,10,199,0,0,53,0,'Cantina Bulfon','','supplier','supplier','Via Roma 4','','33090','Pinzano al Tagliamento','','0432 950061','','','','2013-05-30 17:06:27','2013-05-31 10:48:21',1,0),
	(56,10,199,0,0,54,0,'Cantina Rauscedo','','supplier','supplier','Via del Sile 16','','33095','Rauscedo','','0427 94020','','','','2013-05-30 17:07:36','2013-05-31 10:52:26',1,0),
	(57,10,199,0,0,55,0,'Cantine Delizia','','supplier','supplier','Viale Udine 24','','33072','Casarsa della Delizia','','0434 869564','','','','2013-05-30 17:08:30','2013-05-31 15:07:01',1,0),
	(58,10,199,0,0,56,0,'Distilleria Pagura','','supplier','supplier','Via V. Favetti 25','','33080','Castions di Zoppola','','0434 97021','','','','2013-05-30 17:09:57','2013-05-31 15:14:02',1,0),
	(59,10,199,0,0,57,0,'Cantina Butussi','','supplier','supplier','Via Prà di Corte 1','','33040','Corno di Rosazzo','','0432 759194','','','','2013-05-30 17:11:31','2013-05-31 15:23:30',1,0),
	(60,10,162,0,0,58,0,'Tenuta Luisa','','supplier','supplier','Via Campo Sportivo 13','','34070','Mariano del Friuli','','0481 69680','','','','2013-05-30 17:12:55','2013-05-31 15:29:04',1,0),
	(61,10,162,0,0,59,0,'Castello di Spessa','','supplier','supplier','Via Corona 62','','34071','Cormons','','0481 60445','','','','2013-05-30 17:14:03','2013-05-31 15:40:06',1,0),
	(62,10,224,0,0,60,0,'Ca\' Tullio','','supplier','supplier','Via Beligna 41','','33051','Aquileia','','0431 919700','','','','2013-05-30 17:16:57','2013-05-31 15:50:02',1,0),
	(63,10,224,0,0,61,0,'Cantina Ferrin','','supplier','supplier','Casali Maione 8','','33030','Camino al Tagliamento','','0432 919106','','','','2013-05-30 18:24:31','2013-05-31 15:56:04',1,0),
	(64,10,224,0,0,62,0,'Vigneti Pittaro','','supplier','supplier','Strada Statale Udine-Pordenone','','33030','Codroipo','','0432 904726','','','','2013-05-30 18:25:59','2013-05-31 17:04:58',1,0),
	(65,10,224,0,0,63,0,'Cantina Foffani','','supplier','supplier','Piazza Giulia 13','','33050','Trivignano Udinese','','0432 999584','','','','2013-05-30 18:27:52','2013-05-31 17:25:19',1,0);



# Dump of table pr_address_format
# ------------------------------------------------------------


CREATE TABLE `pr_address_format` (
  `id_country` int(10) unsigned NOT NULL,
  `format` varchar(255) NOT NULL DEFAULT '',
  PRIMARY KEY (`id_country`)
) ENGINE=InnoDB DEFAULT CHARSET=utf8;


INSERT INTO `pr_address_format` (`id_country`, `format`)
VALUES
	(1,'firstname lastname\ncompany\nvat_number\naddress1\naddress2\npostcode city\nCountry:name\nphone'),
	(2,'firstname lastname\ncompany\nvat_number\naddress1\naddress2\npostcode city\nCountry:name\nphone'),
	(3,'firstname lastname\ncompany\nvat_number\naddress1\naddress2\npostcode city\nCountry:name\nphone'),
	(4,'firstname lastname\ncompany\naddress1\naddress2\ncity State:name postcode\nCountry:name\nphone'),
	(5,'firstname lastname\ncompany\nvat_number\naddress1\naddress2\npostcode city\nCountry:name\nphone'),
	(6,'firstname lastname\ncompany\nvat_number\naddress1\naddress2\npostcode city\nCountry:name\nphone'),
	(7,'firstname lastname\ncompany\nvat_number\naddress1\naddress2\npostcode city\nCountry:name\nphone'),
	(8,'firstname lastname\ncompany\nvat_number\naddress1\naddress2\npostcode city\nCountry:name\nphone'),
	(9,'firstname lastname\ncompany\nvat_number\naddress1\naddress2\npostcode city\nCountry:name\nphone'),
	(10,'firstname lastname\ncompany\nvat_number\naddress1\naddress2\npostcode city\nState:name\nCountry:name\nphone'),
	(11,'firstname lastname\ncompany\nvat_number\naddress1\naddress2\npostcode city\nCountry:name\nphone'),
	(12,'firstname lastname\ncompany\nvat_number\naddress1\naddress2\npostcode city\nCountry:name\nphone'),
	(13,'firstname lastname\ncompany\nvat_number\naddress1\naddress2\npostcode city\nCountry:name\nphone'),
	(14,'firstname lastname\ncompany\nvat_number\naddress1\naddress2\npostcode city\nCountry:name\nphone'),
	(15,'firstname lastname\ncompany\nvat_number\naddress1\naddress2\npostcode city\nCountry:name\nphone'),
	(16,'firstname lastname\ncompany\nvat_number\naddress1\naddress2\npostcode city\nCountry:name\nphone'),
	(17,'firstname lastname\ncompany\nvat_number\naddress1\naddress2\npostcode city\nCountry:name\nphone'),
	(18,'firstname lastname\ncompany\nvat_number\naddress1\naddress2\npostcode city\nCountry:name\nphone'),
	(19,'firstname lastname\ncompany\nvat_number\naddress1\naddress2\npostcode city\nCountry:name\nphone'),
	(20,'firstname lastname\ncompany\nvat_number\naddress1\naddress2\npostcode city\nCountry:name\nphone'),
	(21,'firstname lastname\ncompany\naddress1 address2\ncity, State:name postcode\nCountry:name\nphone'),
	(22,'firstname lastname\ncompany\nvat_number\naddress1\naddress2\npostcode city\nCountry:name\nphone'),
	(23,'firstname lastname\ncompany\nvat_number\naddress1\naddress2\npostcode city\nCountry:name\nphone'),
	(24,'firstname lastname\ncompany\nvat_number\naddress1\naddress2\npostcode city\nCountry:name\nphone'),
	(25,'firstname lastname\ncompany\nvat_number\naddress1\naddress2\npostcode city\nCountry:name\nphone'),
	(26,'firstname lastname\ncompany\nvat_number\naddress1\naddress2\npostcode city\nCountry:name\nphone'),
	(27,'firstname lastname\ncompany\nvat_number\naddress1\naddress2\npostcode city\nCountry:name\nphone'),
	(28,'firstname lastname\ncompany\nvat_number\naddress1\naddress2\npostcode city\nCountry:name\nphone'),
	(29,'firstname lastname\ncompany\nvat_number\naddress1\naddress2\npostcode city\nCountry:name\nphone'),
	(30,'firstname lastname\ncompany\nvat_number\naddress1\naddress2\npostcode city\nCountry:name\nphone'),
	(31,'firstname lastname\ncompany\nvat_number\naddress1\naddress2\npostcode city\nCountry:name\nphone'),
	(32,'firstname lastname\ncompany\nvat_number\naddress1\naddress2\npostcode city\nCountry:name\nphone'),
	(33,'firstname lastname\ncompany\nvat_number\naddress1\naddress2\npostcode city\nCountry:name\nphone'),
	(34,'firstname lastname\ncompany\nvat_number\naddress1\naddress2\npostcode city\nCountry:name\nphone'),
	(35,'firstname lastname\ncompany\nvat_number\naddress1\naddress2\npostcode city\nCountry:name\nphone'),
	(36,'firstname lastname\ncompany\nvat_number\naddress1\naddress2\npostcode city\nCountry:name\nphone'),
	(37,'firstname lastname\ncompany\nvat_number\naddress1\naddress2\npostcode city\nCountry:name\nphone'),
	(38,'firstname lastname\ncompany\nvat_number\naddress1\naddress2\npostcode city\nCountry:name\nphone'),
	(39,'firstname lastname\ncompany\nvat_number\naddress1\naddress2\npostcode city\nCountry:name\nphone'),
	(40,'firstname lastname\ncompany\nvat_number\naddress1\naddress2\npostcode city\nCountry:name\nphone'),
	(41,'firstname lastname\ncompany\nvat_number\naddress1\naddress2\npostcode city\nCountry:name\nphone'),
	(42,'firstname lastname\ncompany\nvat_number\naddress1\naddress2\npostcode city\nCountry:name\nphone'),
	(43,'firstname lastname\ncompany\nvat_number\naddress1\naddress2\npostcode city\nCountry:name\nphone'),
	(44,'firstname lastname\ncompany\nvat_number\naddress1\naddress2\npostcode city\nCountry:name\nphone'),
	(45,'firstname lastname\ncompany\nvat_number\naddress1\naddress2\npostcode city\nCountry:name\nphone'),
	(46,'firstname lastname\ncompany\nvat_number\naddress1\naddress2\npostcode city\nCountry:name\nphone'),
	(47,'firstname lastname\ncompany\nvat_number\naddress1\naddress2\npostcode city\nCountry:name\nphone'),
	(48,'firstname lastname\ncompany\nvat_number\naddress1\naddress2\npostcode city\nCountry:name\nphone'),
	(49,'firstname lastname\ncompany\nvat_number\naddress1\naddress2\npostcode city\nCountry:name\nphone'),
	(50,'firstname lastname\ncompany\nvat_number\naddress1\naddress2\npostcode city\nCountry:name\nphone'),
	(51,'firstname lastname\ncompany\nvat_number\naddress1\naddress2\npostcode city\nCountry:name\nphone'),
	(52,'firstname lastname\ncompany\nvat_number\naddress1\naddress2\npostcode city\nCountry:name\nphone'),
	(53,'firstname lastname\ncompany\nvat_number\naddress1\naddress2\npostcode city\nCountry:name\nphone'),
	(54,'firstname lastname\ncompany\nvat_number\naddress1\naddress2\npostcode city\nCountry:name\nphone'),
	(55,'firstname lastname\ncompany\nvat_number\naddress1\naddress2\npostcode city\nCountry:name\nphone'),
	(56,'firstname lastname\ncompany\nvat_number\naddress1\naddress2\npostcode city\nCountry:name\nphone'),
	(57,'firstname lastname\ncompany\nvat_number\naddress1\naddress2\npostcode city\nCountry:name\nphone'),
	(58,'firstname lastname\ncompany\nvat_number\naddress1\naddress2\npostcode city\nCountry:name\nphone'),
	(59,'firstname lastname\ncompany\nvat_number\naddress1\naddress2\npostcode city\nCountry:name\nphone'),
	(60,'firstname lastname\ncompany\nvat_number\naddress1\naddress2\npostcode city\nCountry:name\nphone'),
	(61,'firstname lastname\ncompany\nvat_number\naddress1\naddress2\npostcode city\nCountry:name\nphone'),
	(62,'firstname lastname\ncompany\nvat_number\naddress1\naddress2\npostcode city\nCountry:name\nphone'),
	(63,'firstname lastname\ncompany\nvat_number\naddress1\naddress2\npostcode city\nCountry:name\nphone'),
	(64,'firstname lastname\ncompany\nvat_number\naddress1\naddress2\npostcode city\nCountry:name\nphone'),
	(65,'firstname lastname\ncompany\nvat_number\naddress1\naddress2\npostcode city\nCountry:name\nphone'),
	(66,'firstname lastname\ncompany\nvat_number\naddress1\naddress2\npostcode city\nCountry:name\nphone'),
	(67,'firstname lastname\ncompany\nvat_number\naddress1\naddress2\npostcode city\nCountry:name\nphone'),
	(68,'firstname lastname\ncompany\nvat_number\naddress1\naddress2\npostcode city\nCountry:name\nphone'),
	(69,'firstname lastname\ncompany\nvat_number\naddress1\naddress2\npostcode city\nCountry:name\nphone'),
	(70,'firstname lastname\ncompany\nvat_number\naddress1\naddress2\npostcode city\nCountry:name\nphone'),
	(71,'firstname lastname\ncompany\nvat_number\naddress1\naddress2\npostcode city\nCountry:name\nphone'),
	(72,'firstname lastname\ncompany\nvat_number\naddress1\naddress2\npostcode city\nCountry:name\nphone'),
	(73,'firstname lastname\ncompany\nvat_number\naddress1\naddress2\npostcode city\nCountry:name\nphone'),
	(74,'firstname lastname\ncompany\nvat_number\naddress1\naddress2\npostcode city\nCountry:name\nphone'),
	(75,'firstname lastname\ncompany\nvat_number\naddress1\naddress2\npostcode city\nCountry:name\nphone'),
	(76,'firstname lastname\ncompany\nvat_number\naddress1\naddress2\npostcode city\nCountry:name\nphone'),
	(77,'firstname lastname\ncompany\nvat_number\naddress1\naddress2\npostcode city\nCountry:name\nphone'),
	(78,'firstname lastname\ncompany\nvat_number\naddress1\naddress2\npostcode city\nCountry:name\nphone'),
	(79,'firstname lastname\ncompany\nvat_number\naddress1\naddress2\npostcode city\nCountry:name\nphone'),
	(80,'firstname lastname\ncompany\nvat_number\naddress1\naddress2\npostcode city\nCountry:name\nphone'),
	(81,'firstname lastname\ncompany\nvat_number\naddress1\naddress2\npostcode city\nCountry:name\nphone'),
	(82,'firstname lastname\ncompany\nvat_number\naddress1\naddress2\npostcode city\nCountry:name\nphone'),
	(83,'firstname lastname\ncompany\nvat_number\naddress1\naddress2\npostcode city\nCountry:name\nphone'),
	(84,'firstname lastname\ncompany\nvat_number\naddress1\naddress2\npostcode city\nCountry:name\nphone'),
	(85,'firstname lastname\ncompany\nvat_number\naddress1\naddress2\npostcode city\nCountry:name\nphone'),
	(86,'firstname lastname\ncompany\nvat_number\naddress1\naddress2\npostcode city\nCountry:name\nphone'),
	(87,'firstname lastname\ncompany\nvat_number\naddress1\naddress2\npostcode city\nCountry:name\nphone'),
	(88,'firstname lastname\ncompany\nvat_number\naddress1\naddress2\npostcode city\nCountry:name\nphone'),
	(89,'firstname lastname\ncompany\nvat_number\naddress1\naddress2\npostcode city\nCountry:name\nphone'),
	(90,'firstname lastname\ncompany\nvat_number\naddress1\naddress2\npostcode city\nCountry:name\nphone'),
	(91,'firstname lastname\ncompany\nvat_number\naddress1\naddress2\npostcode city\nCountry:name\nphone'),
	(92,'firstname lastname\ncompany\nvat_number\naddress1\naddress2\npostcode city\nCountry:name\nphone'),
	(93,'firstname lastname\ncompany\nvat_number\naddress1\naddress2\npostcode city\nCountry:name\nphone'),
	(94,'firstname lastname\ncompany\nvat_number\naddress1\naddress2\npostcode city\nCountry:name\nphone'),
	(95,'firstname lastname\ncompany\nvat_number\naddress1\naddress2\npostcode city\nCountry:name\nphone'),
	(96,'firstname lastname\ncompany\nvat_number\naddress1\naddress2\npostcode city\nCountry:name\nphone'),
	(97,'firstname lastname\ncompany\nvat_number\naddress1\naddress2\npostcode city\nCountry:name\nphone'),
	(98,'firstname lastname\ncompany\nvat_number\naddress1\naddress2\npostcode city\nCountry:name\nphone'),
	(99,'firstname lastname\ncompany\nvat_number\naddress1\naddress2\npostcode city\nCountry:name\nphone'),
	(100,'firstname lastname\ncompany\nvat_number\naddress1\naddress2\npostcode city\nCountry:name\nphone'),
	(101,'firstname lastname\ncompany\nvat_number\naddress1\naddress2\npostcode city\nCountry:name\nphone'),
	(102,'firstname lastname\ncompany\nvat_number\naddress1\naddress2\npostcode city\nCountry:name\nphone'),
	(103,'firstname lastname\ncompany\nvat_number\naddress1\naddress2\npostcode city\nCountry:name\nphone'),
	(104,'firstname lastname\ncompany\nvat_number\naddress1\naddress2\npostcode city\nCountry:name\nphone'),
	(105,'firstname lastname\ncompany\nvat_number\naddress1\naddress2\npostcode city\nCountry:name\nphone'),
	(106,'firstname lastname\ncompany\nvat_number\naddress1\naddress2\npostcode city\nCountry:name\nphone'),
	(107,'firstname lastname\ncompany\nvat_number\naddress1\naddress2\npostcode city\nCountry:name\nphone'),
	(108,'firstname lastname\ncompany\nvat_number\naddress1\naddress2\npostcode city\nCountry:name\nphone'),
	(109,'firstname lastname\ncompany\nvat_number\naddress1\naddress2\npostcode city\nCountry:name\nphone'),
	(110,'firstname lastname\ncompany\nvat_number\naddress1\naddress2\npostcode city\nCountry:name\nphone'),
	(111,'firstname lastname\ncompany\nvat_number\naddress1\naddress2\npostcode city\nCountry:name\nphone'),
	(112,'firstname lastname\ncompany\nvat_number\naddress1\naddress2\npostcode city\nCountry:name\nphone'),
	(113,'firstname lastname\ncompany\nvat_number\naddress1\naddress2\npostcode city\nCountry:name\nphone'),
	(114,'firstname lastname\ncompany\nvat_number\naddress1\naddress2\npostcode city\nCountry:name\nphone'),
	(115,'firstname lastname\ncompany\nvat_number\naddress1\naddress2\npostcode city\nCountry:name\nphone'),
	(116,'firstname lastname\ncompany\nvat_number\naddress1\naddress2\npostcode city\nCountry:name\nphone'),
	(117,'firstname lastname\ncompany\nvat_number\naddress1\naddress2\npostcode city\nCountry:name\nphone'),
	(118,'firstname lastname\ncompany\nvat_number\naddress1\naddress2\npostcode city\nCountry:name\nphone'),
	(119,'firstname lastname\ncompany\nvat_number\naddress1\naddress2\npostcode city\nCountry:name\nphone'),
	(120,'firstname lastname\ncompany\nvat_number\naddress1\naddress2\npostcode city\nCountry:name\nphone'),
	(121,'firstname lastname\ncompany\nvat_number\naddress1\naddress2\npostcode city\nCountry:name\nphone'),
	(122,'firstname lastname\ncompany\nvat_number\naddress1\naddress2\npostcode city\nCountry:name\nphone'),
	(123,'firstname lastname\ncompany\nvat_number\naddress1\naddress2\npostcode city\nCountry:name\nphone'),
	(124,'firstname lastname\ncompany\nvat_number\naddress1\naddress2\npostcode city\nCountry:name\nphone'),
	(125,'firstname lastname\ncompany\nvat_number\naddress1\naddress2\npostcode city\nCountry:name\nphone'),
	(126,'firstname lastname\ncompany\nvat_number\naddress1\naddress2\npostcode city\nCountry:name\nphone'),
	(127,'firstname lastname\ncompany\nvat_number\naddress1\naddress2\npostcode city\nCountry:name\nphone'),
	(128,'firstname lastname\ncompany\nvat_number\naddress1\naddress2\npostcode city\nCountry:name\nphone'),
	(129,'firstname lastname\ncompany\nvat_number\naddress1\naddress2\npostcode city\nCountry:name\nphone'),
	(130,'firstname lastname\ncompany\nvat_number\naddress1\naddress2\npostcode city\nCountry:name\nphone'),
	(131,'firstname lastname\ncompany\nvat_number\naddress1\naddress2\npostcode city\nCountry:name\nphone'),
	(132,'firstname lastname\ncompany\nvat_number\naddress1\naddress2\npostcode city\nCountry:name\nphone'),
	(133,'firstname lastname\ncompany\nvat_number\naddress1\naddress2\npostcode city\nCountry:name\nphone'),
	(134,'firstname lastname\ncompany\nvat_number\naddress1\naddress2\npostcode city\nCountry:name\nphone'),
	(135,'firstname lastname\ncompany\nvat_number\naddress1\naddress2\npostcode city\nCountry:name\nphone'),
	(136,'firstname lastname\ncompany\nvat_number\naddress1\naddress2\npostcode city\nCountry:name\nphone'),
	(137,'firstname lastname\ncompany\nvat_number\naddress1\naddress2\npostcode city\nCountry:name\nphone'),
	(138,'firstname lastname\ncompany\nvat_number\naddress1\naddress2\npostcode city\nCountry:name\nphone'),
	(139,'firstname lastname\ncompany\nvat_number\naddress1\naddress2\npostcode city\nCountry:name\nphone'),
	(140,'firstname lastname\ncompany\nvat_number\naddress1\naddress2\npostcode city\nCountry:name\nphone'),
	(141,'firstname lastname\ncompany\nvat_number\naddress1\naddress2\npostcode city\nCountry:name\nphone'),
	(142,'firstname lastname\ncompany\nvat_number\naddress1\naddress2\npostcode city\nCountry:name\nphone'),
	(143,'firstname lastname\ncompany\nvat_number\naddress1\naddress2\npostcode city\nCountry:name\nphone'),
	(144,'firstname lastname\ncompany\nvat_number\naddress1\naddress2\npostcode city\nCountry:name\nphone'),
	(145,'firstname lastname\ncompany\nvat_number\naddress1\naddress2\npostcode city\nCountry:name\nphone'),
	(146,'firstname lastname\ncompany\nvat_number\naddress1\naddress2\npostcode city\nCountry:name\nphone'),
	(147,'firstname lastname\ncompany\nvat_number\naddress1\naddress2\npostcode city\nCountry:name\nphone'),
	(148,'firstname lastname\ncompany\nvat_number\naddress1\naddress2\npostcode city\nCountry:name\nphone'),
	(149,'firstname lastname\ncompany\nvat_number\naddress1\naddress2\npostcode city\nCountry:name\nphone'),
	(150,'firstname lastname\ncompany\nvat_number\naddress1\naddress2\npostcode city\nCountry:name\nphone'),
	(151,'firstname lastname\ncompany\nvat_number\naddress1\naddress2\npostcode city\nCountry:name\nphone'),
	(152,'firstname lastname\ncompany\nvat_number\naddress1\naddress2\npostcode city\nCountry:name\nphone'),
	(153,'firstname lastname\ncompany\nvat_number\naddress1\naddress2\npostcode city\nCountry:name\nphone'),
	(154,'firstname lastname\ncompany\nvat_number\naddress1\naddress2\npostcode city\nCountry:name\nphone'),
	(155,'firstname lastname\ncompany\nvat_number\naddress1\naddress2\npostcode city\nCountry:name\nphone'),
	(156,'firstname lastname\ncompany\nvat_number\naddress1\naddress2\npostcode city\nCountry:name\nphone'),
	(157,'firstname lastname\ncompany\nvat_number\naddress1\naddress2\npostcode city\nCountry:name\nphone'),
	(158,'firstname lastname\ncompany\nvat_number\naddress1\naddress2\npostcode city\nCountry:name\nphone'),
	(159,'firstname lastname\ncompany\nvat_number\naddress1\naddress2\npostcode city\nCountry:name\nphone'),
	(160,'firstname lastname\ncompany\nvat_number\naddress1\naddress2\npostcode city\nCountry:name\nphone'),
	(161,'firstname lastname\ncompany\nvat_number\naddress1\naddress2\npostcode city\nCountry:name\nphone'),
	(162,'firstname lastname\ncompany\nvat_number\naddress1\naddress2\npostcode city\nCountry:name\nphone'),
	(163,'firstname lastname\ncompany\nvat_number\naddress1\naddress2\npostcode city\nCountry:name\nphone'),
	(164,'firstname lastname\ncompany\nvat_number\naddress1\naddress2\npostcode city\nCountry:name\nphone'),
	(165,'firstname lastname\ncompany\nvat_number\naddress1\naddress2\npostcode city\nCountry:name\nphone'),
	(166,'firstname lastname\ncompany\nvat_number\naddress1\naddress2\npostcode city\nCountry:name\nphone'),
	(167,'firstname lastname\ncompany\nvat_number\naddress1\naddress2\npostcode city\nCountry:name\nphone'),
	(168,'firstname lastname\ncompany\nvat_number\naddress1\naddress2\npostcode city\nCountry:name\nphone'),
	(169,'firstname lastname\ncompany\nvat_number\naddress1\naddress2\npostcode city\nCountry:name\nphone'),
	(170,'firstname lastname\ncompany\nvat_number\naddress1\naddress2\npostcode city\nCountry:name\nphone'),
	(171,'firstname lastname\ncompany\nvat_number\naddress1\naddress2\npostcode city\nCountry:name\nphone'),
	(172,'firstname lastname\ncompany\nvat_number\naddress1\naddress2\npostcode city\nCountry:name\nphone'),
	(173,'firstname lastname\ncompany\nvat_number\naddress1\naddress2\npostcode city\nCountry:name\nphone'),
	(174,'firstname lastname\ncompany\nvat_number\naddress1\naddress2\npostcode city\nCountry:name\nphone'),
	(175,'firstname lastname\ncompany\nvat_number\naddress1\naddress2\npostcode city\nCountry:name\nphone'),
	(176,'firstname lastname\ncompany\nvat_number\naddress1\naddress2\npostcode city\nCountry:name\nphone'),
	(177,'firstname lastname\ncompany\nvat_number\naddress1\naddress2\npostcode city\nCountry:name\nphone'),
	(178,'firstname lastname\ncompany\nvat_number\naddress1\naddress2\npostcode city\nCountry:name\nphone'),
	(179,'firstname lastname\ncompany\nvat_number\naddress1\naddress2\npostcode city\nCountry:name\nphone'),
	(180,'firstname lastname\ncompany\nvat_number\naddress1\naddress2\npostcode city\nCountry:name\nphone'),
	(181,'firstname lastname\ncompany\nvat_number\naddress1\naddress2\npostcode city\nCountry:name\nphone'),
	(182,'firstname lastname\ncompany\nvat_number\naddress1\naddress2\npostcode city\nCountry:name\nphone'),
	(183,'firstname lastname\ncompany\nvat_number\naddress1\naddress2\npostcode city\nCountry:name\nphone'),
	(184,'firstname lastname\ncompany\nvat_number\naddress1\naddress2\npostcode city\nCountry:name\nphone'),
	(185,'firstname lastname\ncompany\nvat_number\naddress1\naddress2\npostcode city\nCountry:name\nphone'),
	(186,'firstname lastname\ncompany\nvat_number\naddress1\naddress2\npostcode city\nCountry:name\nphone'),
	(187,'firstname lastname\ncompany\nvat_number\naddress1\naddress2\npostcode city\nCountry:name\nphone'),
	(188,'firstname lastname\ncompany\nvat_number\naddress1\naddress2\npostcode city\nCountry:name\nphone'),
	(189,'firstname lastname\ncompany\nvat_number\naddress1\naddress2\npostcode city\nCountry:name\nphone'),
	(190,'firstname lastname\ncompany\nvat_number\naddress1\naddress2\npostcode city\nCountry:name\nphone'),
	(191,'firstname lastname\ncompany\nvat_number\naddress1\naddress2\npostcode city\nCountry:name\nphone'),
	(192,'firstname lastname\ncompany\nvat_number\naddress1\naddress2\npostcode city\nCountry:name\nphone'),
	(193,'firstname lastname\ncompany\nvat_number\naddress1\naddress2\npostcode city\nCountry:name\nphone'),
	(194,'firstname lastname\ncompany\nvat_number\naddress1\naddress2\npostcode city\nCountry:name\nphone'),
	(195,'firstname lastname\ncompany\nvat_number\naddress1\naddress2\npostcode city\nCountry:name\nphone'),
	(196,'firstname lastname\ncompany\nvat_number\naddress1\naddress2\npostcode city\nCountry:name\nphone'),
	(197,'firstname lastname\ncompany\nvat_number\naddress1\naddress2\npostcode city\nCountry:name\nphone'),
	(198,'firstname lastname\ncompany\nvat_number\naddress1\naddress2\npostcode city\nCountry:name\nphone'),
	(199,'firstname lastname\ncompany\nvat_number\naddress1\naddress2\npostcode city\nCountry:name\nphone'),
	(200,'firstname lastname\ncompany\nvat_number\naddress1\naddress2\npostcode city\nCountry:name\nphone'),
	(201,'firstname lastname\ncompany\nvat_number\naddress1\naddress2\npostcode city\nCountry:name\nphone'),
	(202,'firstname lastname\ncompany\nvat_number\naddress1\naddress2\npostcode city\nCountry:name\nphone'),
	(203,'firstname lastname\ncompany\nvat_number\naddress1\naddress2\npostcode city\nCountry:name\nphone'),
	(204,'firstname lastname\ncompany\nvat_number\naddress1\naddress2\npostcode city\nCountry:name\nphone'),
	(205,'firstname lastname\ncompany\nvat_number\naddress1\naddress2\npostcode city\nCountry:name\nphone'),
	(206,'firstname lastname\ncompany\nvat_number\naddress1\naddress2\npostcode city\nCountry:name\nphone'),
	(207,'firstname lastname\ncompany\nvat_number\naddress1\naddress2\npostcode city\nCountry:name\nphone'),
	(208,'firstname lastname\ncompany\nvat_number\naddress1\naddress2\npostcode city\nCountry:name\nphone'),
	(209,'firstname lastname\ncompany\nvat_number\naddress1\naddress2\npostcode city\nCountry:name\nphone'),
	(210,'firstname lastname\ncompany\nvat_number\naddress1\naddress2\npostcode city\nCountry:name\nphone'),
	(211,'firstname lastname\ncompany\nvat_number\naddress1\naddress2\npostcode city\nCountry:name\nphone'),
	(212,'firstname lastname\ncompany\nvat_number\naddress1\naddress2\npostcode city\nCountry:name\nphone'),
	(213,'firstname lastname\ncompany\nvat_number\naddress1\naddress2\npostcode city\nCountry:name\nphone'),
	(214,'firstname lastname\ncompany\nvat_number\naddress1\naddress2\npostcode city\nCountry:name\nphone'),
	(215,'firstname lastname\ncompany\nvat_number\naddress1\naddress2\npostcode city\nCountry:name\nphone'),
	(216,'firstname lastname\ncompany\nvat_number\naddress1\naddress2\npostcode city\nCountry:name\nphone'),
	(217,'firstname lastname\ncompany\nvat_number\naddress1\naddress2\npostcode city\nCountry:name\nphone'),
	(218,'firstname lastname\ncompany\nvat_number\naddress1\naddress2\npostcode city\nCountry:name\nphone'),
	(219,'firstname lastname\ncompany\nvat_number\naddress1\naddress2\npostcode city\nCountry:name\nphone'),
	(220,'firstname lastname\ncompany\nvat_number\naddress1\naddress2\npostcode city\nCountry:name\nphone'),
	(221,'firstname lastname\ncompany\nvat_number\naddress1\naddress2\npostcode city\nCountry:name\nphone'),
	(222,'firstname lastname\ncompany\nvat_number\naddress1\naddress2\npostcode city\nCountry:name\nphone'),
	(223,'firstname lastname\ncompany\nvat_number\naddress1\naddress2\npostcode city\nCountry:name\nphone'),
	(224,'firstname lastname\ncompany\nvat_number\naddress1\naddress2\npostcode city\nCountry:name\nphone'),
	(225,'firstname lastname\ncompany\nvat_number\naddress1\naddress2\npostcode city\nCountry:name\nphone'),
	(226,'firstname lastname\ncompany\nvat_number\naddress1\naddress2\npostcode city\nCountry:name\nphone'),
	(227,'firstname lastname\ncompany\nvat_number\naddress1\naddress2\npostcode city\nCountry:name\nphone'),
	(228,'firstname lastname\ncompany\nvat_number\naddress1\naddress2\npostcode city\nCountry:name\nphone'),
	(229,'firstname lastname\ncompany\nvat_number\naddress1\naddress2\npostcode city\nCountry:name\nphone'),
	(230,'firstname lastname\ncompany\nvat_number\naddress1\naddress2\npostcode city\nCountry:name\nphone'),
	(231,'firstname lastname\ncompany\nvat_number\naddress1\naddress2\npostcode city\nCountry:name\nphone'),
	(232,'firstname lastname\ncompany\nvat_number\naddress1\naddress2\npostcode city\nCountry:name\nphone'),
	(233,'firstname lastname\ncompany\nvat_number\naddress1\naddress2\npostcode city\nCountry:name\nphone'),
	(234,'firstname lastname\ncompany\nvat_number\naddress1\naddress2\npostcode city\nCountry:name\nphone'),
	(235,'firstname lastname\ncompany\nvat_number\naddress1\naddress2\npostcode city\nCountry:name\nphone'),
	(236,'firstname lastname\ncompany\nvat_number\naddress1\naddress2\npostcode city\nCountry:name\nphone'),
	(237,'firstname lastname\ncompany\nvat_number\naddress1\naddress2\npostcode city\nCountry:name\nphone'),
	(238,'firstname lastname\ncompany\nvat_number\naddress1\naddress2\npostcode city\nCountry:name\nphone'),
	(239,'firstname lastname\ncompany\nvat_number\naddress1\naddress2\npostcode city\nCountry:name\nphone'),
	(240,'firstname lastname\ncompany\nvat_number\naddress1\naddress2\npostcode city\nCountry:name\nphone'),
	(241,'firstname lastname\ncompany\nvat_number\naddress1\naddress2\npostcode city\nCountry:name\nphone'),
	(242,'firstname lastname\ncompany\nvat_number\naddress1\naddress2\npostcode city\nCountry:name\nphone'),
	(243,'firstname lastname\ncompany\nvat_number\naddress1\naddress2\npostcode city\nCountry:name\nphone'),
	(244,'firstname lastname\ncompany\nvat_number\naddress1\naddress2\npostcode city\nCountry:name\nphone');



# Dump of table pr_advice
# ------------------------------------------------------------


CREATE TABLE `pr_advice` (
  `id_advice` int(11) NOT NULL AUTO_INCREMENT,
  `id_ps_advice` int(11) NOT NULL,
  `id_tab` int(11) NOT NULL,
  `validated` tinyint(1) unsigned NOT NULL DEFAULT '0',
  `location` enum('after','before') NOT NULL,
  `selector` varchar(255) DEFAULT NULL,
  PRIMARY KEY (`id_advice`)
) ENGINE=InnoDB DEFAULT CHARSET=utf8;


INSERT INTO `pr_advice` (`id_advice`, `id_ps_advice`, `id_tab`, `validated`, `location`, `selector`)
VALUES
	(1,1,53,0,'before','#configuration_form');



# Dump of table pr_advice_lang
# ------------------------------------------------------------


CREATE TABLE `pr_advice_lang` (
  `id_advice` int(11) NOT NULL,
  `id_lang` int(11) NOT NULL,
  `html` text,
  PRIMARY KEY (`id_advice`,`id_lang`)
) ENGINE=InnoDB DEFAULT CHARSET=utf8;



# Dump of table pr_alias
# ------------------------------------------------------------


CREATE TABLE `pr_alias` (
  `id_alias` int(10) unsigned NOT NULL AUTO_INCREMENT,
  `alias` varchar(255) NOT NULL,
  `search` varchar(255) NOT NULL,
  `active` tinyint(1) NOT NULL DEFAULT '1',
  PRIMARY KEY (`id_alias`),
  UNIQUE KEY `alias` (`alias`)
) ENGINE=InnoDB DEFAULT CHARSET=utf8;


INSERT INTO `pr_alias` (`id_alias`, `alias`, `search`, `active`)
VALUES
	(3,'ipdo','ipod',1),
	(4,'piod','ipod',1);



# Dump of table pr_attachment
# ------------------------------------------------------------


CREATE TABLE `pr_attachment` (
  `id_attachment` int(10) unsigned NOT NULL AUTO_INCREMENT,
  `file` varchar(40) NOT NULL,
  `file_name` varchar(128) NOT NULL,
  `file_size` bigint(10) unsigned NOT NULL DEFAULT '0',
  `mime` varchar(128) NOT NULL,
  PRIMARY KEY (`id_attachment`)
) ENGINE=InnoDB DEFAULT CHARSET=utf8;



# Dump of table pr_attachment_lang
# ------------------------------------------------------------


CREATE TABLE `pr_attachment_lang` (
  `id_attachment` int(10) unsigned NOT NULL AUTO_INCREMENT,
  `id_lang` int(10) unsigned NOT NULL,
  `name` varchar(32) DEFAULT NULL,
  `description` text,
  PRIMARY KEY (`id_attachment`,`id_lang`)
) ENGINE=InnoDB DEFAULT CHARSET=utf8;



# Dump of table pr_attribute
# ------------------------------------------------------------


CREATE TABLE `pr_attribute` (
  `id_attribute` int(10) unsigned NOT NULL AUTO_INCREMENT,
  `id_attribute_group` int(10) unsigned NOT NULL,
  `color` varchar(32) DEFAULT NULL,
  `position` int(10) unsigned NOT NULL DEFAULT '0',
  PRIMARY KEY (`id_attribute`),
  KEY `attribute_group` (`id_attribute_group`)
) ENGINE=InnoDB DEFAULT CHARSET=utf8;


INSERT INTO `pr_attribute` (`id_attribute`, `id_attribute_group`, `color`, `position`)
VALUES
	(23,5,'#000000',0),
	(24,5,'#000000',1),
	(25,5,'#000000',2),
	(26,8,'',0),
	(27,8,'',1);



# Dump of table pr_attribute_group
# ------------------------------------------------------------


CREATE TABLE `pr_attribute_group` (
  `id_attribute_group` int(10) unsigned NOT NULL AUTO_INCREMENT,
  `is_color_group` tinyint(1) NOT NULL DEFAULT '0',
  `position` int(10) unsigned NOT NULL DEFAULT '0',
  `group_type` enum('select','radio','color') NOT NULL DEFAULT 'select',
  PRIMARY KEY (`id_attribute_group`)
) ENGINE=InnoDB DEFAULT CHARSET=utf8;


INSERT INTO `pr_attribute_group` (`id_attribute_group`, `is_color_group`, `position`, `group_type`)
VALUES
	(5,0,0,'select'),
	(8,0,1,'select'),
	(9,0,2,'select');



# Dump of table pr_attribute_group_lang
# ------------------------------------------------------------


CREATE TABLE `pr_attribute_group_lang` (
  `id_attribute_group` int(10) unsigned NOT NULL,
  `id_lang` int(10) unsigned NOT NULL,
  `name` varchar(128) NOT NULL,
  `public_name` varchar(64) NOT NULL,
  PRIMARY KEY (`id_attribute_group`,`id_lang`)
) ENGINE=InnoDB DEFAULT CHARSET=utf8;


INSERT INTO `pr_attribute_group_lang` (`id_attribute_group`, `id_lang`, `name`, `public_name`)
VALUES
	(5,1,'Camere','Camere'),
	(5,2,'Camere','Camere'),
	(5,3,'Camere','Camere'),
	(5,4,'Camere','Camere'),
	(5,5,'Opzioni camere fuori pacchetto','Opzioni camere fuori pacchetto'),
	(8,1,'sistemazione','sistemazione'),
	(8,2,'sistemazione','sistemazione'),
	(8,3,'sistemazione','sistemazione'),
	(8,4,'sistemazione','sistemazione'),
	(8,5,'sistemazione','sistemazione'),
	(9,1,'Tipologia di sistemazione','Tipologia di sistemazione'),
	(9,2,'Tipologia di sistemazione','Tipologia di sistemazione'),
	(9,3,'Tipologia di sistemazione','Tipologia di sistemazione'),
	(9,4,'Tipologia di sistemazione','Tipologia di sistemazione'),
	(9,5,'Tipologia di sistemazione','Tipologia di sistemazione');



# Dump of table pr_attribute_group_shop
# ------------------------------------------------------------


CREATE TABLE `pr_attribute_group_shop` (
  `id_attribute_group` int(11) unsigned NOT NULL,
  `id_shop` int(11) unsigned NOT NULL,
  PRIMARY KEY (`id_attribute_group`,`id_shop`),
  KEY `id_shop` (`id_shop`)
) ENGINE=InnoDB DEFAULT CHARSET=utf8;


INSERT INTO `pr_attribute_group_shop` (`id_attribute_group`, `id_shop`)
VALUES
	(5,1),
	(8,1),
	(9,1);



# Dump of table pr_attribute_impact
# ------------------------------------------------------------


CREATE TABLE `pr_attribute_impact` (
  `id_attribute_impact` int(10) unsigned NOT NULL AUTO_INCREMENT,
  `id_product` int(11) unsigned NOT NULL,
  `id_attribute` int(11) unsigned NOT NULL,
  `weight` decimal(20,6) NOT NULL DEFAULT '0.000000',
  `price` decimal(17,2) NOT NULL,
  PRIMARY KEY (`id_attribute_impact`),
  UNIQUE KEY `id_product` (`id_product`,`id_attribute`)
) ENGINE=InnoDB DEFAULT CHARSET=utf8;


INSERT INTO `pr_attribute_impact` (`id_attribute_impact`, `id_product`, `id_attribute`, `weight`, `price`)
VALUES
	(1,36,26,0.000000,161.16),
	(2,36,27,0.000000,136.36),
	(4,37,27,0.000000,165.00),
	(5,12,27,0.000000,136.36),
	(6,13,27,0.000000,165.00),
	(7,40,27,0.000000,155.00),
	(8,39,26,0.000000,195.00),
	(9,41,26,0.000000,0.00),
	(10,41,27,0.000000,155.00),
	(11,27,27,0.000000,155.00),
	(12,21,27,0.000000,155.00),
	(14,44,27,0.000000,155.00),
	(15,45,27,0.000000,165.00),
	(16,46,27,0.000000,165.00),
	(17,47,27,0.000000,165.00),
	(18,37,26,0.000000,195.00),
	(19,76,23,0.000000,0.00),
	(20,76,24,0.000000,100.00),
	(21,76,25,0.000000,0.00),
	(22,76,26,0.000000,161.16),
	(23,76,27,0.000000,136.36),
	(49,14,25,0.000000,0.00),
	(52,14,27,0.000000,165.00),
	(53,14,26,0.000000,195.00),
	(57,36,25,0.000000,0.00),
	(61,12,25,0.000000,161.16),
	(62,12,26,0.000000,161.16),
	(69,13,25,0.000000,0.00),
	(70,13,26,0.000000,0.00),
	(72,38,25,0.000000,0.00),
	(73,38,26,0.000000,0.00),
	(74,38,27,0.000000,0.00),
	(75,39,25,0.000000,0.00),
	(76,39,27,0.000000,0.00),
	(78,40,25,0.000000,0.00),
	(79,40,26,0.000000,0.00),
	(81,41,25,0.000000,0.00),
	(84,27,25,0.000000,0.00),
	(85,27,26,0.000000,0.00),
	(87,21,25,0.000000,0.00),
	(88,21,26,0.000000,0.00),
	(90,44,25,0.000000,0.00),
	(91,44,26,0.000000,0.00),
	(93,45,25,0.000000,0.00),
	(94,45,26,0.000000,0.00),
	(96,46,25,0.000000,0.00),
	(97,46,26,0.000000,0.00),
	(101,47,25,0.000000,0.00),
	(102,47,26,0.000000,0.00),
	(104,19,25,0.000000,0.00),
	(105,19,26,0.000000,0.00),
	(106,19,27,0.000000,0.00),
	(107,29,25,0.000000,0.00),
	(108,29,26,0.000000,0.00),
	(109,29,27,0.000000,0.00),
	(110,92,25,0.000000,0.00),
	(111,92,26,0.000000,0.00),
	(112,92,27,0.000000,0.00);



# Dump of table pr_attribute_lang
# ------------------------------------------------------------


CREATE TABLE `pr_attribute_lang` (
  `id_attribute` int(10) unsigned NOT NULL,
  `id_lang` int(10) unsigned NOT NULL,
  `name` varchar(128) NOT NULL,
  PRIMARY KEY (`id_attribute`,`id_lang`),
  KEY `id_lang` (`id_lang`,`name`)
) ENGINE=InnoDB DEFAULT CHARSET=utf8;


INSERT INTO `pr_attribute_lang` (`id_attribute`, `id_lang`, `name`)
VALUES
	(27,1,'camera in agriturismo'),
	(26,1,'camera in hotel'),
	(24,1,'Camera quadrupla'),
	(23,1,'Camera singola'),
	(25,1,'Pacchetto standard'),
	(27,2,'camera in agriturismo'),
	(26,2,'camera in hotel'),
	(24,2,'Camera quadrupla'),
	(23,2,'Camera singola'),
	(25,2,'Pacchetto standard'),
	(27,3,'camera in agriturismo'),
	(26,3,'camera in hotel'),
	(24,3,'Camera quadrupla'),
	(23,3,'Camera singola'),
	(25,3,'Pacchetto standard'),
	(27,4,'camera in agriturismo'),
	(26,4,'camera in hotel'),
	(24,4,'Camera quadrupla'),
	(23,4,'Camera singola'),
	(25,4,'Pacchetto standard'),
	(27,5,'camera in agriturismo'),
	(26,5,'camera in hotel'),
	(24,5,'Camera quadrupla'),
	(23,5,'Camera singola'),
	(25,5,'Pacchetto standard');



# Dump of table pr_attribute_shop
# ------------------------------------------------------------


CREATE TABLE `pr_attribute_shop` (
  `id_attribute` int(11) unsigned NOT NULL,
  `id_shop` int(11) unsigned NOT NULL,
  PRIMARY KEY (`id_attribute`,`id_shop`),
  KEY `id_shop` (`id_shop`)
) ENGINE=InnoDB DEFAULT CHARSET=utf8;


INSERT INTO `pr_attribute_shop` (`id_attribute`, `id_shop`)
VALUES
	(23,1),
	(24,1),
	(25,1),
	(26,1),
	(27,1);



# Dump of table pr_badge
# ------------------------------------------------------------


CREATE TABLE `pr_badge` (
  `id_badge` int(11) NOT NULL AUTO_INCREMENT,
  `id_ps_badge` int(11) NOT NULL,
  `type` varchar(32) NOT NULL,
  `id_group` int(11) NOT NULL,
  `group_position` int(11) NOT NULL,
  `scoring` int(11) NOT NULL,
  `validated` tinyint(1) unsigned NOT NULL DEFAULT '0',
  PRIMARY KEY (`id_badge`)
) ENGINE=InnoDB DEFAULT CHARSET=utf8;


INSERT INTO `pr_badge` (`id_badge`, `id_ps_badge`, `type`, `id_group`, `group_position`, `scoring`, `validated`)
VALUES
	(1,1,'feature',1,1,10,0),
	(2,2,'feature',2,1,10,0),
	(3,3,'feature',2,2,15,0),
	(4,4,'feature',3,1,15,0),
	(5,5,'feature',3,2,15,0),
	(6,6,'feature',4,1,15,0),
	(7,7,'feature',4,2,15,0),
	(8,8,'feature',5,1,5,0),
	(9,9,'feature',5,2,10,0),
	(10,10,'feature',6,1,15,0),
	(11,11,'feature',6,2,10,0),
	(12,12,'feature',6,3,10,0),
	(13,13,'feature',5,3,10,0),
	(14,14,'feature',5,4,15,0),
	(15,15,'feature',5,5,20,0),
	(16,16,'feature',5,6,20,0),
	(17,17,'achievement',7,1,5,1),
	(18,18,'achievement',7,2,10,0),
	(19,19,'feature',8,1,15,0),
	(20,20,'feature',8,2,15,0),
	(21,21,'feature',9,1,15,0),
	(22,22,'feature',10,1,10,0),
	(23,23,'feature',10,2,10,0),
	(24,24,'feature',10,3,10,0),
	(25,25,'feature',10,4,10,0),
	(26,26,'feature',10,5,10,0),
	(27,27,'feature',4,3,10,0),
	(28,28,'feature',3,3,10,0),
	(29,29,'achievement',11,1,5,0),
	(30,30,'achievement',11,2,10,0),
	(31,31,'achievement',11,3,15,0),
	(32,32,'achievement',11,4,20,0),
	(33,33,'achievement',11,5,25,0),
	(34,34,'achievement',11,6,30,0),
	(35,35,'achievement',7,3,15,0),
	(36,36,'achievement',7,4,20,0),
	(37,37,'achievement',7,5,25,0),
	(38,38,'achievement',7,6,30,0),
	(39,39,'achievement',12,1,5,0),
	(40,40,'achievement',12,2,10,0),
	(41,41,'achievement',12,3,15,0),
	(42,42,'achievement',12,4,20,0),
	(43,43,'achievement',12,5,25,0),
	(44,44,'achievement',12,6,30,0),
	(45,45,'achievement',13,1,5,0),
	(46,46,'achievement',13,2,10,0),
	(47,47,'achievement',13,3,15,0),
	(48,48,'achievement',13,4,20,0),
	(49,49,'achievement',13,5,25,0),
	(50,50,'achievement',13,6,30,0),
	(51,51,'achievement',14,1,5,0),
	(52,52,'achievement',14,2,10,0),
	(53,53,'achievement',14,3,15,0),
	(54,54,'achievement',14,4,20,0),
	(55,55,'achievement',14,5,25,0),
	(56,56,'achievement',14,6,30,0),
	(57,57,'achievement',15,1,5,0),
	(58,58,'achievement',15,2,10,0),
	(59,59,'achievement',15,3,15,0),
	(60,60,'achievement',15,4,20,0),
	(61,61,'achievement',15,5,25,0),
	(62,62,'achievement',15,6,30,0),
	(63,63,'achievement',16,1,5,0),
	(64,64,'achievement',16,2,10,0),
	(65,65,'achievement',16,3,15,0),
	(66,66,'achievement',16,4,20,0),
	(67,67,'achievement',16,5,25,0),
	(68,68,'achievement',16,6,30,0),
	(69,69,'international',17,1,10,0),
	(70,70,'international',18,1,10,0),
	(71,71,'international',19,1,10,0),
	(72,72,'international',20,1,10,0),
	(73,73,'international',21,1,10,0),
	(74,74,'international',22,1,10,0),
	(75,75,'international',23,1,10,0),
	(76,83,'international',31,1,10,0),
	(77,84,'international',25,1,10,0),
	(78,86,'international',33,1,10,0),
	(79,87,'international',34,1,10,0),
	(80,88,'feature',35,1,5,0),
	(81,89,'feature',35,2,10,0),
	(82,90,'feature',35,3,10,0),
	(83,91,'feature',35,4,10,0),
	(84,92,'feature',35,5,10,0),
	(85,93,'feature',35,6,10,0),
	(86,94,'feature',36,1,5,0),
	(87,95,'feature',36,2,5,0),
	(88,96,'feature',36,3,10,0),
	(89,97,'feature',36,4,10,0),
	(90,98,'feature',36,5,20,0),
	(91,99,'feature',36,6,20,0),
	(92,100,'feature',8,3,15,0),
	(93,101,'achievement',37,1,5,0),
	(94,102,'achievement',37,2,5,0),
	(95,103,'achievement',37,3,10,0),
	(96,104,'achievement',37,4,10,0),
	(97,105,'achievement',37,5,15,0),
	(98,106,'achievement',37,6,15,0),
	(99,107,'achievement',38,1,10,0),
	(100,108,'achievement',38,2,10,0),
	(101,109,'achievement',38,3,15,0),
	(102,110,'achievement',38,4,20,0),
	(103,111,'achievement',38,5,25,0),
	(104,112,'achievement',38,6,30,0);



# Dump of table pr_badge_lang
# ------------------------------------------------------------


CREATE TABLE `pr_badge_lang` (
  `id_badge` int(11) NOT NULL,
  `id_lang` int(11) NOT NULL,
  `name` varchar(64) DEFAULT NULL,
  `description` varchar(255) DEFAULT NULL,
  `group_name` varchar(255) DEFAULT NULL,
  PRIMARY KEY (`id_badge`,`id_lang`)
) ENGINE=InnoDB DEFAULT CHARSET=utf8;


INSERT INTO `pr_badge_lang` (`id_badge`, `id_lang`, `name`, `description`, `group_name`)
VALUES
	(1,1,'SEO','You enabled the URL rewriting through the tab \"Preferences > SEO and URLs\".','SEO'),
	(2,1,'Site Performance','You enabled CCC (Combine, Compress and Cache), Rijndael and Smarty through the tab \r\nAdvanced Parameters > Performance.','Site Performance'),
	(3,1,'Site Performance','You enabled medias servers through the tab \"Advanced parameters > Performances\".','Site Performance'),
	(4,1,'Payment','You configured a payment solution on your store.','Payment'),
	(5,1,'Payment','You offer two different payment methods to your customers.','Payment'),
	(6,1,'Shipping','You configured a carrier on your store.','Shipping'),
	(7,1,'Shipping','You offer two shipping solutions (carriers) to your customers.','Shipping'),
	(8,1,'Catalog Size','You added your first product to your catalog!','Catalog Size'),
	(9,1,'Catalog Size','You have 10 products within your catalog.','Catalog Size'),
	(10,1,'Contact information','You configured your phone number so your customers can reach you!','Contact information'),
	(11,1,'Contact information','You added a third email address to your contact form.','Contact information'),
	(12,1,'Contact information','You suggest a total of 5 departments to be reached by your customers via your contact form.','Contact information'),
	(13,1,'Catalog Size','You have 100 products within your catalog.','Catalog Size'),
	(14,1,'Catalog Size','You have 1,000 products within your catalog.','Catalog Size'),
	(15,1,'Catalog Size','You have 10,000 products within your catalog.','Catalog Size'),
	(16,1,'Catalog Size','You have 100,000 products within your catalog.','Catalog Size'),
	(17,1,'Days of Experience','You just installed PrestaShop!','Days of Experience'),
	(18,1,'Days of Experience','You installed PrestaShop a week ago!','Days of Experience'),
	(19,1,'Customization','You uploaded your own logo.','Customization'),
	(20,1,'Customization','You installed a new template.','Customization'),
	(21,1,'Addons','You connected your back-office to the Addons platform using your PrestaShop Addons account.','Addons'),
	(22,1,'Multistores','You enabled the Multistores feature.','Multistores'),
	(23,1,'Multistores','You manage two stores with the Multistores feature.','Multistores'),
	(24,1,'Multistores','You manage two different groups of stores using the Multistores feature.','Multistores'),
	(25,1,'Multistores','You manage five stores with the Multistores feature.','Multistores'),
	(26,1,'Multistores','You manage five different groups of stores using the Multistores feature.','Multistores'),
	(27,1,'Shipping','You offer three different shipping solutions (carriers) to your customers.','Shipping'),
	(28,1,'Payment','You offer three different payment methods to your customers.','Payment'),
	(29,1,'Revenue','You get this badge when you reach 100¤ in sales.','Revenue'),
	(30,1,'Revenue','You get this badge when you reach 1,000¤ in sales.','Revenue'),
	(31,1,'Revenue','You get this badge when you reach 10,000¤ in sales.','Revenue'),
	(32,1,'Revenue','You get this badge when you reach 100,000¤ in sales.','Revenue'),
	(33,1,'Revenue','You get this badge when you reach 1,000,000¤ in sales.','Revenue'),
	(34,1,'Revenue','You get this badge when you reach 10,000,000¤ in sales.','Revenue'),
	(35,1,'Days of Experience','You installed PrestaShop a month ago!','Days of Experience'),
	(36,1,'Days of Experience','You installed PrestaShop six months ago!','Days of Experience'),
	(37,1,'Days of Experience','You installed PrestaShop a year ago!','Days of Experience'),
	(38,1,'Days of Experience','You installed PrestaShop two years ago!','Days of Experience'),
	(39,1,'Visitors','You reached 10 visitors!','Visitors'),
	(40,1,'Visitors','You reached 100 visitors!','Visitors'),
	(41,1,'Visitors','You reached 1,000 visitors!','Visitors'),
	(42,1,'Visitors','You reached 10,000 visitors!','Visitors'),
	(43,1,'Visitors','You reached 100,000 visitors!','Visitors'),
	(44,1,'Visitors','You reached 1,000,000 visitors!','Visitors'),
	(45,1,'Customer Carts','Two carts have been created by visitors.','Customer Carts'),
	(46,1,'Customer Carts','Ten carts have been created by visitors.','Customer Carts'),
	(47,1,'Customer Carts','A hundred carts have been created by visitors on your store.','Customer Carts'),
	(48,1,'Customer Carts','A thousand carts have been created by visitors on your store.','Customer Carts'),
	(49,1,'Customer Carts','10,000 carts have been created by visitors.','Customer Carts'),
	(50,1,'Customer Carts','100,000 carts have been created by visitors.','Customer Carts'),
	(51,1,'Orders','You received your first order.','Orders'),
	(52,1,'Orders','10 orders have been placed through your online store.','Orders'),
	(53,1,'Orders','You received 100 orders through your online store!','Orders'),
	(54,1,'Orders','You received 1,000 orders through your online store, congrats!','Orders'),
	(55,1,'Orders','You received 10,000 orders through your online store, cheers!','Orders'),
	(56,1,'Orders','You received 100,000 orders through your online store!','Orders'),
	(57,1,'Customer Service Threads','You received  your first customer\'s message.','Customer Service Threads'),
	(58,1,'Customer Service Threads','You received 10 messages from your customers.','Customer Service Threads'),
	(59,1,'Customer Service Threads','You received 100 messages from your customers.','Customer Service Threads'),
	(60,1,'Customer Service Threads','You received 1,000 messages from your customers.','Customer Service Threads'),
	(61,1,'Customer Service Threads','You received 10,000 messages from your customers.','Customer Service Threads'),
	(62,1,'Customer Service Threads','You received 100,000 messages from your customers.','Customer Service Threads'),
	(63,1,'Customers','You got the first customer registered on your store!','Customers'),
	(64,1,'Customers','You have over 10 customers registered on your store.','Customers'),
	(65,1,'Customers','You have over 100 customers registered on your store.','Customers'),
	(66,1,'Customers','You have over 1,000 customers registered on your store.','Customers'),
	(67,1,'Customers','You have over 10,000 customers registered on your store.','Customers'),
	(68,1,'Customers','You have over 100,000 customers registered on your store.','Customers'),
	(69,1,'Western Europe','You got your first sale in Western Europe!','Western Europe'),
	(70,1,'Southern Europe','You got your first sale in Southern Europe!','Southern Europe'),
	(71,1,'Eastern Europe','You got your first sale in Eastern Europe!','Eastern Europe'),
	(72,1,'Central Europe','You got your first sale in Central Europe!','Central Europe'),
	(73,1,'Northern Europe','You got your first sale in Northern Europe!','Northern Europe'),
	(74,1,'North America','You got your first sale in North America','North America'),
	(75,1,'Oceania','You got your first sale in Oceania','Oceania'),
	(76,1,'Asia','You got your first sale in Asia','Asia'),
	(77,1,'South America','You got your first sale in South America','South America'),
	(78,1,'Africa','You got your first sale in Africa','Africa'),
	(79,1,'Maghreb','You got your first sale in Maghreb','Maghreb'),
	(80,1,'Your Team\'s Employees','First employees accounts added to your shop','Your Team\'s Employees'),
	(81,1,'Your Team\'s Employees','3 employees accounts added to your shop','Your Team\'s Employees'),
	(82,1,'Your Team\'s Employees','5 employees accounts added to your shop','Your Team\'s Employees'),
	(83,1,'Your Team\'s Employees','10 employees accounts added to your shop','Your Team\'s Employees'),
	(84,1,'Your Team\'s Employees','20 employees accounts added to your shop','Your Team\'s Employees'),
	(85,1,'Your Team\'s Employees','40 employees accounts added to your shop','Your Team\'s Employees'),
	(86,1,'Product Pictures','First photo added to your catalog','Product Pictures'),
	(87,1,'Product Pictures','50 photos added to your catalog','Product Pictures'),
	(88,1,'Product Pictures','100 photos added to your catalog','Product Pictures'),
	(89,1,'Product Pictures','1000 photos added to your catalog','Product Pictures'),
	(90,1,'Product Pictures','10000 photos added to your catalog','Product Pictures'),
	(91,1,'Product Pictures','50000 photos added to your catalog','Product Pictures'),
	(92,1,'Customization','First CMS page added to your catalog','Customization'),
	(93,1,'Cart Rules','First cart rules configured on your shop','Cart Rules'),
	(94,1,'Cart Rules','You have 10 cart rules configured on your shop','Cart Rules'),
	(95,1,'Cart Rules','You have 100 cart rules configured on your shop','Cart Rules'),
	(96,1,'Cart Rules','You have 500 cart rules configured on your shop','Cart Rules'),
	(97,1,'Cart Rules','You have 1000 cart rules configured on your shop','Cart Rules'),
	(98,1,'Cart Rules','You have 5000 cart rules configured on your shop','Cart Rules'),
	(99,1,'International Orders','First international order placed on your store','International Orders'),
	(100,1,'International Orders','10 international order placed on your store','International Orders'),
	(101,1,'International Orders','100 international order placed on your store','International Orders'),
	(102,1,'International Orders','1000 international order placed on your store','International Orders'),
	(103,1,'International Orders','5000 international order placed on your store','International Orders'),
	(104,1,'International Orders','10000 international order placed on your store','International Orders');



# Dump of table pr_blocklink
# ------------------------------------------------------------


CREATE TABLE `pr_blocklink` (
  `id_blocklink` int(2) NOT NULL AUTO_INCREMENT,
  `url` varchar(255) NOT NULL,
  `new_window` tinyint(1) NOT NULL,
  PRIMARY KEY (`id_blocklink`)
) ENGINE=InnoDB DEFAULT CHARSET=utf8;



# Dump of table pr_blocklink_lang
# ------------------------------------------------------------


CREATE TABLE `pr_blocklink_lang` (
  `id_blocklink` int(2) NOT NULL,
  `id_lang` int(2) NOT NULL,
  `text` varchar(64) NOT NULL,
  PRIMARY KEY (`id_blocklink`,`id_lang`)
) ENGINE=InnoDB DEFAULT CHARSET=utf8;



# Dump of table pr_blocklink_shop
# ------------------------------------------------------------


CREATE TABLE `pr_blocklink_shop` (
  `id_blocklink` int(2) NOT NULL AUTO_INCREMENT,
  `id_shop` varchar(255) NOT NULL,
  PRIMARY KEY (`id_blocklink`,`id_shop`)
) ENGINE=InnoDB DEFAULT CHARSET=utf8;



# Dump of table pr_blocknewsplus
# ------------------------------------------------------------


CREATE TABLE `pr_blocknewsplus` (
  `id` int(11) NOT NULL AUTO_INCREMENT,
  `img` text,
  `ids_shops` varchar(1024) NOT NULL DEFAULT '0',
  `status` int(11) NOT NULL DEFAULT '1',
  `related_posts` varchar(1024) NOT NULL DEFAULT '0',
  `time_add` timestamp NOT NULL DEFAULT CURRENT_TIMESTAMP,
  PRIMARY KEY (`id`)
) ENGINE=InnoDB DEFAULT CHARSET=utf8;


INSERT INTO `pr_blocknewsplus` (`id`, `img`, `ids_shops`, `status`, `related_posts`, `time_add`)
VALUES
	(2,'','1',1,'0','2015-02-12 03:36:30');



# Dump of table pr_blocknewsplus_data
# ------------------------------------------------------------


CREATE TABLE `pr_blocknewsplus_data` (
  `id_item` int(11) NOT NULL,
  `id_lang` int(11) NOT NULL,
  `seo_description` text,
  `seo_keywords` varchar(5000) DEFAULT NULL,
  `seo_url` varchar(5000) DEFAULT NULL,
  `title` varchar(5000) NOT NULL,
  `content` text NOT NULL,
  KEY `id_item` (`id_item`)
) ENGINE=InnoDB DEFAULT CHARSET=utf8;


INSERT INTO `pr_blocknewsplus_data` (`id_item`, `id_lang`, `seo_description`, `seo_keywords`, `seo_url`, `title`, `content`)
VALUES
	(2,5,'','','online-la-versione-beta-di-incoming-friuli','Online la versione \"beta\" di Incoming Friuli!','<p>Test</p>');



# Dump of table pr_carrier
# ------------------------------------------------------------


CREATE TABLE `pr_carrier` (
  `id_carrier` int(10) unsigned NOT NULL AUTO_INCREMENT,
  `id_reference` int(10) unsigned NOT NULL,
  `id_tax_rules_group` int(10) unsigned DEFAULT '0',
  `name` varchar(64) NOT NULL,
  `url` varchar(255) DEFAULT NULL,
  `active` tinyint(1) unsigned NOT NULL DEFAULT '0',
  `deleted` tinyint(1) unsigned NOT NULL DEFAULT '0',
  `shipping_handling` tinyint(1) unsigned NOT NULL DEFAULT '1',
  `range_behavior` tinyint(1) unsigned NOT NULL DEFAULT '0',
  `is_module` tinyint(1) unsigned NOT NULL DEFAULT '0',
  `is_free` tinyint(1) unsigned NOT NULL DEFAULT '0',
  `shipping_external` tinyint(1) unsigned NOT NULL DEFAULT '0',
  `need_range` tinyint(1) unsigned NOT NULL DEFAULT '0',
  `external_module_name` varchar(64) DEFAULT NULL,
  `shipping_method` int(2) NOT NULL DEFAULT '0',
  `position` int(10) unsigned NOT NULL DEFAULT '0',
  `max_width` int(10) DEFAULT '0',
  `max_height` int(10) DEFAULT '0',
  `max_depth` int(10) DEFAULT '0',
  `max_weight` int(10) DEFAULT '0',
  `grade` int(10) DEFAULT '0',
  PRIMARY KEY (`id_carrier`),
  KEY `deleted` (`deleted`,`active`)
) ENGINE=InnoDB DEFAULT CHARSET=utf8;


INSERT INTO `pr_carrier` (`id_carrier`, `id_reference`, `id_tax_rules_group`, `name`, `url`, `active`, `deleted`, `shipping_handling`, `range_behavior`, `is_module`, `is_free`, `shipping_external`, `need_range`, `external_module_name`, `shipping_method`, `position`, `max_width`, `max_height`, `max_depth`, `max_weight`, `grade`)
VALUES
	(1,1,0,'Armonie e sapori del Friuli Venezia Giulia','',1,1,0,0,0,0,0,0,'',0,0,0,0,0,0,0),
	(2,2,0,'My carrier',NULL,1,0,1,0,0,0,0,0,NULL,0,0,0,0,0,0,0);



# Dump of table pr_carrier_group
# ------------------------------------------------------------


CREATE TABLE `pr_carrier_group` (
  `id_carrier` int(10) unsigned NOT NULL,
  `id_group` int(10) unsigned NOT NULL,
  PRIMARY KEY (`id_carrier`,`id_group`)
) ENGINE=InnoDB DEFAULT CHARSET=utf8;


INSERT INTO `pr_carrier_group` (`id_carrier`, `id_group`)
VALUES
	(1,1),
	(2,1);



# Dump of table pr_carrier_lang
# ------------------------------------------------------------


CREATE TABLE `pr_carrier_lang` (
  `id_carrier` int(10) unsigned NOT NULL,
  `id_shop` int(11) unsigned NOT NULL DEFAULT '1',
  `id_lang` int(10) unsigned NOT NULL,
  `delay` varchar(128) DEFAULT NULL,
  PRIMARY KEY (`id_carrier`,`id_shop`,`id_lang`)
) ENGINE=InnoDB DEFAULT CHARSET=utf8;


INSERT INTO `pr_carrier_lang` (`id_carrier`, `id_shop`, `id_lang`, `delay`)
VALUES
	(1,1,1,'Pick up in-store'),
	(1,1,2,'Retrait au magasin'),
	(1,1,3,'Recogida en la tienda'),
	(1,1,4,'Abholung im Geschäft'),
	(1,1,5,'Ritiro in magazzino'),
	(2,1,1,'Delivery next day!'),
	(2,1,2,'Livraison le lendemain !'),
	(2,1,3,'¡Entrega día siguiente!'),
	(2,1,4,'Zustellung am nächsten Tag!'),
	(2,1,5,'Consegna il giorno dopo!');



# Dump of table pr_carrier_shop
# ------------------------------------------------------------


CREATE TABLE `pr_carrier_shop` (
  `id_carrier` int(11) unsigned NOT NULL,
  `id_shop` int(11) unsigned NOT NULL,
  PRIMARY KEY (`id_carrier`,`id_shop`),
  KEY `id_shop` (`id_shop`)
) ENGINE=InnoDB DEFAULT CHARSET=utf8;


INSERT INTO `pr_carrier_shop` (`id_carrier`, `id_shop`)
VALUES
	(1,1),
	(2,1);



# Dump of table pr_carrier_tax_rules_group_shop
# ------------------------------------------------------------


CREATE TABLE `pr_carrier_tax_rules_group_shop` (
  `id_carrier` int(11) unsigned NOT NULL,
  `id_tax_rules_group` int(11) unsigned NOT NULL,
  `id_shop` int(11) unsigned NOT NULL,
  PRIMARY KEY (`id_carrier`,`id_tax_rules_group`,`id_shop`)
) ENGINE=InnoDB DEFAULT CHARSET=utf8;


INSERT INTO `pr_carrier_tax_rules_group_shop` (`id_carrier`, `id_tax_rules_group`, `id_shop`)
VALUES
	(1,0,1),
	(2,1,1);



# Dump of table pr_carrier_zone
# ------------------------------------------------------------


CREATE TABLE `pr_carrier_zone` (
  `id_carrier` int(10) unsigned NOT NULL,
  `id_zone` int(10) unsigned NOT NULL,
  PRIMARY KEY (`id_carrier`,`id_zone`)
) ENGINE=InnoDB DEFAULT CHARSET=utf8;


INSERT INTO `pr_carrier_zone` (`id_carrier`, `id_zone`)
VALUES
	(1,1),
	(2,1),
	(2,2);



# Dump of table pr_cart
# ------------------------------------------------------------


CREATE TABLE `pr_cart` (
  `id_cart` int(10) unsigned NOT NULL AUTO_INCREMENT,
  `id_shop_group` int(11) unsigned NOT NULL DEFAULT '1',
  `id_shop` int(11) unsigned NOT NULL DEFAULT '1',
  `id_carrier` int(10) unsigned NOT NULL,
  `delivery_option` text NOT NULL,
  `id_lang` int(10) unsigned NOT NULL,
  `id_address_delivery` int(10) unsigned NOT NULL,
  `id_address_invoice` int(10) unsigned NOT NULL,
  `id_currency` int(10) unsigned NOT NULL,
  `id_customer` int(10) unsigned NOT NULL,
  `id_guest` int(10) unsigned NOT NULL,
  `secure_key` varchar(32) NOT NULL DEFAULT '-1',
  `recyclable` tinyint(1) unsigned NOT NULL DEFAULT '1',
  `gift` tinyint(1) unsigned NOT NULL DEFAULT '0',
  `gift_message` text,
  `allow_seperated_package` tinyint(1) unsigned NOT NULL DEFAULT '0',
  `date_add` datetime NOT NULL,
  `date_upd` datetime NOT NULL,
  PRIMARY KEY (`id_cart`),
  KEY `cart_customer` (`id_customer`),
  KEY `id_address_delivery` (`id_address_delivery`),
  KEY `id_address_invoice` (`id_address_invoice`),
  KEY `id_carrier` (`id_carrier`),
  KEY `id_lang` (`id_lang`),
  KEY `id_currency` (`id_currency`),
  KEY `id_guest` (`id_guest`),
  KEY `id_group_shop` (`id_shop_group`),
  KEY `id_shop` (`id_shop`)
) ENGINE=InnoDB DEFAULT CHARSET=utf8;


INSERT INTO `pr_cart` (`id_cart`, `id_shop_group`, `id_shop`, `id_carrier`, `delivery_option`, `id_lang`, `id_address_delivery`, `id_address_invoice`, `id_currency`, `id_customer`, `id_guest`, `secure_key`, `recyclable`, `gift`, `gift_message`, `allow_seperated_package`, `date_add`, `date_upd`)
VALUES
	(1,1,1,2,'',2,6,6,1,1,1,'47ce86627c1f3c792a80773c5d2deaf8',1,0,'',0,'2012-02-15 09:02:49','2012-04-16 17:08:55'),
	(2,1,1,0,'',5,3,3,1,2,1919,'12b2f9199c614060769f3c8e78c17cf0',1,0,'',0,'0000-00-00 00:00:00','2013-01-17 16:31:54'),
	(40,1,1,0,'',4,0,0,1,0,0,'',1,0,'',0,'2012-12-14 11:31:34','2012-12-14 11:31:34'),
	(41,1,1,2,'',5,0,0,1,0,1613,'',1,0,'',0,'2012-12-14 16:58:42','2012-12-14 16:58:44'),
	(42,1,1,0,'',4,0,0,1,0,0,'',1,0,'',0,'2012-12-15 11:38:47','2012-12-15 11:38:47'),
	(43,1,1,0,'',4,0,0,1,0,0,'',1,0,'',0,'2012-12-16 11:31:37','2012-12-16 11:31:37'),
	(44,1,1,0,'',4,0,0,1,0,0,'',1,0,'',0,'2012-12-17 11:37:09','2012-12-17 11:37:09'),
	(45,1,1,0,'',4,0,0,1,0,0,'',1,0,'',0,'2012-12-18 11:31:24','2012-12-18 11:31:24'),
	(46,1,1,0,'',4,0,0,1,0,0,'',1,0,'',0,'2012-12-19 11:38:15','2012-12-19 11:38:15'),
	(47,1,1,0,'',4,0,0,1,0,0,'',1,0,'',0,'2012-12-20 11:40:48','2012-12-20 11:40:48'),
	(48,1,1,0,'',4,0,0,1,0,0,'',1,0,'',0,'2012-12-21 11:35:51','2012-12-21 11:35:51'),
	(49,1,1,0,'',4,0,0,1,0,0,'',1,0,'',0,'2012-12-22 11:31:25','2012-12-22 11:31:25'),
	(50,1,1,0,'',4,0,0,1,0,0,'',1,0,'',0,'2012-12-23 11:31:25','2012-12-23 11:31:25'),
	(51,1,1,0,'',4,0,0,1,0,0,'',1,0,'',0,'2012-12-24 11:41:45','2012-12-24 11:41:45'),
	(52,1,1,0,'',4,0,0,1,0,0,'',1,0,'',0,'2012-12-25 11:31:02','2012-12-25 11:31:02'),
	(53,1,1,0,'',4,0,0,1,0,0,'',1,0,'',0,'2012-12-26 11:31:27','2012-12-26 11:31:27'),
	(54,1,1,0,'',4,0,0,1,0,0,'',1,0,'',0,'2012-12-27 11:36:27','2012-12-27 11:36:27'),
	(55,1,1,0,'',4,0,0,1,0,0,'',1,0,'',0,'2012-12-28 11:35:03','2012-12-28 11:35:03'),
	(56,1,1,0,'',4,0,0,1,0,0,'',1,0,'',0,'2012-12-29 11:31:42','2012-12-29 11:31:42'),
	(57,1,1,0,'',4,0,0,1,0,0,'',1,0,'',0,'2012-12-30 11:39:02','2012-12-30 11:39:02'),
	(58,1,1,0,'',4,0,0,1,0,0,'',1,0,'',0,'2012-12-31 11:36:27','2012-12-31 11:36:27'),
	(59,1,1,0,'',4,0,0,1,0,0,'',1,0,'',0,'2013-01-01 11:37:08','2013-01-01 11:37:08'),
	(60,1,1,2,'',5,0,0,1,0,0,'',1,0,'',0,'2013-01-02 11:40:38','2013-01-02 11:53:46'),
	(61,1,1,0,'',4,0,0,1,0,0,'',1,0,'',0,'2013-01-03 11:34:38','2013-01-03 11:34:38'),
	(62,1,1,0,'',4,0,0,1,0,0,'',1,0,'',0,'2013-01-04 11:38:23','2013-01-04 11:38:23'),
	(63,1,1,0,'',4,0,0,1,0,0,'',1,0,'',0,'2013-01-05 11:39:53','2013-01-05 11:39:53'),
	(64,1,1,0,'',4,0,0,1,0,0,'',1,0,'',0,'2013-01-06 11:38:03','2013-01-06 11:38:03'),
	(65,1,1,0,'',4,0,0,1,0,0,'',1,0,'',0,'2013-01-07 11:34:41','2013-01-07 11:34:41'),
	(66,1,1,0,'',4,0,0,1,0,0,'',1,0,'',0,'2013-01-08 11:38:56','2013-01-08 11:38:56'),
	(67,1,1,0,'',4,0,0,1,0,0,'',1,0,'',0,'2013-01-09 11:40:16','2013-01-09 11:40:16'),
	(68,1,1,0,'',4,0,0,1,0,0,'',1,0,'',0,'2013-01-10 11:34:25','2013-01-10 11:34:25'),
	(69,1,1,0,'',4,0,0,1,0,0,'',1,0,'',0,'2013-01-11 11:39:58','2013-01-11 11:39:58'),
	(70,1,1,0,'',4,0,0,1,0,0,'',1,0,'',0,'2013-01-12 11:40:23','2013-01-12 11:40:23'),
	(71,1,1,0,'',4,0,0,1,0,0,'',1,0,'',0,'2013-01-13 11:40:16','2013-01-13 11:40:16'),
	(72,1,1,0,'',4,0,0,1,0,0,'',1,0,'',0,'2013-01-14 11:37:06','2013-01-14 11:37:06'),
	(73,1,1,0,'',4,0,0,1,0,0,'',1,0,'',0,'2013-01-15 11:40:45','2013-01-15 11:40:45'),
	(74,1,1,0,'',5,0,0,1,0,2015,'',1,0,'',0,'2013-04-12 11:09:50','2013-04-12 11:44:37'),
	(75,1,1,0,'',5,0,0,1,0,1986,'',1,0,'',0,'2013-04-12 15:37:15','2013-04-12 15:37:54'),
	(76,1,1,0,'',5,0,0,1,0,2034,'',1,0,'',0,'2013-04-16 16:55:20','2013-04-16 17:03:27');



# Dump of table pr_cart_cart_rule
# ------------------------------------------------------------


CREATE TABLE `pr_cart_cart_rule` (
  `id_cart` int(10) unsigned NOT NULL,
  `id_cart_rule` int(10) unsigned NOT NULL,
  PRIMARY KEY (`id_cart`,`id_cart_rule`),
  KEY `id_discount` (`id_cart_rule`)
) ENGINE=InnoDB DEFAULT CHARSET=utf8;



# Dump of table pr_cart_product
# ------------------------------------------------------------


CREATE TABLE `pr_cart_product` (
  `id_cart` int(10) unsigned NOT NULL,
  `id_product` int(10) unsigned NOT NULL,
  `quantity` int(10) unsigned NOT NULL DEFAULT '0',
  `date_add` datetime NOT NULL,
  `id_address_delivery` int(10) unsigned DEFAULT '0',
  `id_shop` int(10) unsigned NOT NULL DEFAULT '1',
  `id_product_attribute` int(10) unsigned NOT NULL DEFAULT '0',
  PRIMARY KEY (`id_cart`,`id_product`,`id_product_attribute`),
  KEY `id_product_attribute` (`id_product_attribute`)
) ENGINE=InnoDB DEFAULT CHARSET=utf8;


INSERT INTO `pr_cart_product` (`id_cart`, `id_product`, `quantity`, `date_add`, `id_address_delivery`, `id_shop`, `id_product_attribute`)
VALUES
	(0,12,1,'2014-12-16 17:25:44',0,1,0),
	(0,27,1,'2015-01-19 20:45:25',0,1,88),
	(0,70,7,'2013-10-12 13:36:50',0,1,0),
	(0,92,1,'2015-01-19 20:45:15',0,1,106),
	(0,93,1,'2015-01-19 20:45:10',0,1,0),
	(0,95,1,'2015-01-19 20:45:05',0,1,0),
	(0,107,1,'2015-02-08 17:33:27',0,1,0);



# Dump of table pr_cart_rule
# ------------------------------------------------------------


CREATE TABLE `pr_cart_rule` (
  `id_cart_rule` int(10) unsigned NOT NULL AUTO_INCREMENT,
  `id_customer` int(10) unsigned NOT NULL DEFAULT '0',
  `date_from` datetime NOT NULL,
  `date_to` datetime NOT NULL,
  `description` text,
  `quantity` int(10) unsigned NOT NULL DEFAULT '0',
  `quantity_per_user` int(10) unsigned NOT NULL DEFAULT '0',
  `priority` int(10) unsigned NOT NULL DEFAULT '1',
  `partial_use` tinyint(1) unsigned NOT NULL DEFAULT '0',
  `code` varchar(254) NOT NULL,
  `minimum_amount` decimal(17,2) NOT NULL DEFAULT '0.00',
  `minimum_amount_tax` tinyint(1) NOT NULL DEFAULT '0',
  `minimum_amount_currency` int(10) unsigned NOT NULL DEFAULT '0',
  `minimum_amount_shipping` tinyint(1) NOT NULL DEFAULT '0',
  `country_restriction` tinyint(1) unsigned NOT NULL DEFAULT '0',
  `carrier_restriction` tinyint(1) unsigned NOT NULL DEFAULT '0',
  `group_restriction` tinyint(1) unsigned NOT NULL DEFAULT '0',
  `cart_rule_restriction` tinyint(1) unsigned NOT NULL DEFAULT '0',
  `product_restriction` tinyint(1) unsigned NOT NULL DEFAULT '0',
  `shop_restriction` tinyint(1) unsigned NOT NULL DEFAULT '0',
  `free_shipping` tinyint(1) NOT NULL DEFAULT '0',
  `reduction_percent` decimal(5,2) NOT NULL DEFAULT '0.00',
  `reduction_amount` decimal(17,2) NOT NULL DEFAULT '0.00',
  `reduction_tax` tinyint(1) unsigned NOT NULL DEFAULT '0',
  `reduction_currency` int(10) unsigned NOT NULL DEFAULT '0',
  `reduction_product` int(10) NOT NULL DEFAULT '0',
  `gift_product` int(10) unsigned NOT NULL DEFAULT '0',
  `gift_product_attribute` int(10) unsigned NOT NULL DEFAULT '0',
  `highlight` tinyint(1) unsigned NOT NULL DEFAULT '0',
  `active` tinyint(1) unsigned NOT NULL DEFAULT '0',
  `date_add` datetime NOT NULL,
  `date_upd` datetime NOT NULL,
  PRIMARY KEY (`id_cart_rule`)
) ENGINE=InnoDB DEFAULT CHARSET=utf8;



# Dump of table pr_cart_rule_carrier
# ------------------------------------------------------------


CREATE TABLE `pr_cart_rule_carrier` (
  `id_cart_rule` int(10) unsigned NOT NULL,
  `id_carrier` int(10) unsigned NOT NULL,
  PRIMARY KEY (`id_cart_rule`,`id_carrier`)
) ENGINE=InnoDB DEFAULT CHARSET=utf8;



# Dump of table pr_cart_rule_combination
# ------------------------------------------------------------


CREATE TABLE `pr_cart_rule_combination` (
  `id_cart_rule_1` int(10) unsigned NOT NULL,
  `id_cart_rule_2` int(10) unsigned NOT NULL,
  PRIMARY KEY (`id_cart_rule_1`,`id_cart_rule_2`),
  KEY `id_cart_rule_1` (`id_cart_rule_1`),
  KEY `id_cart_rule_2` (`id_cart_rule_2`)
) ENGINE=InnoDB DEFAULT CHARSET=utf8;



# Dump of table pr_cart_rule_country
# ------------------------------------------------------------


CREATE TABLE `pr_cart_rule_country` (
  `id_cart_rule` int(10) unsigned NOT NULL,
  `id_country` int(10) unsigned NOT NULL,
  PRIMARY KEY (`id_cart_rule`,`id_country`)
) ENGINE=InnoDB DEFAULT CHARSET=utf8;



# Dump of table pr_cart_rule_group
# ------------------------------------------------------------


CREATE TABLE `pr_cart_rule_group` (
  `id_cart_rule` int(10) unsigned NOT NULL,
  `id_group` int(10) unsigned NOT NULL,
  PRIMARY KEY (`id_cart_rule`,`id_group`)
) ENGINE=InnoDB DEFAULT CHARSET=utf8;



# Dump of table pr_cart_rule_lang
# ------------------------------------------------------------


CREATE TABLE `pr_cart_rule_lang` (
  `id_cart_rule` int(10) unsigned NOT NULL,
  `id_lang` int(10) unsigned NOT NULL,
  `name` varchar(254) NOT NULL,
  PRIMARY KEY (`id_cart_rule`,`id_lang`)
) ENGINE=InnoDB DEFAULT CHARSET=utf8;



# Dump of table pr_cart_rule_product_rule
# ------------------------------------------------------------


CREATE TABLE `pr_cart_rule_product_rule` (
  `id_product_rule` int(10) unsigned NOT NULL AUTO_INCREMENT,
  `id_product_rule_group` int(10) unsigned NOT NULL,
  `type` enum('products','categories','attributes','manufacturers','suppliers') NOT NULL,
  PRIMARY KEY (`id_product_rule`)
) ENGINE=InnoDB DEFAULT CHARSET=utf8;



# Dump of table pr_cart_rule_product_rule_group
# ------------------------------------------------------------


CREATE TABLE `pr_cart_rule_product_rule_group` (
  `id_product_rule_group` int(10) unsigned NOT NULL AUTO_INCREMENT,
  `id_cart_rule` int(10) unsigned NOT NULL,
  `quantity` int(10) unsigned NOT NULL DEFAULT '1',
  PRIMARY KEY (`id_product_rule_group`)
) ENGINE=InnoDB DEFAULT CHARSET=utf8;



# Dump of table pr_cart_rule_product_rule_value
# ------------------------------------------------------------


CREATE TABLE `pr_cart_rule_product_rule_value` (
  `id_item` int(10) unsigned NOT NULL,
  `id_product_rule` int(10) unsigned NOT NULL,
  PRIMARY KEY (`id_item`,`id_product_rule`),
  KEY `discount` (`id_product_rule`)
) ENGINE=InnoDB DEFAULT CHARSET=utf8;



# Dump of table pr_cart_rule_shop
# ------------------------------------------------------------


CREATE TABLE `pr_cart_rule_shop` (
  `id_cart_rule` int(10) unsigned NOT NULL,
  `id_shop` int(10) unsigned NOT NULL,
  PRIMARY KEY (`id_cart_rule`,`id_shop`)
) ENGINE=InnoDB DEFAULT CHARSET=utf8;



# Dump of table pr_category
# ------------------------------------------------------------


CREATE TABLE `pr_category` (
  `id_category` int(10) unsigned NOT NULL AUTO_INCREMENT,
  `id_parent` int(10) unsigned NOT NULL,
  `id_shop_default` int(10) unsigned NOT NULL DEFAULT '1',
  `level_depth` tinyint(3) unsigned NOT NULL DEFAULT '0',
  `nleft` int(10) unsigned NOT NULL DEFAULT '0',
  `nright` int(10) unsigned NOT NULL DEFAULT '0',
  `active` tinyint(1) unsigned NOT NULL DEFAULT '0',
  `date_add` datetime NOT NULL,
  `date_upd` datetime NOT NULL,
  `position` int(10) unsigned NOT NULL DEFAULT '0',
  `is_root_category` tinyint(1) NOT NULL DEFAULT '0',
  PRIMARY KEY (`id_category`),
  KEY `category_parent` (`id_parent`),
  KEY `nleftright` (`nleft`,`nright`),
  KEY `nleftrightactive` (`nleft`,`nright`,`active`),
  KEY `level_depth` (`level_depth`),
  KEY `nright` (`nright`),
  KEY `nleft` (`nleft`)
) ENGINE=InnoDB DEFAULT CHARSET=utf8;


INSERT INTO `pr_category` (`id_category`, `id_parent`, `id_shop_default`, `level_depth`, `nleft`, `nright`, `active`, `date_add`, `date_upd`, `position`, `is_root_category`)
VALUES
	(1,14,1,1,2,47,1,'2012-02-15 09:02:48','2012-02-15 09:02:48',0,1),
	(2,1,1,2,31,32,1,'2012-02-15 09:02:49','2014-12-16 16:00:23',6,0),
	(5,1,1,2,27,28,1,'2012-05-18 10:14:51','2014-12-16 15:58:42',4,0),
	(6,1,1,2,43,44,1,'2012-05-18 10:18:37','2014-12-16 16:05:52',12,0),
	(7,1,1,2,29,30,1,'2012-05-18 10:19:01','2014-12-16 15:59:55',5,0),
	(8,1,1,2,3,22,1,'2012-05-27 22:57:29','2014-12-15 14:30:09',1,0),
	(9,8,1,3,4,5,1,'2012-06-06 12:40:30','2014-12-15 14:37:19',1,0),
	(11,8,1,3,6,7,1,'2012-06-11 16:44:47','2014-12-15 14:37:50',2,0),
	(12,8,1,3,8,9,1,'2012-06-12 15:59:30','2014-12-15 14:38:12',3,0),
	(13,8,1,3,10,11,1,'2012-06-12 16:37:52','2014-12-15 14:38:34',4,0),
	(14,0,1,0,1,48,1,'2013-01-16 17:12:07','2013-01-16 17:12:07',0,0),
	(15,1,1,2,33,34,1,'2013-03-30 09:26:14','2014-12-16 16:00:55',7,0),
	(16,1,1,2,23,24,0,'2013-05-24 12:02:34','2013-05-24 12:02:34',0,0),
	(17,1,1,2,25,26,0,'2013-05-24 12:02:53','2013-05-24 12:02:53',0,0),
	(18,1,1,2,35,36,1,'2013-05-25 09:16:03','2014-12-16 16:01:24',8,0),
	(19,8,1,3,20,21,1,'2014-12-15 14:16:42','2014-12-15 14:42:41',9,0),
	(20,1,1,2,37,38,1,'2014-12-15 14:17:45','2014-12-16 16:06:50',9,0),
	(21,1,1,2,39,40,1,'2014-12-15 14:18:10','2014-12-16 16:05:02',10,0),
	(22,1,1,2,41,42,1,'2014-12-15 14:18:36','2014-12-16 16:05:30',11,0),
	(23,8,1,3,12,13,1,'2014-12-15 14:36:22','2014-12-15 14:37:00',5,0),
	(24,8,1,3,14,15,1,'2014-12-15 14:39:04','2014-12-15 14:39:04',0,0),
	(25,8,1,3,16,17,1,'2014-12-15 14:39:49','2014-12-15 14:39:49',0,0),
	(26,8,1,3,18,19,1,'2014-12-15 14:40:21','2014-12-15 14:40:21',0,0),
	(27,1,1,2,45,46,1,'2015-01-19 16:27:32','2015-01-19 16:27:32',0,0);



# Dump of table pr_category_group
# ------------------------------------------------------------


CREATE TABLE `pr_category_group` (
  `id_category` int(10) unsigned NOT NULL,
  `id_group` int(10) unsigned NOT NULL,
  PRIMARY KEY (`id_category`,`id_group`),
  KEY `id_category` (`id_category`),
  KEY `id_group` (`id_group`)
) ENGINE=InnoDB DEFAULT CHARSET=utf8;


INSERT INTO `pr_category_group` (`id_category`, `id_group`)
VALUES
	(1,1),
	(1,2),
	(1,3),
	(1,4),
	(2,1),
	(2,3),
	(2,4),
	(5,1),
	(5,3),
	(5,4),
	(6,1),
	(6,3),
	(6,4),
	(7,1),
	(7,3),
	(7,4),
	(8,2),
	(9,2),
	(11,2),
	(12,2),
	(13,2),
	(15,1),
	(15,3),
	(15,4),
	(16,1),
	(16,3),
	(16,4),
	(17,1),
	(17,3),
	(17,4),
	(18,1),
	(18,3),
	(18,4),
	(19,2),
	(20,1),
	(20,3),
	(20,4),
	(21,1),
	(21,3),
	(21,4),
	(22,1),
	(22,3),
	(22,4),
	(23,2),
	(24,2),
	(25,2),
	(26,2),
	(27,1),
	(27,3),
	(27,4);



# Dump of table pr_category_lang
# ------------------------------------------------------------


CREATE TABLE `pr_category_lang` (
  `id_category` int(10) unsigned NOT NULL,
  `id_shop` int(11) unsigned NOT NULL DEFAULT '1',
  `id_lang` int(10) unsigned NOT NULL,
  `name` varchar(128) NOT NULL,
  `description` text,
  `link_rewrite` varchar(128) NOT NULL,
  `meta_title` varchar(128) DEFAULT NULL,
  `meta_keywords` varchar(255) DEFAULT NULL,
  `meta_description` varchar(255) DEFAULT NULL,
  PRIMARY KEY (`id_category`,`id_shop`,`id_lang`),
  UNIQUE KEY `id_category` (`id_category`,`id_shop`,`id_lang`),
  KEY `category_name` (`name`)
) ENGINE=InnoDB DEFAULT CHARSET=utf8;


INSERT INTO `pr_category_lang` (`id_category`, `id_shop`, `id_lang`, `name`, `description`, `link_rewrite`, `meta_title`, `meta_keywords`, `meta_description`)
VALUES
	(1,1,1,'Home','','home',NULL,NULL,NULL),
	(1,1,2,'Accueil','','home',NULL,NULL,NULL),
	(1,1,3,'Inicio','','home',NULL,NULL,NULL),
	(1,1,4,'Start','','home',NULL,NULL,NULL),
	(1,1,5,'Home page','','home',NULL,NULL,NULL),
	(2,1,1,'iPods','<p>Now that you can buy movies from the iTunes Store and sync them to your iPod, the whole world is your theater.</p>','music-ipods','','',''),
	(2,1,2,'iPods','<p>Il est temps, pour le meilleur lecteur de musique, de remonter sur scène pour un rappel. Avec le nouvel iPod, le monde est votre scène.</p>','musique-ipods','','',''),
	(2,1,3,'iPods','<p>Es hora de que el mejor jugador de la música, al escenario para hacer un bis. Con el nuevo iPod, el mundo es tu escenario.</p>','musica-ipods','','',''),
	(2,1,4,'iPods','<p>Now that you can buy movies from the iTunes Store and sync them to your iPod, the whole world is your theater.</p>','musik-iPods','','',''),
	(2,1,5,'Sapori Friulani','<h3 style=\"text-align:center;\"><span style=\"color:#e91616;\"><strong>Sapori e saperi di un territorio tutto da scoprire!</strong></span></h3>','sapori-friulani','','',''),
	(5,1,1,'Arte e cultura','','arte-e-cultura','','',''),
	(5,1,2,'Arte e cultura','','arte-e-cultura','','',''),
	(5,1,3,'Arte e cultura','','arte-e-cultura','','',''),
	(5,1,4,'Arte e cultura','','arte-e-cultura','','',''),
	(5,1,5,'Arte e cultura','<h3 style=\"text-align:center;\"><span style=\"color:#f30808;\"><strong>Alla scoperta dei gioielli artistici e culturali del Friuli Venezia Giulia</strong></span></h3>','arte-e-cultura','','Friuli, vacanze, Arte e Cultura, pacchetti turistici, soggiorni in Friuli, viaggi in Friuli',''),
	(6,1,1,'Wellness','','wellness','','',''),
	(6,1,2,'Wellness','','wellness','','',''),
	(6,1,3,'Wellness','','wellness','','',''),
	(6,1,4,'Wellness','','wellness','','',''),
	(6,1,5,'Wellness','<h3 style=\"text-align:center;\"><span style=\"color:#ef1515;\"><strong>Godetevi un momento di relax in Friuli Venezia Giulia! </strong></span></h3>','wellness','','',''),
	(7,1,1,'Natura','','natura','','',''),
	(7,1,2,'Natura','','natura','','',''),
	(7,1,3,'Natura','','natura','','',''),
	(7,1,4,'Natura','','natura','','',''),
	(7,1,5,'Natura','<h3 style=\"text-align:center;\"><strong><span style=\"color:#ef1414;\">Alla scoperta della splendida natura friulana!</span></strong></h3>','natura','','',''),
	(8,1,1,'Gruppi','','gruppi','','',''),
	(8,1,2,'Gruppi','','gruppi','','',''),
	(8,1,3,'Gruppi','','gruppi','','',''),
	(8,1,4,'Gruppi','','gruppi','','',''),
	(8,1,5,'Area Agenzie e TO','<p>L\'area riservata ai professionisti dei viaggi! </p>','gruppi','','',''),
	(9,1,1,'Tour in giornata','','tour-in-giornata','','',''),
	(9,1,2,'Tour in giornata','','tour-in-giornata','','',''),
	(9,1,3,'Tour in giornata','','tour-in-giornata','','',''),
	(9,1,4,'Tour in giornata','','tour-in-giornata','','',''),
	(9,1,5,'Tour in giornata','<p>Tour di un giorno!</p>','tour-in-giornata','','',''),
	(11,1,1,'Tour di due giorni','','tour-di-due-giorni','','',''),
	(11,1,2,'Tour di due giorni','','tour-di-due-giorni','','',''),
	(11,1,3,'Tour di due giorni','','tour-di-due-giorni','','',''),
	(11,1,4,'Tour di due giorni','','tour-di-due-giorni','','',''),
	(11,1,5,'Tour di due giorni','<p>Tour di due giorni</p>','tour-di-due-giorni','','',''),
	(12,1,1,'Tour di tre giorni','','tour-di-tre-giorni','','',''),
	(12,1,2,'Tour di tre giorni','','tour-di-tre-giorni','','',''),
	(12,1,3,'Tour di tre giorni','','tour-di-tre-giorni','','',''),
	(12,1,4,'Tour di tre giorni','','tour-di-tre-giorni','','',''),
	(12,1,5,'Tour di tre giorni','<p>Tour di tre giorni</p>','tour-di-tre-giorni','','',''),
	(13,1,1,'Tour di quattro giorni','','tour-di-quattro-giorni','','',''),
	(13,1,2,'Tour di quattro giorni','','tour-di-quattro-giorni','','',''),
	(13,1,3,'Tour di quattro giorni','','tour-di-quattro-giorni','','',''),
	(13,1,4,'Tour di quattro giorni','','tour-di-quattro-giorni','','',''),
	(13,1,5,'Tour di quattro giorni','<p>Tour di quattro giorni</p>','tour-di-quattro-giorni','','',''),
	(14,1,1,'Root',NULL,'',NULL,NULL,NULL),
	(14,1,2,'Root',NULL,'',NULL,NULL,NULL),
	(14,1,3,'Root',NULL,'',NULL,NULL,NULL),
	(14,1,4,'Root',NULL,'',NULL,NULL,NULL),
	(14,1,5,'Root',NULL,'',NULL,NULL,NULL),
	(15,1,1,'Grande Guerra','','grande-guerra','','',''),
	(15,1,2,'Grande Guerra','','grande-guerra','','',''),
	(15,1,3,'Grande Guerra','','grande-guerra','','',''),
	(15,1,4,'Grande Guerra','','grande-guerra','','',''),
	(15,1,5,'Grande Guerra','<h3 style=\"text-align:center;\"><span style=\"color:#e51414;\"><strong>Itinerari dedicati alla scoperta dei luoghi della Grande Guerra!</strong></span></h3>','grande-guerra','','',''),
	(16,1,1,'Alberghi','','alberghi','','',''),
	(16,1,2,'Alberghi','','alberghi','','',''),
	(16,1,3,'Alberghi','','alberghi','','',''),
	(16,1,4,'Alberghi','','alberghi','','',''),
	(16,1,5,'Alberghi','','alberghi','','',''),
	(17,1,1,'Ristoranti','','ristoranti','','',''),
	(17,1,2,'Ristoranti','','ristoranti','','',''),
	(17,1,3,'Ristoranti','','ristoranti','','',''),
	(17,1,4,'Ristoranti','','ristoranti','','',''),
	(17,1,5,'Ristoranti','','ristoranti','','',''),
	(18,1,1,'Gite in giornata','','gite-in-giornata','','',''),
	(18,1,2,'Gite in giornata','','gite-in-giornata','','',''),
	(18,1,3,'Gite in giornata','','gite-in-giornata','','',''),
	(18,1,4,'Gite in giornata','','gite-in-giornata','','',''),
	(18,1,5,'In giornata','<h3 style=\"text-align:center;\"><span style=\"color:#dc1a1a;\"><strong>Una giornata dedicata alla scoperta dei principali luoghi friulani!</strong></span></h3>','in-giornata','','',''),
	(19,1,1,'grande guerra','','grande-guerra','','',''),
	(19,1,2,'grande guerra','','grande-guerra','','',''),
	(19,1,3,'grande guerra','','grande-guerra','','',''),
	(19,1,4,'grande guerra','','grande-guerra','','',''),
	(19,1,5,'grande guerra','<p>I tour dedicati al tema della grande guerra!</p>','grande-guerra','','',''),
	(20,1,1,'Il Friuli letterario','','il-friuli-letterario','','',''),
	(20,1,2,'Il Friuli letterario','','il-friuli-letterario','','',''),
	(20,1,3,'Il Friuli letterario','','il-friuli-letterario','','',''),
	(20,1,4,'Il Friuli letterario','','il-friuli-letterario','','',''),
	(20,1,5,'Il Friuli letterario','<h3 style=\"text-align:center;\"><span style=\"color:#ea1e1e;\"><strong>Autori, poeti e narratori ... quando la letteratura si fonde con la tradizione!</strong></span></h3>','il-friuli-letterario','','',''),
	(21,1,1,'Itinerari a due ruote','','itinerari-a-due-ruote','','',''),
	(21,1,2,'Itinerari a due ruote','','itinerari-a-due-ruote','','',''),
	(21,1,3,'Itinerari a due ruote','','itinerari-a-due-ruote','','',''),
	(21,1,4,'Itinerari a due ruote','','itinerari-a-due-ruote','','',''),
	(21,1,5,'Itinerari a due ruote','<h3 style=\"text-align:center;\"><span style=\"color:#f71212;\"><strong>Itinerari pensati per gli amanti delle 2 ruote (moto &amp; bicicletta) !</strong></span></h3>','itinerari-a-due-ruote','','',''),
	(22,1,1,'Festività ed eventi in friuli','','festivita-ed-eventi-in-friuli','','',''),
	(22,1,2,'Festività ed eventi in friuli','','festivita-ed-eventi-in-friuli','','',''),
	(22,1,3,'Festività ed eventi in friuli','','festivita-ed-eventi-in-friuli','','',''),
	(22,1,4,'Festività ed eventi in friuli','','festivita-ed-eventi-in-friuli','','',''),
	(22,1,5,'Festività ed eventi in friuli','<h3 style=\"text-align:center;\"><span style=\"color:#eb1f1f;\"><strong>Itinerari dedicati agli eventi &amp; le festività friulane! </strong></span></h3>','festivita-ed-eventi-in-friuli','','',''),
	(23,1,1,'Tour di cinque giorni','','tour-di-cinque-giorni','','',''),
	(23,1,2,'Tour di cinque giorni','','tour-di-cinque-giorni','','',''),
	(23,1,3,'Tour di cinque giorni','','tour-di-cinque-giorni','','',''),
	(23,1,4,'Tour di cinque giorni','','tour-di-cinque-giorni','','',''),
	(23,1,5,'Tour di cinque giorni','<p>Tour di cinque giorni</p>','tour-di-cinque-giorni','','',''),
	(24,1,1,'Tour di sei giorni','','tour-di-sei-giorni','','',''),
	(24,1,2,'Tour di sei giorni','','tour-di-sei-giorni','','',''),
	(24,1,3,'Tour di sei giorni','','tour-di-sei-giorni','','',''),
	(24,1,4,'Tour di sei giorni','','tour-di-sei-giorni','','',''),
	(24,1,5,'Tour di sei giorni','<p>Tour di sei giorni</p>','tour-di-sei-giorni','','',''),
	(25,1,1,'Tour di sette giorni','','tour-di-sette-giorni','','',''),
	(25,1,2,'Tour di sette giorni','','tour-di-sette-giorni','','',''),
	(25,1,3,'Tour di sette giorni','','tour-di-sette-giorni','','',''),
	(25,1,4,'Tour di sette giorni','','tour-di-sette-giorni','','',''),
	(25,1,5,'Tour di sette giorni','<p>Tour di sette giorni</p>','tour-di-sette-giorni','','',''),
	(26,1,1,'Tour di otto giorni','','tour-di-otto-giorni','','',''),
	(26,1,2,'Tour di otto giorni','','tour-di-otto-giorni','','',''),
	(26,1,3,'Tour di otto giorni','','tour-di-otto-giorni','','',''),
	(26,1,4,'Tour di otto giorni','','tour-di-otto-giorni','','',''),
	(26,1,5,'Tour di otto giorni','<p>Tour di otto giorni</p>','tour-di-otto-giorni','','',''),
	(27,1,1,'spiritualità','','spiritualita','','',''),
	(27,1,2,'spiritualità','','spiritualita','','',''),
	(27,1,3,'spiritualità','','spiritualita','','',''),
	(27,1,4,'spiritualità','','spiritualita','','',''),
	(27,1,5,'spiritualità','<h2 style=\"text-align:center;\"><span style=\"color:#281ced;\">Alla scoperta della spiritualità in Friuli Venezia Giulia</span></h2>','spiritualita','','','');



# Dump of table pr_category_product
# ------------------------------------------------------------


CREATE TABLE `pr_category_product` (
  `id_category` int(10) unsigned NOT NULL,
  `id_product` int(10) unsigned NOT NULL,
  `position` int(10) unsigned NOT NULL DEFAULT '0',
  PRIMARY KEY (`id_category`,`id_product`),
  KEY `id_product` (`id_product`)
) ENGINE=InnoDB DEFAULT CHARSET=utf8;


INSERT INTO `pr_category_product` (`id_category`, `id_product`, `position`)
VALUES
	(1,27,0),
	(2,12,0),
	(2,13,1),
	(2,14,17),
	(2,15,2),
	(2,17,3),
	(2,21,4),
	(2,36,5),
	(2,37,8),
	(2,38,7),
	(2,40,6),
	(2,44,9),
	(2,45,10),
	(2,46,14),
	(2,52,12),
	(2,76,11),
	(2,79,13),
	(2,89,16),
	(2,91,15),
	(2,97,18),
	(2,99,19),
	(2,100,20),
	(2,101,21),
	(2,102,22),
	(2,103,23),
	(2,104,24),
	(2,105,25),
	(2,107,26),
	(5,12,7),
	(5,13,10),
	(5,15,0),
	(5,17,11),
	(5,18,1),
	(5,19,2),
	(5,36,12),
	(5,37,13),
	(5,39,4),
	(5,40,14),
	(5,41,3),
	(5,44,5),
	(5,46,6),
	(5,47,20),
	(5,52,8),
	(5,81,9),
	(5,88,15),
	(5,89,16),
	(5,90,17),
	(5,91,18),
	(5,92,19),
	(5,93,21),
	(5,95,22),
	(5,96,23),
	(5,97,24),
	(5,98,25),
	(5,104,26),
	(5,105,27),
	(5,106,28),
	(6,14,0),
	(6,106,1),
	(7,21,0),
	(7,38,5),
	(7,40,6),
	(7,45,7),
	(7,47,1),
	(7,76,2),
	(7,78,3),
	(7,80,4),
	(7,99,8),
	(7,100,9),
	(7,101,10),
	(7,102,11),
	(7,103,12),
	(7,104,13),
	(7,105,14),
	(7,106,15),
	(7,107,16),
	(8,23,21),
	(8,28,22),
	(8,29,23),
	(8,48,0),
	(8,49,24),
	(8,50,25),
	(8,51,26),
	(8,55,1),
	(8,56,28),
	(8,57,7),
	(8,58,8),
	(8,59,9),
	(8,60,10),
	(8,61,11),
	(8,62,12),
	(8,64,29),
	(8,65,13),
	(8,69,14),
	(8,70,15),
	(8,72,17),
	(8,73,18),
	(8,74,19),
	(8,75,16),
	(8,78,2),
	(8,79,3),
	(8,80,4),
	(8,81,5),
	(8,82,6),
	(8,83,20),
	(8,84,27),
	(8,85,30),
	(8,86,31),
	(8,87,32),
	(8,94,33),
	(9,23,0),
	(9,27,1),
	(9,28,2),
	(9,48,3),
	(9,50,4),
	(9,51,5),
	(9,59,6),
	(9,60,7),
	(9,61,8),
	(9,62,9),
	(9,64,17),
	(9,65,10),
	(9,78,11),
	(9,79,12),
	(9,80,13),
	(9,81,14),
	(9,82,15),
	(9,84,16),
	(9,94,18),
	(11,29,0),
	(11,49,1),
	(11,56,4),
	(11,69,2),
	(11,83,3),
	(11,85,5),
	(11,86,6),
	(11,87,7),
	(12,57,0),
	(12,58,1),
	(12,70,2),
	(12,72,4),
	(12,73,5),
	(12,74,6),
	(12,75,3),
	(13,55,0),
	(15,15,6),
	(15,69,0),
	(15,70,1),
	(15,72,2),
	(15,73,3),
	(15,74,4),
	(15,75,5),
	(15,83,7),
	(15,93,8),
	(18,18,3),
	(18,38,4),
	(18,88,0),
	(18,90,5),
	(18,91,1),
	(18,92,2),
	(18,93,6),
	(18,95,7),
	(18,96,8),
	(18,98,9),
	(20,19,2),
	(20,37,0),
	(20,90,1),
	(20,92,3);



# Dump of table pr_category_shop
# ------------------------------------------------------------


CREATE TABLE `pr_category_shop` (
  `id_category` int(11) NOT NULL,
  `id_shop` int(11) NOT NULL,
  `position` int(10) unsigned NOT NULL DEFAULT '0',
  PRIMARY KEY (`id_category`,`id_shop`)
) ENGINE=InnoDB DEFAULT CHARSET=utf8;


INSERT INTO `pr_category_shop` (`id_category`, `id_shop`, `position`)
VALUES
	(1,1,0),
	(2,1,6),
	(5,1,4),
	(6,1,12),
	(7,1,5),
	(8,1,1),
	(9,1,1),
	(11,1,2),
	(12,1,3),
	(13,1,4),
	(14,1,0),
	(15,1,7),
	(16,1,2),
	(17,1,3),
	(18,1,8),
	(19,1,9),
	(20,1,9),
	(21,1,10),
	(22,1,11),
	(23,1,5),
	(24,1,6),
	(25,1,7),
	(26,1,8),
	(27,1,13);



# Dump of table pr_cms
# ------------------------------------------------------------


CREATE TABLE `pr_cms` (
  `id_cms` int(10) unsigned NOT NULL AUTO_INCREMENT,
  `id_shop` int(11) unsigned NOT NULL DEFAULT '1',
  `id_cms_category` int(10) unsigned NOT NULL,
  `position` int(10) unsigned NOT NULL DEFAULT '0',
  `active` tinyint(1) unsigned NOT NULL DEFAULT '0',
  `indexation` tinyint(1) unsigned DEFAULT '1',
  PRIMARY KEY (`id_cms`),
  KEY `id_cms_category` (`id_cms_category`)
) ENGINE=InnoDB DEFAULT CHARSET=utf8;


INSERT INTO `pr_cms` (`id_cms`, `id_shop`, `id_cms_category`, `position`, `active`, `indexation`)
VALUES
	(2,1,1,0,1,1),
	(3,1,1,1,1,1),
	(4,1,1,2,1,1),
	(6,1,1,3,1,1),
	(7,1,1,4,1,1);



# Dump of table pr_cms_block
# ------------------------------------------------------------


CREATE TABLE `pr_cms_block` (
  `id_cms_block` int(10) unsigned NOT NULL AUTO_INCREMENT,
  `id_cms_category` int(10) unsigned NOT NULL,
  `name` varchar(40) NOT NULL,
  `location` tinyint(1) unsigned NOT NULL,
  `position` int(10) unsigned NOT NULL DEFAULT '0',
  `display_store` tinyint(1) unsigned NOT NULL DEFAULT '1',
  PRIMARY KEY (`id_cms_block`)
) ENGINE=InnoDB DEFAULT CHARSET=utf8;


INSERT INTO `pr_cms_block` (`id_cms_block`, `id_cms_category`, `name`, `location`, `position`, `display_store`)
VALUES
	(1,1,'',0,0,1);



# Dump of table pr_cms_block_lang
# ------------------------------------------------------------


CREATE TABLE `pr_cms_block_lang` (
  `id_cms_block` int(10) unsigned NOT NULL,
  `id_lang` int(10) unsigned NOT NULL,
  `name` varchar(40) NOT NULL DEFAULT '',
  PRIMARY KEY (`id_cms_block`,`id_lang`)
) ENGINE=InnoDB DEFAULT CHARSET=utf8;


INSERT INTO `pr_cms_block_lang` (`id_cms_block`, `id_lang`, `name`)
VALUES
	(1,1,'Information'),
	(1,2,'Informations'),
	(1,3,'Informaciónes'),
	(1,4,'Information'),
	(1,5,'Informazioni');



# Dump of table pr_cms_block_page
# ------------------------------------------------------------


CREATE TABLE `pr_cms_block_page` (
  `id_cms_block_page` int(10) unsigned NOT NULL AUTO_INCREMENT,
  `id_cms_block` int(10) unsigned NOT NULL,
  `id_cms` int(10) unsigned NOT NULL,
  `is_category` tinyint(1) unsigned NOT NULL,
  PRIMARY KEY (`id_cms_block_page`)
) ENGINE=InnoDB DEFAULT CHARSET=utf8;


INSERT INTO `pr_cms_block_page` (`id_cms_block_page`, `id_cms_block`, `id_cms`, `is_category`)
VALUES
	(1,1,1,0),
	(2,1,2,0),
	(3,1,3,0),
	(4,1,4,0),
	(5,1,5,0),
	(6,1,6,0),
	(7,1,7,0);



# Dump of table pr_cms_block_shop
# ------------------------------------------------------------


CREATE TABLE `pr_cms_block_shop` (
  `id_cms_block` int(10) unsigned NOT NULL AUTO_INCREMENT,
  `id_shop` int(10) unsigned NOT NULL,
  PRIMARY KEY (`id_cms_block`,`id_shop`)
) ENGINE=InnoDB DEFAULT CHARSET=utf8;



# Dump of table pr_cms_category
# ------------------------------------------------------------


CREATE TABLE `pr_cms_category` (
  `id_cms_category` int(10) unsigned NOT NULL AUTO_INCREMENT,
  `id_parent` int(10) unsigned NOT NULL,
  `level_depth` tinyint(3) unsigned NOT NULL DEFAULT '0',
  `active` tinyint(1) unsigned NOT NULL DEFAULT '0',
  `date_add` datetime NOT NULL,
  `date_upd` datetime NOT NULL,
  `position` int(10) unsigned NOT NULL DEFAULT '0',
  PRIMARY KEY (`id_cms_category`),
  KEY `category_parent` (`id_parent`)
) ENGINE=InnoDB DEFAULT CHARSET=utf8;


INSERT INTO `pr_cms_category` (`id_cms_category`, `id_parent`, `level_depth`, `active`, `date_add`, `date_upd`, `position`)
VALUES
	(1,0,0,1,'2012-02-15 09:02:48','2012-02-15 09:02:48',0),
	(2,1,1,1,'2015-01-30 15:51:32','2015-01-30 15:51:32',0);



# Dump of table pr_cms_category_lang
# ------------------------------------------------------------


CREATE TABLE `pr_cms_category_lang` (
  `id_cms_category` int(10) unsigned NOT NULL,
  `id_lang` int(10) unsigned NOT NULL,
  `name` varchar(128) NOT NULL,
  `description` text,
  `link_rewrite` varchar(128) NOT NULL,
  `meta_title` varchar(128) DEFAULT NULL,
  `meta_keywords` varchar(255) DEFAULT NULL,
  `meta_description` varchar(255) DEFAULT NULL,
  PRIMARY KEY (`id_cms_category`,`id_lang`),
  KEY `category_name` (`name`)
) ENGINE=InnoDB DEFAULT CHARSET=utf8;


INSERT INTO `pr_cms_category_lang` (`id_cms_category`, `id_lang`, `name`, `description`, `link_rewrite`, `meta_title`, `meta_keywords`, `meta_description`)
VALUES
	(1,1,'Home','','home',NULL,NULL,NULL),
	(1,2,'Accueil','','home',NULL,NULL,NULL),
	(1,3,'Inicio','','home',NULL,NULL,NULL),
	(1,4,'Start','','Start',NULL,NULL,NULL),
	(1,5,'Home','','home',NULL,NULL,NULL),
	(2,1,'prova','','prova','','',''),
	(2,2,'prova','','prova','','',''),
	(2,3,'prova','','prova','','',''),
	(2,4,'prova','','prova','','',''),
	(2,5,'prova','','prova','','','');



# Dump of table pr_cms_lang
# ------------------------------------------------------------


CREATE TABLE `pr_cms_lang` (
  `id_cms` int(10) unsigned NOT NULL,
  `id_lang` int(10) unsigned NOT NULL,
  `meta_title` varchar(128) NOT NULL,
  `meta_description` varchar(255) DEFAULT NULL,
  `meta_keywords` varchar(255) DEFAULT NULL,
  `content` longtext,
  `link_rewrite` varchar(128) NOT NULL,
  PRIMARY KEY (`id_cms`,`id_lang`)
) ENGINE=InnoDB DEFAULT CHARSET=utf8;


INSERT INTO `pr_cms_lang` (`id_cms`, `id_lang`, `meta_title`, `meta_description`, `meta_keywords`, `content`, `link_rewrite`)
VALUES
	(2,1,'Legal Notice','Legal notice','notice, legal, credits','<h2>Legal</h2><h3>Credits</h3><p>Concept and production:</p><p>This Web site was created using <a href=\"http://www.prestashop.com\">PrestaShop</a>&trade; open-source software.</p>','legal-notice'),
	(2,2,'Mentions légales','Mentions légales','mentions, légales, crédits','<h2>Mentions l&eacute;gales</h2><h3>Cr&eacute;dits</h3><p>Concept et production :</p><p>Ce site internet a &eacute;t&eacute; r&eacute;alis&eacute; en utilisant la solution open-source <a href=\"http://www.prestashop.com\">PrestaShop</a>&trade; .</p>','mentions-legales'),
	(2,3,'Aviso legal','Aviso legal','términos, condiciones y créditos fotográficos','<h2><span id=\"result_box\"><span style=\"background-color: #ffffff;\" title=\"Mentions légales\">Pie de imprenta</span></span></h2>\r\n<h2><span id=\"result_box\"><span style=\"background-color: #ffffff;\" title=\"Mentions légales\"> </span></span><span id=\"result_box\"><span style=\"background-color: #ffffff;\" title=\"Crédits\">Créditos</span></span></h2>\r\n<h3><span id=\"result_box\"></span></h3>\r\n<p><span id=\"result_box\"><span style=\"background-color: #ffffff;\" title=\"Crédits\"><br /></span><span style=\"background-color: #ffffff;\" title=\"Concept et production :\">Concepto y producción:<br /><br /></span><span style=\"background-color: #ffffff;\" title=\"Ce site internet a été réalisé en utilisant la solution open-source PrestaShop™ .\">Este sitio web fue creado utilizando la solución de código abierto <a href=\"http://www.prestashop.com\" target=\"_blank\">PrestaShop</a>™.</span></span></p>','aviso-legal'),
	(2,4,'Rechtliche Hinweise','Rechtliche Hinweise','Hinweise, rechtlich, Gutscheine','<h2>Legal</h2><h3>Credits</h3><p>Konzept und Gestaltung:</p><p>Diese Webseite wurde hergestellt unter Verwendung von <a href=\"http://www.prestashop.com\">PrestaShop</a>&trade; open-source software.</p>','rechtliche-hinweise'),
	(2,5,'Nota Legale','Nota legale','nota, legale, crediti','<h2>Legale</h2><h3>Crediti</h3><p>Creazione e produzione:</p><p>Questo sito web è stato realizzato usando un software open-source<a href=\"http://www.prestashop.com\">PrestaShop</a>&trade;.</p>','nota-legale'),
	(3,1,'Terms and conditions of use','Our terms and conditions of use','conditions, terms, use, sell','<h2>Your terms and conditions of use</h2><h3>Rule 1</h3><p>Here is the rule 1 content</p>\r\n<h3>Rule 2</h3><p>Here is the rule 2 content</p>\r\n<h3>Rule 3</h3><p>Here is the rule 3 content</p>','terms-and-conditions-of-use'),
	(3,2,'Conditions d\'utilisation','Nos conditions générales de ventes','conditions, utilisation, générales, ventes','<h2>Vos conditions de ventes</h2><h3>Règle n°1</h3><p>Contenu de la règle numéro 1</p>\r\n<h3>Règle n°2</h3><p>Contenu de la règle numéro 2</p>\r\n<h3>Règle n°3</h3><p>Contenu de la règle numéro 3</p>','conditions-generales-de-ventes'),
	(3,3,'Condiciones de uso','Condiciones de uso','condiciones, el consumo, las ventas generales','<h2><span id=\"result_box\"><span style=\"background-color: #ffffff;\" title=\"Vos conditions de ventes\">Sus condiciones de venta</span></span></h2>\r\n<h3>Regla N º 1</h3>\r\n<p><span id=\"result_box\"><span style=\"background-color: #ffffff;\" title=\"Contenu de la règle numéro 1\">Contenido de la Regla Número 1</span></span></p>\r\n<h3><span id=\"result_box\"></span>Regla N º 2</h3>\r\n<p><span id=\"result_box\"><span style=\"background-color: #ffffff;\" title=\"Contenu de la règle numéro 2\">Contenido de la Regla N º 2</span></span></p>\r\n<h3><span id=\"result_box\"></span>Regla N º 3</h3>\r\n<p><span id=\"result_box\"><span style=\"background-color: #ffffff;\" title=\"Contenu de la règle numéro 3\">Contenido de la Regla Número 3</span></span></p>','condiciones-de-uso'),
	(3,4,'Allgemeine Nutzungsbedingungen','Unsere allgemeinen Nutzungsbedingungen','Voraussetzungen, Bedingungen, nutzen, verkaufen','<h2>Your terms and conditions of use</h2><h3>Rule 1</h3><p>Here is the rule 1 content</p>\r\n<h3>Rule 2</h3><p>Here is the rule 2 content</p>\r\n<h3>Rule 3</h3><p>Here is the rule 3 content</p>','allgemeine-nutzungsbedingungen'),
	(3,5,'Termini e condizioni d\'uso','I nostri termini e condizioni d\'uso','condizioni, termini, uso, vendi','<h2>I tuoi termini e condizioni d\'uso</h2><h3>Regola 1</h3><p>Ecco il contenuto della regola 1</p>\r\n<h3>Regola 2</h3><p>Ecco il contenuto della regola 2</p>\r\n<h3>Regola 3</h3><p>Ecco il contenuto della regola 3</p>','termini-e-condizioni-di-uso'),
	(4,1,'About us','Learn more about us','about us, informations','<h2>About us</h2>\n<h3>Our company</h3>\n<p>Our company</p>\n<h3>Our team</h3>\n<p>Our team</p>\n<h3>Informations</h3>\n<p>Informations</p>','about-us'),
	(4,2,'A propos','Apprenez-en d\'avantage sur nous','à propos, informations','<h2>A propos</h2>\n<h3>Notre entreprise</h3>\n<p>Notre entreprise</p>\n<h3>Notre équipe</h3>\n<p>Notre équipe</p>\n<h3>Informations</h3>\n<p>Informations</p>','a-propos'),
	(4,3,'Sobre','Conozca más sobre nosotros','sobre, información','<h2>Sobre</h2>','sobre'),
	(4,4,'Über uns','Learn more about us','über uns, Informationen','<h2>About us</h2>\n<h3>Our company</h3>\n<p>Our company</p>\n<h3>Our team</h3>\n<p>Our team</p>\n<h3>Informations</h3>\n<p>Informations</p>','uber-uns'),
	(4,5,'Chi siamo','Per sapere chi siamo','chi siamo, informazioni','<p><strong>Armonie e Sapori del Friuli</strong> è il tuo corrispondente ed operatore specializzato nell’incoming in <strong>Friuli Venezia Giulia, Veneto</strong> e nella <strong>Mitteleuropa</strong>. L\'affidabilità e l\'esperienza dei nostri Collaboratori sono da anni garanzia di qualità per agenzie, tour operator, aziende, Club, Istituti di Credito ed associazioni in quanto oltre ai tour proponiamo alberghi, ristoranti, trattorie e strutture ricettive di elevata qualità ed esperienza.</p>\n<div class=\"well\">\n<p>Con il portale <strong>INCOMINGFRIULI</strong>, abbiamo voluto pensare anche ai singoli viaggiatori che vogliono vivere in modo autonomo e flessibile il loro soggiorno nel Nord-Est!</p>\n<p><br />Abbiamo creato per te ad <strong>un sito pratico ed intuitivo</strong> che ti permette in pochi “click” di riservare un soggiorno all’insegna della tradizionale ospitalità friulana.</p>\n<p><br />Ti basterà scegliere il tema che più ti ispira e lasciarti trasportare dalla <strong>tipicità dei nostri pacchetti</strong>, creati per rendere il tuo soggiorno sempre speciale e per proporti l\'eccellenza delle location regionali!</p>\n</div>\n<p>Il Friuli è caratterizzato da una spiccata vocazione per i soggiorni Enogastronomici e Culturali: le opere d\'arte e l\'architettura qui si incontrano con il fascino delle colline e dei castelli, la dolcezza delle valli, la suggestiva visione delle Alpi, le antiche case padronali e con una natura ancora intatta e rilassante.</p>\n<p>Sono tante le idee di soggiorno che troverai in questo portale: itinerari enogastronomici, soggiorni culturali in città d’arte, soggiorni dedicati alla natura e allo sport, soggiorni relax e in centro benessere, soggiorni spirituali, soggiorni dedicati agli itinerari della Grande Guerra, e molti altri ancora…</p>\n<p> </p>\n<blockquote>\n<p>Incoming Friuli ti accompagnerà alla scoperta di una regione eccezionale!</p>\n</blockquote>','chi-siamo'),
	(6,1,'Privacy policy','Privacy policy','Privacy policy','<h2>Privacy policy</h2>\r\n<p>Privacy policy</p>','privacy-policy'),
	(6,2,'Politique de confidentialité','Politique de confidentialité','Politique de confidentialité','<h2>Politique de confidentialité</h2>\r\n<p>Politique de confidentialité</p>','politique-de-confidentialite'),
	(6,3,'Privacy policy','Privacy policy','Privacy policy','<h2>Privacy policy</h2>\r\n<p>Privacy policy</p>','privacy-policy'),
	(6,4,'Privacy policy','Privacy policy','Privacy policy','<h2>Privacy policy</h2>\r\n<p>Privacy policy</p>','privacy-policy'),
	(6,5,'Privacy policy','Privacy policy','Privacy policy','<h2>Privacy policy</h2>\r\n<p>Privacy policy</p>','privacy-policy'),
	(7,1,'Right of withdrawal','Right of withdrawal','Right of withdrawal','<h2>Right of withdrawal</h2>\r\n<p>Right of withdrawal</p>','right-of-withdrawal'),
	(7,2,'Droits de rétractation','Droit de rétractation','Droit de rétractation','<h2>Droit de rétractation</h2>\r\n<p>Droit de rétractation</p>','droit-de-retractation'),
	(7,3,'Right of withdrawal','Right of withdrawal','Right of withdrawal','<h2>Right of withdrawal</h2>\r\n<p>Right of withdrawal</p>','right-of-withdrawal'),
	(7,4,'Right of withdrawal','Right of withdrawal','Right of withdrawal','<h2>Right of withdrawal</h2>\r\n<p>Right of withdrawal</p>','right-of-withdrawal'),
	(7,5,'Right of withdrawal','Right of withdrawal','Right of withdrawal','<h2>Right of withdrawal</h2>\r\n<p>Right of withdrawal</p>','right-of-withdrawal');



# Dump of table pr_cms_shop
# ------------------------------------------------------------


CREATE TABLE `pr_cms_shop` (
  `id_cms` int(11) unsigned NOT NULL,
  `id_shop` int(11) unsigned NOT NULL,
  PRIMARY KEY (`id_cms`,`id_shop`),
  KEY `id_shop` (`id_shop`)
) ENGINE=InnoDB DEFAULT CHARSET=utf8;


INSERT INTO `pr_cms_shop` (`id_cms`, `id_shop`)
VALUES
	(2,1),
	(3,1),
	(4,1),
	(6,1),
	(7,1);



# Dump of table pr_compare
# ------------------------------------------------------------


CREATE TABLE `pr_compare` (
  `id_compare` int(10) unsigned NOT NULL AUTO_INCREMENT,
  `id_customer` int(10) unsigned NOT NULL,
  PRIMARY KEY (`id_compare`)
) ENGINE=InnoDB DEFAULT CHARSET=utf8;


INSERT INTO `pr_compare` (`id_compare`, `id_customer`)
VALUES
	(1,0);



# Dump of table pr_compare_product
# ------------------------------------------------------------


CREATE TABLE `pr_compare_product` (
  `id_compare` int(10) unsigned NOT NULL,
  `id_product` int(10) unsigned NOT NULL,
  `date_add` datetime NOT NULL,
  `date_upd` datetime NOT NULL,
  PRIMARY KEY (`id_compare`,`id_product`)
) ENGINE=InnoDB DEFAULT CHARSET=utf8;


INSERT INTO `pr_compare_product` (`id_compare`, `id_product`, `date_add`, `date_upd`)
VALUES
	(1,13,'2014-12-16 09:25:39','2014-12-16 09:25:39');



# Dump of table pr_condition
# ------------------------------------------------------------


CREATE TABLE `pr_condition` (
  `id_condition` int(11) NOT NULL AUTO_INCREMENT,
  `id_ps_condition` int(11) NOT NULL,
  `type` enum('configuration','install','sql') NOT NULL,
  `request` text,
  `operator` varchar(32) DEFAULT NULL,
  `value` varchar(64) DEFAULT NULL,
  `result` varchar(64) DEFAULT NULL,
  `calculation_type` enum('hook','time') DEFAULT NULL,
  `calculation_detail` varchar(64) DEFAULT NULL,
  `validated` tinyint(1) unsigned NOT NULL DEFAULT '0',
  `date_add` datetime NOT NULL,
  `date_upd` datetime NOT NULL,
  PRIMARY KEY (`id_condition`,`id_ps_condition`)
) ENGINE=InnoDB DEFAULT CHARSET=utf8;


INSERT INTO `pr_condition` (`id_condition`, `id_ps_condition`, `type`, `request`, `operator`, `value`, `result`, `calculation_type`, `calculation_detail`, `validated`, `date_add`, `date_upd`)
VALUES
	(1,19,'install','','>','0','1','time','1',1,'2013-05-21 12:08:19','2013-05-21 12:09:03'),
	(2,40,'install','','>=','730','','time','2',0,'2013-05-21 12:08:19','2013-05-21 12:09:03'),
	(3,1,'configuration','PS_REWRITING_SETTINGS','==','1','','hook','actionAdminMetaControllerUpdate_optionsAfter',0,'2013-05-21 12:08:19','2013-05-21 12:09:03'),
	(4,2,'configuration','PS_SMARTY_FORCE_COMPILE','!=','2','1','hook','actionAdminPerformanceControllerSaveAfter',1,'2013-05-21 12:08:19','2013-05-21 12:09:03'),
	(5,3,'configuration','PS_CSS_THEME_CACHE','==','1','','hook','actionAdminPerformanceControllerSaveAfter',0,'2013-05-21 12:08:19','2013-05-21 12:09:03'),
	(6,4,'configuration','PS_CIPHER_ALGORITHM','==','1','1','hook','actionAdminPerformanceControllerSaveAfter',1,'2013-05-21 12:08:19','2013-05-21 12:09:03'),
	(7,5,'configuration','PS_MEDIA_SERVERS','==','1','','hook','actionAdminPerformanceControllerSaveAfter',0,'2013-05-21 12:08:19','2013-05-21 12:09:03'),
	(8,6,'sql','SELECT COUNT(distinct m.id_module) FROM PREFIX_hook h LEFT JOIN PREFIX_hook_module hm ON h.id_hook = hm.id_hook LEFT JOIN PREFIX_module m ON hm.id_module = m.id_module\r\nWHERE (h.name = \"displayPayment\" OR h.name = \"payment\") AND m.name NOT IN (\"bankwire\", \"cheque\", \"cashondelivery\")','>','0','0','hook','actionModuleInstallAfter',0,'2013-05-21 12:08:19','2013-05-21 12:09:03'),
	(9,7,'sql','SELECT COUNT(distinct m.id_module) FROM PREFIX_hook h LEFT JOIN PREFIX_hook_module hm ON h.id_hook = hm.id_hook LEFT JOIN PREFIX_module m ON hm.id_module = m.id_module\r\nWHERE (h.name = \"displayPayment\" OR h.name = \"payment\") AND m.name NOT IN (\"bankwire\", \"cheque\", \"cashondelivery\")','>','1','0','hook','actionModuleInstallAfter',0,'2013-05-21 12:08:19','2013-05-21 12:09:03'),
	(10,8,'sql','SELECT COUNT(*) FROM PREFIX_carrier WHERE name NOT IN (\"0\", \"My carrier\")','>','0','0','hook','actionObjectCarrierAddAfter',0,'2013-05-21 12:08:19','2013-05-21 12:09:03'),
	(11,9,'sql','SELECT COUNT(*) FROM PREFIX_carrier WHERE name NOT IN (\"0\", \"My carrier\")','>','1','0','hook','actionObjectCarrierAddAfter',0,'2013-05-21 12:08:19','2013-05-21 12:09:03'),
	(12,10,'sql','SELECT COUNT(*) FROM PREFIX_product WHERE reference NOT LIKE \"demo_%\"','>','0','0','hook','actionObjectProductAddAfter',0,'2013-05-21 12:08:19','2013-05-21 12:09:03'),
	(13,11,'sql','SELECT COUNT(*) FROM PREFIX_product WHERE reference NOT LIKE \"demo_%\"','>','9','0','hook','actionObjectProductAddAfter',0,'2013-05-21 12:08:19','2013-05-21 12:09:03'),
	(14,16,'configuration','PS_SHOP_PHONE','!=','0','','hook','actionAdminStoresControllerUpdate_optionsAfter',0,'2013-05-21 12:08:19','2013-05-21 12:09:03'),
	(15,17,'sql','SELECT COUNT(*) FROM PREFIX_contact','>','2','2','hook','actionObjectContactAddAfter',0,'2013-05-21 12:08:19','2013-05-21 12:09:03'),
	(16,18,'sql','SELECT COUNT(*) FROM PREFIX_contact','>','4','2','hook','actionObjectContactAddAfter',0,'2013-05-21 12:08:19','2013-05-21 12:09:03'),
	(17,12,'sql','SELECT COUNT(*) FROM PREFIX_product WHERE reference NOT LIKE \"demo_%\"','>','99','0','hook','actionObjectProductAddAfter',0,'2013-05-21 12:08:19','2013-05-21 12:09:03'),
	(18,13,'sql','SELECT COUNT(*) FROM PREFIX_product WHERE reference NOT LIKE \"demo_%\"','>','999','0','hook','actionObjectProductAddAfter',0,'2013-05-21 12:08:19','2013-05-21 12:09:03'),
	(19,14,'sql','SELECT COUNT(*) FROM PREFIX_product WHERE reference NOT LIKE \"demo_%\"','>','9999','0','hook','actionObjectProductAddAfter',0,'2013-05-21 12:08:19','2013-05-21 12:09:03'),
	(20,15,'sql','SELECT COUNT(*) FROM PREFIX_product WHERE reference NOT LIKE \"demo_%\"','>','99999','0','hook','actionObjectProductAddAfter',0,'2013-05-21 12:08:19','2013-05-21 12:09:03'),
	(21,20,'install','','>=','7','','time','1',0,'2013-05-21 12:08:19','2013-05-21 12:09:03'),
	(22,21,'configuration','PS_LOGO','!=','logo.jpg','','hook','actionAdminThemesControllerUpdate_optionsAfter',0,'2013-05-21 12:08:19','2013-05-21 12:09:03'),
	(23,22,'sql','SELECT COUNT(*) FROM PREFIX_theme WHERE directory != \"default\" AND directory != \"prestashop\"','>','0','0','hook','actionObjectThemeAddAfter',0,'2013-05-21 12:08:19','2013-05-21 12:09:03'),
	(24,23,'configuration','PS_LOGGED_ON_ADDONS','==','1','','time','1',0,'2013-05-21 12:08:19','2013-05-21 12:09:03'),
	(25,24,'configuration','PS_MULTISHOP_FEATURE_ACTIVE','==','1','','hook','actionAdminPreferencesControllerUpdate_optionsAfter',0,'2013-05-21 12:08:19','2013-05-21 12:09:03'),
	(26,25,'sql','SELECT COUNT(*) FROM PREFIX_shop','>','1','1','hook','actionObjectShopAddAfter',0,'2013-05-21 12:08:19','2013-05-21 12:09:03'),
	(27,28,'sql','SELECT COUNT(*) FROM PREFIX_shop_group','>','1','1','hook','actionObjectShopGroupAddAfter',0,'2013-05-21 12:08:19','2013-05-21 12:09:03'),
	(28,26,'sql','SELECT COUNT(*) FROM PREFIX_shop','>','4','1','hook','actionObjectShopAddAfter',0,'2013-05-21 12:08:19','2013-05-21 12:09:03'),
	(29,27,'sql','SELECT COUNT(*) FROM PREFIX_shop_group','>','5','1','hook','actionObjectShopGroupAddAfter 	',0,'2013-05-21 12:08:19','2013-05-21 12:09:03'),
	(30,30,'sql','SELECT COUNT(*) FROM PREFIX_carrier WHERE name NOT IN (\"0\", \"My carrier\")','>','2','0','hook','actionObjectCarrierAddAfter',0,'2013-05-21 12:08:19','2013-05-21 12:09:03'),
	(31,29,'sql','SELECT COUNT(distinct m.id_module) FROM PREFIX_hook h LEFT JOIN PREFIX_hook_module hm ON h.id_hook = hm.id_hook LEFT JOIN PREFIX_module m ON hm.id_module = m.id_module\r\nWHERE (h.name = \"displayPayment\" OR h.name = \"payment\") AND m.name NOT IN (\"bankwire\", \"cheque\", \"cashondelivery\")','>','2','0','hook','actionModuleInstallAfter',0,'2013-05-21 12:08:19','2013-05-21 12:09:03'),
	(32,31,'sql','SELECT SUM(total_paid_tax_excl / c.conversion_rate)\r\nFROM PREFIX_orders o INNER JOIN PREFIX_currency c ON c.id_currency = o.id_currency WHERE valid = 1 AND reference != \"XKBKNABJK\"','>=','100','0','hook','actionOrderStatusUpdate',0,'2013-05-21 12:08:19','2013-05-21 12:09:03'),
	(33,32,'sql',' 	SELECT SUM(total_paid_tax_excl / c.conversion_rate) FROM PREFIX_orders o INNER JOIN PREFIX_currency c ON c.id_currency = o.id_currency WHERE valid = 1 AND reference != \"XKBKNABJK\"','>=','1000','0','hook','actionOrderStatusUpdate',0,'2013-05-21 12:08:19','2013-05-21 12:09:03'),
	(34,33,'sql',' 	SELECT SUM(total_paid_tax_excl / c.conversion_rate) FROM PREFIX_orders o INNER JOIN PREFIX_currency c ON c.id_currency = o.id_currency WHERE valid = 1 AND reference != \"XKBKNABJK\"','>=','10000','0','time','1',0,'2013-05-21 12:08:19','2013-05-21 12:09:03'),
	(35,34,'sql',' 	SELECT SUM(total_paid_tax_excl / c.conversion_rate) FROM PREFIX_orders o INNER JOIN PREFIX_currency c ON c.id_currency = o.id_currency WHERE valid = 1','>=','100000','0','time','7',0,'2013-05-21 12:08:19','2013-05-21 12:09:03'),
	(36,35,'sql',' 	SELECT SUM(total_paid_tax_excl / c.conversion_rate) FROM PREFIX_orders o INNER JOIN PREFIX_currency c ON c.id_currency = o.id_currency WHERE valid = 1','>=','1000000','0','time','7',0,'2013-05-21 12:08:19','2013-05-21 12:09:03'),
	(37,36,'sql',' 	SELECT SUM(total_paid_tax_excl / c.conversion_rate) FROM PREFIX_orders o INNER JOIN PREFIX_currency c ON c.id_currency = o.id_currency WHERE valid = 1','>=','10000000','0','time','7',0,'2013-05-21 12:08:19','2013-05-21 12:09:03'),
	(38,37,'install','','>=','30','','time','1',0,'2013-05-21 12:08:19','2013-05-21 12:09:03'),
	(39,38,'install','','>=','182','','time','2',0,'2013-05-21 12:08:19','2013-05-21 12:09:03'),
	(40,39,'install','','>=','365','','time','2',0,'2013-05-21 12:08:19','2013-05-21 12:09:03'),
	(41,41,'sql','SELECT COUNT(*) FROM PREFIX_guest','>=','10','3','time','1',0,'2013-05-21 12:08:19','2013-05-21 12:09:03'),
	(42,42,'sql','SELECT COUNT(*) FROM PREFIX_guest','>=','100','3','time','1',0,'2013-05-21 12:08:19','2013-05-21 12:09:03'),
	(43,43,'sql','SELECT COUNT(*) FROM PREFIX_guest','>=','1000','3','time','1',0,'2013-05-21 12:08:19','2013-05-21 12:09:03'),
	(44,44,'sql','SELECT COUNT(*) FROM PREFIX_guest','>=','10000','3','time','2',0,'2013-05-21 12:08:19','2013-05-21 12:09:03'),
	(45,45,'sql','SELECT COUNT(*) FROM PREFIX_guest','>=','100000','3','time','3',0,'2013-05-21 12:08:19','2013-05-21 12:09:03'),
	(46,46,'sql','SELECT COUNT(*) FROM PREFIX_guest','>=','1000000','3','time','4',0,'2013-05-21 12:08:19','2013-05-21 12:09:03'),
	(47,47,'sql','SELECT COUNT(*) FROM PREFIX_cart','>=','2','1','hook','actionObjectCartAddAfter',0,'2013-05-21 12:08:19','2013-05-21 12:09:03'),
	(48,48,'sql','SELECT COUNT(*) FROM PREFIX_cart','>=','10','1','hook','actionObjectCartAddAfter',0,'2013-05-21 12:08:19','2013-05-21 12:09:03'),
	(49,49,'sql','SELECT COUNT(*) FROM PREFIX_cart','>=','100','1','hook','actionObjectCartAddAfter',0,'2013-05-21 12:08:19','2013-05-21 12:09:03'),
	(50,50,'sql','SELECT COUNT(*) FROM PREFIX_cart','>=','1000','1','time','1',0,'2013-05-21 12:08:19','2013-05-21 12:09:03'),
	(51,51,'sql','SELECT COUNT(*) FROM PREFIX_cart','>=','10000','1','time','4',0,'2013-05-21 12:08:19','2013-05-21 12:09:03'),
	(52,52,'sql','SELECT COUNT(*) FROM PREFIX_cart','>=','100000','1','time','8',0,'2013-05-21 12:08:19','2013-05-21 12:09:03'),
	(53,53,'sql','SELECT COUNT(*) FROM PREFIX_orders WHERE reference != \"XKBKNABJK\"','>=','1','0','hook','actionObjectOrderAddAfter',0,'2013-05-21 12:08:19','2013-05-21 12:09:03'),
	(54,54,'sql','SELECT COUNT(*) FROM PREFIX_orders WHERE reference != \"XKBKNABJK\"','>=','10','0','hook','actionObjectOrderAddAfter',0,'2013-05-21 12:08:19','2013-05-21 12:09:03'),
	(55,55,'sql','SELECT COUNT(*) FROM PREFIX_orders WHERE reference != \"XKBKNABJK\"','>=','100','0','hook','actionObjectOrderAddAfter',0,'2013-05-21 12:08:19','2013-05-21 12:09:03'),
	(56,56,'sql','SELECT COUNT(*) FROM PREFIX_orders WHERE reference != \"XKBKNABJK\"','>=','1000','0','time','2',0,'2013-05-21 12:08:19','2013-05-21 12:09:03'),
	(57,57,'sql','SELECT COUNT(*) FROM PREFIX_orders WHERE reference != \"XKBKNABJK\"','>=','10000','0','time','4',0,'2013-05-21 12:08:19','2013-05-21 12:09:03'),
	(58,58,'sql','SELECT COUNT(*) FROM PREFIX_orders WHERE reference != \"XKBKNABJK\"','>=','100000','0','time','8',0,'2013-05-21 12:08:19','2013-05-21 12:09:03'),
	(59,65,'sql','SELECT COUNT(*) FROM PREFIX_customer_thread','>=','1','0','hook','actionObjectCustomerThreadAddAfter',0,'2013-05-21 12:08:19','2013-05-21 12:09:03'),
	(60,66,'sql','SELECT COUNT(*) FROM PREFIX_customer_thread','>=','10','0','hook','actionObjectCustomerThreadAddAfter',0,'2013-05-21 12:08:19','2013-05-21 12:09:03'),
	(61,67,'sql','SELECT COUNT(*) FROM PREFIX_customer_thread','>=','100','0','hook','actionObjectCustomerThreadAddAfter',0,'2013-05-21 12:08:19','2013-05-21 12:09:03'),
	(62,68,'sql','SELECT COUNT(*) FROM PREFIX_customer_thread','>=','1000','0','time','2',0,'2013-05-21 12:08:19','2013-05-21 12:09:03'),
	(63,69,'sql','SELECT COUNT(*) FROM PREFIX_customer_thread','>=','10000','0','time','4',0,'2013-05-21 12:08:19','2013-05-21 12:09:03'),
	(64,70,'sql','SELECT COUNT(*) FROM PREFIX_customer_thread','>=','100000','0','time','8',0,'2013-05-21 12:08:19','2013-05-21 12:09:03'),
	(65,59,'sql','SELECT COUNT(*) FROM PREFIX_customer WHERE email != \"pub@prestashop.com\"','>=','1','0','hook','actionObjectCustomerAddAfter',0,'2013-05-21 12:08:19','2013-05-21 12:09:03'),
	(66,60,'sql','SELECT COUNT(*) FROM PREFIX_customer WHERE email != \"pub@prestashop.com\"','>=','10','0','hook','actionObjectCustomerAddAfter',0,'2013-05-21 12:08:19','2013-05-21 12:09:03'),
	(67,61,'sql','SELECT COUNT(*) FROM PREFIX_customer WHERE email != \"pub@prestashop.com\"','>=','100','0','hook','actionObjectCustomerAddAfter',0,'2013-05-21 12:08:19','2013-05-21 12:09:03'),
	(68,62,'sql','SELECT COUNT(*) FROM PREFIX_customer WHERE email != \"pub@prestashop.com\"','>=','1000','0','time','1',0,'2013-05-21 12:08:19','2013-05-21 12:09:03'),
	(69,63,'sql','SELECT COUNT(*) FROM PREFIX_customer WHERE email != \"pub@prestashop.com\"','>=','10000','0','time','2',0,'2013-05-21 12:08:19','2013-05-21 12:09:03'),
	(70,64,'sql','SELECT COUNT(*) FROM PREFIX_customer WHERE email != \"pub@prestashop.com\"','>=','100000','0','time','4',0,'2013-05-21 12:08:19','2013-05-21 12:09:03'),
	(71,71,'sql','SELECT IFNULL(id_order, 0) FROM PREFIX_orders o LEFT JOIN PREFIX_address a ON o.id_address_delivery = a.id_address LEFT JOIN PREFIX_country c ON c.id_country = a.id_country WHERE o.valid = 1 AND a.id_country != \"{config}PS_COUNTRY_DEFAULT{/config}\" AND c.iso_code IN (\"BE\",\"DE\",\"FR\",\"FX\",\"GB\",\"IE\",\"LU\",\"MC\",\"NL\")','!=','0','0','hook','actionOrderStatusUpdate',0,'2013-05-21 12:08:19','2013-05-21 12:09:03'),
	(72,72,'sql','SELECT IFNULL(id_order, 0) FROM PREFIX_orders o LEFT JOIN PREFIX_address a ON o.id_address_delivery = a.id_address LEFT JOIN PREFIX_country c ON c.id_country = a.id_country WHERE o.valid = 1 AND a.id_country != \"{config}PS_COUNTRY_DEFAULT{/config}\" AND c.iso_code IN (\"IT\",\r\n\"MT\",\r\n\"SM\",\r\n\"VA\",\r\n\"AD\",\r\n\"ES\",\r\n\"GI\",\r\n\"PT\")','!=','0','0','hook','actionOrderStatusUpdate',0,'2013-05-21 12:08:19','2013-05-21 12:09:03'),
	(73,73,'sql','SELECT IFNULL(id_order, 0) FROM PREFIX_orders o LEFT JOIN PREFIX_address a ON o.id_address_delivery = a.id_address LEFT JOIN PREFIX_country c ON c.id_country = a.id_country WHERE o.valid = 1 AND a.id_country != \"{config}PS_COUNTRY_DEFAULT{/config}\" AND c.iso_code IN (\r\n\"BY\",\r\n\"EE\",\r\n\"LT\",\r\n\"LV\",\r\n\"MD\",\r\n\"PL\",\r\n\"UA\",\r\n\"AL\",\r\n\"BA\",\r\n\"BG\",\r\n\"GR\",\r\n\"HR\",\r\n\"MK\",\r\n\"RO\",\r\n\"SI\",\r\n\"YU\",\r\n\"RU\"\r\n)','!=','0','0','hook','actionOrderStatusUpdate',0,'2013-05-21 12:08:19','2013-05-21 12:09:03'),
	(74,74,'sql','SELECT IFNULL(id_order, 0) FROM PREFIX_orders o LEFT JOIN PREFIX_address a ON o.id_address_delivery = a.id_address LEFT JOIN PREFIX_country c ON c.id_country = a.id_country WHERE o.valid = 1 AND a.id_country != \"{config}PS_COUNTRY_DEFAULT{/config}\" AND c.iso_code IN (\r\n\"AT\",\r\n\"CH\",\r\n\"CZ\",\r\n\"HU\",\r\n\"LI\",\r\n\"SK\"\r\n)','!=','0','0','hook','actionOrderStatusUpdate',0,'2013-05-21 12:08:19','2013-05-21 12:09:03'),
	(75,75,'sql','SELECT IFNULL(id_order, 0) FROM PREFIX_orders o LEFT JOIN PREFIX_address a ON o.id_address_delivery = a.id_address LEFT JOIN PREFIX_country c ON c.id_country = a.id_country WHERE o.valid = 1 AND a.id_country != \"{config}PS_COUNTRY_DEFAULT{/config}\" AND c.iso_code IN (\r\n\"DK\",\r\n\"FI\",\r\n\"FO\",\r\n\"IS\",\r\n\"NO\",\r\n\"SE\",\r\n\"SJ\"\r\n)','!=','0','0','hook','actionOrderStatusUpdate',0,'2013-05-21 12:08:19','2013-05-21 12:09:03'),
	(76,76,'sql','SELECT IFNULL(id_order, 0) FROM PREFIX_orders o LEFT JOIN PREFIX_address a ON o.id_address_delivery = a.id_address LEFT JOIN PREFIX_country c ON c.id_country = a.id_country WHERE o.valid = 1 AND a.id_country != \"{config}PS_COUNTRY_DEFAULT{/config}\" AND c.iso_code IN (\r\n\"CA\",\r\n\"GL\",\r\n\"PM\",\r\n\"US\"\r\n)','!=','0','0','hook','actionOrderStatusUpdate',0,'2013-05-21 12:08:19','2013-05-21 12:09:03'),
	(77,79,'sql','SELECT IFNULL(id_order, 0) FROM PREFIX_orders o LEFT JOIN PREFIX_address a ON o.id_address_delivery = a.id_address LEFT JOIN PREFIX_country c ON c.id_country = a.id_country WHERE o.valid = 1 AND a.id_country != \"{config}PS_COUNTRY_DEFAULT{/config}\" AND c.iso_code IN (\r\n\"UM\",\r\n\"AS\",\r\n\"AU\",\r\n\"CK\",\r\n\"FJ\",\r\n\"FM\",\r\n\"GU\",\r\n\"KI\",\r\n\"MH,\"\r\n\"MP\",\r\n\"NC\",\r\n\"NF\",\r\n\"NR\",\r\n\"NU\",\r\n\"NZ\",\r\n\"PF\",\r\n\"PG\",\r\n\"PN\",\r\n\"PW\",\r\n\"SB\",\r\n\"TK\",\r\n\"TO\",\r\n\"TV\",\r\n\"VU\",\r\n\"WF\",\r\n\"WS\"\r\n)','!=','0','0','hook','actionOrderStatusUpdate',0,'2013-05-21 12:08:19','2013-05-21 12:09:03'),
	(78,85,'sql','SELECT IFNULL(id_order, 0) FROM PREFIX_orders o LEFT JOIN PREFIX_address a ON o.id_address_delivery = a.id_address LEFT JOIN PREFIX_country c ON c.id_country = a.id_country WHERE o.valid = 1 AND a.id_country != \"{config}PS_COUNTRY_DEFAULT{/config}\" AND c.iso_code IN (\r\n\"KG\",\r\n\"KZ\",\r\n\"TJ\",\r\n\"TM\",\r\n\"UZ\",\r\n\"AE\",\r\n\"AM\",\r\n\"AZ\",\r\n\"BH\",\r\n\"CY\",\r\n\"GE\",\r\n\"IL\",\r\n\"IQ\",\r\n\"IR\",\r\n\"JO\",\r\n\"KW\",\r\n\"LB\",\r\n\"OM\",\r\n\"QA\",\r\n\"SA\",\r\n\"SY\",\r\n\"TR\",\r\n\"YE\",\r\n\"AF\",\r\n\"BD\",\r\n\"BT\",\r\n\"IN\",\r\n\"IO\",\r\n\"LK\",\r\n\"MV\",\r\n\"NP\",\r\n\"PK\",\r\n\"CN\",\r\n\"HK\",\r\n\"JP\",\r\n\"KP\",\r\n\"KR\",\r\n\"MO\",\r\n\"TW\",\r\n\"MN\",\r\n\"BN\",\r\n\"CC\",\r\n\"CX\",\r\n\"ID\",\r\n\"KH\",\r\n\"LA\",\r\n\"MM\",\r\n\"MY\",\r\n\"PH\",\r\n\"SG\",\r\n\"TH\",\r\n\"TP\",\r\n\"VN\"\r\n)','!=','0','0','hook','actionOrderStatusUpdate',0,'2013-05-21 12:08:19','2013-05-21 12:09:03'),
	(79,86,'sql','SELECT IFNULL(id_order, 0) FROM PREFIX_orders o LEFT JOIN PREFIX_address a ON o.id_address_delivery = a.id_address LEFT JOIN PREFIX_country c ON c.id_country = a.id_country WHERE o.valid = 1 AND a.id_country != \"{config}PS_COUNTRY_DEFAULT{/config}\" AND c.iso_code IN (\r\n\"BZ\",\r\n\"CR\",\r\n\"GT\",\r\n\"HN\",\r\n\"MX\",\r\n\"NI\",\r\n\"PA\",\r\n\"SV\",\r\n\"AG\",\r\n\"AI\",\r\n\"AN\",\r\n\"AW\",\r\n\"BB\",\r\n\"BM\",\r\n\"BS\",\r\n\"CU\",\r\n\"DM\",\r\n\"DO\",\r\n\"GD\",\r\n\"GP\",\r\n\"HT\",\r\n\"JM\",\r\n\"KN\",\r\n\"KY\",\r\n\"LC\",\r\n\"MQ\",\r\n\"MS\",\r\n\"PR\",\r\n\"TC\",\r\n\"TT\",\r\n\"VC\",\r\n\"VG\",\r\n\"VI\",\r\n\"AR\",\r\n\"BO\",\r\n\"BR\",\r\n\"CL\",\r\n\"CO\",\r\n\"EC\",\r\n\"FK\",\r\n\"GF\",\r\n\"GY\",\r\n\"PE\",\r\n\"PY\",\r\n\"SR\",\r\n\"UY\",\r\n\"VE\"\r\n)','!=','0','0','hook','actionOrderStatusUpdate',0,'2013-05-21 12:08:19','2013-05-21 12:09:03'),
	(80,88,'sql','SELECT IFNULL(id_order, 0) FROM PREFIX_orders o LEFT JOIN PREFIX_address a ON o.id_address_delivery = a.id_address LEFT JOIN PREFIX_country c ON c.id_country = a.id_country WHERE o.valid = 1 AND a.id_country != \"{config}PS_COUNTRY_DEFAULT{/config}\" AND c.iso_code IN (\r\n\"BI\",\r\n\"CF\",\r\n\"CG\",\r\n\"RW\",\r\n\"TD\",\r\n\"ZR\",\r\n\"DJ\",\r\n\"ER\",\r\n\"ET\",\r\n\"KE\",\r\n\"SO\",\r\n\"TZ\",\r\n\"UG\",\r\n\"KM\",\r\n\"MG\",\r\n\"MU\",\r\n\"RE\",\r\n\"SC\",\r\n\"YT\",\r\n\"AO\",\r\n\"BW\",\r\n\"LS\",\r\n\"MW\",\r\n\"MZ\",\r\n\"NA\",\r\n\"SZ\",\r\n\"ZA\",\r\n\"ZM\",\r\n\"ZW\",\r\n\"BF\",\r\n\"BJ\",\r\n\"CI\",\r\n\"CM\",\r\n\"CV\",\r\n\"GA\",\r\n\"GH\",\r\n\"GM\",\r\n\"GN\",\r\n\"GQ\",\r\n\"GW\",\r\n\"LR\",\r\n\"ML\",\r\n\"MR\",\r\n\"NE\",\r\n\"NG\",\r\n\"SL\",\r\n\"SN\",\r\n\"ST\",\r\n\"TG\"\r\n)','!=','0','0','hook','actionOrderStatusUpdate',0,'2013-05-21 12:08:19','2013-05-21 12:09:03'),
	(81,89,'sql','SELECT IFNULL(id_order, 0) FROM PREFIX_orders o LEFT JOIN PREFIX_address a ON o.id_address_delivery = a.id_address LEFT JOIN PREFIX_country c ON c.id_country = a.id_country WHERE o.valid = 1 AND a.id_country != \"{config}PS_COUNTRY_DEFAULT{/config}\" AND c.iso_code IN (\r\n\"DZ\",\r\n\"EG\",\r\n\"EH\",\r\n\"LY\",\r\n\"MA\",\r\n\"SD\",\r\n\"TN\"\r\n)','!=','0','0','hook','actionOrderStatusUpdate',0,'2013-05-21 12:08:19','2013-05-21 12:09:03'),
	(82,90,'sql','SELECT COUNT(*) FROM PREFIX_employee','>=','2','1','hook','actionObjectEmployeeAddAfter',0,'2013-05-21 12:08:19','2013-05-21 12:09:03'),
	(83,91,'sql','SELECT COUNT(*) FROM PREFIX_employee','>=','3','1','hook','actionObjectEmployeeAddAfter',0,'2013-05-21 12:08:19','2013-05-21 12:09:03'),
	(84,92,'sql','SELECT COUNT(*) FROM PREFIX_employee','>=','5','1','hook','actionObjectEmployeeAddAfter',0,'2013-05-21 12:08:19','2013-05-21 12:09:03'),
	(85,93,'sql','SELECT COUNT(*) FROM PREFIX_employee','>=','10','1','hook','actionObjectEmployeeAddAfter',0,'2013-05-21 12:08:19','2013-05-21 12:09:03'),
	(86,94,'sql','SELECT COUNT(*) FROM PREFIX_employee','>=','20','1','hook','actionObjectEmployeeAddAfter',0,'2013-05-21 12:08:19','2013-05-21 12:09:03'),
	(87,95,'sql','SELECT COUNT(*) FROM PREFIX_employee','>=','40','1','hook','actionObjectEmployeeAddAfter',0,'2013-05-21 12:08:19','2013-05-21 12:09:03'),
	(88,96,'sql','SELECT id_image FROM PREFIX_image WHERE id_image > 26','>','0','0','hook','actionObjectImageAddAfter',0,'2013-05-21 12:08:19','2013-05-21 12:09:03'),
	(89,97,'sql','SELECT COUNT(*) FROM PREFIX_image','>=','50','26','hook','actionObjectImageAddAfter',0,'2013-05-21 12:08:19','2013-05-21 12:09:03'),
	(90,98,'sql','SELECT COUNT(*) FROM PREFIX_image','>=','100','26','hook','actionObjectImageAddAfter',0,'2013-05-21 12:08:19','2013-05-21 12:09:03'),
	(91,99,'sql','SELECT COUNT(*) FROM PREFIX_image','>=','1000','26','time','2',0,'2013-05-21 12:08:19','2013-05-21 12:09:03'),
	(92,100,'sql','SELECT COUNT(*) FROM PREFIX_image','>=','10000','26','time','4',0,'2013-05-21 12:08:19','2013-05-21 12:09:03'),
	(93,101,'sql','SELECT COUNT(*) FROM PREFIX_image','>=','50000','26','time','8',0,'2013-05-21 12:08:19','2013-05-21 12:09:03'),
	(94,102,'sql','SELECT id_cms FROM PREFIX_cms WHERE id_cms > 5','>','0','0','hook','actionObjectCMSAddAfter',0,'2013-05-21 12:08:19','2013-05-21 12:09:03'),
	(95,103,'sql','SELECT COUNT(*) FROM PREFIX_cart_rule','>=','1','0','hook','actionObjectCartRuleAddAfter 	',0,'2013-05-21 12:08:19','2013-05-21 12:09:03'),
	(96,104,'sql','SELECT COUNT(*) FROM PREFIX_cart_rule','>=','10','0','hook','actionObjectCartRuleAddAfter 	',0,'2013-05-21 12:08:19','2013-05-21 12:09:03'),
	(97,105,'sql','SELECT COUNT(*) FROM PREFIX_cart_rule','>=','100','0','hook','actionObjectCartRuleAddAfter 	',0,'2013-05-21 12:08:19','2013-05-21 12:09:03'),
	(98,107,'sql','SELECT COUNT(*) FROM PREFIX_cart_rule','>=','500','0','hook','actionObjectCartRuleAddAfter 	',0,'2013-05-21 12:08:19','2013-05-21 12:09:03'),
	(99,106,'sql','SELECT COUNT(*) FROM PREFIX_cart_rule','>=','1000','0','hook','actionObjectCartRuleAddAfter 	',0,'2013-05-21 12:08:19','2013-05-21 12:09:03'),
	(100,108,'sql','SELECT COUNT(*) FROM PREFIX_cart_rule','>=','5000','0','hook','actionObjectCartRuleAddAfter 	',0,'2013-05-21 12:08:19','2013-05-21 12:09:03'),
	(101,109,'sql','SELECT COUNT(*) FROM PREFIX_orders o INNER JOIN PREFIX_address a ON a.id_address = o.id_address_delivery\r\nWHERE reference != \"XKBKNABJK\" AND a.id_country != \"{config}PS_COUNTRY_DEFAULT{/config}\"','>=','1','0','hook','newOrder',0,'2013-05-21 12:08:19','2013-05-21 12:09:03'),
	(102,110,'sql','SELECT COUNT(*) FROM PREFIX_orders o INNER JOIN PREFIX_address a ON a.id_address = o.id_address_delivery\r\nWHERE reference != \"XKBKNABJK\" AND a.id_country != \"{config}PS_COUNTRY_DEFAULT{/config}\"','>=','10','0','hook','actionOrderStatusUpdate',0,'2013-05-21 12:08:19','2013-05-21 12:09:03'),
	(103,111,'sql','SELECT COUNT(*) FROM PREFIX_orders o INNER JOIN PREFIX_address a ON a.id_address = o.id_address_delivery\r\nWHERE reference != \"XKBKNABJK\" AND a.id_country != \"{config}PS_COUNTRY_DEFAULT{/config}\"','>=','100','0','hook','actionOrderStatusUpdate',0,'2013-05-21 12:08:19','2013-05-21 12:09:03'),
	(104,113,'sql','SELECT COUNT(*) FROM PREFIX_orders o INNER JOIN PREFIX_address a ON a.id_address = o.id_address_delivery\r\nWHERE reference != \"XKBKNABJK\" AND a.id_country != \"{config}PS_COUNTRY_DEFAULT{/config}\"','>=','1000','0','hook','actionOrderStatusUpdate',0,'2013-05-21 12:08:19','2013-05-21 12:09:03'),
	(105,114,'sql','SELECT COUNT(*) FROM PREFIX_orders o INNER JOIN PREFIX_address a ON a.id_address = o.id_address_delivery\r\nWHERE reference != \"XKBKNABJK\" AND a.id_country != \"{config}PS_COUNTRY_DEFAULT{/config}\"','>=','5000','0','hook','actionOrderStatusUpdate',0,'2013-05-21 12:08:19','2013-05-21 12:09:03'),
	(106,112,'sql','SELECT COUNT(*) FROM PREFIX_orders o INNER JOIN PREFIX_address a ON a.id_address = o.id_address_delivery\r\nWHERE reference != \"XKBKNABJK\" AND a.id_country != \"{config}PS_COUNTRY_DEFAULT{/config}\"','>=','10000','0','hook','actionOrderStatusUpdate',0,'2013-05-21 12:08:19','2013-05-21 12:09:03');



# Dump of table pr_condition_advice
# ------------------------------------------------------------


CREATE TABLE `pr_condition_advice` (
  `id_condition` int(11) NOT NULL,
  `id_advice` int(11) NOT NULL,
  `display` tinyint(1) unsigned NOT NULL DEFAULT '0',
  PRIMARY KEY (`id_condition`,`id_advice`)
) ENGINE=InnoDB DEFAULT CHARSET=utf8;



# Dump of table pr_condition_badge
# ------------------------------------------------------------


CREATE TABLE `pr_condition_badge` (
  `id_condition` int(11) NOT NULL,
  `id_badge` int(11) NOT NULL,
  PRIMARY KEY (`id_condition`,`id_badge`)
) ENGINE=InnoDB DEFAULT CHARSET=utf8;


INSERT INTO `pr_condition_badge` (`id_condition`, `id_badge`)
VALUES
	(1,17),
	(2,38),
	(3,1),
	(4,2),
	(5,2),
	(6,2),
	(7,3),
	(8,4),
	(9,5),
	(10,6),
	(11,7),
	(12,8),
	(13,9),
	(14,10),
	(15,11),
	(16,12),
	(17,13),
	(18,14),
	(19,15),
	(20,16),
	(21,18),
	(22,19),
	(23,20),
	(24,21),
	(25,22),
	(26,23),
	(27,24),
	(28,25),
	(29,26),
	(30,27),
	(31,28),
	(32,29),
	(33,30),
	(34,31),
	(35,32),
	(36,33),
	(37,34),
	(38,35),
	(39,36),
	(40,37),
	(41,39),
	(42,40),
	(43,41),
	(44,42),
	(45,43),
	(46,44),
	(47,45),
	(48,46),
	(49,47),
	(50,48),
	(51,49),
	(52,50),
	(53,51),
	(54,52),
	(55,53),
	(56,54),
	(57,55),
	(58,56),
	(59,57),
	(60,58),
	(61,59),
	(62,60),
	(63,61),
	(64,62),
	(65,63),
	(66,64),
	(67,65),
	(68,66),
	(69,67),
	(70,68),
	(71,69),
	(72,70),
	(73,71),
	(74,72),
	(75,73),
	(76,74),
	(77,75),
	(78,76),
	(79,77),
	(80,78),
	(81,79),
	(82,80),
	(83,81),
	(84,82),
	(85,83),
	(86,84),
	(87,85),
	(88,86),
	(89,87),
	(90,88),
	(91,89),
	(92,90),
	(93,91),
	(94,92),
	(95,93),
	(96,94),
	(97,95),
	(98,96),
	(99,97),
	(100,98),
	(101,99),
	(102,100),
	(103,101),
	(104,102),
	(105,103),
	(106,104);



# Dump of table pr_configuration
# ------------------------------------------------------------


CREATE TABLE `pr_configuration` (
  `id_configuration` int(10) unsigned NOT NULL AUTO_INCREMENT,
  `id_shop_group` int(11) unsigned DEFAULT NULL,
  `id_shop` int(11) unsigned DEFAULT NULL,
  `name` varchar(254) NOT NULL,
  `value` text,
  `date_add` datetime NOT NULL,
  `date_upd` datetime NOT NULL,
  PRIMARY KEY (`id_configuration`),
  KEY `name` (`name`),
  KEY `id_group_shop` (`id_shop_group`),
  KEY `id_shop` (`id_shop`)
) ENGINE=InnoDB DEFAULT CHARSET=utf8;


INSERT INTO `pr_configuration` (`id_configuration`, `id_shop_group`, `id_shop`, `name`, `value`, `date_add`, `date_upd`)
VALUES
	(1,NULL,NULL,'PS_LANG_DEFAULT','5','2012-02-15 09:02:48','2013-05-21 19:47:19'),
	(2,NULL,NULL,'PS_CURRENCY_DEFAULT','1','2012-02-15 09:02:48','2012-04-16 12:37:07'),
	(3,NULL,NULL,'PS_COUNTRY_DEFAULT','10','2012-02-15 09:02:48','2013-05-21 19:47:19'),
	(4,NULL,NULL,'PS_REWRITING_SETTINGS','1','2012-02-15 09:02:48','2015-02-11 16:20:52'),
	(5,NULL,NULL,'PS_ORDER_OUT_OF_STOCK','1','2012-02-15 09:02:48','2014-01-22 15:59:44'),
	(6,NULL,NULL,'PS_LAST_QTIES','0','2012-02-15 09:02:48','2015-02-04 11:10:57'),
	(7,NULL,NULL,'PS_CART_REDIRECT','1','2012-02-15 09:02:48','2014-01-22 15:59:44'),
	(8,NULL,NULL,'PS_HELPBOX','1','2012-02-15 09:02:48','2012-12-14 00:04:49'),
	(9,NULL,NULL,'PS_CONDITIONS','1','2012-02-15 09:02:48','2012-12-14 00:04:49'),
	(10,NULL,NULL,'PS_RECYCLABLE_PACK','0','2012-02-15 09:02:48','2012-12-14 00:04:49'),
	(11,NULL,NULL,'PS_GIFT_WRAPPING','0','2012-02-15 09:02:48','2012-12-14 00:04:49'),
	(12,NULL,NULL,'PS_GIFT_WRAPPING_PRICE','0','2012-02-15 09:02:48','2012-12-14 00:04:49'),
	(13,NULL,NULL,'PS_STOCK_MANAGEMENT','0','2012-02-15 09:02:48','2015-02-04 11:11:16'),
	(14,NULL,NULL,'PS_NAVIGATION_PIPE','>','2012-02-15 09:02:48','2012-05-09 11:53:14'),
	(15,NULL,NULL,'PS_PRODUCTS_PER_PAGE','12','2012-02-15 09:02:48','2014-08-12 16:36:16'),
	(16,NULL,NULL,'PS_PURCHASE_MINIMUM','50','2012-02-15 09:02:48','2012-05-23 02:41:13'),
	(17,NULL,NULL,'PS_PRODUCTS_ORDER_WAY','0','2012-02-15 09:02:48','2012-05-23 02:41:13'),
	(18,NULL,NULL,'PS_PRODUCTS_ORDER_BY','2','2012-02-15 09:02:48','2013-05-22 14:12:34'),
	(19,NULL,NULL,'PS_DISPLAY_QTIES','0','2012-02-15 09:02:48','2014-01-22 15:59:44'),
	(20,NULL,NULL,'PS_SHIPPING_HANDLING','0','2012-02-15 09:02:48','2012-04-18 10:31:20'),
	(21,NULL,NULL,'PS_SHIPPING_FREE_PRICE','0','2012-02-15 09:02:48','2012-04-18 10:31:20'),
	(22,NULL,NULL,'PS_SHIPPING_FREE_WEIGHT','0','2012-02-15 09:02:48','2012-04-18 10:31:20'),
	(23,NULL,NULL,'PS_SHIPPING_METHOD','0','2012-02-15 09:02:48','2012-04-18 10:31:20'),
	(24,NULL,NULL,'PS_TAX','1','2012-02-15 09:02:48','2012-02-15 09:02:48'),
	(25,NULL,NULL,'PS_SHOP_ENABLE','1','2012-02-15 09:02:48','2015-02-12 04:08:03'),
	(26,NULL,NULL,'PS_NB_DAYS_NEW_PRODUCT','30','2012-02-15 09:02:48','2014-01-22 15:59:44'),
	(27,NULL,NULL,'PS_SSL_ENABLED','0','2012-02-15 09:02:48','2014-01-22 16:22:06'),
	(28,NULL,NULL,'PS_WEIGHT_UNIT','kg','2012-02-15 09:02:48','2012-04-16 12:29:55'),
	(29,NULL,NULL,'PS_BLOCK_CART_AJAX','1','2012-02-15 09:02:48','2013-01-17 11:55:43'),
	(30,NULL,NULL,'PS_ORDER_RETURN','0','2012-02-15 09:02:48','2012-02-15 09:02:48'),
	(31,NULL,NULL,'PS_ORDER_RETURN_NB_DAYS','7','2012-02-15 09:02:48','2012-02-15 09:02:48'),
	(32,NULL,NULL,'PS_MAIL_TYPE','3','2012-02-15 09:02:48','2012-12-13 19:23:46'),
	(33,NULL,NULL,'PS_PRODUCT_PICTURE_MAX_SIZE','131072','2012-02-15 09:02:48','2012-05-23 02:41:13'),
	(34,NULL,NULL,'PS_PRODUCT_PICTURE_WIDTH','64','2012-02-15 09:02:48','2012-05-23 02:41:13'),
	(35,NULL,NULL,'PS_PRODUCT_PICTURE_HEIGHT','64','2012-02-15 09:02:48','2012-05-23 02:41:13'),
	(36,NULL,NULL,'PS_INVOICE_PREFIX','IN','2012-02-15 09:02:48','2012-02-15 09:02:48'),
	(37,NULL,NULL,'PS_INVOICE_NUMBER','1','2012-02-15 09:02:48','2012-02-15 09:02:48'),
	(38,NULL,NULL,'PS_DELIVERY_PREFIX','DE','2012-02-15 09:02:48','2012-02-15 09:02:48'),
	(39,NULL,NULL,'PS_DELIVERY_NUMBER','1','2012-02-15 09:02:48','2012-02-15 09:02:48'),
	(40,NULL,NULL,'PS_INVOICE','1','2012-02-15 09:02:48','2012-02-15 09:02:48'),
	(41,NULL,NULL,'PS_PASSWD_TIME_BACK','360','2012-02-15 09:02:48','2012-02-15 09:02:48'),
	(42,NULL,NULL,'PS_PASSWD_TIME_FRONT','360','2012-02-15 09:02:48','2012-02-15 09:02:48'),
	(43,NULL,NULL,'PS_DISP_UNAVAILABLE_ATTR','1','2012-02-15 09:02:48','2014-01-22 15:59:44'),
	(44,NULL,NULL,'PS_VOUCHERS','1','2012-02-15 09:02:48','2012-02-15 09:02:48'),
	(45,NULL,NULL,'PS_SEARCH_MINWORDLEN','3','2012-02-15 09:02:48','2012-02-15 09:02:48'),
	(46,NULL,NULL,'PS_SEARCH_BLACKLIST','','2012-02-15 09:02:48','2012-02-15 09:02:48'),
	(47,NULL,NULL,'PS_SEARCH_WEIGHT_PNAME','6','2012-02-15 09:02:48','2012-02-15 09:02:48'),
	(48,NULL,NULL,'PS_SEARCH_WEIGHT_REF','10','2012-02-15 09:02:48','2012-02-15 09:02:48'),
	(49,NULL,NULL,'PS_SEARCH_WEIGHT_SHORTDESC','1','2012-02-15 09:02:48','2012-02-15 09:02:48'),
	(50,NULL,NULL,'PS_SEARCH_WEIGHT_DESC','1','2012-02-15 09:02:48','2012-02-15 09:02:48'),
	(51,NULL,NULL,'PS_SEARCH_WEIGHT_CNAME','3','2012-02-15 09:02:48','2012-02-15 09:02:48'),
	(52,NULL,NULL,'PS_SEARCH_WEIGHT_MNAME','3','2012-02-15 09:02:48','2012-02-15 09:02:48'),
	(53,NULL,NULL,'PS_SEARCH_WEIGHT_TAG','4','2012-02-15 09:02:48','2012-02-15 09:02:48'),
	(54,NULL,NULL,'PS_SEARCH_WEIGHT_ATTRIBUTE','2','2012-02-15 09:02:48','2012-02-15 09:02:48'),
	(55,NULL,NULL,'PS_SEARCH_WEIGHT_FEATURE','2','2012-02-15 09:02:48','2012-02-15 09:02:48'),
	(56,NULL,NULL,'PS_SEARCH_AJAX','1','2012-02-15 09:02:48','2012-02-15 09:02:48'),
	(57,NULL,NULL,'PS_TIMEZONE','Europe/Rome','2012-02-15 09:02:48','2012-12-14 00:04:49'),
	(58,NULL,NULL,'PS_THEME_V11','0','2012-02-15 09:02:48','2012-02-15 09:02:48'),
	(59,NULL,NULL,'PRESTASTORE_LIVE','1','2012-02-15 09:02:48','2012-12-14 00:04:49'),
	(60,NULL,NULL,'PS_TIN_ACTIVE','0','2012-02-15 09:02:48','2012-02-15 09:02:48'),
	(61,NULL,NULL,'PS_SHOW_ALL_MODULES','0','2012-02-15 09:02:48','2012-02-15 09:02:48'),
	(62,NULL,NULL,'PS_BACKUP_ALL','0','2012-02-15 09:02:48','2012-02-15 09:02:48'),
	(63,NULL,NULL,'PS_1_3_UPDATE_DATE','2012-02-15 09:02:48','2012-02-15 09:02:48','2012-02-15 09:02:48'),
	(64,NULL,NULL,'PS_PRICE_ROUND_MODE','2','2012-02-15 09:02:48','2014-01-22 16:22:06'),
	(65,NULL,NULL,'PS_1_3_2_UPDATE_DATE','2012-02-15 09:02:48','2012-02-15 09:02:48','2012-02-15 09:02:48'),
	(66,NULL,NULL,'PS_CONDITIONS_CMS_ID','3','2012-02-15 09:02:48','2012-12-14 00:04:49'),
	(67,NULL,NULL,'TRACKING_DIRECT_TRAFFIC','0','2012-02-15 09:02:48','2012-02-15 09:02:48'),
	(68,NULL,NULL,'PS_META_KEYWORDS','0','2012-02-15 09:02:48','2012-02-15 09:02:48'),
	(69,NULL,NULL,'PS_DISPLAY_JQZOOM','0','2012-02-15 09:02:48','2014-01-22 15:59:44'),
	(70,NULL,NULL,'PS_VOLUME_UNIT','L','2012-02-15 09:02:48','2012-04-16 12:29:55'),
	(71,NULL,NULL,'PS_CIPHER_ALGORITHM','1','2012-02-15 09:02:48','2012-02-15 09:02:48'),
	(72,NULL,NULL,'PS_ATTRIBUTE_CATEGORY_DISPLAY','1','2012-02-15 09:02:48','2014-01-22 15:59:44'),
	(73,NULL,NULL,'PS_CUSTOMER_SERVICE_FILE_UPLOAD','1','2012-02-15 09:02:48','2012-02-15 09:02:48'),
	(74,NULL,NULL,'PS_CUSTOMER_SERVICE_SIGNATURE','','2012-02-15 09:02:48','2012-02-15 09:02:48'),
	(75,NULL,NULL,'PS_BLOCK_BESTSELLERS_DISPLAY','0','2012-02-15 09:02:48','2012-02-15 09:02:48'),
	(76,NULL,NULL,'PS_BLOCK_NEWPRODUCTS_DISPLAY','1','2012-02-15 09:02:48','2013-05-22 11:58:53'),
	(77,NULL,NULL,'PS_BLOCK_SPECIALS_DISPLAY','1','2012-02-15 09:02:48','2012-05-21 09:37:26'),
	(78,NULL,NULL,'PS_STOCK_MVT_REASON_DEFAULT','3','2012-02-15 09:02:48','2012-02-15 09:02:48'),
	(79,NULL,NULL,'PS_COMPARATOR_MAX_ITEM','5','2012-02-15 09:02:48','2014-01-22 15:59:44'),
	(80,NULL,NULL,'PS_ORDER_PROCESS_TYPE','1','2012-02-15 09:02:48','2012-12-14 00:04:49'),
	(81,NULL,NULL,'PS_SPECIFIC_PRICE_PRIORITIES','id_shop;id_currency;id_country;id_group','2012-02-15 09:02:48','2012-02-15 09:02:48'),
	(82,NULL,NULL,'PS_TAX_DISPLAY','1','2012-02-15 09:02:48','2012-02-15 17:03:44'),
	(83,NULL,NULL,'PS_SMARTY_FORCE_COMPILE','2','2012-02-15 09:02:48','2015-01-30 12:09:01'),
	(84,NULL,NULL,'PS_DISTANCE_UNIT','km','2012-02-15 09:02:48','2012-04-16 12:29:55'),
	(85,NULL,NULL,'PS_STORES_DISPLAY_CMS','1','2012-02-15 09:02:48','2012-02-15 09:02:48'),
	(86,NULL,NULL,'PS_STORES_DISPLAY_FOOTER','1','2012-02-15 09:02:48','2012-02-15 09:02:48'),
	(87,NULL,NULL,'PS_STORES_SIMPLIFIED','0','2012-02-15 09:02:48','2012-02-15 09:02:48'),
	(88,NULL,NULL,'SHOP_LOGO_WIDTH','770','2012-02-15 09:02:48','2015-02-04 17:00:27'),
	(89,NULL,NULL,'SHOP_LOGO_HEIGHT','447','2012-02-15 09:02:48','2015-02-11 10:14:19'),
	(90,NULL,NULL,'EDITORIAL_IMAGE_WIDTH','530','2012-02-15 09:02:48','2012-02-15 09:02:48'),
	(91,NULL,NULL,'EDITORIAL_IMAGE_HEIGHT','228','2012-02-15 09:02:48','2012-02-15 09:02:48'),
	(92,NULL,NULL,'PS_STATSDATA_CUSTOMER_PAGESVIEWS','0','2012-02-15 09:02:48','2012-02-15 09:02:48'),
	(93,NULL,NULL,'PS_STATSDATA_PAGESVIEWS','0','2012-02-15 09:02:48','2012-02-15 09:02:48'),
	(94,NULL,NULL,'PS_STATSDATA_PLUGINS','0','2012-02-15 09:02:48','2012-02-15 09:02:48'),
	(95,NULL,NULL,'PS_GEOLOCATION_ENABLED','0','2012-02-15 09:02:48','2012-02-15 09:02:48'),
	(96,NULL,NULL,'PS_ALLOWED_COUNTRIES','AF;ZA;AX;AL;DZ;DE;AD;AO;AI;AQ;AG;AN;SA;AR;AM;AW;AU;AT;AZ;BS;BH;BD;BB;BY;BE;BZ;BJ;BM;BT;BO;BA;BW;BV;BR;BN;BG;BF;MM;BI;KY;KH;CM;CA;CV;CF;CL;CN;CX;CY;CC;CO;KM;CG;CD;CK;KR;KP;CR;CI;HR;CU;DK;DJ;DM;EG;IE;SV;AE;EC;ER;ES;EE;ET;FK;FO;FJ;FI;FR;GA;GM;GE;GS;GH;GI;GR;GD;GL;GP;GU;GT;GG;GN;GQ;GW;GY;GF;HT;HM;HN;HK;HU;IM;MU;VG;VI;IN;ID;IR;IQ;IS;IL;IT;JM;JP;JE;JO;KZ;KE;KG;KI;KW;LA;LS;LV;LB;LR;LY;LI;LT;LU;MO;MK;MG;MY;MW;MV;ML;MT;MP;MA;MH;MQ;MR;YT;MX;FM;MD;MC;MN;ME;MS;MZ;NA;NR;NP;NI;NE;NG;NU;NF;NO;NC;NZ;IO;OM;UG;UZ;PK;PW;PS;PA;PG;PY;NL;PE;PH;PN;PL;PF;PR;PT;QA;DO;CZ;RE;RO;GB;RU;RW;EH;BL;KN;SM;MF;PM;VA;VC;LC;SB;WS;AS;ST;SN;RS;SC;SL;SG;SK;SI;SO;SD;LK;SE;CH;SR;SJ;SZ;SY;TJ;TW;TZ;TD;TF;TH;TL;TG;TK;TO;TT;TN;TM;TC;TR;TV;UA;UY;US;VU;VE;VN;WF;YE;ZM;ZW','2012-02-15 09:02:48','2012-02-15 09:02:48'),
	(97,NULL,NULL,'PS_GEOLOCATION_BEHAVIOR','0','2012-02-15 09:02:48','2012-02-15 09:02:48'),
	(98,NULL,NULL,'PS_LOCALE_LANGUAGE','it','2012-02-15 09:02:48','2012-04-16 12:29:40'),
	(99,NULL,NULL,'PS_LOCALE_COUNTRY','it','2012-02-15 09:02:48','2015-02-12 04:17:50'),
	(100,NULL,NULL,'PS_ATTACHMENT_MAXIMUM_SIZE','10','2012-02-15 09:02:48','2012-12-14 00:04:49'),
	(101,NULL,NULL,'PS_SMARTY_CACHE','1','2012-02-15 09:02:48','2015-02-12 04:07:19'),
	(102,NULL,NULL,'PS_DIMENSION_UNIT','cm','2012-02-15 09:02:48','2012-04-16 12:29:55'),
	(104,NULL,NULL,'PS_GUEST_CHECKOUT_ENABLED','1','2012-02-15 09:02:48','2012-12-14 00:04:49'),
	(105,NULL,NULL,'PS_DISPLAY_SUPPLIERS','0','2012-02-15 09:02:48','2014-01-22 16:22:06'),
	(106,NULL,NULL,'PS_CATALOG_MODE','1','2012-02-15 09:02:48','2015-02-08 17:34:25'),
	(107,NULL,NULL,'PS_GEOLOCATION_WHITELIST','209.185.108;209.185.253;209.85.238;209.85.238.11;209.85.238.4;216.239.33.96;216.239.33.97;216.239.33.98;216.239.33.99;216.239.37.98;216.239.37.99;216.239.39.98;216.239.39.99;216.239.41.96;216.239.41.97;216.239.41.98;216.239.41.99;216.239.45.4;216.239.46;216.239.51.96;216.239.51.97;216.239.51.98;216.239.51.99;216.239.53.98;216.239.53.99;216.239.57.96;216.239.57.97;216.239.57.98;216.239.57.99;216.239.59.98;216.239.59.99;216.33.229.163;64.233.173.193;64.233.173.194;64.233.173.195;64.233.173.196;64.233.173.197;64.233.173.198;64.233.173.199;64.233.173.200;64.233.173.201;64.233.173.202;64.233.173.203;64.233.173.204;64.233.173.205;64.233.173.206;64.233.173.207;64.233.173.208;64.233.173.209;64.233.173.210;64.233.173.211;64.233.173.212;64.233.173.213;64.233.173.214;64.233.173.215;64.233.173.216;64.233.173.217;64.233.173.218;64.233.173.219;64.233.173.220;64.233.173.221;64.233.173.222;64.233.173.223;64.233.173.224;64.233.173.225;64.233.173.226;64.233.173.227;64.233.173.228;64.233.173.229;64.233.173.230;64.233.173.231;64.233.173.232;64.233.173.233;64.233.173.234;64.233.173.235;64.233.173.236;64.233.173.237;64.233.173.238;64.233.173.239;64.233.173.240;64.233.173.241;64.233.173.242;64.233.173.243;64.233.173.244;64.233.173.245;64.233.173.246;64.233.173.247;64.233.173.248;64.233.173.249;64.233.173.250;64.233.173.251;64.233.173.252;64.233.173.253;64.233.173.254;64.233.173.255;64.68.80;64.68.81;64.68.82;64.68.83;64.68.84;64.68.85;64.68.86;64.68.87;64.68.88;64.68.89;64.68.90.1;64.68.90.10;64.68.90.11;64.68.90.12;64.68.90.129;64.68.90.13;64.68.90.130;64.68.90.131;64.68.90.132;64.68.90.133;64.68.90.134;64.68.90.135;64.68.90.136;64.68.90.137;64.68.90.138;64.68.90.139;64.68.90.14;64.68.90.140;64.68.90.141;64.68.90.142;64.68.90.143;64.68.90.144;64.68.90.145;64.68.90.146;64.68.90.147;64.68.90.148;64.68.90.149;64.68.90.15;64.68.90.150;64.68.90.151;64.68.90.152;64.68.90.153;64.68.90.154;64.68.90.155;64.68.90.156;64.68.90.157;64.68.90.158;64.68.90.159;64.68.90.16;64.68.90.160;64.68.90.161;64.68.90.162;64.68.90.163;64.68.90.164;64.68.90.165;64.68.90.166;64.68.90.167;64.68.90.168;64.68.90.169;64.68.90.17;64.68.90.170;64.68.90.171;64.68.90.172;64.68.90.173;64.68.90.174;64.68.90.175;64.68.90.176;64.68.90.177;64.68.90.178;64.68.90.179;64.68.90.18;64.68.90.180;64.68.90.181;64.68.90.182;64.68.90.183;64.68.90.184;64.68.90.185;64.68.90.186;64.68.90.187;64.68.90.188;64.68.90.189;64.68.90.19;64.68.90.190;64.68.90.191;64.68.90.192;64.68.90.193;64.68.90.194;64.68.90.195;64.68.90.196;64.68.90.197;64.68.90.198;64.68.90.199;64.68.90.2;64.68.90.20;64.68.90.200;64.68.90.201;64.68.90.202;64.68.90.203;64.68.90.204;64.68.90.205;64.68.90.206;64.68.90.207;64.68.90.208;64.68.90.21;64.68.90.22;64.68.90.23;64.68.90.24;64.68.90.25;64.68.90.26;64.68.90.27;64.68.90.28;64.68.90.29;64.68.90.3;64.68.90.30;64.68.90.31;64.68.90.32;64.68.90.33;64.68.90.34;64.68.90.35;64.68.90.36;64.68.90.37;64.68.90.38;64.68.90.39;64.68.90.4;64.68.90.40;64.68.90.41;64.68.90.42;64.68.90.43;64.68.90.44;64.68.90.45;64.68.90.46;64.68.90.47;64.68.90.48;64.68.90.49;64.68.90.5;64.68.90.50;64.68.90.51;64.68.90.52;64.68.90.53;64.68.90.54;64.68.90.55;64.68.90.56;64.68.90.57;64.68.90.58;64.68.90.59;64.68.90.6;64.68.90.60;64.68.90.61;64.68.90.62;64.68.90.63;64.68.90.64;64.68.90.65;64.68.90.66;64.68.90.67;64.68.90.68;64.68.90.69;64.68.90.7;64.68.90.70;64.68.90.71;64.68.90.72;64.68.90.73;64.68.90.74;64.68.90.75;64.68.90.76;64.68.90.77;64.68.90.78;64.68.90.79;64.68.90.8;64.68.90.80;64.68.90.9;64.68.91;64.68.92;66.249.64;66.249.65;66.249.66;66.249.67;66.249.68;66.249.69;66.249.70;66.249.71;66.249.72;66.249.73;66.249.78;66.249.79;72.14.199;8.6.48','2012-02-15 09:02:48','2012-02-15 09:02:48'),
	(108,NULL,NULL,'PS_LOGS_BY_EMAIL','5','2012-02-15 09:02:48','2012-02-15 09:02:48'),
	(109,NULL,NULL,'PS_COOKIE_CHECKIP','1','2012-02-15 09:02:48','2012-12-14 00:04:49'),
	(110,NULL,NULL,'PS_STORES_CENTER_LAT','25.948969','2012-02-15 09:02:48','2012-02-15 09:02:48'),
	(111,NULL,NULL,'PS_STORES_CENTER_LONG','-80.226439','2012-02-15 09:02:48','2012-02-15 09:02:48'),
	(112,NULL,NULL,'PS_HOMEPAGE_PHP_SELF','index.php','2012-02-15 09:02:48','2012-05-23 02:38:20'),
	(113,NULL,NULL,'PS_USE_ECOTAX','0','2012-02-15 09:02:48','2012-02-15 09:02:48'),
	(114,NULL,NULL,'PS_CANONICAL_REDIRECT','2','2012-02-15 09:02:48','2015-02-11 16:20:43'),
	(115,NULL,NULL,'PS_IMG_UPDATE_TIME','1423752482','2012-02-15 09:02:48','2015-02-12 15:48:02'),
	(116,NULL,NULL,'PS_BACKUP_DROP_TABLE','1','2012-02-15 09:02:48','2012-02-15 09:02:48'),
	(117,NULL,NULL,'PS_OS_CHEQUE','1','2012-02-15 09:02:48','2012-02-15 09:02:48'),
	(118,NULL,NULL,'PS_OS_PAYMENT','2','2012-02-15 09:02:48','2012-02-15 09:02:48'),
	(119,NULL,NULL,'PS_OS_PREPARATION','3','2012-02-15 09:02:48','2012-02-15 09:02:48'),
	(120,NULL,NULL,'PS_OS_SHIPPING','4','2012-02-15 09:02:48','2012-02-15 09:02:48'),
	(121,NULL,NULL,'PS_OS_DELIVERED','5','2012-02-15 09:02:48','2012-02-15 09:02:48'),
	(122,NULL,NULL,'PS_OS_CANCELED','6','2012-02-15 09:02:48','2012-02-15 09:02:48'),
	(123,NULL,NULL,'PS_OS_REFUND','7','2012-02-15 09:02:48','2012-02-15 09:02:48'),
	(124,NULL,NULL,'PS_OS_ERROR','8','2012-02-15 09:02:48','2012-02-15 09:02:48'),
	(125,NULL,NULL,'PS_OS_OUTOFSTOCK','9','2012-02-15 09:02:48','2012-02-15 09:02:48'),
	(126,NULL,NULL,'PS_OS_BANKWIRE','10','2012-02-15 09:02:48','2012-02-15 09:02:48'),
	(127,NULL,NULL,'PS_OS_PAYPAL','11','2012-02-15 09:02:48','2012-02-15 09:02:48'),
	(128,NULL,NULL,'PS_OS_WS_PAYMENT','12','2012-02-15 09:02:48','2012-02-15 09:02:48'),
	(129,NULL,NULL,'PS_LEGACY_IMAGES','0','2012-02-15 09:02:48','2015-02-09 16:04:36'),
	(130,NULL,NULL,'PS_IMAGE_QUALITY','jpg','2012-02-15 09:02:48','2012-02-15 09:02:48'),
	(131,NULL,NULL,'PS_PNG_QUALITY','7','2012-02-15 09:02:48','2012-02-15 09:02:48'),
	(132,NULL,NULL,'PS_JPEG_QUALITY','90','2012-02-15 09:02:48','2012-02-15 09:02:48'),
	(133,NULL,NULL,'PS_COOKIE_LIFETIME_FO','480','2012-02-15 09:02:48','2012-12-14 00:04:49'),
	(134,NULL,NULL,'PS_COOKIE_LIFETIME_BO','480','2012-02-15 09:02:48','2012-12-14 00:04:49'),
	(135,NULL,NULL,'PS_RESTRICT_DELIVERED_COUNTRIES','0','2012-02-15 09:02:48','2012-02-15 09:02:48'),
	(136,NULL,NULL,'PS_LIMIT_UPLOAD_IMAGE_VALUE','2','2012-02-15 09:02:48','2012-12-14 00:04:49'),
	(137,NULL,NULL,'PS_LIMIT_UPLOAD_FILE_VALUE','2','2012-02-15 09:02:48','2012-12-14 00:04:49'),
	(138,NULL,NULL,'PS_CARRIER_DEFAULT','2','2012-02-15 09:02:48','2012-02-15 09:02:48'),
	(139,NULL,NULL,'PS_TAX_ADDRESS_TYPE','id_address_delivery','2012-02-15 09:02:48','2012-02-15 09:02:48'),
	(140,NULL,NULL,'MB_PAY_TO_EMAIL','','2012-02-15 09:02:48','2012-02-15 09:02:48'),
	(141,NULL,NULL,'MB_SECRET_WORD','','2012-02-15 09:02:48','2012-02-15 09:02:48'),
	(142,NULL,NULL,'MB_HIDE_LOGIN','1','2012-02-15 09:02:48','2012-02-15 09:02:48'),
	(143,NULL,NULL,'MB_ID_LOGO','1','2012-02-15 09:02:48','2012-02-15 09:02:48'),
	(144,NULL,NULL,'MB_ID_LOGO_WALLET','1','2012-02-15 09:02:48','2012-02-15 09:02:48'),
	(145,NULL,NULL,'MB_PARAMETERS','0','2012-02-15 09:02:48','2012-02-15 09:02:48'),
	(146,NULL,NULL,'MB_PARAMETERS_2','0','2012-02-15 09:02:48','2012-02-15 09:02:48'),
	(147,NULL,NULL,'MB_DISPLAY_MODE','0','2012-02-15 09:02:48','2012-02-15 09:02:48'),
	(148,NULL,NULL,'MB_CANCEL_URL','http://www.yoursite.com','2012-02-15 09:02:48','2012-02-15 09:02:48'),
	(149,NULL,NULL,'MB_LOCAL_METHODS','2','2012-02-15 09:02:48','2012-02-15 09:02:48'),
	(150,NULL,NULL,'MB_INTER_METHODS','5','2012-02-15 09:02:48','2012-02-15 09:02:48'),
	(151,NULL,NULL,'BANK_WIRE_CURRENCIES','2,1','2012-02-15 09:02:48','2012-02-15 09:02:48'),
	(152,NULL,NULL,'CHEQUE_CURRENCIES','2,1','2012-02-15 09:02:48','2012-02-15 09:02:48'),
	(153,NULL,NULL,'PRODUCTS_VIEWED_NBR','2','2012-02-15 09:02:48','2012-02-15 09:02:48'),
	(154,NULL,NULL,'BLOCK_CATEG_DHTML','1','2012-02-15 09:02:48','2012-05-09 12:30:17'),
	(155,NULL,NULL,'BLOCK_CATEG_MAX_DEPTH','3','2012-02-15 09:02:48','2012-05-09 12:30:17'),
	(156,NULL,NULL,'MANUFACTURER_DISPLAY_FORM','1','2012-02-15 09:02:48','2012-02-15 09:02:48'),
	(157,NULL,NULL,'MANUFACTURER_DISPLAY_TEXT','1','2012-02-15 09:02:48','2012-02-15 09:02:48'),
	(158,NULL,NULL,'MANUFACTURER_DISPLAY_TEXT_NB','5','2012-02-15 09:02:48','2012-02-15 09:02:48'),
	(159,NULL,NULL,'NEW_PRODUCTS_NBR','5','2012-02-15 09:02:48','2013-05-22 11:58:53'),
	(160,NULL,NULL,'PS_TOKEN_ENABLE','1','2012-02-15 09:02:48','2014-01-22 16:22:06'),
	(161,NULL,NULL,'PS_STATS_RENDER','graphnvd3','2012-02-15 09:02:48','2012-02-15 09:02:48'),
	(162,NULL,NULL,'PS_STATS_OLD_CONNECT_AUTO_CLEAN','never','2012-02-15 09:02:48','2012-02-15 09:02:48'),
	(163,NULL,NULL,'PS_STATS_GRID_RENDER','gridhtml','2012-02-15 09:02:48','2012-02-15 09:02:48'),
	(164,NULL,NULL,'BLOCKTAGS_NBR','20','2012-02-15 09:02:48','2012-05-23 15:46:51'),
	(165,NULL,NULL,'CHECKUP_DESCRIPTIONS_LT','100','2012-02-15 09:02:48','2012-02-15 09:02:48'),
	(166,NULL,NULL,'CHECKUP_DESCRIPTIONS_GT','400','2012-02-15 09:02:48','2012-02-15 09:02:48'),
	(167,NULL,NULL,'CHECKUP_IMAGES_LT','1','2012-02-15 09:02:48','2012-02-15 09:02:48'),
	(168,NULL,NULL,'CHECKUP_IMAGES_GT','2','2012-02-15 09:02:48','2012-02-15 09:02:48'),
	(169,NULL,NULL,'CHECKUP_SALES_LT','1','2012-02-15 09:02:48','2012-02-15 09:02:48'),
	(170,NULL,NULL,'CHECKUP_SALES_GT','2','2012-02-15 09:02:48','2012-02-15 09:02:48'),
	(171,NULL,NULL,'CHECKUP_STOCK_LT','1','2012-02-15 09:02:48','2012-02-15 09:02:48'),
	(172,NULL,NULL,'CHECKUP_STOCK_GT','3','2012-02-15 09:02:48','2012-02-15 09:02:48'),
	(173,NULL,NULL,'FOOTER_CMS','0_3|0_6|0_7','2012-02-15 09:02:48','2015-02-11 17:19:47'),
	(174,NULL,NULL,'FOOTER_BLOCK_ACTIVATION','','2012-02-15 09:02:48','2012-05-11 10:00:22'),
	(175,NULL,NULL,'FOOTER_POWEREDBY','0','2012-02-15 09:02:48','2015-02-11 17:19:47'),
	(176,NULL,NULL,'BLOCKADVERT_LINK','0','2012-02-15 09:02:48','2012-02-15 09:02:48'),
	(177,NULL,NULL,'BLOCKSTORE_IMG','store.jpg','2012-02-15 09:02:48','2012-02-15 09:02:48'),
	(178,NULL,NULL,'PS_VERSION_DB','1.6.0.9','2012-02-15 09:02:49','2012-02-15 09:02:49'),
	(179,NULL,NULL,'PS_BASE_DISTANCE_UNIT','m','2012-02-15 17:03:44','2012-04-16 12:29:55'),
	(180,NULL,NULL,'PS_SHOP_DOMAIN','www.incomingfriuli.it','2012-02-15 09:03:44','2015-02-10 20:36:22'),
	(181,NULL,NULL,'PS_SHOP_DOMAIN_SSL','www.terredainventare.it/incomingfriuli.it','2012-02-15 09:03:44','2012-05-23 02:38:20'),
	(182,NULL,NULL,'PS_INSTALL_VERSION','1.4.7.0','2012-02-15 09:03:44','2012-02-15 09:03:44'),
	(183,NULL,NULL,'PS_SHOP_NAME','Armonie e sapori del Friuli Venezia Giulia','2012-02-15 09:03:44','2012-05-18 18:09:43'),
	(184,NULL,NULL,'PS_SHOP_EMAIL','info@armoniesaporidelfriuli.it','2012-02-15 09:03:44','2012-05-18 18:09:43'),
	(185,NULL,NULL,'PS_MAIL_METHOD','1','2012-02-15 09:03:44','2012-12-13 19:23:46'),
	(186,NULL,NULL,'PS_SHOP_ACTIVITY','20','2012-02-15 09:03:44','2014-01-22 16:22:06'),
	(187,NULL,NULL,'BLOCKADVERT_IMG_EXT','jpg','2012-02-15 11:04:23','2013-01-15 16:50:20'),
	(188,NULL,NULL,'PS_LAST_VERSION','a:10:{s:4:\"name\";s:12:\"1.6.0 stable\";s:3:\"num\";s:7:\"1.6.0.9\";s:4:\"link\";s:37:\"http://www.prestashop.com/en/download\";s:3:\"md5\";s:32:\"ee7286f0ffc775898136c8c560b08d68\";s:11:\"autoupgrade\";i:1;s:18:\"autoupgrade_module\";i:1;s:24:\"autoupgrade_last_version\";s:5:\"1.3.0\";s:23:\"autoupgrade_module_link\";s:50:\"http://www.prestashop.com/download/autoupgrade.zip\";s:9:\"changelog\";s:0:\"\";s:4:\"desc\";s:0:\"\";}','2012-04-06 09:24:21','2014-08-04 17:11:01'),
	(189,NULL,NULL,'PS_LAST_VERSION_CHECK','1407853515','2012-04-06 09:24:21','2014-08-12 16:25:15'),
	(190,NULL,NULL,'PS_PREACTIVATION_PAYPAL_WARNING','','2012-04-06 09:24:26','2013-01-17 00:58:15'),
	(191,NULL,NULL,'PS_MAINTENANCE_IP','80.180.110.121,181.224.129.12,181.224.129.12,79.10.234.168,31.196.210.195','2012-04-06 09:28:47','2015-02-09 17:40:28'),
	(193,NULL,NULL,'PS_CART_FOLLOWING','1','2012-04-06 09:28:47','2012-12-14 00:04:49'),
	(194,NULL,NULL,'PS_HIDE_OPTIMIZATION_TIPS','0','2012-04-06 09:28:47','2012-12-14 00:04:49'),
	(195,NULL,NULL,'TS_TAB1_ENV_API','production','2012-04-06 15:51:55','2013-01-17 11:52:01'),
	(196,NULL,NULL,'PS_AUTOUPDATE_MODULE_IDTAB','143','2012-04-06 15:54:31','2014-08-12 16:23:26'),
	(197,NULL,NULL,'PS_AUTOUP_DONT_SAVE_IMAGES','0','2012-04-06 15:55:34','2012-04-06 15:55:56'),
	(198,NULL,NULL,'PS_AUTOUP_KEEP_DEFAULT_THEME','0','2012-04-06 15:55:34','2012-04-06 15:55:56'),
	(199,NULL,NULL,'PS_AUTOUP_KEEP_TRAD','0','2012-04-06 15:55:34','2012-04-06 15:55:56'),
	(200,NULL,NULL,'PS_AUTOUP_KEEP_MAILS','0','2012-04-06 15:55:34','2012-04-06 15:55:56'),
	(201,NULL,NULL,'PS_AUTOUP_CUSTOM_MOD_DESACT','0','2012-04-06 15:55:34','2012-04-06 15:55:56'),
	(202,NULL,NULL,'PAYPAL_SANDBOX','1','2012-04-16 11:29:09','2012-04-16 11:29:09'),
	(203,NULL,NULL,'PAYPAL_BUSINESS','paypal@prestashop.com','2012-04-16 11:29:09','2012-04-16 11:29:09'),
	(204,NULL,NULL,'PAYPAL_HEADER','','2012-04-16 11:29:09','2012-04-16 11:29:09'),
	(205,NULL,NULL,'PAYPAL_API_USER','','2012-04-16 11:29:09','2012-04-16 11:29:09'),
	(206,NULL,NULL,'PAYPAL_API_PASSWORD','','2012-04-16 11:29:09','2012-04-16 11:29:09'),
	(207,NULL,NULL,'PAYPAL_API_SIGNATURE','','2012-04-16 11:29:09','2012-04-16 11:29:09'),
	(208,NULL,NULL,'PAYPAL_EXPRESS_CHECKOUT','0','2012-04-16 11:29:09','2012-04-16 11:29:09'),
	(209,NULL,NULL,'PAYPAL_CAPTURE','0','2012-04-16 11:29:09','2012-04-16 11:29:09'),
	(210,NULL,NULL,'PAYPAL_PAYMENT_METHOD','0','2012-04-16 11:29:09','2012-04-16 11:29:09'),
	(211,NULL,NULL,'PAYPAL_TEMPLATE','A','2012-04-16 11:29:09','2012-04-16 11:29:09'),
	(212,NULL,NULL,'PAYPAL_NEW','1','2012-04-16 11:29:09','2012-04-16 11:29:09'),
	(213,NULL,NULL,'PAYPAL_DEBUG_MODE','0','2012-04-16 11:29:09','2012-04-16 11:29:09'),
	(214,NULL,NULL,'PAYPAL_OS_AUTHORIZATION','13','2012-04-16 11:29:09','2012-04-16 11:29:09'),
	(215,NULL,NULL,'PS_SHOP_COUNTRY','Italy','2012-04-16 12:30:33','2012-05-18 18:09:43'),
	(216,NULL,NULL,'PS_SHOP_STATE','Udine','2012-04-16 12:30:33','2012-05-18 18:09:43'),
	(217,NULL,NULL,'PS_SHOP_ADDR1','','2012-04-16 12:30:33','2012-05-18 18:09:43'),
	(218,NULL,NULL,'PS_SHOP_ADDR2','','2012-04-16 12:30:33','2012-05-18 18:09:43'),
	(219,NULL,NULL,'PS_SHOP_CITY','Codroipo','2012-04-16 12:30:33','2012-05-18 18:09:43'),
	(220,NULL,NULL,'PS_SHOP_STATE_ID','224','2012-04-16 12:30:33','2012-05-18 18:09:43'),
	(221,NULL,NULL,'PS_SHOP_CODE','','2012-04-16 12:30:33','2012-05-18 18:09:43'),
	(222,NULL,NULL,'PS_SHOP_COUNTRY_ID','10','2012-04-16 12:30:33','2012-05-18 18:09:43'),
	(223,NULL,NULL,'PS_SHOP_PHONE','+39 0432 900071','2012-04-16 12:30:33','2012-05-18 18:09:43'),
	(224,NULL,NULL,'PS_SHOP_DETAILS','','2012-04-16 12:30:33','2012-05-18 18:09:43'),
	(225,NULL,NULL,'PS_SHOP_FAX','','2012-04-16 12:30:33','2012-05-18 18:09:43'),
	(226,NULL,NULL,'PS_PRODUCT_SHORT_DESC_LIMIT','0','2012-04-16 17:09:23','2014-01-22 15:59:44'),
	(227,NULL,NULL,'PS_IMAGE_GENERATION_METHOD','0','2012-04-16 17:09:23','2012-05-23 02:41:13'),
	(228,NULL,NULL,'PS_QTY_DISCOUNT_ON_COMBINATION','0','2012-04-16 17:09:23','2014-01-22 15:59:44'),
	(229,NULL,NULL,'VATNUMBER_MANAGEMENT','0','2012-04-18 11:03:41','2014-08-12 16:36:16'),
	(230,NULL,NULL,'MA_MERCHANT_ORDER','1','2012-04-18 12:17:18','2012-12-14 16:51:52'),
	(231,NULL,NULL,'MA_MERCHANT_OOS','1','2012-04-18 12:17:18','2012-12-14 16:51:52'),
	(232,NULL,NULL,'MA_CUSTOMER_QTY','1','2012-04-18 12:17:18','2012-04-18 12:17:18'),
	(233,NULL,NULL,'MA_MERCHANT_MAILS','info@armoniesaporidelfriuli.it,davide.lorigliola@gmail.com,incomingfriuli@deliziaclub.com,corrado@deliziaclub.com,tania@deliziaclub.com','2012-04-18 12:17:18','2012-12-14 16:51:52'),
	(234,NULL,NULL,'MA_LAST_QTIES','0','2012-04-18 12:17:18','2012-12-14 16:51:52'),
	(235,NULL,NULL,'PS_SHOW_TYPE_MODULES_1','allModules','2012-04-18 12:43:10','2012-06-07 01:45:15'),
	(236,NULL,NULL,'PS_SHOW_COUNTRY_MODULES_1',NULL,'2012-04-18 12:43:10','2015-02-11 19:59:35'),
	(237,NULL,NULL,'PS_SHOW_INSTALLED_MODULES_1','installed','2012-04-18 12:43:10','2015-02-11 19:59:26'),
	(238,NULL,NULL,'PS_SHOW_ENABLED_MODULES_1','enabledDisabled','2012-04-18 12:43:10','2012-06-07 01:45:15'),
	(239,NULL,NULL,'PS_NEWSLETTER_RAND','2059881473597635518','2012-05-08 11:14:59','2012-05-08 11:14:59'),
	(240,NULL,NULL,'fbtwgpackpositionl','top','2012-05-09 11:07:11','2012-12-14 00:02:53'),
	(241,NULL,NULL,'fbtwgpackBGCOLORL','#FFFFFF','2012-05-09 11:07:11','2012-12-14 00:02:53'),
	(242,NULL,NULL,'fbtwgpacklikeon','','2012-05-09 11:07:11','2012-12-14 00:02:53'),
	(243,NULL,NULL,'fbtwgpackshareon','1','2012-05-09 11:07:11','2012-12-14 00:02:53'),
	(244,NULL,NULL,'fbtwgpackwidthlikebox','','2012-05-09 11:07:11','2012-12-14 00:02:53'),
	(245,NULL,NULL,'fbtwgpacklb_facebook_page_url','http://www.facebook.com/platform','2012-05-09 11:07:11','2012-12-14 00:02:53'),
	(246,NULL,NULL,'fbtwgpacklb_width','190','2012-05-09 11:07:11','2012-12-14 00:02:53'),
	(247,NULL,NULL,'fbtwgpacklb_height','190','2012-05-09 11:07:11','2012-12-14 00:02:53'),
	(248,NULL,NULL,'fbtwgpacklb_connections','9','2012-05-09 11:07:11','2012-12-14 00:02:53'),
	(249,NULL,NULL,'fbtwgpacklb_bg_color','#FFFFFF','2012-05-09 11:07:11','2012-12-14 00:02:53'),
	(250,NULL,NULL,'fbtwgpackfbon','0','2012-05-09 11:07:11','2012-12-14 00:02:53'),
	(251,NULL,NULL,'fbtwgpacklb_faces','1','2012-05-09 11:07:11','2012-12-14 00:02:53'),
	(252,NULL,NULL,'fbtwgpacklb_header','1','2012-05-09 11:07:11','2012-12-14 00:02:53'),
	(253,NULL,NULL,'fbtwgpackpositionfb','right','2012-05-09 11:07:11','2012-12-14 00:02:53'),
	(254,NULL,NULL,'fbtwgpacktwitterfbon','1','2012-05-09 11:07:11','2012-12-14 00:02:53'),
	(255,NULL,NULL,'fbtwgpackbuttonsfb','secondonfb','2012-05-09 11:07:11','2012-12-14 00:02:53'),
	(256,NULL,NULL,'fbtwgpackAPPADMIN','100001948630482','2012-05-09 11:07:11','2012-12-14 00:02:53'),
	(257,NULL,NULL,'fbtwgpackCOMMENTON','0','2012-05-09 11:07:11','2012-12-14 00:02:53'),
	(258,NULL,NULL,'fbtwgpackBGCUSTOM','0','2012-05-09 11:07:11','2012-12-14 00:02:53'),
	(259,NULL,NULL,'fbtwgpackBGCOLOR','#FFFFFF','2012-05-09 11:07:11','2012-12-14 00:02:53'),
	(260,NULL,NULL,'fbtwgpackCOMMENTNBR','6','2012-05-09 11:07:11','2012-12-14 00:02:53'),
	(261,NULL,NULL,'fbtwgpackCOMMENTWIDTH','525','2012-05-09 11:07:11','2012-12-14 00:02:53'),
	(262,NULL,NULL,'fbtwgpackREGISTERSWITCH','0','2012-05-09 11:07:11','2012-12-14 00:02:53'),
	(263,NULL,NULL,'fbtwgpackLOGOSWITCH','1','2012-05-09 11:07:11','2012-12-14 00:02:53'),
	(264,NULL,NULL,'fbtwgpackTITLESWITCH','1','2012-05-09 11:07:11','2012-12-14 00:02:53'),
	(265,NULL,NULL,'fbtwgpackROUNDED','1','2012-05-09 11:07:11','2012-12-14 00:02:53'),
	(266,NULL,NULL,'fbtwgpackFOCUS','0','2012-05-09 11:07:11','2012-12-14 00:02:53'),
	(267,NULL,NULL,'fbtwgpackFORCE','1','2012-05-09 11:07:11','2012-12-14 00:02:53'),
	(268,NULL,NULL,'fbtwgpackLIKETOPSWITCH','1','2012-05-09 11:07:11','2012-05-09 11:07:11'),
	(269,NULL,NULL,'fbtwgpackLIKEBOTTOMSWITCH','0','2012-05-09 11:07:11','2012-05-09 11:07:11'),
	(270,NULL,NULL,'fbtwgpacktwitteron','0','2012-05-09 11:07:11','2012-12-14 00:02:53'),
	(271,NULL,NULL,'fbtwgpacktwitterbon','1','2012-05-09 11:07:11','2012-12-14 00:02:53'),
	(272,NULL,NULL,'fbtwgpackbuttons','secondon','2012-05-09 11:07:11','2012-12-14 00:02:53'),
	(273,NULL,NULL,'fbtwgpackuser_name','twitter','2012-05-09 11:07:11','2012-12-14 00:02:53'),
	(274,NULL,NULL,'fbtwgpacktype','profile','2012-05-09 11:07:11','2012-12-14 00:02:53'),
	(275,NULL,NULL,'fbtwgpacktitle','Twittew Widget','2012-05-09 11:07:11','2012-12-14 00:02:53'),
	(276,NULL,NULL,'fbtwgpacksubject','Twittew Widget','2012-05-09 11:07:11','2012-12-14 00:02:53'),
	(277,NULL,NULL,'fbtwgpackposition','right','2012-05-09 11:07:11','2012-12-14 00:02:53'),
	(278,NULL,NULL,'fbtwgpackwidth','190','2012-05-09 11:07:11','2012-12-14 00:02:53'),
	(279,NULL,NULL,'fbtwgpackheight','190','2012-05-09 11:07:11','2012-12-14 00:02:53'),
	(280,NULL,NULL,'fbtwgpackinterval','5000','2012-05-09 11:07:11','2012-12-14 00:02:53'),
	(281,NULL,NULL,'fbtwgpacktimestamp','true','2012-05-09 11:07:11','2012-05-09 11:07:11'),
	(282,NULL,NULL,'fbtwgpackavatars','true','2012-05-09 11:07:11','2012-05-09 11:07:11'),
	(283,NULL,NULL,'fbtwgpackhashtags','true','2012-05-09 11:07:11','2012-05-09 11:07:11'),
	(284,NULL,NULL,'fbtwgpackscrollbar','true','2012-05-09 11:07:11','2012-05-09 11:07:11'),
	(285,NULL,NULL,'fbtwgpackshell_bg','#00a0d1','2012-05-09 11:07:11','2012-12-14 00:02:53'),
	(286,NULL,NULL,'fbtwgpackshell_color','#ffffff','2012-05-09 11:07:11','2012-12-14 00:02:53'),
	(287,NULL,NULL,'fbtwgpacktweets_bg','#FFFFFF','2012-05-09 11:07:11','2012-12-14 00:02:53'),
	(288,NULL,NULL,'fbtwgpacktweets_color','#000000','2012-05-09 11:07:11','2012-12-14 00:02:53'),
	(289,NULL,NULL,'fbtwgpacktweets_link','#67ba43','2012-05-09 11:07:11','2012-12-14 00:02:53'),
	(290,NULL,NULL,'fbtwgpackstatus1','on','2012-05-09 11:07:11','2012-12-14 00:02:53'),
	(291,NULL,NULL,'fbtwgpackbuttons1','1gon','2012-05-09 11:07:11','2012-12-14 00:02:53'),
	(292,NULL,NULL,'fbtwgpackfbbutton','','2012-05-09 11:07:11','2012-12-14 00:02:53'),
	(293,NULL,NULL,'fbtwgpacktwbutton','','2012-05-09 11:07:11','2012-12-14 00:02:53'),
	(294,NULL,NULL,'fbtwgpackgbutton','','2012-05-09 11:07:11','2012-12-14 00:02:53'),
	(295,NULL,NULL,'fbtwgpackgoogleid','110214897801195884005','2012-05-09 11:07:11','2012-12-14 00:02:53'),
	(296,NULL,NULL,'fbtwgpackgtextfont','1','2012-05-09 11:07:11','2012-12-14 00:02:53'),
	(297,NULL,NULL,'fbtwgpackgwon','0','2012-05-09 11:07:11','2012-12-14 00:02:53'),
	(298,NULL,NULL,'fbtwgpackpositiongw','right','2012-05-09 11:07:11','2012-12-14 00:02:53'),
	(299,NULL,NULL,'fbtwgpackgw_width','190','2012-05-09 11:07:11','2012-12-14 00:02:53'),
	(300,NULL,NULL,'fbtwgpackgw_height','190','2012-05-09 11:07:11','2012-12-14 00:02:53'),
	(301,NULL,NULL,'fbtwgpackgwlng','it','2012-05-09 11:07:11','2012-12-14 00:02:53'),
	(302,NULL,NULL,'fbtwgpackgwt','Aggiungimi_su','2012-05-09 11:07:11','2012-12-14 00:02:53'),
	(303,NULL,NULL,'fbtwgpackgwbg_color','#f5f5f5','2012-05-09 11:07:11','2012-12-14 00:02:53'),
	(304,NULL,NULL,'fbtwgpackgwborder_color','#cecece','2012-05-09 11:07:11','2012-12-14 00:02:53'),
	(305,NULL,NULL,'fbtwgpackgwline_color','#cecece','2012-05-09 11:07:11','2012-12-14 00:02:53'),
	(306,NULL,NULL,'fbtwgpackgwtitle_color','#6a6a6a','2012-05-09 11:07:11','2012-12-14 00:02:53'),
	(307,NULL,NULL,'fbtwgpackgwname_color','#6a6a6a','2012-05-09 11:07:11','2012-12-14 00:02:53'),
	(308,NULL,NULL,'fbtwgpackgwnamesize','16','2012-05-09 11:07:11','2012-12-14 00:02:53'),
	(309,NULL,NULL,'fbtwgpackgwb_width','100','2012-05-09 11:07:11','2012-12-14 00:02:53'),
	(310,NULL,NULL,'fbtwgpackgwbuttonsize','13','2012-05-09 11:07:11','2012-12-14 00:02:53'),
	(311,NULL,NULL,'fbtwgpackgwbbg_color','#4889F0','2012-05-09 11:07:11','2012-12-14 00:02:53'),
	(312,NULL,NULL,'fbtwgpackgwbhov_color','#3F79D5','2012-05-09 11:07:11','2012-12-14 00:02:53'),
	(313,NULL,NULL,'fbtwgpackgwbbor_color','#3F79D5','2012-05-09 11:07:11','2012-12-14 00:02:53'),
	(314,NULL,NULL,'fbtwgpackgwbhbor_color','#3b71c6','2012-05-09 11:07:11','2012-12-14 00:02:53'),
	(315,NULL,NULL,'fbtwgpackgwbtextc_color','#FFFFFF','2012-05-09 11:07:11','2012-12-14 00:02:53'),
	(316,NULL,NULL,'fbtwgpackgwbhtextc_color','#FFFFFF','2012-05-09 11:07:11','2012-12-14 00:02:53'),
	(317,NULL,NULL,'fbtwgpackgwmaintextc_color','#6a6a6a','2012-05-09 11:07:11','2012-12-14 00:02:53'),
	(318,NULL,NULL,'PS_LOGO','armonie-e-sapori-del-friuli-venezia-giulia-1422887775.jpg','2012-05-09 11:53:14','2015-02-02 15:36:15'),
	(319,NULL,NULL,'PS_LOGO_MAIL','logo_mail-1.jpg','2012-05-09 11:53:14','2013-04-27 09:54:44'),
	(320,NULL,NULL,'PS_LOGO_INVOICE','logo_invoice-1.jpg','2012-05-09 11:53:14','2013-04-27 09:51:08'),
	(321,NULL,NULL,'PS_FAVICON','favicon.ico','2012-05-09 11:53:14','2015-02-12 14:51:23'),
	(322,NULL,NULL,'PS_STORES_ICON','','2012-05-09 11:53:14','2012-05-09 11:53:14'),
	(323,NULL,NULL,'PS_BLOCKLINK_TITLE','','2012-05-09 12:23:51','2012-05-09 12:23:51'),
	(324,NULL,NULL,'TMBANNER1_BLOCKADVERT_LINK','http://www.armoniesaporidelfriuli.it/it/8-gruppi','2012-05-09 12:29:35','2012-06-19 19:26:21'),
	(325,NULL,NULL,'fbtwgpackappid','','2012-05-09 17:49:12','2012-12-14 00:02:53'),
	(326,NULL,NULL,'fbtwgpacksecret','','2012-05-09 17:49:12','2012-12-14 00:02:53'),
	(327,NULL,NULL,'fbtwgpacklikefaces','','2012-05-09 17:49:12','2012-12-14 00:02:53'),
	(328,NULL,NULL,'fbtwgpacklikecolor','','2012-05-09 17:49:12','2012-12-14 00:02:53'),
	(329,NULL,NULL,'fbtwgpacklikelayout','','2012-05-09 17:49:12','2012-12-14 00:02:53'),
	(330,NULL,NULL,'fbtwgpacktwitterconskey','','2012-05-09 17:49:12','2012-12-14 00:02:53'),
	(331,NULL,NULL,'fbtwgpacktwitterconssecret','','2012-05-09 17:49:12','2012-12-14 00:02:53'),
	(332,NULL,NULL,'TMBANNER1_BLOCKADVERT_IMG_EXT','jpg','2012-05-10 09:53:23','2012-06-19 19:26:21'),
	(333,NULL,NULL,'WATERMARK_TRANSPARENCY','60','2012-05-11 09:53:37','2012-05-11 09:53:37'),
	(334,NULL,NULL,'WATERMARK_Y_ALIGN','bottom','2012-05-11 09:53:37','2012-05-11 09:53:37'),
	(335,NULL,NULL,'WATERMARK_X_ALIGN','right','2012-05-11 09:53:37','2012-05-11 09:53:37'),
	(336,NULL,NULL,'PRODUCTSCATEGORY_DISPLAY_PRICE','0','2012-05-11 09:58:01','2012-05-11 09:58:01'),
	(337,NULL,NULL,'HOME_FEATURED_NBR','6','2012-05-21 11:40:38','2012-05-21 19:39:04'),
	(338,NULL,NULL,'__PS_BASE_URI__','/incomingfriuli.it','2012-05-23 02:09:20','2012-05-23 02:38:20'),
	(339,NULL,NULL,'PS_HTACCESS_CACHE_CONTROL','0','2012-05-23 02:24:33','2015-02-10 20:24:31'),
	(340,NULL,NULL,'PS_HTACCESS_DISABLE_MULTIVIEWS','0','2012-05-23 02:24:33','2015-02-11 16:20:17'),
	(341,NULL,NULL,'PS_HTACCESS_SPECIFIC','','2012-05-23 02:24:33','2012-05-23 02:54:36'),
	(342,NULL,NULL,'PS_CSS_THEME_CACHE','0','2012-05-23 02:55:23','2013-05-22 12:34:35'),
	(343,NULL,NULL,'PS_JS_THEME_CACHE','0','2012-05-23 02:55:23','2013-05-22 12:34:35'),
	(344,NULL,NULL,'PS_HTML_THEME_COMPRESSION','0','2012-05-23 02:55:23','2013-05-22 12:34:35'),
	(345,NULL,NULL,'PS_JS_HTML_THEME_COMPRESSION','0','2012-05-23 02:55:23','2013-05-22 12:34:35'),
	(347,NULL,NULL,'VATNUMBER_COUNTRY','10','2012-12-13 18:46:09','2012-12-13 18:46:09'),
	(348,NULL,NULL,'PS_MAIL_EMAIL_MESSAGE','2','2012-12-13 19:22:58','2012-12-13 19:23:46'),
	(349,NULL,NULL,'SMTP_CONTAINER','','2012-12-13 19:22:58','2012-12-13 19:23:46'),
	(350,NULL,NULL,'PS_MAIL_DOMAIN','','2012-12-13 19:22:58','2012-12-13 19:23:46'),
	(351,NULL,NULL,'PS_MAIL_SERVER','','2012-12-13 19:22:58','2012-12-13 19:23:46'),
	(352,NULL,NULL,'PS_MAIL_USER','','2012-12-13 19:22:58','2012-12-13 19:23:46'),
	(353,NULL,NULL,'PS_MAIL_PASSWD','','2012-12-13 19:22:58','2012-12-13 19:23:46'),
	(354,NULL,NULL,'PS_MAIL_SMTP_ENCRYPTION','off','2012-12-13 19:22:58','2012-12-13 19:23:46'),
	(355,NULL,NULL,'PS_MAIL_SMTP_PORT','0','2012-12-13 19:22:58','2012-12-13 19:23:46'),
	(356,NULL,NULL,'SMTP_CONTAINER_END','','2012-12-13 19:22:58','2012-12-13 19:23:46'),
	(357,NULL,NULL,'GSITEMAP_ALL_CMS','1','2012-12-13 23:22:37','2012-12-13 23:22:37'),
	(358,NULL,NULL,'GSITEMAP_ALL_PRODUCTS','1','2012-12-13 23:22:37','2012-12-13 23:22:37'),
	(359,NULL,NULL,'PS_UPGRADE_CHANNEL','major','2013-01-15 16:50:10','2014-08-12 16:24:07'),
	(360,NULL,NULL,'PS_AUTOUP_MANUAL_MODE','0','2013-01-15 16:50:10','2013-01-15 16:50:10'),
	(361,NULL,NULL,'PS_AUTOUP_PERFORMANCE','1','2013-01-15 16:50:10','2013-01-15 16:50:10'),
	(362,NULL,NULL,'PS_DISPLAY_ERRORS','0','2013-01-15 16:50:10','2013-01-15 16:50:10'),
	(363,NULL,NULL,'PS_TAX_DISPLAY_ALL','1','2013-01-16 17:04:14','2013-01-16 17:04:14'),
	(364,NULL,NULL,'PS_UPGRADE_CLEAR_CACHE','0','2013-01-16 17:06:18','2013-01-17 01:16:51'),
	(365,NULL,NULL,'PS_SHOP_DEFAULT','1','2013-01-16 17:12:03','2013-01-16 17:12:03'),
	(366,NULL,NULL,'PS_SHOW_NEW_ORDERS','1','2013-01-16 17:12:05','2013-01-16 17:12:05'),
	(367,NULL,NULL,'PS_SHOW_NEW_CUSTOMERS','1','2013-01-16 17:12:05','2013-01-16 17:12:05'),
	(368,NULL,NULL,'PS_SHOW_NEW_MESSAGES','1','2013-01-16 17:12:05','2013-01-16 17:12:05'),
	(369,NULL,NULL,'PS_FEATURE_FEATURE_ACTIVE','1','2013-01-16 17:12:05','2013-01-16 17:12:05'),
	(370,NULL,NULL,'PS_COMBINATION_FEATURE_ACTIVE','1','2013-01-16 17:12:05','2013-01-16 17:12:05'),
	(371,NULL,NULL,'PS_ADMINREFRESH_NOTIFICATION','1','2013-01-16 17:12:05','2013-01-16 17:12:05'),
	(372,NULL,NULL,'PS_SPECIFIC_PRICE_FEATURE_ACTIVE',NULL,'0000-00-00 00:00:00','2015-02-10 19:39:07'),
	(373,NULL,NULL,'PS_SCENE_FEATURE_ACTIVE','0','0000-00-00 00:00:00','0000-00-00 00:00:00'),
	(374,NULL,NULL,'PS_PRODUCT_DOWNLOAD_FEATURE_ACTI','1','0000-00-00 00:00:00','0000-00-00 00:00:00'),
	(375,NULL,NULL,'PS_CUSTOMIZATION_FEATURE_ACTIVE','0','0000-00-00 00:00:00','0000-00-00 00:00:00'),
	(376,NULL,NULL,'PS_CART_RULE_FEATURE_ACTIVE','0','0000-00-00 00:00:00','0000-00-00 00:00:00'),
	(377,NULL,NULL,'PS_GROUP_FEATURE_ACTIVE','2','0000-00-00 00:00:00','0000-00-00 00:00:00'),
	(378,NULL,NULL,'PS_PACK_FEATURE_ACTIVE',NULL,'0000-00-00 00:00:00','2015-02-12 17:47:41'),
	(379,NULL,NULL,'PS_ALIAS_FEATURE_ACTIVE','2','0000-00-00 00:00:00','0000-00-00 00:00:00'),
	(380,NULL,NULL,'PS_CUSTOMER_GROUP','1','2013-01-16 17:12:06','2013-01-16 17:12:06'),
	(381,NULL,NULL,'PS_UNIDENTIFIED_GROUP','3','2013-01-16 17:12:06','2013-01-16 17:12:06'),
	(382,NULL,NULL,'PS_GUEST_GROUP','4','2013-01-16 17:12:06','2013-01-16 17:12:06'),
	(383,NULL,NULL,'PS_SMARTY_CONSOLE','0','2013-01-16 17:12:07','2013-01-16 17:12:07'),
	(384,NULL,NULL,'PS_INVOICE_MODEL','invoice','2013-01-16 17:12:07','2013-01-16 17:12:07'),
	(385,NULL,NULL,'PS_ROOT_CATEGORY','14','2013-01-16 17:12:07','2013-01-16 17:12:07'),
	(386,NULL,NULL,'PS_HOME_CATEGORY','1','2013-01-16 17:12:07','2013-01-16 17:12:07'),
	(387,NULL,NULL,'PS_LOGO','logo.jpg','2013-01-16 17:12:07','2013-01-16 17:12:07'),
	(388,NULL,NULL,'PS_LOGO_MAIL','logo_mail.jpg','2013-01-16 17:12:07','2013-01-16 17:12:07'),
	(389,NULL,NULL,'PS_LOGO_INVOICE','logo_invoice.jpg','2013-01-16 17:12:07','2013-01-16 17:12:07'),
	(390,NULL,NULL,'PS_FAVICON','favicon.jpg','2013-01-16 17:12:07','2013-01-16 17:12:07'),
	(391,NULL,NULL,'PS_STORES_ICON','logo_stores.gif','2013-01-16 17:12:07','2013-01-16 17:12:07'),
	(392,NULL,NULL,'PS_SEARCH_INDEXATION','1','2013-01-16 17:12:10','2013-01-16 17:12:10'),
	(393,NULL,NULL,'PS_ALLOW_MOBILE_DEVICE','0','2013-01-16 17:12:10','2015-02-12 14:51:23'),
	(394,NULL,NULL,'PS_ONE_PHONE_AT_LEAST','1','2013-01-16 17:12:10','2013-01-16 17:12:10'),
	(395,NULL,NULL,'BLOCK_CATEG_MAX_DEPTH','2','2013-01-16 17:12:11','2013-01-16 17:12:11'),
	(396,NULL,NULL,'PS_MAIL_COLOR','#db3484','2013-01-16 17:12:11','2013-01-16 17:12:11'),
	(397,NULL,NULL,'PS_SHOW_CAT_MODULES_1',NULL,'2013-01-17 11:52:36','2015-02-11 17:19:13'),
	(398,NULL,NULL,'PS_ROUTE_product_rule',NULL,'2013-01-17 17:19:23','2015-02-11 16:20:48'),
	(399,NULL,NULL,'PS_ROUTE_category_rule',NULL,'2013-01-17 17:19:23','2015-02-11 16:20:48'),
	(400,NULL,NULL,'PS_ROUTE_layered_rule',NULL,'2013-01-17 17:19:23','2015-02-11 16:20:48'),
	(401,NULL,NULL,'PS_ROUTE_supplier_rule',NULL,'2013-01-17 17:19:23','2015-02-11 16:20:48'),
	(402,NULL,NULL,'PS_ROUTE_manufacturer_rule',NULL,'2013-01-17 17:19:23','2015-02-11 16:20:48'),
	(403,NULL,NULL,'PS_ROUTE_cms_rule',NULL,'2013-01-17 17:19:23','2015-02-11 16:20:48'),
	(404,NULL,NULL,'PS_ROUTE_cms_category_rule',NULL,'2013-01-17 17:19:23','2015-02-11 16:20:48'),
	(405,NULL,NULL,'PS_ROUTE_module','module/{module}{/:controller}','2013-01-17 17:19:23','2013-01-17 17:19:23'),
	(406,NULL,NULL,'PS_MULTISHOP_FEATURE_ACTIVE','0','2013-01-17 17:55:56','2013-01-17 17:56:16'),
	(407,NULL,NULL,'PS_VIRTUAL_PROD_FEATURE_ACTIVE','1','2013-01-23 00:28:36','2014-09-10 10:44:00'),
	(408,NULL,NULL,'PS_SHOW_CAT_MODULES_3','analytics_stats','2013-03-23 11:51:21','2013-04-12 17:14:40'),
	(409,NULL,NULL,'PS_LOGO_MOBILE','logo_mobile-1.jpg','2013-04-27 09:39:50','2013-04-27 09:39:50'),
	(410,NULL,NULL,'PS_AUTOUP_UPDATE_DEFAULT_THEME','1','2013-05-20 11:56:48','2013-05-20 11:56:48'),
	(411,NULL,NULL,'INTERESTEDBY_PICTURE_SIZE','home','2013-05-21 16:14:54','2013-05-21 16:14:54'),
	(412,NULL,NULL,'INTERESTEDBY_RECIPIENTS','davide.lorigliola@icloud.com','2013-05-21 16:14:54','2015-02-12 00:09:29'),
	(413,NULL,NULL,'INTERESTEDBY_COPY','0','2013-05-21 16:14:54','2013-05-21 16:14:54'),
	(414,NULL,NULL,'HANDLEGROUPS_DEFAULT_GROUP','-1','2013-05-21 16:18:51','2013-05-21 16:18:51'),
	(415,NULL,NULL,'PS_ADVANCED_STOCK_MANAGEMENT','0','2013-05-22 14:12:03','2014-01-22 15:59:44'),
	(416,NULL,NULL,'PS_ALLOW_ACCENTED_CHARS_URL','0','2014-08-04 17:40:17','2014-08-12 15:52:43'),
	(417,NULL,NULL,'PS_HTACCESS_DISABLE_MODSEC','0','2014-08-04 17:40:17','2015-02-11 16:20:17'),
	(418,NULL,NULL,'PS_CUSTOMER_CREATION_EMAIL','1','2014-08-12 08:27:03','2014-08-12 08:27:03'),
	(419,NULL,NULL,'PS_SMARTY_CONSOLE_KEY','SMARTY_DEBUG','2014-08-12 08:27:03','2014-08-12 08:27:03'),
	(420,NULL,NULL,'PS_DASHBOARD_USE_PUSH','0','2014-08-12 08:27:04','2014-08-12 08:27:04'),
	(421,NULL,NULL,'CONF_AVERAGE_PRODUCT_MARGIN','40','2014-08-12 08:27:04','2014-08-12 08:27:04'),
	(422,NULL,NULL,'DASHACTIVITY_CART_ACTIVE','30','2014-08-12 08:27:04','2014-08-12 08:27:04'),
	(423,NULL,NULL,'DASHACTIVITY_CART_ABANDONED_MIN','24','2014-08-12 08:27:04','2014-08-12 08:27:04'),
	(424,NULL,NULL,'DASHACTIVITY_CART_ABANDONED_MAX','48','2014-08-12 08:27:04','2014-08-12 08:27:04'),
	(425,NULL,NULL,'DASHACTIVITY_VISITOR_ONLINE','30','2014-08-12 08:27:04','2014-08-12 08:27:04'),
	(426,NULL,NULL,'PS_DASHGOALS_CURRENT_YEAR','2014','2014-08-12 08:27:04','2014-08-12 08:27:04'),
	(427,NULL,NULL,'DASHPRODUCT_NBR_SHOW_LAST_ORDER','10','2014-08-12 08:27:04','2014-08-12 08:27:04'),
	(428,NULL,NULL,'DASHPRODUCT_NBR_SHOW_BEST_SELLER','10','2014-08-12 08:27:04','2014-08-12 08:27:04'),
	(429,NULL,NULL,'DASHPRODUCT_NBR_SHOW_MOST_VIEWED','10','2014-08-12 08:27:04','2014-08-12 08:27:04'),
	(430,NULL,NULL,'DASHPRODUCT_NBR_SHOW_TOP_SEARCH','10','2014-08-12 08:27:04','2014-08-12 08:27:04'),
	(431,NULL,NULL,'PS_DISPLAY_BEST_SELLERS','1','2014-08-12 08:27:04','2014-08-12 08:27:04'),
	(432,NULL,NULL,'PS_USE_HTMLPURIFIER','1','2014-08-12 08:27:04','2014-08-12 08:27:04'),
	(433,NULL,NULL,'PS_SET_DISPLAY_SUBCATEGORIES','1','2014-08-12 08:27:10','2014-08-12 08:27:10'),
	(434,NULL,NULL,'PS_DISABLE_OVERRIDES','1','2014-08-12 08:27:31','2014-08-12 08:27:31'),
	(435,NULL,NULL,'SHOP_LOGO_MOBILE_HEIGHT','87','2014-08-12 16:35:25','2014-08-12 16:35:25'),
	(436,NULL,NULL,'SHOP_LOGO_MOBILE_WIDTH','240','2014-08-12 16:35:25','2014-08-12 16:35:25'),
	(437,NULL,NULL,'PS_SC_TWITTER','1','2014-08-12 16:36:09','2014-08-12 16:36:09'),
	(438,NULL,NULL,'PS_SC_FACEBOOK','1','2014-08-12 16:36:09','2014-08-12 16:36:09'),
	(439,NULL,NULL,'PS_SC_GOOGLE','1','2014-08-12 16:36:09','2014-08-12 16:36:09'),
	(440,NULL,NULL,'PS_SC_PINTEREST','1','2014-08-12 16:36:09','2014-08-12 16:36:09'),
	(441,NULL,NULL,'BLOCKBANNER_IMG',NULL,'2014-08-12 16:36:09','2014-08-12 16:36:09'),
	(442,NULL,NULL,'BLOCKBANNER_LINK',NULL,'2014-08-12 16:36:09','2014-08-12 16:36:09'),
	(443,NULL,NULL,'BLOCKBANNER_DESC',NULL,'2014-08-12 16:36:09','2014-08-12 16:36:09'),
	(444,NULL,NULL,'BLOCKSOCIAL_FACEBOOK',NULL,'2014-08-12 16:36:09','2014-08-12 16:36:09'),
	(445,NULL,NULL,'BLOCKSOCIAL_TWITTER',NULL,'2014-08-12 16:36:09','2014-08-12 16:36:09'),
	(446,NULL,NULL,'BLOCKSOCIAL_RSS',NULL,'2014-08-12 16:36:09','2014-08-12 16:36:09'),
	(447,NULL,NULL,'BLOCKSOCIAL_YOUTUBE',NULL,'2014-08-12 16:36:09','2014-08-12 16:36:09'),
	(448,NULL,NULL,'BLOCKSOCIAL_GOOGLE_PLUS',NULL,'2014-08-12 16:36:09','2014-08-12 16:36:09'),
	(449,NULL,NULL,'BLOCKSOCIAL_PINTEREST',NULL,'2014-08-12 16:36:09','2014-08-12 16:36:09'),
	(450,NULL,NULL,'blockfacebook_url','https://www.facebook.com/prestashop','2014-08-12 16:36:09','2014-08-12 16:36:09'),
	(451,NULL,NULL,'PS_LAYERED_HIDE_0_VALUES','1','2014-08-12 16:36:10','2014-08-12 16:36:10'),
	(452,NULL,NULL,'PS_LAYERED_SHOW_QTIES','1','2014-08-12 16:36:10','2014-08-12 16:36:10'),
	(453,NULL,NULL,'PS_LAYERED_FULL_TREE','1','2014-08-12 16:36:10','2014-08-12 16:36:10'),
	(454,NULL,NULL,'PS_LAYERED_FILTER_PRICE_USETAX','1','2014-08-12 16:36:10','2014-08-12 16:36:10'),
	(455,NULL,NULL,'PS_LAYERED_FILTER_CATEGORY_DEPTH','1','2014-08-12 16:36:10','2014-08-12 16:36:10'),
	(456,NULL,NULL,'PS_LAYERED_FILTER_INDEX_QTY','1','2014-08-12 16:36:10','2015-02-04 11:02:36'),
	(457,NULL,NULL,'PS_LAYERED_FILTER_INDEX_CDT','1','2014-08-12 16:36:10','2015-02-04 11:02:36'),
	(458,NULL,NULL,'PS_LAYERED_FILTER_INDEX_MNF','1','2014-08-12 16:36:10','2015-02-04 11:02:36'),
	(459,NULL,NULL,'PS_LAYERED_FILTER_INDEX_CAT','1','2014-08-12 16:36:10','2015-02-04 11:02:36'),
	(460,NULL,NULL,'PS_ATTRIBUTE_ANCHOR_SEPARATOR','-','2014-08-12 16:36:10','2014-08-12 16:36:10'),
	(461,NULL,NULL,'PS_LAYERED_INDEXED','1','2014-08-12 16:36:10','2014-08-12 16:36:10'),
	(462,NULL,NULL,'BLOCKCMSINFO_NBBLOCKS','2','2014-08-12 16:36:11','2014-08-12 16:36:11'),
	(463,NULL,NULL,'BLOCKCONTACT_TELNUMBER',NULL,'2014-08-12 16:36:11','2014-08-12 16:36:11'),
	(464,NULL,NULL,'BLOCKCONTACT_EMAIL',NULL,'2014-08-12 16:36:11','2014-08-12 16:36:11'),
	(465,NULL,NULL,'BLOCKCONTACTINFOS_COMPANY','Armonie e sapori del Friuli Venezia Giulia','2014-08-12 16:36:12','2014-08-12 16:36:12'),
	(466,NULL,NULL,'BLOCKCONTACTINFOS_ADDRESS',NULL,'2014-08-12 16:36:12','2015-02-12 16:03:12'),
	(467,NULL,NULL,'BLOCKCONTACTINFOS_PHONE',NULL,'2014-08-12 16:36:12','2015-02-12 16:03:12'),
	(468,NULL,NULL,'BLOCKCONTACTINFOS_EMAIL','incomingfriuli@deliziaclub.com','2014-08-12 16:36:12','2015-02-12 16:03:12'),
	(469,NULL,NULL,'NW_SALT','jXA4EWjdA8uOCoAA','2014-08-12 16:36:12','2014-08-12 16:36:12'),
	(470,NULL,NULL,'SUPPLIER_DISPLAY_TEXT','1','2014-08-12 16:36:12','2014-08-12 16:36:12'),
	(471,NULL,NULL,'SUPPLIER_DISPLAY_TEXT_NB','5','2014-08-12 16:36:12','2014-08-12 16:36:12'),
	(472,NULL,NULL,'MOD_BLOCKTOPMENU_ITEMS','CAT3,CAT26','2014-08-12 16:36:13','2014-08-12 16:36:13'),
	(473,NULL,NULL,'MOD_BLOCKTOPMENU_SEARCH','1','2014-08-12 16:36:13','2014-08-12 16:36:13'),
	(474,NULL,NULL,'HOMESLIDER_WIDTH','779','2014-08-12 16:36:13','2014-08-12 16:36:13'),
	(475,NULL,NULL,'HOMESLIDER_SPEED','500','2014-08-12 16:36:13','2014-08-12 16:36:13'),
	(476,NULL,NULL,'HOMESLIDER_PAUSE','6000','2014-08-12 16:36:13','2015-02-11 16:12:39'),
	(477,NULL,NULL,'HOMESLIDER_LOOP','1','2014-08-12 16:36:13','2014-08-12 16:36:13'),
	(478,NULL,NULL,'PRODUCTPAYMENTLOGOS_IMG','payment-logo.png','2014-08-12 16:36:13','2014-08-12 16:36:13'),
	(479,NULL,NULL,'PRODUCTPAYMENTLOGOS_LINK',NULL,'2014-08-12 16:36:13','2014-08-12 16:36:13'),
	(480,NULL,NULL,'PRODUCTPAYMENTLOGOS_TITLE',NULL,'2014-08-12 16:36:13','2014-08-12 16:36:13'),
	(481,NULL,NULL,'PS_TC_THEMES','a:9:{i:0;s:6:\"theme1\";i:1;s:6:\"theme2\";i:2;s:6:\"theme3\";i:3;s:6:\"theme4\";i:4;s:6:\"theme5\";i:5;s:6:\"theme6\";i:6;s:6:\"theme7\";i:7;s:6:\"theme8\";i:8;s:6:\"theme9\";}','2014-08-12 16:36:14','2014-08-12 16:36:14'),
	(482,NULL,NULL,'PS_TC_FONTS','a:10:{s:5:\"font1\";s:9:\"Open Sans\";s:5:\"font2\";s:12:\"Josefin Slab\";s:5:\"font3\";s:4:\"Arvo\";s:5:\"font4\";s:4:\"Lato\";s:5:\"font5\";s:7:\"Volkorn\";s:5:\"font6\";s:13:\"Abril Fatface\";s:5:\"font7\";s:6:\"Ubuntu\";s:5:\"font8\";s:7:\"PT Sans\";s:5:\"font9\";s:15:\"Old Standard TT\";s:6:\"font10\";s:10:\"Droid Sans\";}','2014-08-12 16:36:14','2014-08-12 16:36:14'),
	(483,NULL,NULL,'PS_TC_THEME',NULL,'2014-08-12 16:36:14','2014-08-12 16:36:14'),
	(484,NULL,NULL,'PS_TC_FONT',NULL,'2014-08-12 16:36:14','2014-08-12 16:36:14'),
	(485,NULL,NULL,'PS_TC_ACTIVE','1','2014-08-12 16:36:14','2014-08-12 16:36:14'),
	(486,NULL,NULL,'PRODUCT_COMMENTS_MINIMAL_TIME','30','2014-08-12 16:36:15','2014-08-12 16:36:15'),
	(487,NULL,NULL,'PRODUCT_COMMENTS_ALLOW_GUESTS','0','2014-08-12 16:36:15','2014-08-12 16:36:15'),
	(488,NULL,NULL,'PRODUCT_COMMENTS_MODERATE','1','2014-08-12 16:36:15','2014-08-12 16:36:15'),
	(489,NULL,NULL,'PS_FOLLOWUP_SECURE_KEY','EVRZ0QZOENXX44LI','2014-08-12 17:16:43','2014-08-12 17:16:43'),
	(490,NULL,NULL,'PS_BLOCK_CART_XSELL_LIMIT','12','2014-08-12 17:16:44','2014-08-12 17:16:44'),
	(491,NULL,NULL,'BLOCKSPECIALS_NB_CACHES','20','2014-08-12 17:16:45','2014-08-12 17:16:45'),
	(492,NULL,NULL,'UPDATE_MODULES','7','2014-08-12 17:16:45','2014-08-12 17:16:45'),
	(493,NULL,NULL,'PS_BLOCK_BESTSELLERS_TO_DISPLAY','10','0000-00-00 00:00:00','0000-00-00 00:00:00'),
	(494,NULL,NULL,'PS_QUICK_VIEW','0','2015-01-30 11:37:05','2015-01-30 11:37:05'),
	(495,NULL,NULL,'PS_GRID_PRODUCT','0','2015-01-30 11:37:05','2015-01-30 11:37:05'),
	(496,NULL,NULL,'PS_JS_DEFER','0','2015-01-30 11:51:56','2015-01-30 11:51:56'),
	(497,NULL,NULL,'PS_DISABLE_NON_NATIVE_MODULE','0','2015-01-30 11:51:56','2015-01-30 11:51:56'),
	(498,1,1,'MOD_BLOCKTOPMENU_ITEMS','LNK2,CMS4','2015-01-30 16:17:36','2015-02-11 17:16:07'),
	(499,1,1,'MOD_BLOCKTOPMENU_SEARCH',NULL,'2015-01-30 16:17:36','2015-02-11 17:16:23'),
	(500,NULL,NULL,'blocknewsplusnews_home',NULL,'2015-01-30 18:34:14','2015-02-03 11:06:51'),
	(501,NULL,NULL,'blocknewsplusnews_footer',NULL,'2015-01-30 18:34:14','2015-02-03 11:06:51'),
	(502,NULL,NULL,'blocknewsplusnews_left',NULL,'2015-01-30 18:34:14','2015-02-03 11:06:51'),
	(503,NULL,NULL,'blocknewsplusfaq_blc','5','2015-01-30 18:34:14','2015-01-30 18:34:14'),
	(504,NULL,NULL,'blocknewsplusperpage_posts','5','2015-01-30 18:34:14','2015-01-30 18:34:14'),
	(505,NULL,NULL,'blocknewsplusnews_h','1','2015-01-30 18:34:14','2015-02-02 19:10:26'),
	(506,NULL,NULL,'blocknewsplusis_urlrewrite','1','2015-01-30 18:34:56','2015-01-30 18:34:56'),
	(507,NULL,NULL,'blocknewsplusnews_right',NULL,'2015-01-30 18:46:37','2015-01-30 19:38:21'),
	(508,NULL,NULL,'blocknewsplusnews_top','1','2015-01-30 19:48:09','2015-01-30 19:48:09'),
	(509,NULL,NULL,'MAILCHIMP_WEBHOOK_TOKEN','0RB3DPMXBQHZXOV3','2015-01-31 11:06:42','2015-01-31 11:06:42'),
	(510,NULL,NULL,'MAILCHIMP_API_KEY',NULL,'2015-01-31 11:06:42','2015-01-31 11:06:42'),
	(511,NULL,NULL,'MAILCHIMP_LIST_ID','0','2015-01-31 11:06:42','2015-01-31 11:06:42'),
	(512,NULL,NULL,'MAILCHIMP_GROUPING_ID','0','2015-01-31 11:06:42','2015-01-31 11:06:42'),
	(513,NULL,NULL,'MAILCHIMP_GROUP_NAME',NULL,'2015-01-31 11:06:42','2015-01-31 11:06:42'),
	(514,NULL,NULL,'MAILCHIMP_DOUBLE_OPTIN','1','2015-01-31 11:06:42','2015-01-31 11:06:42'),
	(515,NULL,NULL,'MAILCHIMP_SEND_WELCOME','1','2015-01-31 11:06:42','2015-01-31 11:06:42'),
	(516,NULL,NULL,'MAILCHIMP_SEND_GOODBYE','1','2015-01-31 11:06:42','2015-01-31 11:06:42'),
	(517,NULL,NULL,'MAILCHIMP_SEND_NOTIFY','1','2015-01-31 11:06:42','2015-01-31 11:06:42'),
	(518,NULL,NULL,'PS_CCCJS_VERSION','13','2015-02-02 16:25:41','2015-02-11 16:29:04'),
	(519,NULL,NULL,'PS_CCCCSS_VERSION','13','2015-02-02 16:25:41','2015-02-11 16:29:04'),
	(520,NULL,NULL,'PS_FORCE_FRIENDLY_PRODUCT','1','2015-02-04 11:10:57','2015-02-04 11:10:57'),
	(521,NULL,NULL,'PS_DISPLAY_DISCOUNT_PRICE','0','2015-02-04 11:10:57','2015-02-04 11:10:57'),
	(522,NULL,NULL,'PS_FORCE_ASM_NEW_PRODUCT','0','2015-02-04 11:10:57','2015-02-04 11:10:57'),
	(523,NULL,NULL,'PS_CACHEFS_DIRECTORY_DEPTH','1','2015-02-10 20:02:59','2015-02-10 20:02:59'),
	(524,1,1,'HOMESLIDER_PAUSE','5000','2015-02-11 10:42:47','2015-02-11 15:50:10'),
	(525,1,1,'HOMESLIDER_SPEED','500','2015-02-11 10:52:55','2015-02-11 15:50:17'),
	(526,NULL,NULL,'FOOTER_CMS_TEXT_1',NULL,'2015-02-11 17:19:47','2015-02-11 17:19:47'),
	(527,NULL,NULL,'FOOTER_CMS_TEXT_2',NULL,'2015-02-11 17:19:47','2015-02-11 17:19:47'),
	(528,NULL,NULL,'FOOTER_CMS_TEXT_3',NULL,'2015-02-11 17:19:47','2015-02-11 17:19:47'),
	(529,NULL,NULL,'FOOTER_CMS_TEXT_4',NULL,'2015-02-11 17:19:47','2015-02-11 17:19:47'),
	(530,NULL,NULL,'FOOTER_CMS_TEXT_5',NULL,'2015-02-11 17:19:47','2015-02-11 17:19:47'),
	(531,NULL,NULL,'FOOTER_PRICE-DROP','0','2015-02-11 17:19:47','2015-02-11 17:19:47'),
	(532,NULL,NULL,'FOOTER_NEW-PRODUCTS','0','2015-02-11 17:19:47','2015-02-11 17:19:47'),
	(533,NULL,NULL,'FOOTER_BEST-SALES','0','2015-02-11 17:19:47','2015-02-11 17:19:47'),
	(534,NULL,NULL,'FOOTER_CONTACT','0','2015-02-11 17:19:47','2015-02-11 17:19:47'),
	(535,NULL,NULL,'FOOTER_SITEMAP','0','2015-02-11 17:19:47','2015-02-11 17:19:47');



# Dump of table pr_configuration_kpi
# ------------------------------------------------------------


CREATE TABLE `pr_configuration_kpi` (
  `id_configuration_kpi` int(10) unsigned NOT NULL AUTO_INCREMENT,
  `id_shop_group` int(11) unsigned DEFAULT NULL,
  `id_shop` int(11) unsigned DEFAULT NULL,
  `name` varchar(32) NOT NULL,
  `value` text,
  `date_add` datetime NOT NULL,
  `date_upd` datetime NOT NULL,
  PRIMARY KEY (`id_configuration_kpi`),
  KEY `name` (`name`),
  KEY `id_shop` (`id_shop`),
  KEY `id_shop_group` (`id_shop_group`)
) ENGINE=InnoDB DEFAULT CHARSET=utf8;


INSERT INTO `pr_configuration_kpi` (`id_configuration_kpi`, `id_shop_group`, `id_shop`, `name`, `value`, `date_add`, `date_upd`)
VALUES
	(1,NULL,NULL,'ABANDONED_CARTS','0','2014-08-12 16:30:17','2014-08-12 16:30:17'),
	(2,NULL,NULL,'AVG_ORDER_VALUE','0,00 €','2014-08-12 16:30:17','2014-08-12 16:30:17'),
	(3,NULL,NULL,'ABANDONED_CARTS_EXPIRE','1423712079','2014-08-12 16:30:17','2015-02-12 03:34:39'),
	(4,NULL,NULL,'CONVERSION_RATE','0%','2014-08-12 16:30:17','2014-08-12 16:30:17'),
	(5,NULL,NULL,'AVG_ORDER_VALUE_EXPIRE','1423782000','2014-08-12 16:30:17','2015-02-12 03:34:39'),
	(6,NULL,NULL,'CONVERSION_RATE_EXPIRE','1423782000','2014-08-12 16:30:17','2015-02-12 03:34:39'),
	(7,NULL,NULL,'NETPROFIT_VISIT','0,00 €','2014-08-12 16:30:17','2014-08-12 16:30:17'),
	(8,NULL,NULL,'NETPROFIT_VISIT_EXPIRE','1423782000','2014-08-12 16:30:17','2015-02-12 03:34:39'),
	(9,NULL,NULL,'PERCENT_PRODUCT_STOCK','100%','2014-08-12 16:30:42','2015-02-02 16:53:54'),
	(10,NULL,NULL,'PERCENT_PRODUCT_STOCK_EXPIRE','1423079505','2014-08-12 16:30:42','2015-02-04 16:51:45'),
	(11,NULL,NULL,'PRODUCT_AVG_GROSS_MARGIN','100%','2014-08-12 16:30:42','2014-08-12 16:30:42'),
	(12,NULL,NULL,'PRODUCT_AVG_GROSS_MARGIN_EXPIRE','1423774126','2014-08-12 16:30:42','2015-02-12 15:48:46'),
	(13,NULL,NULL,'8020_SALES_CATALOG','0% del tuo Catalogo','2014-08-12 16:30:42','2014-08-12 16:30:42'),
	(14,NULL,NULL,'8020_SALES_CATALOG_EXPIRE','1423795726','2014-08-12 16:30:42','2015-02-12 15:48:46'),
	(15,NULL,NULL,'DISABLED_PRODUCTS','0','2014-08-12 16:30:42','2014-08-12 16:30:42'),
	(16,NULL,NULL,'DISABLED_PRODUCTS_EXPIRE','1423761119','2014-08-12 16:30:42','2015-02-12 16:11:59'),
	(17,NULL,NULL,'INSTALLED_MODULES','78','2014-08-12 17:16:47','2015-02-12 15:48:23'),
	(18,NULL,NULL,'INSTALLED_MODULES_EXPIRE','1423753499','2014-08-12 17:16:47','2015-02-12 16:02:59'),
	(19,NULL,NULL,'DISABLED_MODULES','27','2014-08-12 17:16:47','2015-02-12 15:48:23'),
	(20,NULL,NULL,'DISABLED_MODULES_EXPIRE','1423753499','2014-08-12 17:16:47','2015-02-12 16:02:59'),
	(21,NULL,NULL,'UPDATE_MODULES','50','2014-08-12 17:16:48','2015-02-12 04:13:25'),
	(22,NULL,NULL,'UPDATE_MODULES_EXPIRE','1423753500','2014-08-12 17:16:48','2015-02-12 16:03:00'),
	(23,NULL,NULL,'PRODUCTS_PER_CATEGORY','3','2014-08-14 11:30:50','2015-01-19 16:22:32'),
	(24,NULL,NULL,'PRODUCTS_PER_CATEGORY_EXPIRE','1423502706','2014-08-14 11:30:50','2015-02-09 17:25:06'),
	(25,NULL,NULL,'EMPTY_CATEGORIES','8','2014-08-14 11:30:51','2015-02-09 17:25:06'),
	(26,NULL,NULL,'EMPTY_CATEGORIES_EXPIRE','1423506306','2014-08-14 11:30:51','2015-02-09 17:25:06'),
	(27,NULL,NULL,'TOP_CATEGORY',NULL,'2014-08-14 11:30:51','2014-08-14 11:30:51'),
	(28,NULL,NULL,'TOP_CATEGORY_EXPIRE',NULL,'2014-08-14 11:30:51','2014-08-14 11:30:51'),
	(29,NULL,NULL,'DISABLED_CATEGORIES','2','2014-08-14 11:30:51','2014-08-14 11:30:51'),
	(30,NULL,NULL,'DISABLED_CATEGORIES_EXPIRE','1423506306','2014-08-14 11:30:51','2015-02-09 17:25:06'),
	(31,NULL,NULL,'ENABLED_LANGUAGES','1','2015-01-30 16:37:17','2015-02-12 04:17:06'),
	(32,NULL,NULL,'ENABLED_LANGUAGES_EXPIRE','1423711087','2015-01-30 16:37:17','2015-02-12 04:17:07'),
	(33,NULL,NULL,'MAIN_COUNTRY',NULL,'2015-01-30 16:37:17','2015-01-30 16:37:17'),
	(34,NULL,NULL,'FRONTOFFICE_TRANSLATIONS','0%','2015-01-30 16:37:17','2015-01-30 16:37:17'),
	(35,NULL,NULL,'FRONTOFFICE_TRANSLATIONS_EXPIRE','1423711147','2015-01-30 16:37:17','2015-02-12 04:17:07'),
	(36,NULL,NULL,'MAIN_COUNTRY_EXPIRE',NULL,'2015-01-30 16:37:17','2015-01-30 16:37:17');



# Dump of table pr_configuration_kpi_lang
# ------------------------------------------------------------


CREATE TABLE `pr_configuration_kpi_lang` (
  `id_configuration_kpi` int(10) unsigned NOT NULL,
  `id_lang` int(10) unsigned NOT NULL,
  `value` text,
  `date_upd` datetime DEFAULT NULL,
  PRIMARY KEY (`id_configuration_kpi`,`id_lang`)
) ENGINE=InnoDB DEFAULT CHARSET=utf8;


INSERT INTO `pr_configuration_kpi_lang` (`id_configuration_kpi`, `id_lang`, `value`, `date_upd`)
VALUES
	(27,5,'In giornata','2015-02-09 10:25:06'),
	(28,5,'1423585506','2015-02-09 10:25:06'),
	(33,5,'Nessun ordine','2015-01-30 16:37:17'),
	(36,5,'1423797427','2015-02-11 21:17:07');



# Dump of table pr_configuration_lang
# ------------------------------------------------------------


CREATE TABLE `pr_configuration_lang` (
  `id_configuration` int(10) unsigned NOT NULL,
  `id_lang` int(10) unsigned NOT NULL,
  `value` text,
  `date_upd` datetime DEFAULT NULL,
  PRIMARY KEY (`id_configuration`,`id_lang`)
) ENGINE=InnoDB DEFAULT CHARSET=utf8;


INSERT INTO `pr_configuration_lang` (`id_configuration`, `id_lang`, `value`, `date_upd`)
VALUES
	(36,1,'IN','2012-02-15 09:02:48'),
	(36,2,'FA','2012-02-15 09:02:48'),
	(36,3,'CU','2012-02-15 09:02:48'),
	(36,4,'FA','2012-02-15 09:02:48'),
	(36,5,'FA','2012-02-15 09:02:48'),
	(38,1,'DE','2012-02-15 09:02:48'),
	(38,2,'LI','2012-02-15 09:02:48'),
	(38,3,'EN','2012-02-15 09:02:48'),
	(38,4,'LI','2012-02-15 09:02:48'),
	(38,5,'BC','2012-02-15 09:02:48'),
	(46,1,'a|the|of|on|in|and|to','2012-02-15 09:02:48'),
	(46,2,'le|les|de|et|en|des|les|une','2012-02-15 09:02:48'),
	(46,3,'de|los|las|lo|la|en|de|y|el|a','2012-02-15 09:02:48'),
	(68,1,'0','2012-02-15 09:02:48'),
	(68,2,'0','2012-02-15 09:02:48'),
	(68,3,'0','2012-02-15 09:02:48'),
	(68,4,'0','2012-02-15 09:02:48'),
	(68,5,'0','2012-02-15 09:02:48'),
	(74,1,'Dear Customer,\r\n\r\nRegards,\r\nCustomer service','2012-02-15 09:02:48'),
	(74,2,'Cher client,\r\n\r\nCordialement,\r\nLe service client','2012-02-15 09:02:48'),
	(74,3,'Estimado cliente,\r\n\r\nUn cordial saludo,\r\nAtención al cliente','2012-02-15 09:02:48'),
	(74,4,'Lieber Kunde,\r\n\r\nMit freundlichen Grüßen,\r\nIhr Kundenservice','2012-02-15 09:02:48'),
	(74,5,'Gentile Cliente,\r\n\r\nCordiali saluti,\r\nServizio Clienti','2012-02-15 09:02:48'),
	(323,1,'Block link','2012-05-09 04:23:51'),
	(323,2,'Bloc lien','2012-05-09 04:23:51'),
	(441,1,'sale70.png','2014-08-12 16:36:09'),
	(441,2,'sale70.png','2014-08-12 16:36:09'),
	(441,3,'sale70.png','2014-08-12 16:36:09'),
	(441,4,'sale70.png','2014-08-12 16:36:09'),
	(441,5,'sale70.png','2014-08-12 16:36:09'),
	(442,1,'','2014-08-12 16:36:09'),
	(442,2,'','2014-08-12 16:36:09'),
	(442,3,'','2014-08-12 16:36:09'),
	(442,4,'','2014-08-12 16:36:09'),
	(442,5,'','2014-08-12 16:36:09'),
	(443,1,'','2014-08-12 16:36:09'),
	(443,2,'','2014-08-12 16:36:09'),
	(443,3,'','2014-08-12 16:36:09'),
	(443,4,'','2014-08-12 16:36:09'),
	(443,5,'','2014-08-12 16:36:09');



# Dump of table pr_connections
# ------------------------------------------------------------


CREATE TABLE `pr_connections` (
  `id_connections` int(10) unsigned NOT NULL AUTO_INCREMENT,
  `id_shop_group` int(11) unsigned NOT NULL DEFAULT '1',
  `id_guest` int(10) unsigned NOT NULL,
  `id_page` int(10) unsigned NOT NULL,
  `ip_address` bigint(20) DEFAULT NULL,
  `date_add` datetime NOT NULL,
  `http_referer` varchar(255) DEFAULT NULL,
  `id_shop` int(11) unsigned NOT NULL DEFAULT '1',
  PRIMARY KEY (`id_connections`),
  KEY `id_guest` (`id_guest`),
  KEY `date_add` (`date_add`),
  KEY `id_page` (`id_page`)
) ENGINE=InnoDB DEFAULT CHARSET=utf8;


INSERT INTO `pr_connections` (`id_connections`, `id_shop_group`, `id_guest`, `id_page`, `ip_address`, `date_add`, `http_referer`, `id_shop`)
VALUES
	(1,1,1,1,2130706433,'2012-02-15 09:02:49','http://www.prestashop.com',1),
	(2,1,2,1,1125416755,'2012-02-15 11:04:27','',1),
	(3,1,3,1,1562729170,'2012-04-06 08:46:11','',1),
	(4,1,4,1,1326784365,'2012-04-06 08:58:29','',1),
	(5,1,3,1,1562729170,'2012-04-06 09:18:43','',1),
	(6,1,3,1,1562729170,'2012-04-06 16:00:08','',1),
	(7,1,3,1,1562729170,'2012-04-06 16:42:08','',1),
	(8,1,5,1,1822679170,'2012-04-07 11:41:36','http://www.google.com/url?url=www.armoniesaporidelfriuli.it',1),
	(9,1,6,1,1478817290,'2012-04-07 12:27:26','',1),
	(10,1,7,1,1123619309,'2012-04-08 11:29:07','',1),
	(11,1,8,1,3097142458,'2012-04-09 03:00:32','http://www.google.com/url?url=www.armoniesaporidelfriuli.it',1),
	(12,1,9,1,1822679170,'2012-04-09 11:38:34','http://www.google.com/url?url=www.armoniesaporidelfriuli.it',1),
	(13,1,10,1,2917940186,'2012-04-10 11:36:20','http://www.google.com/url?url=www.armoniesaporidelfriuli.it',1),
	(14,1,11,1,2917940186,'2012-04-11 11:34:37','http://www.google.com/url?url=www.armoniesaporidelfriuli.it',1),
	(15,1,12,1,2917940186,'2012-04-12 11:39:07','http://www.google.com/url?url=www.armoniesaporidelfriuli.it',1),
	(16,1,13,1,3097142458,'2012-04-13 11:30:38','http://www.google.com/url?url=www.armoniesaporidelfriuli.it',1),
	(17,1,14,1,2917940186,'2012-04-14 11:36:39','http://www.google.com/url?url=www.armoniesaporidelfriuli.it',1),
	(18,1,15,1,1822679170,'2012-04-15 11:34:27','http://www.google.com/url?url=www.armoniesaporidelfriuli.it',1),
	(19,1,16,1,1562727072,'2012-04-16 10:23:25','',1),
	(20,1,17,1,3097142458,'2012-04-16 11:33:13','http://www.google.com/url?url=www.armoniesaporidelfriuli.it',1),
	(21,1,16,7,1562727072,'2012-04-16 17:08:10','',1),
	(22,1,16,7,1562727072,'2012-04-17 09:42:33','',1),
	(23,1,19,1,2917940186,'2012-04-17 11:40:23','http://www.google.com/url?url=www.armoniesaporidelfriuli.it',1),
	(24,1,16,7,1562728723,'2012-04-18 10:13:01','',1),
	(25,1,20,1,1562728723,'2012-04-18 11:10:50','',1),
	(26,1,21,1,1138015386,'2012-04-18 11:38:43','http://www.google.com/url?url=www.armoniesaporidelfriuli.it',1),
	(27,1,20,7,1326784365,'2012-04-18 17:17:11','',1),
	(28,1,22,1,2917940186,'2012-04-19 11:30:40','http://www.google.com/url?url=www.armoniesaporidelfriuli.it',1),
	(29,1,23,1,2382346449,'2012-04-20 11:14:32','',1),
	(30,1,24,1,2917940186,'2012-04-20 11:33:13','http://www.google.com/url?url=www.armoniesaporidelfriuli.it',1),
	(31,1,25,1,1089905970,'2012-04-20 18:58:46','http://whois.domaintools.com/armoniesaporidelfriuli.com',1),
	(32,1,26,1,1089905930,'2012-04-20 20:23:34','http://whois.domaintools.com/armoniesaporidelfriuli.it',1),
	(33,1,27,1,1822679170,'2012-04-21 18:45:14','http://www.google.com/url?url=www.armoniesaporidelfriuli.it',1),
	(34,1,28,1,1822679170,'2012-04-22 11:31:52','http://www.google.com/url?url=www.armoniesaporidelfriuli.it',1),
	(35,1,29,1,1822679170,'2012-04-23 11:39:33','http://www.google.com/url?url=www.armoniesaporidelfriuli.it',1),
	(36,1,20,1,1328803558,'2012-04-23 17:44:13','',1),
	(37,1,30,1,2917940186,'2012-04-24 11:35:43','http://www.google.com/url?url=www.armoniesaporidelfriuli.it',1),
	(38,1,31,1,1822679170,'2012-04-25 11:40:09','http://www.google.com/url?url=www.armoniesaporidelfriuli.it',1),
	(39,1,32,1,3097142458,'2012-04-26 11:34:50','http://www.google.com/url?url=www.armoniesaporidelfriuli.it',1),
	(40,1,16,7,1562726529,'2012-04-26 22:04:51','',1),
	(41,1,33,1,3097142458,'2012-04-27 11:54:19','http://www.google.com/url?url=www.armoniesaporidelfriuli.it',1),
	(42,1,16,1,1562728989,'2012-04-28 10:35:56','',1),
	(43,1,16,7,1562728989,'2012-04-28 10:35:56','',1),
	(44,1,34,1,1822679170,'2012-04-28 11:37:50','http://www.google.com/url?url=www.armoniesaporidelfriuli.it',1),
	(45,1,35,1,3097142458,'2012-04-29 11:35:40','http://www.google.com/url?url=www.armoniesaporidelfriuli.it',1),
	(46,1,36,1,1822679170,'2012-04-30 11:33:10','http://www.google.com/url?url=www.armoniesaporidelfriuli.it',1),
	(47,1,37,1,1138015386,'2012-05-01 11:32:35','http://www.google.com/url?url=www.armoniesaporidelfriuli.it',1),
	(48,1,38,1,1822679170,'2012-05-02 11:39:29','http://www.google.com/url?url=www.armoniesaporidelfriuli.it',1),
	(49,1,39,1,1822679170,'2012-05-03 11:32:17','http://www.google.com/url?url=www.armoniesaporidelfriuli.it',1),
	(50,1,40,1,3633384286,'2012-05-03 21:03:45','http://whois.domaintools.com/armoniesaporidelfriuli.it',1),
	(51,1,41,1,3633382698,'2012-05-03 21:14:34','http://whois.domaintools.com/armoniesaporidelfriuli.com',1),
	(52,1,42,1,1822679170,'2012-05-04 11:31:05','http://www.google.com/url?url=www.armoniesaporidelfriuli.it',1),
	(53,1,43,1,1138015386,'2012-05-05 11:38:18','http://www.google.com/url?url=www.armoniesaporidelfriuli.it',1),
	(54,1,44,1,1822679170,'2012-05-06 11:35:39','http://www.google.com/url?url=www.armoniesaporidelfriuli.it',1),
	(55,1,45,22,1822679170,'2012-05-06 11:36:18','http://www.google.com/url?url=www.armoniesaporidelfriuli.it',1),
	(56,1,46,1,1822679170,'2012-05-07 11:31:25','http://www.google.com/url?url=www.armoniesaporidelfriuli.it',1),
	(57,1,47,1,3093994042,'2012-05-07 17:44:39','',1),
	(58,1,48,1,3093994042,'2012-05-07 17:44:40','',1),
	(59,1,16,1,1562727419,'2012-05-08 10:52:21','',1),
	(60,1,49,1,3097142458,'2012-05-08 11:30:53','http://www.google.com/url?url=www.armoniesaporidelfriuli.it',1),
	(61,1,16,1,1562728279,'2012-05-09 10:59:49','',1),
	(62,1,50,1,1673948970,'2012-05-09 11:42:49','http://www.google.com/url?url=www.armoniesaporidelfriuli.it',1),
	(63,1,16,1,1562728279,'2012-05-09 11:53:21','',1),
	(64,1,51,1,1562728279,'2012-05-09 14:53:37','',1),
	(65,1,51,1,1562728279,'2012-05-09 15:25:12','',1),
	(66,1,52,1,1562728279,'2012-05-09 15:31:49','',1),
	(67,1,53,1,1255982409,'2012-05-09 16:24:42','',1),
	(68,1,52,1,1562728279,'2012-05-09 16:25:55','',1),
	(69,1,51,1,1562728279,'2012-05-09 16:26:10','',1),
	(70,1,51,1,1562728279,'2012-05-09 18:13:00','',1),
	(71,1,16,1,1562728279,'2012-05-09 19:29:42','',1),
	(72,1,20,1,1325869379,'2012-05-09 20:39:32','',1),
	(73,1,16,1,1562728279,'2012-05-10 09:49:32','',1),
	(74,1,51,1,1562728279,'2012-05-10 10:08:07','',1),
	(75,1,52,1,1562728279,'2012-05-10 10:09:50','',1),
	(76,1,54,1,3097142458,'2012-05-10 11:43:46','http://www.google.com/url?url=www.armoniesaporidelfriuli.it',1),
	(77,1,55,1,1325869379,'2012-05-11 09:49:35','',1),
	(78,1,56,1,2917940186,'2012-05-11 11:39:03','http://www.google.com/url?url=www.armoniesaporidelfriuli.it',1),
	(79,1,55,1,1325869379,'2012-05-11 12:29:26','',1),
	(80,1,16,1,1562728774,'2012-05-11 17:36:57','',1),
	(81,1,57,1,532992707,'2012-05-11 17:37:24','',1),
	(82,1,58,1,1089183210,'2012-05-11 19:40:20','',1),
	(83,1,59,1,1255744603,'2012-05-11 21:49:27','',1),
	(84,1,60,1,1822679170,'2012-05-12 11:36:58','http://www.google.com/url?url=www.armoniesaporidelfriuli.it',1),
	(85,1,16,1,1562727996,'2012-05-12 12:28:59','',1),
	(86,1,61,1,1255744603,'2012-05-12 21:50:05','',1),
	(87,1,62,1,3097142458,'2012-05-13 11:34:28','http://www.google.com/url?url=www.armoniesaporidelfriuli.it',1),
	(88,1,63,1,1822679170,'2012-05-14 11:40:04','http://www.google.com/url?url=www.armoniesaporidelfriuli.it',1),
	(89,1,64,1,1822679170,'2012-05-15 11:33:14','http://www.google.com/url?url=www.armoniesaporidelfriuli.it',1),
	(90,1,65,1,1089906070,'2012-05-15 23:51:42','http://whois.domaintools.com/armoniesaporidelfriuli.it',1),
	(91,1,66,1,1089906060,'2012-05-15 23:53:27','http://whois.domaintools.com/armoniesaporidelfriuli.com',1),
	(92,1,67,1,1822679170,'2012-05-16 11:38:44','http://www.google.com/url?url=www.armoniesaporidelfriuli.it',1),
	(93,1,16,1,1562728046,'2012-05-16 16:00:22','',1),
	(94,1,16,1,1562728046,'2012-05-17 09:57:05','',1),
	(95,1,68,1,1822679170,'2012-05-17 11:42:50','http://www.google.com/url?url=www.armoniesaporidelfriuli.it',1),
	(96,1,69,1,3653810475,'2012-05-17 17:05:08','',1),
	(97,1,16,1,1562729162,'2012-05-17 20:13:14','',1),
	(98,1,69,1,1328803559,'2012-05-17 21:21:02','',1),
	(99,1,70,1,2917940186,'2012-05-18 11:34:58','http://www.google.com/url?url=www.armoniesaporidelfriuli.it',1),
	(100,1,71,1,1822679170,'2012-05-19 11:40:48','http://www.google.com/url?url=www.armoniesaporidelfriuli.it',1),
	(101,1,72,1,1673948970,'2012-05-20 11:39:10','http://www.google.com/url?url=www.armoniesaporidelfriuli.it',1),
	(102,1,51,46,1562728597,'2012-05-21 10:00:59','',1),
	(103,1,16,42,1562728597,'2012-05-21 11:03:10','',1),
	(104,1,73,1,1138015386,'2012-05-21 11:45:11','http://www.google.com/url?url=www.armoniesaporidelfriuli.it',1),
	(105,1,51,1,1562728597,'2012-05-21 11:52:47','',1),
	(106,1,51,1,1562728597,'2012-05-21 12:31:13','',1),
	(107,1,74,1,1587719582,'2012-05-21 14:14:46','',1),
	(108,1,74,1,1587719582,'2012-05-21 15:06:34','',1),
	(109,1,75,1,532992707,'2012-05-21 15:50:53','',1),
	(110,1,51,1,1562728597,'2012-05-21 18:01:37','',1),
	(111,1,51,1,1562728597,'2012-05-21 19:16:20','',1),
	(112,1,76,1,1822679170,'2012-05-22 11:42:09','http://www.google.com/url?url=www.armoniesaporidelfriuli.it',1),
	(113,1,55,1,1325869379,'2012-05-22 13:11:15','',1),
	(114,1,74,1,1562727737,'2012-05-22 15:45:43','',1),
	(115,1,51,1,1562727737,'2012-05-22 15:46:53','',1),
	(116,1,74,1,1562727737,'2012-05-22 16:29:39','',1),
	(117,1,51,1,1562727737,'2012-05-22 17:05:27','',1),
	(118,1,52,1,1562727737,'2012-05-22 17:06:03','',1),
	(119,1,51,1,1562727737,'2012-05-22 18:01:57','',1),
	(120,1,51,1,1562727737,'2012-05-22 18:40:48','',1),
	(121,1,16,32,1562727737,'2012-05-22 19:48:45','',1),
	(122,1,51,1,1562727737,'2012-05-22 19:50:02','',1),
	(123,1,77,1,1327437676,'2012-05-22 23:07:10','',1),
	(124,1,16,1,1327437676,'2012-05-22 23:07:15','',1),
	(125,1,79,1,1327437676,'2012-05-22 23:29:03','',1),
	(126,1,16,1,1327437676,'2012-05-22 23:45:32','',1),
	(127,1,74,1,1327437676,'2012-05-23 02:05:54','',1),
	(128,1,80,52,1327437676,'2012-05-23 02:37:15','http://www.armoniesaporidelfriuli.it/it/2-enogastronomia',1),
	(129,1,81,1,1327437676,'2012-05-23 02:37:22','',1),
	(130,1,74,52,1327437676,'2012-05-23 02:38:32','',1),
	(131,1,82,51,1093926965,'2012-05-23 02:44:17','',1),
	(132,1,16,1,1562727737,'2012-05-23 09:34:24','',1),
	(133,1,83,1,1822679170,'2012-05-23 11:30:42','http://www.google.com/url?url=www.armoniesaporidelfriuli.it',1),
	(134,1,84,1,1822679170,'2012-05-23 11:30:47','http://www.google.com/url?url=www.armoniesaporidelfriuli.it',1),
	(135,1,85,1,1822679170,'2012-05-23 11:30:48','http://www.google.com/url?url=www.armoniesaporidelfriuli.it',1),
	(136,1,86,3,1822679170,'2012-05-23 11:30:58','http://www.google.com/url?url=www.armoniesaporidelfriuli.it',1),
	(137,1,87,3,1822679170,'2012-05-23 11:31:29','http://www.google.com/url?url=www.armoniesaporidelfriuli.it',1),
	(138,1,88,51,2521214159,'2012-05-23 13:21:20','',1),
	(139,1,55,1,1325869379,'2012-05-23 14:53:43','',1),
	(140,1,51,1,1562729239,'2012-05-23 15:33:52','',1),
	(141,1,52,1,1562729239,'2012-05-23 15:34:38','',1),
	(142,1,89,1,1325869379,'2012-05-23 15:37:12','http://www.google.it/search?q=armoniesaporidelfriuli&ie=UTF-8&oe=UTF-8&hl=it&client=safari',1),
	(143,1,55,1,1325869379,'2012-05-23 18:33:27','',1),
	(144,1,55,1,1325869379,'2012-05-23 20:05:35','',1),
	(145,1,74,1,1327437676,'2012-05-23 23:09:12','',1),
	(146,1,74,1,1327437676,'2012-05-24 00:37:25','',1),
	(147,1,74,1,1327437676,'2012-05-24 02:25:25','',1),
	(148,1,90,1,1822679170,'2012-05-24 11:43:18','http://www.google.com/url?url=www.armoniesaporidelfriuli.it',1),
	(149,1,91,1,1822679170,'2012-05-24 11:43:22','http://www.google.com/url?url=www.armoniesaporidelfriuli.it',1),
	(150,1,92,1,1822679170,'2012-05-24 11:43:24','http://www.google.com/url?url=www.armoniesaporidelfriuli.it',1),
	(151,1,93,3,1822679170,'2012-05-24 11:43:32','http://www.google.com/url?url=www.armoniesaporidelfriuli.it',1),
	(152,1,94,3,1822679170,'2012-05-24 11:44:02','http://www.google.com/url?url=www.armoniesaporidelfriuli.it',1),
	(153,1,95,1,1562729239,'2012-05-24 19:34:50','',1),
	(154,1,16,1,1562729239,'2012-05-24 19:35:34','',1),
	(155,1,55,1,1328148080,'2012-05-25 10:43:59','',1),
	(156,1,96,1,3097142458,'2012-05-25 11:38:57','http://www.google.com/url?url=www.armoniesaporidelfriuli.it',1),
	(157,1,97,1,3097142458,'2012-05-25 11:39:01','http://www.google.com/url?url=www.armoniesaporidelfriuli.it',1),
	(158,1,98,1,3097142458,'2012-05-25 11:39:04','http://www.google.com/url?url=www.armoniesaporidelfriuli.it',1),
	(159,1,99,3,3097142458,'2012-05-25 11:39:13','http://www.google.com/url?url=www.armoniesaporidelfriuli.it',1),
	(160,1,100,3,3097142458,'2012-05-25 11:39:45','http://www.google.com/url?url=www.armoniesaporidelfriuli.it',1),
	(161,1,16,1,1562729431,'2012-05-25 18:34:34','',1),
	(162,1,101,35,1358149321,'2012-05-25 21:44:44','',1),
	(163,1,102,1,1822679170,'2012-05-26 11:37:06','http://www.google.com/url?url=www.armoniesaporidelfriuli.it',1),
	(164,1,103,1,1822679170,'2012-05-26 11:37:09','http://www.google.com/url?url=www.armoniesaporidelfriuli.it',1),
	(165,1,104,1,1822679170,'2012-05-26 11:37:12','http://www.google.com/url?url=www.armoniesaporidelfriuli.it',1),
	(166,1,105,3,1822679170,'2012-05-26 11:37:20','http://www.google.com/url?url=www.armoniesaporidelfriuli.it',1),
	(167,1,106,3,1822679170,'2012-05-26 11:37:47','http://www.google.com/url?url=www.armoniesaporidelfriuli.it',1),
	(168,1,79,38,1327437676,'2012-05-26 13:54:14','',1),
	(169,1,74,1,1327437676,'2012-05-26 16:12:39','',1),
	(170,1,79,1,1327437676,'2012-05-26 17:54:32','',1),
	(171,1,107,1,1673948970,'2012-05-27 11:32:00','http://www.google.com/url?url=www.armoniesaporidelfriuli.it',1),
	(172,1,108,1,1673948970,'2012-05-27 11:32:09','http://www.google.com/url?url=www.armoniesaporidelfriuli.it',1),
	(173,1,109,1,1673948970,'2012-05-27 11:32:13','http://www.google.com/url?url=www.armoniesaporidelfriuli.it',1),
	(174,1,110,3,1673948970,'2012-05-27 11:32:25','http://www.google.com/url?url=www.armoniesaporidelfriuli.it',1),
	(175,1,111,3,1673948970,'2012-05-27 11:33:37','http://www.google.com/url?url=www.armoniesaporidelfriuli.it',1),
	(176,1,55,1,1328148080,'2012-05-27 20:11:16','',1),
	(177,1,79,1,1328082182,'2012-05-27 22:27:52','',1),
	(178,1,55,1,1328148080,'2012-05-27 22:57:47','',1),
	(179,1,79,1,1328082182,'2012-05-27 23:36:22','',1),
	(180,1,112,24,1326714003,'2012-05-28 07:22:53','http://www.google.it/search?q=armonie+e+sapori+del+friuli&ie=UTF-8&oe=UTF-8&hl=it&client=safari',1),
	(181,1,113,1,1089911594,'2012-05-28 08:59:09','http://whois.domaintools.com/armoniesaporidelfriuli.com',1),
	(182,1,114,1,1089909282,'2012-05-28 09:03:04','http://whois.domaintools.com/armoniesaporidelfriuli.it',1),
	(183,1,74,1,43907225,'2012-05-28 09:44:37','',1),
	(184,1,57,1,532992707,'2012-05-28 09:55:29','http://www.google.it/search?hl=it&source=hp&q=armoniesaporidelfriuli.it&gbv=2&rlz=1W1HPEB_itIT250&oq=armoniesaporidelfriuli.it&aq=f&aqi=&aql=&gs_l=hp.12...14399.32916.0.35147.27.13.0.14.0.0.296.2683.0j5j8.13.0...0.0.xh5xMMKOhlI',1),
	(185,1,115,1,1822679170,'2012-05-28 11:38:42','http://www.google.com/url?url=www.armoniesaporidelfriuli.it',1),
	(186,1,116,1,1822679170,'2012-05-28 11:38:47','http://www.google.com/url?url=www.armoniesaporidelfriuli.it',1),
	(187,1,117,1,1822679170,'2012-05-28 11:38:49','http://www.google.com/url?url=www.armoniesaporidelfriuli.it',1),
	(188,1,118,3,1822679170,'2012-05-28 11:38:55','http://www.google.com/url?url=www.armoniesaporidelfriuli.it',1),
	(189,1,119,3,1822679170,'2012-05-28 11:39:13','http://www.google.com/url?url=www.armoniesaporidelfriuli.it',1),
	(190,1,55,1,1326714003,'2012-05-28 19:01:35','',1),
	(191,1,120,1,1244984722,'2012-05-29 09:33:34','',1),
	(192,1,121,1,1822679170,'2012-05-29 11:33:14','http://www.google.com/url?url=www.armoniesaporidelfriuli.it',1),
	(193,1,122,1,1822679170,'2012-05-29 11:33:18','http://www.google.com/url?url=www.armoniesaporidelfriuli.it',1),
	(194,1,123,1,1822679170,'2012-05-29 11:33:19','http://www.google.com/url?url=www.armoniesaporidelfriuli.it',1),
	(195,1,124,3,1822679170,'2012-05-29 11:33:25','http://www.google.com/url?url=www.armoniesaporidelfriuli.it',1),
	(196,1,125,3,1822679170,'2012-05-29 11:33:41','http://www.google.com/url?url=www.armoniesaporidelfriuli.it',1),
	(197,1,126,1,1822679170,'2012-05-30 11:33:35','http://www.google.com/url?url=www.armoniesaporidelfriuli.it',1),
	(198,1,127,1,1822679170,'2012-05-30 11:33:40','http://www.google.com/url?url=www.armoniesaporidelfriuli.it',1),
	(199,1,128,1,1822679170,'2012-05-30 11:33:41','http://www.google.com/url?url=www.armoniesaporidelfriuli.it',1),
	(200,1,129,3,1822679170,'2012-05-30 11:33:49','http://www.google.com/url?url=www.armoniesaporidelfriuli.it',1),
	(201,1,130,3,1822679170,'2012-05-30 11:34:05','http://www.google.com/url?url=www.armoniesaporidelfriuli.it',1),
	(202,1,131,1,3546382174,'2012-05-30 11:41:50','',1),
	(203,1,16,1,1562729186,'2012-05-31 10:07:00','',1),
	(204,1,74,1,1562729186,'2012-05-31 11:11:43','',1),
	(205,1,132,1,2917940186,'2012-05-31 11:38:36','http://www.google.com/url?url=www.armoniesaporidelfriuli.it',1),
	(206,1,133,1,2917940186,'2012-05-31 11:38:41','http://www.google.com/url?url=www.armoniesaporidelfriuli.it',1),
	(207,1,134,1,2917940186,'2012-05-31 11:38:43','http://www.google.com/url?url=www.armoniesaporidelfriuli.it',1),
	(208,1,135,3,2917940186,'2012-05-31 11:38:53','http://www.google.com/url?url=www.armoniesaporidelfriuli.it',1),
	(209,1,136,3,2917940186,'2012-05-31 11:39:14','http://www.google.com/url?url=www.armoniesaporidelfriuli.it',1),
	(210,1,16,1,1562727389,'2012-05-31 19:04:11','',1),
	(211,1,16,1,1562727389,'2012-05-31 19:53:46','',1),
	(212,1,74,1,43872394,'2012-05-31 20:50:54','',1),
	(213,1,79,1,1328082450,'2012-06-01 02:01:33','',1),
	(214,1,137,1,3097142458,'2012-06-01 11:37:49','http://www.google.com/url?url=www.armoniesaporidelfriuli.it',1),
	(215,1,138,1,3097142458,'2012-06-01 11:37:55','http://www.google.com/url?url=www.armoniesaporidelfriuli.it',1),
	(216,1,139,1,3097142458,'2012-06-01 11:37:57','http://www.google.com/url?url=www.armoniesaporidelfriuli.it',1),
	(217,1,140,3,3097142458,'2012-06-01 11:38:04','http://www.google.com/url?url=www.armoniesaporidelfriuli.it',1),
	(218,1,141,3,3097142458,'2012-06-01 11:38:25','http://www.google.com/url?url=www.armoniesaporidelfriuli.it',1),
	(219,1,142,1,1822679170,'2012-06-02 11:30:31','http://www.google.com/url?url=www.armoniesaporidelfriuli.it',1),
	(220,1,143,1,1822679170,'2012-06-02 11:30:35','http://www.google.com/url?url=www.armoniesaporidelfriuli.it',1),
	(221,1,144,1,1822679170,'2012-06-02 11:30:37','http://www.google.com/url?url=www.armoniesaporidelfriuli.it',1),
	(222,1,145,3,1822679170,'2012-06-02 11:30:43','http://www.google.com/url?url=www.armoniesaporidelfriuli.it',1),
	(223,1,146,3,1822679170,'2012-06-02 11:31:00','http://www.google.com/url?url=www.armoniesaporidelfriuli.it',1),
	(224,1,147,1,1138015386,'2012-06-03 11:33:42','http://www.google.com/url?url=www.armoniesaporidelfriuli.it',1),
	(225,1,148,1,1138015386,'2012-06-03 11:33:52','http://www.google.com/url?url=www.armoniesaporidelfriuli.it',1),
	(226,1,149,1,1138015386,'2012-06-03 11:33:56','http://www.google.com/url?url=www.armoniesaporidelfriuli.it',1),
	(227,1,150,3,1138015386,'2012-06-03 11:34:09','http://www.google.com/url?url=www.armoniesaporidelfriuli.it',1),
	(228,1,151,3,1138015386,'2012-06-03 11:34:38','http://www.google.com/url?url=www.armoniesaporidelfriuli.it',1),
	(229,1,152,52,1385371139,'2012-06-03 19:14:53','http://ARMONIESAPORIDELFRIULI.COM/phpmyadmin/scripts/setup.php',1),
	(230,1,153,1,2917940186,'2012-06-04 11:30:31','http://www.google.com/url?url=www.armoniesaporidelfriuli.it',1),
	(231,1,154,1,2917940186,'2012-06-04 11:30:36','http://www.google.com/url?url=www.armoniesaporidelfriuli.it',1),
	(232,1,155,1,2917940186,'2012-06-04 11:30:37','http://www.google.com/url?url=www.armoniesaporidelfriuli.it',1),
	(233,1,156,3,2917940186,'2012-06-04 11:30:47','http://www.google.com/url?url=www.armoniesaporidelfriuli.it',1),
	(234,1,157,3,2917940186,'2012-06-04 11:31:13','http://www.google.com/url?url=www.armoniesaporidelfriuli.it',1),
	(235,1,158,1,3546382174,'2012-06-04 12:05:31','',1),
	(236,1,159,1,3097142458,'2012-06-05 11:32:30','http://www.google.com/url?url=www.armoniesaporidelfriuli.it',1),
	(237,1,160,1,3097142458,'2012-06-05 11:32:36','http://www.google.com/url?url=www.armoniesaporidelfriuli.it',1),
	(238,1,161,1,3097142458,'2012-06-05 11:32:38','http://www.google.com/url?url=www.armoniesaporidelfriuli.it',1),
	(239,1,162,3,3097142458,'2012-06-05 11:32:44','http://www.google.com/url?url=www.armoniesaporidelfriuli.it',1),
	(240,1,163,3,3097142458,'2012-06-05 11:33:04','http://www.google.com/url?url=www.armoniesaporidelfriuli.it',1),
	(241,1,164,3,3097142458,'2012-06-05 11:37:15','http://www.google.com/url?url=www.armoniesaporidelfriuli.it',1),
	(242,1,79,1,1328679310,'2012-06-06 00:54:37','',1),
	(243,1,165,1,2917940186,'2012-06-06 11:40:23','http://www.google.com/url?url=www.armoniesaporidelfriuli.it',1),
	(244,1,166,1,2917940186,'2012-06-06 11:40:31','http://www.google.com/url?url=www.armoniesaporidelfriuli.it',1),
	(245,1,167,1,2917940186,'2012-06-06 11:40:34','http://www.google.com/url?url=www.armoniesaporidelfriuli.it',1),
	(246,1,168,3,2917940186,'2012-06-06 11:40:40','http://www.google.com/url?url=www.armoniesaporidelfriuli.it',1),
	(247,1,169,3,2917940186,'2012-06-06 11:40:59','http://www.google.com/url?url=www.armoniesaporidelfriuli.it',1),
	(248,1,16,1,1562726436,'2012-06-06 11:49:51','',1),
	(249,1,16,1,1562726436,'2012-06-06 13:12:28','',1),
	(250,1,55,1,1326714003,'2012-06-06 15:45:50','',1),
	(251,1,16,1,1562727709,'2012-06-06 16:03:22','',1),
	(252,1,51,1,1562727709,'2012-06-06 16:03:26','',1),
	(253,1,16,1,1562727709,'2012-06-06 16:09:46','',1),
	(254,1,55,1,1326714003,'2012-06-06 16:23:30','',1),
	(255,1,16,1,1562727709,'2012-06-06 19:01:57','',1),
	(256,1,74,1,1328679310,'2012-06-06 23:12:42','',1),
	(257,1,173,1,1328679310,'2012-06-06 23:13:33','',1),
	(258,1,173,1,1328679310,'2012-06-07 00:33:44','',1),
	(259,1,173,1,1328679310,'2012-06-07 01:46:17','',1),
	(260,1,16,1,1562727168,'2012-06-07 10:01:22','',1),
	(261,1,16,1,1562727168,'2012-06-07 10:01:59','',1),
	(262,1,16,53,1562727168,'2012-06-07 10:28:06','',1),
	(263,1,176,1,3097142458,'2012-06-07 11:30:44','http://www.google.com/url?url=www.armoniesaporidelfriuli.it',1),
	(264,1,177,1,3097142458,'2012-06-07 11:30:51','http://www.google.com/url?url=www.armoniesaporidelfriuli.it',1),
	(265,1,178,1,3097142458,'2012-06-07 11:30:54','http://www.google.com/url?url=www.armoniesaporidelfriuli.it',1),
	(266,1,179,3,3097142458,'2012-06-07 11:31:13','http://www.google.com/url?url=www.armoniesaporidelfriuli.it',1),
	(267,1,180,3,3097142458,'2012-06-07 11:31:59','http://www.google.com/url?url=www.armoniesaporidelfriuli.it',1),
	(268,1,16,1,1562727168,'2012-06-07 12:24:05','',1),
	(269,1,16,1,1562727168,'2012-06-07 13:08:52','',1),
	(270,1,16,53,1562727168,'2012-06-07 13:10:41','',1),
	(271,1,16,1,1562727168,'2012-06-07 13:11:32','',1),
	(272,1,16,1,1562727168,'2012-06-07 13:16:10','',1),
	(273,1,16,53,1562727168,'2012-06-07 15:05:34','',1),
	(274,1,16,53,1562727168,'2012-06-07 15:24:12','',1),
	(275,1,16,1,1562727168,'2012-06-07 15:25:27','',1),
	(276,1,188,52,1116994015,'2012-06-07 15:26:26','http://ARMONIESAPORIDELFRIULI.COM/myadmin/scripts/setup.php',1),
	(277,1,189,9,1562727168,'2012-06-07 15:34:55','',1),
	(278,1,189,1,1562727168,'2012-06-07 15:37:02','',1),
	(279,1,189,9,1562727168,'2012-06-07 15:38:31','',1),
	(280,1,16,1,1562727168,'2012-06-07 15:39:03','',1),
	(281,1,189,53,1562727168,'2012-06-07 15:39:33','',1),
	(282,1,16,1,1562727168,'2012-06-07 15:47:42','',1),
	(283,1,189,53,1562727168,'2012-06-07 15:48:28','',1),
	(284,1,16,1,1562727168,'2012-06-07 16:08:15','',1),
	(285,1,189,53,1562727168,'2012-06-07 16:11:34','',1),
	(286,1,189,53,1562727168,'2012-06-07 16:13:08','',1),
	(287,1,199,1,1598103069,'2012-06-07 16:16:00','',1),
	(288,1,189,1,1562727168,'2012-06-07 18:27:22','',1),
	(289,1,51,53,1562727168,'2012-06-07 18:51:05','',1),
	(290,1,189,52,1562727370,'2012-06-08 10:06:02','',1),
	(291,1,51,42,1562727370,'2012-06-08 10:30:24','',1),
	(292,1,189,1,1562727370,'2012-06-08 10:40:28','',1),
	(293,1,51,48,1562727370,'2012-06-08 11:01:12','',1),
	(294,1,200,1,1822679170,'2012-06-08 11:43:12','http://www.google.com/url?url=www.armoniesaporidelfriuli.it',1),
	(295,1,201,1,1822679170,'2012-06-08 11:43:20','http://www.google.com/url?url=www.armoniesaporidelfriuli.it',1),
	(296,1,202,1,1822679170,'2012-06-08 11:43:23','http://www.google.com/url?url=www.armoniesaporidelfriuli.it',1),
	(297,1,203,3,1822679170,'2012-06-08 11:43:38','http://www.google.com/url?url=www.armoniesaporidelfriuli.it',1),
	(298,1,204,3,1822679170,'2012-06-08 11:44:13','http://www.google.com/url?url=www.armoniesaporidelfriuli.it',1),
	(299,1,189,1,1562727370,'2012-06-08 11:53:53','',1),
	(300,1,16,42,1562727370,'2012-06-08 12:27:03','',1),
	(301,1,206,1,3507772985,'2012-06-08 12:34:25','http://armoniesaporidelfriuli.com/',1),
	(302,1,207,42,621327592,'2012-06-08 13:26:42','',1),
	(303,1,208,42,1552427042,'2012-06-08 16:39:46','',1),
	(304,1,16,56,1562728278,'2012-06-08 18:21:42','',1),
	(305,1,51,43,1562728278,'2012-06-08 18:47:16','',1),
	(306,1,51,43,1562728278,'2012-06-08 19:25:50','',1),
	(307,1,16,38,1562728278,'2012-06-08 19:52:13','',1),
	(308,1,210,42,1562728278,'2012-06-08 19:58:15','',1),
	(309,1,211,1,3097142458,'2012-06-09 11:35:46','http://www.google.com/url?url=www.armoniesaporidelfriuli.it',1),
	(310,1,212,1,3097142458,'2012-06-09 11:35:53','http://www.google.com/url?url=www.armoniesaporidelfriuli.it',1),
	(311,1,213,1,3097142458,'2012-06-09 11:35:56','http://www.google.com/url?url=www.armoniesaporidelfriuli.it',1),
	(312,1,214,3,3097142458,'2012-06-09 11:36:05','http://www.google.com/url?url=www.armoniesaporidelfriuli.it',1),
	(313,1,215,3,3097142458,'2012-06-09 11:36:22','http://www.google.com/url?url=www.armoniesaporidelfriuli.it',1),
	(314,1,210,42,1562728278,'2012-06-09 12:04:46','',1),
	(315,1,51,42,1562728278,'2012-06-09 12:43:38','',1),
	(316,1,210,52,1562728278,'2012-06-09 12:50:02','',1),
	(317,1,216,1,1089905930,'2012-06-09 16:10:46','http://whois.domaintools.com/armoniesaporidelfriuli.com',1),
	(318,1,217,1,3633385102,'2012-06-09 16:12:21','http://whois.domaintools.com/armoniesaporidelfriuli.it',1),
	(319,1,218,1,2917940186,'2012-06-10 11:39:47','http://www.google.com/url?url=www.armoniesaporidelfriuli.it',1),
	(320,1,219,1,2917940186,'2012-06-10 11:39:56','http://www.google.com/url?url=www.armoniesaporidelfriuli.it',1),
	(321,1,220,1,2917940186,'2012-06-10 11:40:00','http://www.google.com/url?url=www.armoniesaporidelfriuli.it',1),
	(322,1,221,59,2917940186,'2012-06-10 11:40:05','http://www.google.com/url?url=www.armoniesaporidelfriuli.it',1),
	(323,1,222,3,2917940186,'2012-06-10 11:40:24','http://www.google.com/url?url=www.armoniesaporidelfriuli.it',1),
	(324,1,223,3,2917940186,'2012-06-10 11:40:51','http://www.google.com/url?url=www.armoniesaporidelfriuli.it',1),
	(325,1,207,42,1322704963,'2012-06-10 21:34:53','',1),
	(326,1,79,1,1328148146,'2012-06-10 22:48:49','',1),
	(327,1,79,1,1328148146,'2012-06-11 00:08:54','',1),
	(328,1,55,1,1326784458,'2012-06-11 09:35:03','',1),
	(329,1,224,1,1822679170,'2012-06-11 11:31:12','http://www.google.com/url?url=www.armoniesaporidelfriuli.it',1),
	(330,1,225,1,1822679170,'2012-06-11 11:31:19','http://www.google.com/url?url=www.armoniesaporidelfriuli.it',1),
	(331,1,226,1,1822679170,'2012-06-11 11:31:23','http://www.google.com/url?url=www.armoniesaporidelfriuli.it',1),
	(332,1,227,59,1822679170,'2012-06-11 11:31:26','http://www.google.com/url?url=www.armoniesaporidelfriuli.it',1),
	(333,1,228,3,1822679170,'2012-06-11 11:31:44','http://www.google.com/url?url=www.armoniesaporidelfriuli.it',1),
	(334,1,229,3,1822679170,'2012-06-11 11:32:06','http://www.google.com/url?url=www.armoniesaporidelfriuli.it',1),
	(335,1,230,52,3507772985,'2012-06-12 09:34:58','http://armoniesaporidelfriuli.com/crm/',1),
	(336,1,231,1,2917940186,'2012-06-12 11:32:51','http://www.google.com/url?url=www.armoniesaporidelfriuli.it',1),
	(337,1,232,1,2917940186,'2012-06-12 11:33:00','http://www.google.com/url?url=www.armoniesaporidelfriuli.it',1),
	(338,1,233,1,2917940186,'2012-06-12 11:33:05','http://www.google.com/url?url=www.armoniesaporidelfriuli.it',1),
	(339,1,234,59,2917940186,'2012-06-12 11:33:08','http://www.google.com/url?url=www.armoniesaporidelfriuli.it',1),
	(340,1,235,3,2917940186,'2012-06-12 11:33:24','http://www.google.com/url?url=www.armoniesaporidelfriuli.it',1),
	(341,1,236,3,2917940186,'2012-06-12 11:33:50','http://www.google.com/url?url=www.armoniesaporidelfriuli.it',1),
	(342,1,55,1,1326784458,'2012-06-12 17:01:41','',1),
	(343,1,55,1,1326784458,'2012-06-12 17:43:26','',1),
	(344,1,207,42,1322704963,'2012-06-12 18:38:05','',1),
	(345,1,238,1,1673948970,'2012-06-13 11:35:45','http://www.google.com/url?url=www.armoniesaporidelfriuli.it',1),
	(346,1,239,1,1673948970,'2012-06-13 11:35:56','http://www.google.com/url?url=www.armoniesaporidelfriuli.it',1),
	(347,1,240,1,1673948970,'2012-06-13 11:36:00','http://www.google.com/url?url=www.armoniesaporidelfriuli.it',1),
	(348,1,241,59,1673948970,'2012-06-13 11:36:05','http://www.google.com/url?url=www.armoniesaporidelfriuli.it',1),
	(349,1,242,3,1673948970,'2012-06-13 11:36:32','http://www.google.com/url?url=www.armoniesaporidelfriuli.it',1),
	(350,1,243,3,1673948970,'2012-06-13 11:37:01','http://www.google.com/url?url=www.armoniesaporidelfriuli.it',1),
	(351,1,244,1,3475950757,'2012-06-13 13:33:28','',1),
	(352,1,245,1,2917940186,'2012-06-14 11:34:26','http://www.google.com/url?url=www.armoniesaporidelfriuli.it',1),
	(353,1,246,1,2917940186,'2012-06-14 11:34:34','http://www.google.com/url?url=www.armoniesaporidelfriuli.it',1),
	(354,1,247,1,2917940186,'2012-06-14 11:34:39','http://www.google.com/url?url=www.armoniesaporidelfriuli.it',1),
	(355,1,248,59,2917940186,'2012-06-14 11:34:43','http://www.google.com/url?url=www.armoniesaporidelfriuli.it',1),
	(356,1,249,3,2917940186,'2012-06-14 11:35:01','http://www.google.com/url?url=www.armoniesaporidelfriuli.it',1),
	(357,1,250,3,2917940186,'2012-06-14 11:35:27','http://www.google.com/url?url=www.armoniesaporidelfriuli.it',1),
	(358,1,251,1,2637751623,'2012-06-15 10:52:40','',1),
	(359,1,252,1,1822679170,'2012-06-15 11:33:42','http://www.google.com/url?url=www.armoniesaporidelfriuli.it',1),
	(360,1,253,1,1822679170,'2012-06-15 11:33:55','http://www.google.com/url?url=www.armoniesaporidelfriuli.it',1),
	(361,1,254,1,1822679170,'2012-06-15 11:33:59','http://www.google.com/url?url=www.armoniesaporidelfriuli.it',1),
	(362,1,255,59,1822679170,'2012-06-15 11:34:04','http://www.google.com/url?url=www.armoniesaporidelfriuli.it',1),
	(363,1,256,3,1822679170,'2012-06-15 11:34:22','http://www.google.com/url?url=www.armoniesaporidelfriuli.it',1),
	(364,1,257,3,1822679170,'2012-06-15 11:34:45','http://www.google.com/url?url=www.armoniesaporidelfriuli.it',1),
	(365,1,210,1,1562728278,'2012-06-15 16:24:56','',1),
	(366,1,258,52,3507772985,'2012-06-16 06:44:59','http://armoniesaporidelfriuli.com/sugar/',1),
	(367,1,259,1,3546382174,'2012-06-16 07:17:35','',1),
	(368,1,260,1,1138015386,'2012-06-16 11:36:14','http://www.google.com/url?url=www.armoniesaporidelfriuli.it',1),
	(369,1,261,1,1138015386,'2012-06-16 11:36:25','http://www.google.com/url?url=www.armoniesaporidelfriuli.it',1),
	(370,1,262,1,1138015386,'2012-06-16 11:36:32','http://www.google.com/url?url=www.armoniesaporidelfriuli.it',1),
	(371,1,263,59,1138015386,'2012-06-16 11:36:36','http://www.google.com/url?url=www.armoniesaporidelfriuli.it',1),
	(372,1,264,3,1138015386,'2012-06-16 11:36:57','http://www.google.com/url?url=www.armoniesaporidelfriuli.it',1),
	(373,1,265,3,1138015386,'2012-06-16 11:37:24','http://www.google.com/url?url=www.armoniesaporidelfriuli.it',1),
	(374,1,210,1,1562728278,'2012-06-16 16:00:10','',1),
	(375,1,266,1,2917940186,'2012-06-17 11:31:01','http://www.google.com/url?url=www.armoniesaporidelfriuli.it',1),
	(376,1,267,1,2917940186,'2012-06-17 11:31:08','http://www.google.com/url?url=www.armoniesaporidelfriuli.it',1),
	(377,1,268,1,2917940186,'2012-06-17 11:31:12','http://www.google.com/url?url=www.armoniesaporidelfriuli.it',1),
	(378,1,269,59,2917940186,'2012-06-17 11:31:17','http://www.google.com/url?url=www.armoniesaporidelfriuli.it',1),
	(379,1,270,3,2917940186,'2012-06-17 11:31:31','http://www.google.com/url?url=www.armoniesaporidelfriuli.it',1),
	(380,1,271,3,2917940186,'2012-06-17 11:31:54','http://www.google.com/url?url=www.armoniesaporidelfriuli.it',1),
	(381,1,272,1,1214183717,'2012-06-17 19:04:28','',1),
	(382,1,273,1,1093955543,'2012-06-17 22:17:14','',1),
	(383,1,274,1,2637751798,'2012-06-18 00:04:42','',1),
	(384,1,275,1,1822679170,'2012-06-18 11:40:45','http://www.google.com/url?url=www.armoniesaporidelfriuli.it',1),
	(385,1,276,1,1822679170,'2012-06-18 11:40:54','http://www.google.com/url?url=www.armoniesaporidelfriuli.it',1),
	(386,1,277,1,1822679170,'2012-06-18 11:40:57','http://www.google.com/url?url=www.armoniesaporidelfriuli.it',1),
	(387,1,278,59,1822679170,'2012-06-18 11:41:01','http://www.google.com/url?url=www.armoniesaporidelfriuli.it',1),
	(388,1,279,3,1822679170,'2012-06-18 11:41:19','http://www.google.com/url?url=www.armoniesaporidelfriuli.it',1),
	(389,1,280,3,1822679170,'2012-06-18 11:41:40','http://www.google.com/url?url=www.armoniesaporidelfriuli.it',1),
	(390,1,281,1,1673948970,'2012-06-19 11:43:55','http://www.google.com/url?url=www.armoniesaporidelfriuli.it',1),
	(391,1,282,1,1673948970,'2012-06-19 11:44:03','http://www.google.com/url?url=www.armoniesaporidelfriuli.it',1),
	(392,1,283,1,1673948970,'2012-06-19 11:44:06','http://www.google.com/url?url=www.armoniesaporidelfriuli.it',1),
	(393,1,284,59,1673948970,'2012-06-19 11:44:10','http://www.google.com/url?url=www.armoniesaporidelfriuli.it',1),
	(394,1,285,3,1673948970,'2012-06-19 11:44:24','http://www.google.com/url?url=www.armoniesaporidelfriuli.it',1),
	(395,1,286,3,1673948970,'2012-06-19 11:44:46','http://www.google.com/url?url=www.armoniesaporidelfriuli.it',1),
	(396,1,287,1,3475950795,'2012-06-19 13:48:07','',1),
	(397,1,210,1,1562728661,'2012-06-19 18:37:36','',1),
	(398,1,210,1,1562728661,'2012-06-19 19:25:49','',1),
	(399,1,51,1,1562728661,'2012-06-19 19:26:45','',1),
	(400,1,288,52,3507772985,'2012-06-20 03:56:37','http://armoniesaporidelfriuli.com/sugarcrm/',1),
	(401,1,289,1,3097142458,'2012-06-20 11:41:40','http://www.google.com/url?url=www.armoniesaporidelfriuli.it',1),
	(402,1,290,1,3097142458,'2012-06-20 11:41:48','http://www.google.com/url?url=www.armoniesaporidelfriuli.it',1),
	(403,1,291,1,3097142458,'2012-06-20 11:41:53','http://www.google.com/url?url=www.armoniesaporidelfriuli.it',1),
	(404,1,292,59,3097142458,'2012-06-20 11:41:57','http://www.google.com/url?url=www.armoniesaporidelfriuli.it',1),
	(405,1,293,3,3097142458,'2012-06-20 11:42:14','http://www.google.com/url?url=www.armoniesaporidelfriuli.it',1),
	(406,1,294,3,3097142458,'2012-06-20 11:42:39','http://www.google.com/url?url=www.armoniesaporidelfriuli.it',1),
	(407,1,55,1,1327437642,'2012-06-20 16:49:53','',1),
	(408,1,295,1,1089905086,'2012-06-21 06:54:47','http://whois.domaintools.com/armoniesaporidelfriuli.it',1),
	(409,1,296,1,1089906130,'2012-06-21 06:58:37','http://whois.domaintools.com/armoniesaporidelfriuli.com',1),
	(410,1,297,1,1138015386,'2012-06-21 11:35:32','http://www.google.com/url?url=www.armoniesaporidelfriuli.it',1),
	(411,1,298,1,1138015386,'2012-06-21 11:35:43','http://www.google.com/url?url=www.armoniesaporidelfriuli.it',1),
	(412,1,299,1,1138015386,'2012-06-21 11:35:46','http://www.google.com/url?url=www.armoniesaporidelfriuli.it',1),
	(413,1,300,59,1138015386,'2012-06-21 11:35:51','http://www.google.com/url?url=www.armoniesaporidelfriuli.it',1),
	(414,1,301,3,1138015386,'2012-06-21 11:36:09','http://www.google.com/url?url=www.armoniesaporidelfriuli.it',1),
	(415,1,302,3,1138015386,'2012-06-21 11:36:46','http://www.google.com/url?url=www.armoniesaporidelfriuli.it',1),
	(416,1,303,1,1822679170,'2012-06-22 11:39:31','http://www.google.com/url?url=www.armoniesaporidelfriuli.it',1),
	(417,1,304,1,1822679170,'2012-06-22 11:39:38','http://www.google.com/url?url=www.armoniesaporidelfriuli.it',1),
	(418,1,305,1,1822679170,'2012-06-22 11:39:42','http://www.google.com/url?url=www.armoniesaporidelfriuli.it',1),
	(419,1,306,59,1822679170,'2012-06-22 11:39:47','http://www.google.com/url?url=www.armoniesaporidelfriuli.it',1),
	(420,1,307,3,1822679170,'2012-06-22 11:40:03','http://www.google.com/url?url=www.armoniesaporidelfriuli.it',1),
	(421,1,308,3,1822679170,'2012-06-22 11:40:29','http://www.google.com/url?url=www.armoniesaporidelfriuli.it',1),
	(422,1,309,1,1822679170,'2012-06-23 11:51:45','http://www.google.com/url?url=www.armoniesaporidelfriuli.it',1),
	(423,1,310,1,1822679170,'2012-06-23 11:51:51','http://www.google.com/url?url=www.armoniesaporidelfriuli.it',1),
	(424,1,311,1,1822679170,'2012-06-23 11:51:54','http://www.google.com/url?url=www.armoniesaporidelfriuli.it',1),
	(425,1,312,59,1822679170,'2012-06-23 11:51:57','http://www.google.com/url?url=www.armoniesaporidelfriuli.it',1),
	(426,1,313,3,1822679170,'2012-06-23 11:52:12','http://www.google.com/url?url=www.armoniesaporidelfriuli.it',1),
	(427,1,314,3,1822679170,'2012-06-23 11:52:32','http://www.google.com/url?url=www.armoniesaporidelfriuli.it',1),
	(428,1,315,1,3507772985,'2012-06-24 01:01:57','http://www.armoniesaporidelfriuli.com/',1),
	(429,1,316,1,3097142458,'2012-06-24 11:31:43','http://www.google.com/url?url=www.armoniesaporidelfriuli.it',1),
	(430,1,317,1,3097142458,'2012-06-24 11:31:51','http://www.google.com/url?url=www.armoniesaporidelfriuli.it',1),
	(431,1,318,1,3097142458,'2012-06-24 11:31:55','http://www.google.com/url?url=www.armoniesaporidelfriuli.it',1),
	(432,1,319,59,3097142458,'2012-06-24 11:31:59','http://www.google.com/url?url=www.armoniesaporidelfriuli.it',1),
	(433,1,320,3,3097142458,'2012-06-24 11:32:14','http://www.google.com/url?url=www.armoniesaporidelfriuli.it',1),
	(434,1,321,3,3097142458,'2012-06-24 11:32:36','http://www.google.com/url?url=www.armoniesaporidelfriuli.it',1),
	(435,1,322,1,1822679170,'2012-06-25 11:30:28','http://www.google.com/url?url=www.armoniesaporidelfriuli.it',1),
	(436,1,323,1,1822679170,'2012-06-25 11:30:35','http://www.google.com/url?url=www.armoniesaporidelfriuli.it',1),
	(437,1,324,1,1822679170,'2012-06-25 11:30:38','http://www.google.com/url?url=www.armoniesaporidelfriuli.it',1),
	(438,1,325,59,1822679170,'2012-06-25 11:30:41','http://www.google.com/url?url=www.armoniesaporidelfriuli.it',1),
	(439,1,326,3,1822679170,'2012-06-25 11:30:55','http://www.google.com/url?url=www.armoniesaporidelfriuli.it',1),
	(440,1,327,3,1822679170,'2012-06-25 11:31:13','http://www.google.com/url?url=www.armoniesaporidelfriuli.it',1),
	(441,1,210,1,1562728661,'2012-06-25 12:44:16','',1),
	(442,1,55,1,1328802929,'2012-06-25 19:00:24','',1),
	(443,1,328,42,1249726038,'2012-06-25 21:32:19','http://www.google.com/search',1),
	(444,1,329,28,1249726054,'2012-06-25 21:34:33','http://www.google.com/search',1),
	(445,1,330,1,3097142458,'2012-06-26 11:31:31','http://www.google.com/url?url=www.armoniesaporidelfriuli.it',1),
	(446,1,331,1,3097142458,'2012-06-26 11:31:39','http://www.google.com/url?url=www.armoniesaporidelfriuli.it',1),
	(447,1,332,1,3097142458,'2012-06-26 11:31:42','http://www.google.com/url?url=www.armoniesaporidelfriuli.it',1),
	(448,1,333,59,3097142458,'2012-06-26 11:31:46','http://www.google.com/url?url=www.armoniesaporidelfriuli.it',1),
	(449,1,334,3,3097142458,'2012-06-26 11:32:01','http://www.google.com/url?url=www.armoniesaporidelfriuli.it',1),
	(450,1,335,3,3097142458,'2012-06-26 11:32:22','http://www.google.com/url?url=www.armoniesaporidelfriuli.it',1),
	(451,1,336,1,3097142458,'2012-06-27 11:36:48','http://www.google.com/url?url=www.armoniesaporidelfriuli.it',1),
	(452,1,337,1,3097142458,'2012-06-27 11:36:55','http://www.google.com/url?url=www.armoniesaporidelfriuli.it',1),
	(453,1,338,1,3097142458,'2012-06-27 11:36:57','http://www.google.com/url?url=www.armoniesaporidelfriuli.it',1),
	(454,1,339,59,3097142458,'2012-06-27 11:37:00','http://www.google.com/url?url=www.armoniesaporidelfriuli.it',1),
	(455,1,340,3,3097142458,'2012-06-27 11:37:15','http://www.google.com/url?url=www.armoniesaporidelfriuli.it',1),
	(456,1,341,3,3097142458,'2012-06-27 11:37:35','http://www.google.com/url?url=www.armoniesaporidelfriuli.it',1),
	(457,1,342,1,1822679170,'2012-06-28 11:42:14','http://www.google.com/url?url=www.armoniesaporidelfriuli.it',1),
	(458,1,343,1,1822679170,'2012-06-28 11:42:20','http://www.google.com/url?url=www.armoniesaporidelfriuli.it',1),
	(459,1,344,1,1822679170,'2012-06-28 11:42:22','http://www.google.com/url?url=www.armoniesaporidelfriuli.it',1),
	(460,1,345,59,1822679170,'2012-06-28 11:42:25','http://www.google.com/url?url=www.armoniesaporidelfriuli.it',1),
	(461,1,346,3,1822679170,'2012-06-28 11:42:39','http://www.google.com/url?url=www.armoniesaporidelfriuli.it',1),
	(462,1,347,3,1822679170,'2012-06-28 11:42:58','http://www.google.com/url?url=www.armoniesaporidelfriuli.it',1),
	(463,1,348,1,2917940186,'2012-06-29 11:43:53','http://www.google.com/url?url=www.armoniesaporidelfriuli.it',1),
	(464,1,349,1,2917940186,'2012-06-29 11:44:01','http://www.google.com/url?url=www.armoniesaporidelfriuli.it',1),
	(465,1,350,1,2917940186,'2012-06-29 11:44:06','http://www.google.com/url?url=www.armoniesaporidelfriuli.it',1),
	(466,1,351,59,2917940186,'2012-06-29 11:44:11','http://www.google.com/url?url=www.armoniesaporidelfriuli.it',1),
	(467,1,352,3,2917940186,'2012-06-29 11:44:26','http://www.google.com/url?url=www.armoniesaporidelfriuli.it',1),
	(468,1,353,3,2917940186,'2012-06-29 11:44:46','http://www.google.com/url?url=www.armoniesaporidelfriuli.it',1),
	(469,1,354,1,1822679170,'2012-06-30 11:36:57','http://www.google.com/url?url=www.armoniesaporidelfriuli.it',1),
	(470,1,355,1,1822679170,'2012-06-30 11:37:03','http://www.google.com/url?url=www.armoniesaporidelfriuli.it',1),
	(471,1,356,1,1822679170,'2012-06-30 11:37:06','http://www.google.com/url?url=www.armoniesaporidelfriuli.it',1),
	(472,1,357,59,1822679170,'2012-06-30 11:37:09','http://www.google.com/url?url=www.armoniesaporidelfriuli.it',1),
	(473,1,358,3,1822679170,'2012-06-30 11:37:23','http://www.google.com/url?url=www.armoniesaporidelfriuli.it',1),
	(474,1,359,3,1822679170,'2012-06-30 11:37:41','http://www.google.com/url?url=www.armoniesaporidelfriuli.it',1),
	(475,1,360,1,1138015386,'2012-07-01 11:39:27','http://www.google.com/url?url=www.armoniesaporidelfriuli.it',1),
	(476,1,361,1,1138015386,'2012-07-01 11:39:39','http://www.google.com/url?url=www.armoniesaporidelfriuli.it',1),
	(477,1,362,1,1138015386,'2012-07-01 11:39:45','http://www.google.com/url?url=www.armoniesaporidelfriuli.it',1),
	(478,1,363,59,1138015386,'2012-07-01 11:39:52','http://www.google.com/url?url=www.armoniesaporidelfriuli.it',1),
	(479,1,364,3,1138015386,'2012-07-01 11:40:10','http://www.google.com/url?url=www.armoniesaporidelfriuli.it',1),
	(480,1,365,3,1138015386,'2012-07-01 11:40:37','http://www.google.com/url?url=www.armoniesaporidelfriuli.it',1),
	(481,1,366,1,1138015386,'2012-07-02 12:38:37','http://www.google.com/url?url=www.armoniesaporidelfriuli.it',1),
	(482,1,367,1,1138015386,'2012-07-02 12:38:45','http://www.google.com/url?url=www.armoniesaporidelfriuli.it',1),
	(483,1,368,1,1138015386,'2012-07-02 12:38:50','http://www.google.com/url?url=www.armoniesaporidelfriuli.it',1),
	(484,1,369,59,1138015386,'2012-07-02 12:38:55','http://www.google.com/url?url=www.armoniesaporidelfriuli.it',1),
	(485,1,370,3,1138015386,'2012-07-02 12:39:10','http://www.google.com/url?url=www.armoniesaporidelfriuli.it',1),
	(486,1,371,3,1138015386,'2012-07-02 12:40:07','http://www.google.com/url?url=www.armoniesaporidelfriuli.it',1),
	(487,1,372,1,532992707,'2012-07-02 14:31:28','http://www.google.it/search?q=armoniesaporidelfriuli.it&btnG=Cerca&hl=it&gbv=2&gs_l=hp.1.0.0.2200.9454.0.11451.16.10.0.6.6.0.250.1967.0j6j4.10.0...0.0.sCNZwIbVME8',1),
	(488,1,373,1,1089905930,'2012-07-02 21:08:58','http://whois.domaintools.com/armoniesaporidelfriuli.it',1),
	(489,1,374,1,1089905970,'2012-07-02 21:10:23','http://whois.domaintools.com/armoniesaporidelfriuli.com',1),
	(490,1,375,1,1822679170,'2012-07-03 11:38:26','http://www.google.com/url?url=www.armoniesaporidelfriuli.it',1),
	(491,1,376,1,1822679170,'2012-07-03 11:38:34','http://www.google.com/url?url=www.armoniesaporidelfriuli.it',1),
	(492,1,377,1,1822679170,'2012-07-03 11:38:38','http://www.google.com/url?url=www.armoniesaporidelfriuli.it',1),
	(493,1,378,59,1822679170,'2012-07-03 11:38:41','http://www.google.com/url?url=www.armoniesaporidelfriuli.it',1),
	(494,1,379,3,1822679170,'2012-07-03 11:38:57','http://www.google.com/url?url=www.armoniesaporidelfriuli.it',1),
	(495,1,380,3,1822679170,'2012-07-03 11:39:19','http://www.google.com/url?url=www.armoniesaporidelfriuli.it',1),
	(496,1,372,1,532992707,'2012-07-03 12:14:41','',1),
	(497,1,381,1,2917940186,'2012-07-04 11:39:25','http://www.google.com/url?url=www.armoniesaporidelfriuli.it',1),
	(498,1,382,1,2917940186,'2012-07-04 11:39:33','http://www.google.com/url?url=www.armoniesaporidelfriuli.it',1),
	(499,1,383,1,2917940186,'2012-07-04 11:39:38','http://www.google.com/url?url=www.armoniesaporidelfriuli.it',1),
	(500,1,384,59,2917940186,'2012-07-04 11:39:42','http://www.google.com/url?url=www.armoniesaporidelfriuli.it',1),
	(501,1,385,3,2917940186,'2012-07-04 11:40:00','http://www.google.com/url?url=www.armoniesaporidelfriuli.it',1),
	(502,1,386,3,2917940186,'2012-07-04 11:40:24','http://www.google.com/url?url=www.armoniesaporidelfriuli.it',1),
	(503,1,387,1,2917940186,'2012-07-05 11:36:03','http://www.google.com/url?url=www.armoniesaporidelfriuli.it',1),
	(504,1,388,1,2917940186,'2012-07-05 11:36:11','http://www.google.com/url?url=www.armoniesaporidelfriuli.it',1),
	(505,1,389,1,2917940186,'2012-07-05 11:36:14','http://www.google.com/url?url=www.armoniesaporidelfriuli.it',1),
	(506,1,390,59,2917940186,'2012-07-05 11:36:19','http://www.google.com/url?url=www.armoniesaporidelfriuli.it',1),
	(507,1,391,3,2917940186,'2012-07-05 11:36:35','http://www.google.com/url?url=www.armoniesaporidelfriuli.it',1),
	(508,1,392,3,2917940186,'2012-07-05 11:36:58','http://www.google.com/url?url=www.armoniesaporidelfriuli.it',1),
	(509,1,393,59,2917940186,'2012-07-05 11:38:52','http://www.google.com/url?url=www.armoniesaporidelfriuli.it',1),
	(510,1,394,3,2917940186,'2012-07-05 11:39:41','http://www.google.com/url?url=www.armoniesaporidelfriuli.it',1),
	(511,1,395,59,2917940186,'2012-07-05 11:41:06','http://www.google.com/url?url=www.armoniesaporidelfriuli.it',1),
	(512,1,396,58,2917940186,'2012-07-05 11:45:12','http://www.google.com/url?url=www.armoniesaporidelfriuli.it',1),
	(513,1,397,59,2917940186,'2012-07-05 11:46:01','http://www.google.com/url?url=www.armoniesaporidelfriuli.it',1),
	(514,1,398,1,3097150554,'2012-07-06 23:00:12','http://www.google.com/url?url=www.armoniesaporidelfriuli.it',1),
	(515,1,399,1,3097150554,'2012-07-06 23:00:20','http://www.google.com/url?url=www.armoniesaporidelfriuli.it',1),
	(516,1,400,1,3097150554,'2012-07-06 23:00:23','http://www.google.com/url?url=www.armoniesaporidelfriuli.it',1),
	(517,1,401,59,3097150554,'2012-07-06 23:00:27','http://www.google.com/url?url=www.armoniesaporidelfriuli.it',1),
	(518,1,402,3,3097150554,'2012-07-06 23:00:44','http://www.google.com/url?url=www.armoniesaporidelfriuli.it',1),
	(519,1,403,3,3097150554,'2012-07-06 23:01:08','http://www.google.com/url?url=www.armoniesaporidelfriuli.it',1),
	(520,1,404,1,2917940186,'2012-07-07 11:35:54','http://www.google.com/url?url=www.armoniesaporidelfriuli.it',1),
	(521,1,405,1,2917940186,'2012-07-07 11:36:03','http://www.google.com/url?url=www.armoniesaporidelfriuli.it',1),
	(522,1,406,1,2917940186,'2012-07-07 11:36:08','http://www.google.com/url?url=www.armoniesaporidelfriuli.it',1),
	(523,1,407,59,2917940186,'2012-07-07 11:36:13','http://www.google.com/url?url=www.armoniesaporidelfriuli.it',1),
	(524,1,408,3,2917940186,'2012-07-07 11:36:31','http://www.google.com/url?url=www.armoniesaporidelfriuli.it',1),
	(525,1,409,3,2917940186,'2012-07-07 11:36:54','http://www.google.com/url?url=www.armoniesaporidelfriuli.it',1),
	(526,1,410,1,1822679170,'2012-07-08 11:39:22','http://www.google.com/url?url=www.armoniesaporidelfriuli.it',1),
	(527,1,411,1,1822679170,'2012-07-08 11:39:29','http://www.google.com/url?url=www.armoniesaporidelfriuli.it',1),
	(528,1,412,1,1822679170,'2012-07-08 11:39:32','http://www.google.com/url?url=www.armoniesaporidelfriuli.it',1),
	(529,1,413,59,1822679170,'2012-07-08 11:39:35','http://www.google.com/url?url=www.armoniesaporidelfriuli.it',1),
	(530,1,414,3,1822679170,'2012-07-08 11:39:48','http://www.google.com/url?url=www.armoniesaporidelfriuli.it',1),
	(531,1,415,3,1822679170,'2012-07-08 11:40:07','http://www.google.com/url?url=www.armoniesaporidelfriuli.it',1),
	(532,1,416,1,3097150554,'2012-07-09 11:36:10','http://www.google.com/url?url=www.armoniesaporidelfriuli.it',1),
	(533,1,417,1,3097150554,'2012-07-09 11:36:20','http://www.google.com/url?url=www.armoniesaporidelfriuli.it',1),
	(534,1,418,1,3097150554,'2012-07-09 11:36:24','http://www.google.com/url?url=www.armoniesaporidelfriuli.it',1),
	(535,1,419,59,3097150554,'2012-07-09 11:36:28','http://www.google.com/url?url=www.armoniesaporidelfriuli.it',1),
	(536,1,420,3,3097150554,'2012-07-09 11:36:42','http://www.google.com/url?url=www.armoniesaporidelfriuli.it',1),
	(537,1,421,3,3097150554,'2012-07-09 11:37:02','http://www.google.com/url?url=www.armoniesaporidelfriuli.it',1),
	(538,1,422,1,1562727619,'2012-07-09 16:13:46','',1),
	(539,1,423,1,1822679170,'2012-07-10 11:35:45','http://www.google.com/url?url=www.armoniesaporidelfriuli.it',1),
	(540,1,424,1,1822679170,'2012-07-10 11:35:52','http://www.google.com/url?url=www.armoniesaporidelfriuli.it',1),
	(541,1,425,1,1822679170,'2012-07-10 11:35:55','http://www.google.com/url?url=www.armoniesaporidelfriuli.it',1),
	(542,1,426,59,1822679170,'2012-07-10 11:35:58','http://www.google.com/url?url=www.armoniesaporidelfriuli.it',1),
	(543,1,427,3,1822679170,'2012-07-10 11:36:12','http://www.google.com/url?url=www.armoniesaporidelfriuli.it',1),
	(544,1,428,3,1822679170,'2012-07-10 11:36:32','http://www.google.com/url?url=www.armoniesaporidelfriuli.it',1),
	(545,1,429,42,1480844926,'2012-07-10 11:46:09','',1),
	(546,1,430,1,1822679170,'2012-07-11 16:44:02','http://www.google.com/url?url=www.armoniesaporidelfriuli.it',1),
	(547,1,431,1,1822679170,'2012-07-11 16:44:08','http://www.google.com/url?url=www.armoniesaporidelfriuli.it',1),
	(548,1,432,1,1822679170,'2012-07-11 16:44:12','http://www.google.com/url?url=www.armoniesaporidelfriuli.it',1),
	(549,1,433,59,1822679170,'2012-07-11 16:44:15','http://www.google.com/url?url=www.armoniesaporidelfriuli.it',1),
	(550,1,434,3,1822679170,'2012-07-11 16:44:29','http://www.google.com/url?url=www.armoniesaporidelfriuli.it',1),
	(551,1,435,3,1822679170,'2012-07-11 16:44:49','http://www.google.com/url?url=www.armoniesaporidelfriuli.it',1),
	(552,1,422,1,1562728904,'2012-07-11 23:07:09','',1),
	(553,1,436,1,1822679170,'2012-07-12 11:31:03','http://www.google.com/url?url=www.armoniesaporidelfriuli.it',1),
	(554,1,437,1,1822679170,'2012-07-12 11:31:11','http://www.google.com/url?url=www.armoniesaporidelfriuli.it',1),
	(555,1,438,1,1822679170,'2012-07-12 11:31:15','http://www.google.com/url?url=www.armoniesaporidelfriuli.it',1),
	(556,1,439,59,1822679170,'2012-07-12 11:31:18','http://www.google.com/url?url=www.armoniesaporidelfriuli.it',1),
	(557,1,440,3,1822679170,'2012-07-12 11:31:34','http://www.google.com/url?url=www.armoniesaporidelfriuli.it',1),
	(558,1,441,3,1822679170,'2012-07-12 11:31:57','http://www.google.com/url?url=www.armoniesaporidelfriuli.it',1),
	(559,1,422,1,1562728955,'2012-07-12 15:40:51','',1),
	(560,1,442,1,3097150554,'2012-07-13 11:33:03','http://www.google.com/url?url=www.armoniesaporidelfriuli.it',1),
	(561,1,443,1,3097150554,'2012-07-13 11:33:14','http://www.google.com/url?url=www.armoniesaporidelfriuli.it',1),
	(562,1,444,1,3097150554,'2012-07-13 11:33:20','http://www.google.com/url?url=www.armoniesaporidelfriuli.it',1),
	(563,1,445,59,3097150554,'2012-07-13 11:33:26','http://www.google.com/url?url=www.armoniesaporidelfriuli.it',1),
	(564,1,446,3,3097150554,'2012-07-13 11:33:43','http://www.google.com/url?url=www.armoniesaporidelfriuli.it',1),
	(565,1,447,3,3097150554,'2012-07-13 11:34:04','http://www.google.com/url?url=www.armoniesaporidelfriuli.it',1),
	(566,1,448,1,3097142458,'2012-07-14 11:43:47','http://www.google.com/url?url=www.armoniesaporidelfriuli.it',1),
	(567,1,449,1,3097142458,'2012-07-14 11:43:54','http://www.google.com/url?url=www.armoniesaporidelfriuli.it',1),
	(568,1,450,1,3097142458,'2012-07-14 11:43:57','http://www.google.com/url?url=www.armoniesaporidelfriuli.it',1),
	(569,1,451,59,3097142458,'2012-07-14 11:44:00','http://www.google.com/url?url=www.armoniesaporidelfriuli.it',1),
	(570,1,452,3,3097142458,'2012-07-14 11:44:14','http://www.google.com/url?url=www.armoniesaporidelfriuli.it',1),
	(571,1,453,3,3097142458,'2012-07-14 11:44:35','http://www.google.com/url?url=www.armoniesaporidelfriuli.it',1),
	(572,1,454,1,1089906130,'2012-07-14 14:48:33','http://whois.domaintools.com/armoniesaporidelfriuli.com',1),
	(573,1,455,1,1089905086,'2012-07-14 14:52:14','http://whois.domaintools.com/armoniesaporidelfriuli.it',1),
	(574,1,456,1,3097142458,'2012-07-15 11:39:11','http://www.google.com/url?url=www.armoniesaporidelfriuli.it',1),
	(575,1,457,1,3097142458,'2012-07-15 11:39:19','http://www.google.com/url?url=www.armoniesaporidelfriuli.it',1),
	(576,1,458,1,3097142458,'2012-07-15 11:39:22','http://www.google.com/url?url=www.armoniesaporidelfriuli.it',1),
	(577,1,459,59,3097142458,'2012-07-15 11:39:26','http://www.google.com/url?url=www.armoniesaporidelfriuli.it',1),
	(578,1,460,3,3097142458,'2012-07-15 11:39:39','http://www.google.com/url?url=www.armoniesaporidelfriuli.it',1),
	(579,1,461,3,3097142458,'2012-07-15 11:39:58','http://www.google.com/url?url=www.armoniesaporidelfriuli.it',1),
	(580,1,462,1,3097150554,'2012-07-16 11:37:36','http://www.google.com/url?url=www.armoniesaporidelfriuli.it',1),
	(581,1,463,1,3097150554,'2012-07-16 11:37:45','http://www.google.com/url?url=www.armoniesaporidelfriuli.it',1),
	(582,1,464,1,3097150554,'2012-07-16 11:37:49','http://www.google.com/url?url=www.armoniesaporidelfriuli.it',1),
	(583,1,465,59,3097150554,'2012-07-16 11:37:52','http://www.google.com/url?url=www.armoniesaporidelfriuli.it',1),
	(584,1,466,3,3097150554,'2012-07-16 11:38:06','http://www.google.com/url?url=www.armoniesaporidelfriuli.it',1),
	(585,1,467,3,3097150554,'2012-07-16 11:38:25','http://www.google.com/url?url=www.armoniesaporidelfriuli.it',1),
	(586,1,468,1,3097142458,'2012-07-17 11:41:57','http://www.google.com/url?url=www.armoniesaporidelfriuli.it',1),
	(587,1,469,1,3097142458,'2012-07-17 11:42:04','http://www.google.com/url?url=www.armoniesaporidelfriuli.it',1),
	(588,1,470,1,3097142458,'2012-07-17 11:42:08','http://www.google.com/url?url=www.armoniesaporidelfriuli.it',1),
	(589,1,471,59,3097142458,'2012-07-17 11:42:12','http://www.google.com/url?url=www.armoniesaporidelfriuli.it',1),
	(590,1,472,3,3097142458,'2012-07-17 11:42:27','http://www.google.com/url?url=www.armoniesaporidelfriuli.it',1),
	(591,1,473,3,3097142458,'2012-07-17 11:42:47','http://www.google.com/url?url=www.armoniesaporidelfriuli.it',1),
	(592,1,474,1,3097142458,'2012-07-18 11:34:12','http://www.google.com/url?url=www.armoniesaporidelfriuli.it',1),
	(593,1,475,1,3097142458,'2012-07-18 11:34:19','http://www.google.com/url?url=www.armoniesaporidelfriuli.it',1),
	(594,1,476,1,3097142458,'2012-07-18 11:34:23','http://www.google.com/url?url=www.armoniesaporidelfriuli.it',1),
	(595,1,477,59,3097142458,'2012-07-18 11:34:26','http://www.google.com/url?url=www.armoniesaporidelfriuli.it',1),
	(596,1,478,3,3097142458,'2012-07-18 11:34:39','http://www.google.com/url?url=www.armoniesaporidelfriuli.it',1),
	(597,1,479,3,3097142458,'2012-07-18 11:35:00','http://www.google.com/url?url=www.armoniesaporidelfriuli.it',1),
	(598,1,480,13,3163547859,'2012-07-18 22:07:55','',1),
	(599,1,481,13,3163547859,'2012-07-18 22:08:11','',1),
	(600,1,482,1,1822679170,'2012-07-19 11:42:47','http://www.google.com/url?url=www.armoniesaporidelfriuli.it',1),
	(601,1,483,1,1822679170,'2012-07-19 11:42:54','http://www.google.com/url?url=www.armoniesaporidelfriuli.it',1),
	(602,1,484,1,1822679170,'2012-07-19 11:42:57','http://www.google.com/url?url=www.armoniesaporidelfriuli.it',1),
	(603,1,485,59,1822679170,'2012-07-19 11:43:00','http://www.google.com/url?url=www.armoniesaporidelfriuli.it',1),
	(604,1,486,3,1822679170,'2012-07-19 11:43:13','http://www.google.com/url?url=www.armoniesaporidelfriuli.it',1),
	(605,1,487,3,1822679170,'2012-07-19 11:43:32','http://www.google.com/url?url=www.armoniesaporidelfriuli.it',1),
	(606,1,488,1,3097142458,'2012-07-20 11:43:21','http://www.google.com/url?url=www.armoniesaporidelfriuli.it',1),
	(607,1,489,1,3097142458,'2012-07-20 11:43:28','http://www.google.com/url?url=www.armoniesaporidelfriuli.it',1),
	(608,1,490,1,3097142458,'2012-07-20 11:43:32','http://www.google.com/url?url=www.armoniesaporidelfriuli.it',1),
	(609,1,491,59,3097142458,'2012-07-20 11:43:35','http://www.google.com/url?url=www.armoniesaporidelfriuli.it',1),
	(610,1,492,3,3097142458,'2012-07-20 11:43:48','http://www.google.com/url?url=www.armoniesaporidelfriuli.it',1),
	(611,1,493,3,3097142458,'2012-07-20 11:44:09','http://www.google.com/url?url=www.armoniesaporidelfriuli.it',1),
	(612,1,494,1,1822679170,'2012-07-21 11:35:34','http://www.google.com/url?url=www.armoniesaporidelfriuli.it',1),
	(613,1,495,1,1822679170,'2012-07-21 11:35:40','http://www.google.com/url?url=www.armoniesaporidelfriuli.it',1),
	(614,1,496,1,1822679170,'2012-07-21 11:35:45','http://www.google.com/url?url=www.armoniesaporidelfriuli.it',1),
	(615,1,497,59,1822679170,'2012-07-21 11:35:48','http://www.google.com/url?url=www.armoniesaporidelfriuli.it',1),
	(616,1,498,3,1822679170,'2012-07-21 11:36:02','http://www.google.com/url?url=www.armoniesaporidelfriuli.it',1),
	(617,1,499,3,1822679170,'2012-07-21 11:36:24','http://www.google.com/url?url=www.armoniesaporidelfriuli.it',1),
	(618,1,500,38,2637716625,'2012-07-22 03:37:50','',1),
	(619,1,501,1,1822679170,'2012-07-22 11:37:12','http://www.google.com/url?url=www.armoniesaporidelfriuli.it',1),
	(620,1,502,1,1822679170,'2012-07-22 11:37:18','http://www.google.com/url?url=www.armoniesaporidelfriuli.it',1),
	(621,1,503,1,1822679170,'2012-07-22 11:37:22','http://www.google.com/url?url=www.armoniesaporidelfriuli.it',1),
	(622,1,504,59,1822679170,'2012-07-22 11:37:25','http://www.google.com/url?url=www.armoniesaporidelfriuli.it',1),
	(623,1,505,3,1822679170,'2012-07-22 11:37:39','http://www.google.com/url?url=www.armoniesaporidelfriuli.it',1),
	(624,1,506,3,1822679170,'2012-07-22 11:37:57','http://www.google.com/url?url=www.armoniesaporidelfriuli.it',1),
	(625,1,507,1,3097142458,'2012-07-23 11:34:24','http://www.google.com/url?url=www.armoniesaporidelfriuli.it',1),
	(626,1,508,1,3097142458,'2012-07-23 11:34:30','http://www.google.com/url?url=www.armoniesaporidelfriuli.it',1),
	(627,1,509,1,3097142458,'2012-07-23 11:34:33','http://www.google.com/url?url=www.armoniesaporidelfriuli.it',1),
	(628,1,510,59,3097142458,'2012-07-23 11:34:37','http://www.google.com/url?url=www.armoniesaporidelfriuli.it',1),
	(629,1,511,3,3097142458,'2012-07-23 11:34:51','http://www.google.com/url?url=www.armoniesaporidelfriuli.it',1),
	(630,1,512,3,3097142458,'2012-07-23 11:35:11','http://www.google.com/url?url=www.armoniesaporidelfriuli.it',1),
	(631,1,513,1,2917940186,'2012-07-24 11:41:58','http://www.google.com/url?url=www.armoniesaporidelfriuli.it',1),
	(632,1,514,1,2917940186,'2012-07-24 11:42:06','http://www.google.com/url?url=www.armoniesaporidelfriuli.it',1),
	(633,1,515,1,2917940186,'2012-07-24 11:42:11','http://www.google.com/url?url=www.armoniesaporidelfriuli.it',1),
	(634,1,516,59,2917940186,'2012-07-24 11:42:16','http://www.google.com/url?url=www.armoniesaporidelfriuli.it',1),
	(635,1,517,3,2917940186,'2012-07-24 11:42:32','http://www.google.com/url?url=www.armoniesaporidelfriuli.it',1),
	(636,1,518,3,2917940186,'2012-07-24 11:42:52','http://www.google.com/url?url=www.armoniesaporidelfriuli.it',1),
	(637,1,519,1,2637716652,'2012-07-25 07:10:56','',1),
	(638,1,520,1,3097150554,'2012-07-25 11:32:31','http://www.google.com/url?url=www.armoniesaporidelfriuli.it',1),
	(639,1,521,1,3097150554,'2012-07-25 11:32:39','http://www.google.com/url?url=www.armoniesaporidelfriuli.it',1),
	(640,1,522,1,3097150554,'2012-07-25 11:32:43','http://www.google.com/url?url=www.armoniesaporidelfriuli.it',1),
	(641,1,523,59,3097150554,'2012-07-25 11:32:48','http://www.google.com/url?url=www.armoniesaporidelfriuli.it',1),
	(642,1,524,3,3097150554,'2012-07-25 11:33:02','http://www.google.com/url?url=www.armoniesaporidelfriuli.it',1),
	(643,1,525,3,3097150554,'2012-07-25 11:33:22','http://www.google.com/url?url=www.armoniesaporidelfriuli.it',1),
	(644,1,526,59,846211161,'2012-07-25 16:55:36','',1),
	(645,1,527,1,846211161,'2012-07-25 16:55:39','',1),
	(646,1,528,1,846211161,'2012-07-25 16:55:42','',1),
	(647,1,529,1,1089906120,'2012-07-26 10:07:05','http://whois.domaintools.com/armoniesaporidelfriuli.com',1),
	(648,1,530,1,1089906130,'2012-07-26 10:19:04','http://whois.domaintools.com/armoniesaporidelfriuli.it',1),
	(649,1,531,1,1822679170,'2012-07-26 11:39:12','http://www.google.com/url?url=www.armoniesaporidelfriuli.it',1),
	(650,1,532,1,1822679170,'2012-07-26 11:39:18','http://www.google.com/url?url=www.armoniesaporidelfriuli.it',1),
	(651,1,533,1,1822679170,'2012-07-26 11:39:20','http://www.google.com/url?url=www.armoniesaporidelfriuli.it',1),
	(652,1,534,59,1822679170,'2012-07-26 11:39:24','http://www.google.com/url?url=www.armoniesaporidelfriuli.it',1),
	(653,1,535,3,1822679170,'2012-07-26 11:39:36','http://www.google.com/url?url=www.armoniesaporidelfriuli.it',1),
	(654,1,536,3,1822679170,'2012-07-26 11:39:56','http://www.google.com/url?url=www.armoniesaporidelfriuli.it',1),
	(655,1,537,1,3097142458,'2012-07-27 11:42:16','http://www.google.com/url?url=www.armoniesaporidelfriuli.it',1),
	(656,1,538,1,3097142458,'2012-07-27 11:42:23','http://www.google.com/url?url=www.armoniesaporidelfriuli.it',1),
	(657,1,539,1,3097142458,'2012-07-27 11:42:26','http://www.google.com/url?url=www.armoniesaporidelfriuli.it',1),
	(658,1,540,59,3097142458,'2012-07-27 11:42:29','http://www.google.com/url?url=www.armoniesaporidelfriuli.it',1),
	(659,1,541,3,3097142458,'2012-07-27 11:42:44','http://www.google.com/url?url=www.armoniesaporidelfriuli.it',1),
	(660,1,542,3,3097142458,'2012-07-27 11:43:05','http://www.google.com/url?url=www.armoniesaporidelfriuli.it',1),
	(661,1,543,1,1214183717,'2012-07-28 11:03:31','',1),
	(662,1,544,1,1822679170,'2012-07-28 11:33:40','http://www.google.com/url?url=www.armoniesaporidelfriuli.it',1),
	(663,1,545,1,1822679170,'2012-07-28 11:33:47','http://www.google.com/url?url=www.armoniesaporidelfriuli.it',1),
	(664,1,546,1,1822679170,'2012-07-28 11:33:51','http://www.google.com/url?url=www.armoniesaporidelfriuli.it',1),
	(665,1,547,59,1822679170,'2012-07-28 11:33:55','http://www.google.com/url?url=www.armoniesaporidelfriuli.it',1),
	(666,1,548,3,1822679170,'2012-07-28 11:34:10','http://www.google.com/url?url=www.armoniesaporidelfriuli.it',1),
	(667,1,549,3,1822679170,'2012-07-28 11:34:28','http://www.google.com/url?url=www.armoniesaporidelfriuli.it',1),
	(668,1,550,1,3518899874,'2012-07-28 12:10:19','',1),
	(669,1,551,1,2917940186,'2012-07-29 11:42:27','http://www.google.com/url?url=www.armoniesaporidelfriuli.it',1),
	(670,1,552,1,2917940186,'2012-07-29 11:42:36','http://www.google.com/url?url=www.armoniesaporidelfriuli.it',1),
	(671,1,553,1,2917940186,'2012-07-29 11:42:41','http://www.google.com/url?url=www.armoniesaporidelfriuli.it',1),
	(672,1,554,59,2917940186,'2012-07-29 11:42:46','http://www.google.com/url?url=www.armoniesaporidelfriuli.it',1),
	(673,1,555,3,2917940186,'2012-07-29 11:42:59','http://www.google.com/url?url=www.armoniesaporidelfriuli.it',1),
	(674,1,556,3,2917940186,'2012-07-29 11:43:19','http://www.google.com/url?url=www.armoniesaporidelfriuli.it',1),
	(675,1,557,1,3024881080,'2012-07-30 05:37:38','',1),
	(676,1,558,1,1822679170,'2012-07-30 11:38:54','http://www.google.com/url?url=www.armoniesaporidelfriuli.it',1),
	(677,1,559,1,1822679170,'2012-07-30 11:39:00','http://www.google.com/url?url=www.armoniesaporidelfriuli.it',1),
	(678,1,560,1,1822679170,'2012-07-30 11:39:04','http://www.google.com/url?url=www.armoniesaporidelfriuli.it',1),
	(679,1,561,59,1822679170,'2012-07-30 11:39:07','http://www.google.com/url?url=www.armoniesaporidelfriuli.it',1),
	(680,1,562,3,1822679170,'2012-07-30 11:39:22','http://www.google.com/url?url=www.armoniesaporidelfriuli.it',1),
	(681,1,563,3,1822679170,'2012-07-30 11:39:42','http://www.google.com/url?url=www.armoniesaporidelfriuli.it',1),
	(682,1,564,59,3475950754,'2012-07-30 22:00:40','',1),
	(683,1,565,1,3097142458,'2012-07-31 11:32:38','http://www.google.com/url?url=www.armoniesaporidelfriuli.it',1),
	(684,1,566,1,3097142458,'2012-07-31 11:32:47','http://www.google.com/url?url=www.armoniesaporidelfriuli.it',1),
	(685,1,567,1,3097142458,'2012-07-31 11:32:52','http://www.google.com/url?url=www.armoniesaporidelfriuli.it',1),
	(686,1,568,59,3097142458,'2012-07-31 11:32:56','http://www.google.com/url?url=www.armoniesaporidelfriuli.it',1),
	(687,1,569,3,3097142458,'2012-07-31 11:33:15','http://www.google.com/url?url=www.armoniesaporidelfriuli.it',1),
	(688,1,570,3,3097142458,'2012-07-31 11:33:40','http://www.google.com/url?url=www.armoniesaporidelfriuli.it',1),
	(689,1,571,1,1138015386,'2012-08-01 11:30:54','http://www.google.com/url?url=www.armoniesaporidelfriuli.it',1),
	(690,1,572,1,1138015386,'2012-08-01 11:31:08','http://www.google.com/url?url=www.armoniesaporidelfriuli.it',1),
	(691,1,573,1,1138015386,'2012-08-01 11:31:14','http://www.google.com/url?url=www.armoniesaporidelfriuli.it',1),
	(692,1,574,59,1138015386,'2012-08-01 11:31:21','http://www.google.com/url?url=www.armoniesaporidelfriuli.it',1),
	(693,1,575,3,1138015386,'2012-08-01 11:31:41','http://www.google.com/url?url=www.armoniesaporidelfriuli.it',1),
	(694,1,576,3,1138015386,'2012-08-01 11:32:11','http://www.google.com/url?url=www.armoniesaporidelfriuli.it',1),
	(695,1,577,1,1822679170,'2012-08-02 11:42:29','http://www.google.com/url?url=www.armoniesaporidelfriuli.it',1),
	(696,1,578,1,1822679170,'2012-08-02 11:42:36','http://www.google.com/url?url=www.armoniesaporidelfriuli.it',1),
	(697,1,579,1,1822679170,'2012-08-02 11:42:41','http://www.google.com/url?url=www.armoniesaporidelfriuli.it',1),
	(698,1,580,59,1822679170,'2012-08-02 11:42:44','http://www.google.com/url?url=www.armoniesaporidelfriuli.it',1),
	(699,1,581,3,1822679170,'2012-08-02 11:43:01','http://www.google.com/url?url=www.armoniesaporidelfriuli.it',1),
	(700,1,582,3,1822679170,'2012-08-02 11:43:22','http://www.google.com/url?url=www.armoniesaporidelfriuli.it',1),
	(701,1,583,1,1842258907,'2012-08-02 20:20:58','http://www.google.com',1),
	(702,1,584,1,3097150554,'2012-08-03 11:40:39','http://www.google.com/url?url=www.armoniesaporidelfriuli.it',1),
	(703,1,585,1,3097150554,'2012-08-03 11:40:51','http://www.google.com/url?url=www.armoniesaporidelfriuli.it',1),
	(704,1,586,1,3097150554,'2012-08-03 11:40:55','http://www.google.com/url?url=www.armoniesaporidelfriuli.it',1),
	(705,1,587,59,3097150554,'2012-08-03 11:41:00','http://www.google.com/url?url=www.armoniesaporidelfriuli.it',1),
	(706,1,588,3,3097150554,'2012-08-03 11:41:18','http://www.google.com/url?url=www.armoniesaporidelfriuli.it',1),
	(707,1,589,3,3097150554,'2012-08-03 11:41:43','http://www.google.com/url?url=www.armoniesaporidelfriuli.it',1),
	(708,1,590,42,2637716949,'2012-08-04 07:38:38','',1),
	(709,1,591,1,2917940186,'2012-08-04 11:41:49','http://www.google.com/url?url=www.armoniesaporidelfriuli.it',1),
	(710,1,592,1,2917940186,'2012-08-04 11:41:58','http://www.google.com/url?url=www.armoniesaporidelfriuli.it',1),
	(711,1,593,1,2917940186,'2012-08-04 11:42:03','http://www.google.com/url?url=www.armoniesaporidelfriuli.it',1),
	(712,1,594,59,2917940186,'2012-08-04 11:42:07','http://www.google.com/url?url=www.armoniesaporidelfriuli.it',1),
	(713,1,595,3,2917940186,'2012-08-04 11:42:23','http://www.google.com/url?url=www.armoniesaporidelfriuli.it',1),
	(714,1,596,3,2917940186,'2012-08-04 11:42:43','http://www.google.com/url?url=www.armoniesaporidelfriuli.it',1),
	(715,1,597,1,1559360894,'2012-08-04 21:22:02','',1),
	(716,1,598,1,3097150554,'2012-08-05 11:31:53','http://www.google.com/url?url=www.armoniesaporidelfriuli.it',1),
	(717,1,599,1,3097150554,'2012-08-05 11:32:02','http://www.google.com/url?url=www.armoniesaporidelfriuli.it',1),
	(718,1,600,1,3097150554,'2012-08-05 11:32:07','http://www.google.com/url?url=www.armoniesaporidelfriuli.it',1),
	(719,1,601,59,3097150554,'2012-08-05 11:32:12','http://www.google.com/url?url=www.armoniesaporidelfriuli.it',1),
	(720,1,602,3,3097150554,'2012-08-05 11:32:27','http://www.google.com/url?url=www.armoniesaporidelfriuli.it',1),
	(721,1,603,3,3097150554,'2012-08-05 11:32:46','http://www.google.com/url?url=www.armoniesaporidelfriuli.it',1),
	(722,1,604,59,3097150554,'2012-08-05 11:34:22','http://www.google.com/url?url=www.armoniesaporidelfriuli.it',1),
	(723,1,605,3,3097150554,'2012-08-05 11:35:02','http://www.google.com/url?url=www.armoniesaporidelfriuli.it',1),
	(724,1,606,59,3097150554,'2012-08-05 11:36:13','http://www.google.com/url?url=www.armoniesaporidelfriuli.it',1),
	(725,1,607,58,3097150554,'2012-08-05 11:40:16','http://www.google.com/url?url=www.armoniesaporidelfriuli.it',1),
	(726,1,608,59,3097150554,'2012-08-05 11:40:49','http://www.google.com/url?url=www.armoniesaporidelfriuli.it',1),
	(727,1,609,1,1822679170,'2012-08-06 11:38:57','http://www.google.com/url?url=www.armoniesaporidelfriuli.it',1),
	(728,1,610,1,1822679170,'2012-08-06 11:39:04','http://www.google.com/url?url=www.armoniesaporidelfriuli.it',1),
	(729,1,611,1,1822679170,'2012-08-06 11:39:07','http://www.google.com/url?url=www.armoniesaporidelfriuli.it',1),
	(730,1,612,59,1822679170,'2012-08-06 11:39:11','http://www.google.com/url?url=www.armoniesaporidelfriuli.it',1),
	(731,1,613,3,1822679170,'2012-08-06 11:39:24','http://www.google.com/url?url=www.armoniesaporidelfriuli.it',1),
	(732,1,614,3,1822679170,'2012-08-06 11:39:44','http://www.google.com/url?url=www.armoniesaporidelfriuli.it',1),
	(733,1,615,1,1089904938,'2012-08-07 05:10:28','http://whois.domaintools.com/armoniesaporidelfriuli.it',1),
	(734,1,616,1,1089905086,'2012-08-07 06:02:13','http://whois.domaintools.com/armoniesaporidelfriuli.com',1),
	(735,1,617,1,3475949338,'2012-08-07 06:23:03','',1),
	(736,1,618,1,2917940186,'2012-08-07 11:40:34','http://www.google.com/url?url=www.armoniesaporidelfriuli.it',1),
	(737,1,619,1,2917940186,'2012-08-07 11:40:43','http://www.google.com/url?url=www.armoniesaporidelfriuli.it',1),
	(738,1,620,1,2917940186,'2012-08-07 11:40:48','http://www.google.com/url?url=www.armoniesaporidelfriuli.it',1),
	(739,1,621,59,2917940186,'2012-08-07 11:40:52','http://www.google.com/url?url=www.armoniesaporidelfriuli.it',1),
	(740,1,622,3,2917940186,'2012-08-07 11:41:09','http://www.google.com/url?url=www.armoniesaporidelfriuli.it',1),
	(741,1,623,3,2917940186,'2012-08-07 11:41:32','http://www.google.com/url?url=www.armoniesaporidelfriuli.it',1),
	(742,1,624,1,3097142458,'2012-08-08 11:39:26','http://www.google.com/url?url=www.armoniesaporidelfriuli.it',1),
	(743,1,625,1,3097142458,'2012-08-08 11:39:33','http://www.google.com/url?url=www.armoniesaporidelfriuli.it',1),
	(744,1,626,1,3097142458,'2012-08-08 11:39:36','http://www.google.com/url?url=www.armoniesaporidelfriuli.it',1),
	(745,1,627,59,3097142458,'2012-08-08 11:39:39','http://www.google.com/url?url=www.armoniesaporidelfriuli.it',1),
	(746,1,628,3,3097142458,'2012-08-08 11:39:54','http://www.google.com/url?url=www.armoniesaporidelfriuli.it',1),
	(747,1,629,3,3097142458,'2012-08-08 11:40:14','http://www.google.com/url?url=www.armoniesaporidelfriuli.it',1),
	(748,1,630,1,2917940186,'2012-08-09 11:32:33','http://www.google.com/url?url=www.armoniesaporidelfriuli.it',1),
	(749,1,631,1,2917940186,'2012-08-09 11:32:51','http://www.google.com/url?url=www.armoniesaporidelfriuli.it',1),
	(750,1,632,1,2917940186,'2012-08-09 11:32:55','http://www.google.com/url?url=www.armoniesaporidelfriuli.it',1),
	(751,1,633,59,2917940186,'2012-08-09 11:33:00','http://www.google.com/url?url=www.armoniesaporidelfriuli.it',1),
	(752,1,634,3,2917940186,'2012-08-09 11:33:16','http://www.google.com/url?url=www.armoniesaporidelfriuli.it',1),
	(753,1,635,3,2917940186,'2012-08-09 11:33:39','http://www.google.com/url?url=www.armoniesaporidelfriuli.it',1),
	(754,1,636,1,532992707,'2012-08-09 17:10:57','http://www.google.it/search?q=armoniesaporidelfriuli.it&hl=it&gbv=2&rlz=1W1HPEB_itIT250&gs_l=hp.1.0.0i13i30j0i8i13i30.2102506.2116450.0.2118556.22.18.3.1.2.0.468.4040.0j6j8j2j1.17.0...0.0...1c.hkaRj7kMahE&oq=armoniesaporidelfriuli.it',1),
	(755,1,637,1,1562726862,'2012-08-09 17:21:21','',1),
	(756,1,372,1,532992707,'2012-08-09 17:24:35','',1),
	(757,1,639,59,532992707,'2012-08-09 17:29:55','',1),
	(758,1,640,44,2637751798,'2012-08-10 04:51:15','',1),
	(759,1,641,1,3097150554,'2012-08-10 11:35:09','http://www.google.com/url?url=www.armoniesaporidelfriuli.it',1),
	(760,1,642,1,3097150554,'2012-08-10 11:35:20','http://www.google.com/url?url=www.armoniesaporidelfriuli.it',1),
	(761,1,643,1,3097150554,'2012-08-10 11:35:24','http://www.google.com/url?url=www.armoniesaporidelfriuli.it',1),
	(762,1,644,59,3097150554,'2012-08-10 11:35:30','http://www.google.com/url?url=www.armoniesaporidelfriuli.it',1),
	(763,1,645,3,3097150554,'2012-08-10 11:35:45','http://www.google.com/url?url=www.armoniesaporidelfriuli.it',1),
	(764,1,646,3,3097150554,'2012-08-10 11:36:05','http://www.google.com/url?url=www.armoniesaporidelfriuli.it',1),
	(765,1,647,1,1822679170,'2012-08-11 11:31:40','http://www.google.com/url?url=www.armoniesaporidelfriuli.it',1),
	(766,1,648,1,1822679170,'2012-08-11 11:31:50','http://www.google.com/url?url=www.armoniesaporidelfriuli.it',1),
	(767,1,649,1,1822679170,'2012-08-11 11:31:53','http://www.google.com/url?url=www.armoniesaporidelfriuli.it',1),
	(768,1,650,59,1822679170,'2012-08-11 11:31:57','http://www.google.com/url?url=www.armoniesaporidelfriuli.it',1),
	(769,1,651,3,1822679170,'2012-08-11 11:32:13','http://www.google.com/url?url=www.armoniesaporidelfriuli.it',1),
	(770,1,652,3,1822679170,'2012-08-11 11:32:34','http://www.google.com/url?url=www.armoniesaporidelfriuli.it',1),
	(771,1,653,1,3627529525,'2012-08-12 05:57:56','',1),
	(772,1,654,1,3097142458,'2012-08-12 11:35:36','http://www.google.com/url?url=www.armoniesaporidelfriuli.it',1),
	(773,1,655,1,3097142458,'2012-08-12 11:35:42','http://www.google.com/url?url=www.armoniesaporidelfriuli.it',1),
	(774,1,656,1,3097142458,'2012-08-12 11:35:45','http://www.google.com/url?url=www.armoniesaporidelfriuli.it',1),
	(775,1,657,59,3097142458,'2012-08-12 11:35:49','http://www.google.com/url?url=www.armoniesaporidelfriuli.it',1),
	(776,1,658,3,3097142458,'2012-08-12 11:36:04','http://www.google.com/url?url=www.armoniesaporidelfriuli.it',1),
	(777,1,659,3,3097142458,'2012-08-12 11:36:28','http://www.google.com/url?url=www.armoniesaporidelfriuli.it',1),
	(778,1,660,1,1822679170,'2012-08-13 11:35:51','http://www.google.com/url?url=www.armoniesaporidelfriuli.it',1),
	(779,1,661,1,1822679170,'2012-08-13 11:35:58','http://www.google.com/url?url=www.armoniesaporidelfriuli.it',1),
	(780,1,662,1,1822679170,'2012-08-13 11:36:01','http://www.google.com/url?url=www.armoniesaporidelfriuli.it',1),
	(781,1,663,59,1822679170,'2012-08-13 11:36:05','http://www.google.com/url?url=www.armoniesaporidelfriuli.it',1),
	(782,1,664,3,1822679170,'2012-08-13 11:36:31','http://www.google.com/url?url=www.armoniesaporidelfriuli.it',1),
	(783,1,665,3,1822679170,'2012-08-13 11:36:58','http://www.google.com/url?url=www.armoniesaporidelfriuli.it',1),
	(784,1,666,1,2917940186,'2012-08-14 11:32:55','http://www.google.com/url?url=www.armoniesaporidelfriuli.it',1),
	(785,1,667,1,2917940186,'2012-08-14 11:33:05','http://www.google.com/url?url=www.armoniesaporidelfriuli.it',1),
	(786,1,668,1,2917940186,'2012-08-14 11:33:10','http://www.google.com/url?url=www.armoniesaporidelfriuli.it',1),
	(787,1,669,59,2917940186,'2012-08-14 11:33:14','http://www.google.com/url?url=www.armoniesaporidelfriuli.it',1),
	(788,1,670,3,2917940186,'2012-08-14 11:33:34','http://www.google.com/url?url=www.armoniesaporidelfriuli.it',1),
	(789,1,671,3,2917940186,'2012-08-14 11:34:32','http://www.google.com/url?url=www.armoniesaporidelfriuli.it',1),
	(790,1,672,48,2637636333,'2012-08-14 19:37:51','',1),
	(791,1,673,1,1822679170,'2012-08-15 12:37:36','http://www.google.com/url?url=www.armoniesaporidelfriuli.it',1),
	(792,1,674,1,1822679170,'2012-08-15 12:37:43','http://www.google.com/url?url=www.armoniesaporidelfriuli.it',1),
	(793,1,675,1,1822679170,'2012-08-15 12:37:47','http://www.google.com/url?url=www.armoniesaporidelfriuli.it',1),
	(794,1,676,59,1822679170,'2012-08-15 12:37:50','http://www.google.com/url?url=www.armoniesaporidelfriuli.it',1),
	(795,1,677,3,1822679170,'2012-08-15 12:38:06','http://www.google.com/url?url=www.armoniesaporidelfriuli.it',1),
	(796,1,678,3,1822679170,'2012-08-15 12:38:32','http://www.google.com/url?url=www.armoniesaporidelfriuli.it',1),
	(797,1,679,1,1608290932,'2012-08-15 16:19:40','http://yandex.ru/yandsearch?text=incanto+di+sapori+di+montagna&lr=213',1),
	(798,1,680,1,1328802953,'2012-08-16 02:15:32','',1),
	(799,1,681,1,1608297189,'2012-08-16 04:06:26','http://yandex.ru/yandsearch?text=incanto+di+sapori+di+montagna&lr=213',1),
	(800,1,682,1,3097142458,'2012-08-16 11:34:40','http://www.google.com/url?url=www.armoniesaporidelfriuli.it',1),
	(801,1,683,1,3097142458,'2012-08-16 11:34:50','http://www.google.com/url?url=www.armoniesaporidelfriuli.it',1),
	(802,1,684,1,3097142458,'2012-08-16 11:34:54','http://www.google.com/url?url=www.armoniesaporidelfriuli.it',1),
	(803,1,685,59,3097142458,'2012-08-16 11:34:59','http://www.google.com/url?url=www.armoniesaporidelfriuli.it',1),
	(804,1,686,3,3097142458,'2012-08-16 11:35:22','http://www.google.com/url?url=www.armoniesaporidelfriuli.it',1),
	(805,1,687,3,3097142458,'2012-08-16 11:35:54','http://www.google.com/url?url=www.armoniesaporidelfriuli.it',1),
	(806,1,688,1,3097142458,'2012-08-17 12:09:39','http://www.google.com/url?url=www.armoniesaporidelfriuli.it',1),
	(807,1,689,1,3097142458,'2012-08-17 12:09:49','http://www.google.com/url?url=www.armoniesaporidelfriuli.it',1),
	(808,1,690,1,3097142458,'2012-08-17 12:09:55','http://www.google.com/url?url=www.armoniesaporidelfriuli.it',1),
	(809,1,691,59,3097142458,'2012-08-17 12:10:03','http://www.google.com/url?url=www.armoniesaporidelfriuli.it',1),
	(810,1,692,3,3097142458,'2012-08-17 12:10:25','http://www.google.com/url?url=www.armoniesaporidelfriuli.it',1),
	(811,1,693,3,3097142458,'2012-08-17 12:11:00','http://www.google.com/url?url=www.armoniesaporidelfriuli.it',1),
	(812,1,694,52,3270970376,'2012-08-17 20:54:54','',1),
	(813,1,695,52,3270970376,'2012-08-17 20:54:58','',1),
	(814,1,696,52,3270970376,'2012-08-17 20:55:03','',1),
	(815,1,697,52,3270970376,'2012-08-17 20:55:08','',1),
	(816,1,698,52,3270970376,'2012-08-17 20:55:13','',1),
	(817,1,699,1,1822679170,'2012-08-18 11:36:14','http://www.google.com/url?url=www.armoniesaporidelfriuli.it',1),
	(818,1,700,1,1822679170,'2012-08-18 11:36:23','http://www.google.com/url?url=www.armoniesaporidelfriuli.it',1),
	(819,1,701,1,1822679170,'2012-08-18 11:36:28','http://www.google.com/url?url=www.armoniesaporidelfriuli.it',1),
	(820,1,702,59,1822679170,'2012-08-18 11:36:32','http://www.google.com/url?url=www.armoniesaporidelfriuli.it',1),
	(821,1,703,3,1822679170,'2012-08-18 11:36:52','http://www.google.com/url?url=www.armoniesaporidelfriuli.it',1),
	(822,1,704,3,1822679170,'2012-08-18 11:37:20','http://www.google.com/url?url=www.armoniesaporidelfriuli.it',1),
	(823,1,705,1,1089909282,'2012-08-18 22:29:23','http://whois.domaintools.com/armoniesaporidelfriuli.it',1),
	(824,1,706,1,1089911594,'2012-08-18 22:36:33','http://whois.domaintools.com/armoniesaporidelfriuli.com',1),
	(825,1,707,1,2917940186,'2012-08-19 11:43:41','http://www.google.com/url?url=www.armoniesaporidelfriuli.it',1),
	(826,1,708,1,2917940186,'2012-08-19 11:43:48','http://www.google.com/url?url=www.armoniesaporidelfriuli.it',1),
	(827,1,709,1,2917940186,'2012-08-19 11:43:52','http://www.google.com/url?url=www.armoniesaporidelfriuli.it',1),
	(828,1,710,59,2917940186,'2012-08-19 11:43:55','http://www.google.com/url?url=www.armoniesaporidelfriuli.it',1),
	(829,1,711,3,2917940186,'2012-08-19 11:44:10','http://www.google.com/url?url=www.armoniesaporidelfriuli.it',1),
	(830,1,712,3,2917940186,'2012-08-19 11:44:29','http://www.google.com/url?url=www.armoniesaporidelfriuli.it',1),
	(831,1,713,1,3097150554,'2012-08-20 11:44:31','http://www.google.com/url?url=www.armoniesaporidelfriuli.it',1),
	(832,1,714,1,3097150554,'2012-08-20 11:44:38','http://www.google.com/url?url=www.armoniesaporidelfriuli.it',1),
	(833,1,715,1,3097150554,'2012-08-20 11:44:42','http://www.google.com/url?url=www.armoniesaporidelfriuli.it',1),
	(834,1,716,59,3097150554,'2012-08-20 11:44:45','http://www.google.com/url?url=www.armoniesaporidelfriuli.it',1),
	(835,1,717,3,3097150554,'2012-08-20 11:44:57','http://www.google.com/url?url=www.armoniesaporidelfriuli.it',1),
	(836,1,718,3,3097150554,'2012-08-20 11:45:16','http://www.google.com/url?url=www.armoniesaporidelfriuli.it',1),
	(837,1,719,1,1138572176,'2012-08-20 18:25:08','',1),
	(838,1,720,1,3097142458,'2012-08-21 11:36:11','http://www.google.com/url?url=www.armoniesaporidelfriuli.it',1),
	(839,1,721,1,3097142458,'2012-08-21 11:36:17','http://www.google.com/url?url=www.armoniesaporidelfriuli.it',1),
	(840,1,722,1,3097142458,'2012-08-21 11:36:20','http://www.google.com/url?url=www.armoniesaporidelfriuli.it',1),
	(841,1,723,59,3097142458,'2012-08-21 11:36:23','http://www.google.com/url?url=www.armoniesaporidelfriuli.it',1),
	(842,1,724,3,3097142458,'2012-08-21 11:36:36','http://www.google.com/url?url=www.armoniesaporidelfriuli.it',1),
	(843,1,725,3,3097142458,'2012-08-21 11:36:58','http://www.google.com/url?url=www.armoniesaporidelfriuli.it',1),
	(844,1,726,1,1598114442,'2012-08-22 05:03:42','',1),
	(845,1,727,1,3097142458,'2012-08-22 11:53:23','http://www.google.com/url?url=www.armoniesaporidelfriuli.it',1),
	(846,1,728,1,3097142458,'2012-08-22 11:53:31','http://www.google.com/url?url=www.armoniesaporidelfriuli.it',1),
	(847,1,729,1,3097142458,'2012-08-22 11:53:36','http://www.google.com/url?url=www.armoniesaporidelfriuli.it',1),
	(848,1,730,59,3097142458,'2012-08-22 11:53:40','http://www.google.com/url?url=www.armoniesaporidelfriuli.it',1),
	(849,1,731,3,3097142458,'2012-08-22 11:53:56','http://www.google.com/url?url=www.armoniesaporidelfriuli.it',1),
	(850,1,732,3,3097142458,'2012-08-22 11:54:19','http://www.google.com/url?url=www.armoniesaporidelfriuli.it',1),
	(851,1,733,1,1822679170,'2012-08-23 11:32:18','http://www.google.com/url?url=www.armoniesaporidelfriuli.it',1),
	(852,1,734,1,1822679170,'2012-08-23 11:32:26','http://www.google.com/url?url=www.armoniesaporidelfriuli.it',1),
	(853,1,735,1,1822679170,'2012-08-23 11:32:29','http://www.google.com/url?url=www.armoniesaporidelfriuli.it',1),
	(854,1,736,59,1822679170,'2012-08-23 11:32:33','http://www.google.com/url?url=www.armoniesaporidelfriuli.it',1),
	(855,1,737,3,1822679170,'2012-08-23 11:32:48','http://www.google.com/url?url=www.armoniesaporidelfriuli.it',1),
	(856,1,738,3,1822679170,'2012-08-23 11:33:11','http://www.google.com/url?url=www.armoniesaporidelfriuli.it',1),
	(857,1,739,1,3097150554,'2012-08-24 11:39:05','http://www.google.com/url?url=www.armoniesaporidelfriuli.it',1),
	(858,1,740,1,3097150554,'2012-08-24 11:39:15','http://www.google.com/url?url=www.armoniesaporidelfriuli.it',1),
	(859,1,741,1,3097150554,'2012-08-24 11:39:20','http://www.google.com/url?url=www.armoniesaporidelfriuli.it',1),
	(860,1,742,59,3097150554,'2012-08-24 11:39:24','http://www.google.com/url?url=www.armoniesaporidelfriuli.it',1),
	(861,1,743,3,3097150554,'2012-08-24 11:39:40','http://www.google.com/url?url=www.armoniesaporidelfriuli.it',1),
	(862,1,744,3,3097150554,'2012-08-24 11:40:01','http://www.google.com/url?url=www.armoniesaporidelfriuli.it',1),
	(863,1,745,38,3475950808,'2012-08-25 05:22:10','',1),
	(864,1,746,1,1822679170,'2012-08-25 11:43:19','http://www.google.com/url?url=www.armoniesaporidelfriuli.it',1),
	(865,1,747,1,1822679170,'2012-08-25 11:43:25','http://www.google.com/url?url=www.armoniesaporidelfriuli.it',1),
	(866,1,748,1,1822679170,'2012-08-25 11:43:30','http://www.google.com/url?url=www.armoniesaporidelfriuli.it',1),
	(867,1,749,59,1822679170,'2012-08-25 11:43:33','http://www.google.com/url?url=www.armoniesaporidelfriuli.it',1),
	(868,1,750,3,1822679170,'2012-08-25 11:43:47','http://www.google.com/url?url=www.armoniesaporidelfriuli.it',1),
	(869,1,751,3,1822679170,'2012-08-25 11:44:05','http://www.google.com/url?url=www.armoniesaporidelfriuli.it',1),
	(870,1,752,1,1822679170,'2012-08-26 11:52:56','http://www.google.com/url?url=www.armoniesaporidelfriuli.it',1),
	(871,1,753,1,1822679170,'2012-08-26 11:53:02','http://www.google.com/url?url=www.armoniesaporidelfriuli.it',1),
	(872,1,754,1,1822679170,'2012-08-26 11:53:05','http://www.google.com/url?url=www.armoniesaporidelfriuli.it',1),
	(873,1,755,59,1822679170,'2012-08-26 11:53:08','http://www.google.com/url?url=www.armoniesaporidelfriuli.it',1),
	(874,1,756,3,1822679170,'2012-08-26 11:53:22','http://www.google.com/url?url=www.armoniesaporidelfriuli.it',1),
	(875,1,757,3,1822679170,'2012-08-26 11:53:43','http://www.google.com/url?url=www.armoniesaporidelfriuli.it',1),
	(876,1,758,44,2637716950,'2012-08-27 02:35:15','',1),
	(877,1,759,51,2637716950,'2012-08-27 10:30:11','',1),
	(878,1,760,1,1822679170,'2012-08-27 19:25:06','http://www.google.com/url?url=www.armoniesaporidelfriuli.it',1),
	(879,1,761,1,1822679170,'2012-08-27 19:25:13','http://www.google.com/url?url=www.armoniesaporidelfriuli.it',1),
	(880,1,762,1,1822679170,'2012-08-27 19:25:17','http://www.google.com/url?url=www.armoniesaporidelfriuli.it',1),
	(881,1,763,59,1822679170,'2012-08-27 19:25:20','http://www.google.com/url?url=www.armoniesaporidelfriuli.it',1),
	(882,1,764,3,1822679170,'2012-08-27 19:25:34','http://www.google.com/url?url=www.armoniesaporidelfriuli.it',1),
	(883,1,765,3,1822679170,'2012-08-27 19:25:56','http://www.google.com/url?url=www.armoniesaporidelfriuli.it',1),
	(884,1,766,51,3475950762,'2012-08-27 20:39:51','',1),
	(885,1,767,1,2917940186,'2012-08-28 11:38:43','http://www.google.com/url?url=www.armoniesaporidelfriuli.it',1),
	(886,1,768,1,2917940186,'2012-08-28 11:38:52','http://www.google.com/url?url=www.armoniesaporidelfriuli.it',1),
	(887,1,769,1,2917940186,'2012-08-28 11:38:57','http://www.google.com/url?url=www.armoniesaporidelfriuli.it',1),
	(888,1,770,59,2917940186,'2012-08-28 11:39:02','http://www.google.com/url?url=www.armoniesaporidelfriuli.it',1),
	(889,1,771,3,2917940186,'2012-08-28 11:39:18','http://www.google.com/url?url=www.armoniesaporidelfriuli.it',1),
	(890,1,772,3,2917940186,'2012-08-28 11:39:45','http://www.google.com/url?url=www.armoniesaporidelfriuli.it',1),
	(891,1,773,38,1093955400,'2012-08-28 11:54:20','',1),
	(892,1,774,1,1138015386,'2012-08-29 11:34:58','http://www.google.com/url?url=www.armoniesaporidelfriuli.it',1),
	(893,1,775,1,1138015386,'2012-08-29 11:35:11','http://www.google.com/url?url=www.armoniesaporidelfriuli.it',1),
	(894,1,776,1,1138015386,'2012-08-29 11:35:15','http://www.google.com/url?url=www.armoniesaporidelfriuli.it',1),
	(895,1,777,59,1138015386,'2012-08-29 11:35:20','http://www.google.com/url?url=www.armoniesaporidelfriuli.it',1),
	(896,1,778,3,1138015386,'2012-08-29 11:35:37','http://www.google.com/url?url=www.armoniesaporidelfriuli.it',1),
	(897,1,779,3,1138015386,'2012-08-29 11:36:02','http://www.google.com/url?url=www.armoniesaporidelfriuli.it',1),
	(898,1,780,1,3097150554,'2012-08-30 11:30:32','http://www.google.com/url?url=www.armoniesaporidelfriuli.it',1),
	(899,1,781,1,3097150554,'2012-08-30 11:30:44','http://www.google.com/url?url=www.armoniesaporidelfriuli.it',1),
	(900,1,782,1,3097150554,'2012-08-30 11:30:51','http://www.google.com/url?url=www.armoniesaporidelfriuli.it',1),
	(901,1,783,59,3097150554,'2012-08-30 11:30:57','http://www.google.com/url?url=www.armoniesaporidelfriuli.it',1),
	(902,1,784,3,3097150554,'2012-08-30 11:31:17','http://www.google.com/url?url=www.armoniesaporidelfriuli.it',1),
	(903,1,785,3,3097150554,'2012-08-30 11:31:43','http://www.google.com/url?url=www.armoniesaporidelfriuli.it',1),
	(904,1,786,1,1089906070,'2012-08-30 19:50:14','http://whois.domaintools.com/armoniesaporidelfriuli.it',1),
	(905,1,787,1,1089906060,'2012-08-30 19:51:32','http://whois.domaintools.com/armoniesaporidelfriuli.com',1),
	(906,1,788,1,2917940186,'2012-08-31 11:34:47','http://www.google.com/url?url=www.armoniesaporidelfriuli.it',1),
	(907,1,789,1,2917940186,'2012-08-31 11:34:57','http://www.google.com/url?url=www.armoniesaporidelfriuli.it',1),
	(908,1,790,1,2917940186,'2012-08-31 11:35:02','http://www.google.com/url?url=www.armoniesaporidelfriuli.it',1),
	(909,1,791,59,2917940186,'2012-08-31 11:35:07','http://www.google.com/url?url=www.armoniesaporidelfriuli.it',1),
	(910,1,792,3,2917940186,'2012-08-31 11:35:26','http://www.google.com/url?url=www.armoniesaporidelfriuli.it',1),
	(911,1,793,3,2917940186,'2012-08-31 11:35:54','http://www.google.com/url?url=www.armoniesaporidelfriuli.it',1),
	(912,1,794,1,3097142458,'2012-09-01 11:38:07','http://www.google.com/url?url=www.armoniesaporidelfriuli.it',1),
	(913,1,795,1,3097142458,'2012-09-01 11:38:17','http://www.google.com/url?url=www.armoniesaporidelfriuli.it',1),
	(914,1,796,1,3097142458,'2012-09-01 11:38:21','http://www.google.com/url?url=www.armoniesaporidelfriuli.it',1),
	(915,1,797,59,3097142458,'2012-09-01 11:38:27','http://www.google.com/url?url=www.armoniesaporidelfriuli.it',1),
	(916,1,798,3,3097142458,'2012-09-01 11:38:49','http://www.google.com/url?url=www.armoniesaporidelfriuli.it',1),
	(917,1,799,3,3097142458,'2012-09-01 11:39:20','http://www.google.com/url?url=www.armoniesaporidelfriuli.it',1),
	(918,1,800,1,2938769340,'2012-09-02 09:08:56','',1),
	(919,1,801,1,2917940186,'2012-09-02 11:31:54','http://www.google.com/url?url=www.armoniesaporidelfriuli.it',1),
	(920,1,802,1,2917940186,'2012-09-02 11:32:05','http://www.google.com/url?url=www.armoniesaporidelfriuli.it',1),
	(921,1,803,1,2917940186,'2012-09-02 11:32:10','http://www.google.com/url?url=www.armoniesaporidelfriuli.it',1),
	(922,1,804,59,2917940186,'2012-09-02 11:32:15','http://www.google.com/url?url=www.armoniesaporidelfriuli.it',1),
	(923,1,805,3,2917940186,'2012-09-02 11:32:34','http://www.google.com/url?url=www.armoniesaporidelfriuli.it',1),
	(924,1,806,3,2917940186,'2012-09-02 11:33:01','http://www.google.com/url?url=www.armoniesaporidelfriuli.it',1),
	(925,1,807,1,1822679170,'2012-09-03 11:31:38','http://www.google.com/url?url=www.armoniesaporidelfriuli.it',1),
	(926,1,808,1,1822679170,'2012-09-03 11:31:45','http://www.google.com/url?url=www.armoniesaporidelfriuli.it',1),
	(927,1,809,1,1822679170,'2012-09-03 11:31:49','http://www.google.com/url?url=www.armoniesaporidelfriuli.it',1),
	(928,1,810,59,1822679170,'2012-09-03 11:31:54','http://www.google.com/url?url=www.armoniesaporidelfriuli.it',1),
	(929,1,811,3,1822679170,'2012-09-03 11:32:14','http://www.google.com/url?url=www.armoniesaporidelfriuli.it',1),
	(930,1,812,3,1822679170,'2012-09-03 11:32:43','http://www.google.com/url?url=www.armoniesaporidelfriuli.it',1),
	(931,1,813,1,1822679170,'2012-09-04 11:48:07','http://www.google.com/url?url=www.armoniesaporidelfriuli.it',1),
	(932,1,814,1,1822679170,'2012-09-04 11:48:16','http://www.google.com/url?url=www.armoniesaporidelfriuli.it',1),
	(933,1,815,1,1822679170,'2012-09-04 11:48:20','http://www.google.com/url?url=www.armoniesaporidelfriuli.it',1),
	(934,1,816,59,1822679170,'2012-09-04 11:48:27','http://www.google.com/url?url=www.armoniesaporidelfriuli.it',1),
	(935,1,817,3,1822679170,'2012-09-04 11:48:51','http://www.google.com/url?url=www.armoniesaporidelfriuli.it',1),
	(936,1,818,3,1822679170,'2012-09-04 11:49:26','http://www.google.com/url?url=www.armoniesaporidelfriuli.it',1),
	(937,1,819,59,1822679170,'2012-09-04 11:52:12','http://www.google.com/url?url=www.armoniesaporidelfriuli.it',1),
	(938,1,820,3,1822679170,'2012-09-04 11:53:17','http://www.google.com/url?url=www.armoniesaporidelfriuli.it',1),
	(939,1,821,59,1822679170,'2012-09-04 11:55:27','http://www.google.com/url?url=www.armoniesaporidelfriuli.it',1),
	(940,1,822,58,1822679170,'2012-09-04 12:01:55','http://www.google.com/url?url=www.armoniesaporidelfriuli.it',1),
	(941,1,823,59,1822679170,'2012-09-04 12:02:52','http://www.google.com/url?url=www.armoniesaporidelfriuli.it',1),
	(942,1,824,44,1325854389,'2012-09-04 17:47:28','http://www.google.it/url?sa=t&rct=j&q=&esrc=s&frm=1&source=web&cd=6&cad=rja&sqi=2&ved=0CEwQFjAF&url=http%3A%2F%2Fwww.armoniesaporidelfriuli.it%2Fen%2F16-udine-delle-antiche-osterie-del-tiepolo.html&ei=TiJGUJvRHI_LswbW-oHgDA&usg=AFQjCNFAhS3M_A6I4hCPT_afDov',1),
	(943,1,825,1,3097150554,'2012-09-05 22:26:50','http://www.google.com/url?url=www.armoniesaporidelfriuli.it',1),
	(944,1,826,1,3097150554,'2012-09-05 22:26:59','http://www.google.com/url?url=www.armoniesaporidelfriuli.it',1),
	(945,1,827,1,3097150554,'2012-09-05 22:27:04','http://www.google.com/url?url=www.armoniesaporidelfriuli.it',1),
	(946,1,828,59,3097150554,'2012-09-05 22:27:09','http://www.google.com/url?url=www.armoniesaporidelfriuli.it',1),
	(947,1,829,3,3097150554,'2012-09-05 22:27:23','http://www.google.com/url?url=www.armoniesaporidelfriuli.it',1),
	(948,1,830,3,3097150554,'2012-09-05 22:27:40','http://www.google.com/url?url=www.armoniesaporidelfriuli.it',1),
	(949,1,831,1,3097142458,'2012-09-06 11:43:44','http://www.google.com/url?url=www.armoniesaporidelfriuli.it',1),
	(950,1,832,1,3097142458,'2012-09-06 11:43:49','http://www.google.com/url?url=www.armoniesaporidelfriuli.it',1),
	(951,1,833,1,3097142458,'2012-09-06 11:43:52','http://www.google.com/url?url=www.armoniesaporidelfriuli.it',1),
	(952,1,834,59,3097142458,'2012-09-06 11:43:56','http://www.google.com/url?url=www.armoniesaporidelfriuli.it',1),
	(953,1,835,3,3097142458,'2012-09-06 11:44:10','http://www.google.com/url?url=www.armoniesaporidelfriuli.it',1),
	(954,1,836,3,3097142458,'2012-09-06 11:44:31','http://www.google.com/url?url=www.armoniesaporidelfriuli.it',1),
	(955,1,837,1,2938780316,'2012-09-06 13:02:25','',1),
	(956,1,838,42,1094136930,'2012-09-06 23:21:53','',1),
	(957,1,839,1,1822679170,'2012-09-07 11:35:49','http://www.google.com/url?url=www.armoniesaporidelfriuli.it',1),
	(958,1,840,1,1822679170,'2012-09-07 11:35:55','http://www.google.com/url?url=www.armoniesaporidelfriuli.it',1),
	(959,1,841,1,1822679170,'2012-09-07 11:35:59','http://www.google.com/url?url=www.armoniesaporidelfriuli.it',1),
	(960,1,842,59,1822679170,'2012-09-07 11:36:01','http://www.google.com/url?url=www.armoniesaporidelfriuli.it',1),
	(961,1,843,3,1822679170,'2012-09-07 11:36:13','http://www.google.com/url?url=www.armoniesaporidelfriuli.it',1),
	(962,1,844,3,1822679170,'2012-09-07 11:36:31','http://www.google.com/url?url=www.armoniesaporidelfriuli.it',1),
	(963,1,845,1,1822679170,'2012-09-08 11:38:18','http://www.google.com/url?url=www.armoniesaporidelfriuli.it',1),
	(964,1,846,1,1822679170,'2012-09-08 11:38:25','http://www.google.com/url?url=www.armoniesaporidelfriuli.it',1),
	(965,1,847,1,1822679170,'2012-09-08 11:38:29','http://www.google.com/url?url=www.armoniesaporidelfriuli.it',1),
	(966,1,848,59,1822679170,'2012-09-08 11:38:32','http://www.google.com/url?url=www.armoniesaporidelfriuli.it',1),
	(967,1,849,3,1822679170,'2012-09-08 11:38:47','http://www.google.com/url?url=www.armoniesaporidelfriuli.it',1),
	(968,1,850,3,1822679170,'2012-09-08 11:39:09','http://www.google.com/url?url=www.armoniesaporidelfriuli.it',1),
	(969,1,851,53,2637656271,'2012-09-08 12:31:41','',1),
	(970,1,852,1,1822679170,'2012-09-09 11:49:31','http://www.google.com/url?url=www.armoniesaporidelfriuli.it',1),
	(971,1,853,1,1822679170,'2012-09-09 11:49:36','http://www.google.com/url?url=www.armoniesaporidelfriuli.it',1),
	(972,1,854,1,1822679170,'2012-09-09 11:49:39','http://www.google.com/url?url=www.armoniesaporidelfriuli.it',1),
	(973,1,855,59,1822679170,'2012-09-09 11:49:41','http://www.google.com/url?url=www.armoniesaporidelfriuli.it',1),
	(974,1,856,3,1822679170,'2012-09-09 11:49:53','http://www.google.com/url?url=www.armoniesaporidelfriuli.it',1),
	(975,1,857,3,1822679170,'2012-09-09 11:50:13','http://www.google.com/url?url=www.armoniesaporidelfriuli.it',1),
	(976,1,858,1,1202818395,'2012-09-09 23:57:16','',1),
	(977,1,859,1,1138015386,'2012-09-10 11:39:05','http://www.google.com/url?url=www.armoniesaporidelfriuli.it',1),
	(978,1,860,1,1138015386,'2012-09-10 11:39:19','http://www.google.com/url?url=www.armoniesaporidelfriuli.it',1),
	(979,1,861,1,1138015386,'2012-09-10 11:39:26','http://www.google.com/url?url=www.armoniesaporidelfriuli.it',1),
	(980,1,862,59,1138015386,'2012-09-10 11:39:31','http://www.google.com/url?url=www.armoniesaporidelfriuli.it',1),
	(981,1,863,3,1138015386,'2012-09-10 11:39:46','http://www.google.com/url?url=www.armoniesaporidelfriuli.it',1),
	(982,1,864,3,1138015386,'2012-09-10 11:40:04','http://www.google.com/url?url=www.armoniesaporidelfriuli.it',1),
	(983,1,865,38,2637631580,'2012-09-11 03:43:42','',1),
	(984,1,866,1,644043455,'2012-09-11 10:34:47','',1),
	(985,1,867,1,644043455,'2012-09-11 11:02:17','',1),
	(986,1,868,1,1822679170,'2012-09-11 22:09:19','http://www.google.com/url?url=www.armoniesaporidelfriuli.it',1),
	(987,1,869,1,1822679170,'2012-09-11 22:09:24','http://www.google.com/url?url=www.armoniesaporidelfriuli.it',1),
	(988,1,870,1,1822679170,'2012-09-11 22:09:27','http://www.google.com/url?url=www.armoniesaporidelfriuli.it',1),
	(989,1,871,59,1822679170,'2012-09-11 22:09:31','http://www.google.com/url?url=www.armoniesaporidelfriuli.it',1),
	(990,1,872,3,1822679170,'2012-09-11 22:09:45','http://www.google.com/url?url=www.armoniesaporidelfriuli.it',1),
	(991,1,873,3,1822679170,'2012-09-11 22:10:04','http://www.google.com/url?url=www.armoniesaporidelfriuli.it',1),
	(992,1,874,1,1089905930,'2012-09-11 22:48:24','http://whois.domaintools.com/armoniesaporidelfriuli.it',1),
	(993,1,875,1,1089905970,'2012-09-11 22:56:55','http://whois.domaintools.com/armoniesaporidelfriuli.com',1),
	(994,1,876,1,2917940186,'2012-09-12 11:36:24','http://www.google.com/url?url=www.armoniesaporidelfriuli.it',1),
	(995,1,877,1,2917940186,'2012-09-12 11:36:33','http://www.google.com/url?url=www.armoniesaporidelfriuli.it',1),
	(996,1,878,1,2917940186,'2012-09-12 11:36:38','http://www.google.com/url?url=www.armoniesaporidelfriuli.it',1),
	(997,1,879,59,2917940186,'2012-09-12 11:36:40','http://www.google.com/url?url=www.armoniesaporidelfriuli.it',1),
	(998,1,880,3,2917940186,'2012-09-12 11:36:53','http://www.google.com/url?url=www.armoniesaporidelfriuli.it',1),
	(999,1,881,3,2917940186,'2012-09-12 11:37:11','http://www.google.com/url?url=www.armoniesaporidelfriuli.it',1),
	(1000,1,882,1,3097142458,'2012-09-13 13:29:32','http://www.google.com/url?url=www.armoniesaporidelfriuli.it',1),
	(1001,1,883,1,3097142458,'2012-09-13 13:29:37','http://www.google.com/url?url=www.armoniesaporidelfriuli.it',1),
	(1002,1,884,1,3097142458,'2012-09-13 13:29:41','http://www.google.com/url?url=www.armoniesaporidelfriuli.it',1),
	(1003,1,885,59,3097142458,'2012-09-13 13:29:45','http://www.google.com/url?url=www.armoniesaporidelfriuli.it',1),
	(1004,1,886,3,3097142458,'2012-09-13 13:29:58','http://www.google.com/url?url=www.armoniesaporidelfriuli.it',1),
	(1005,1,887,3,3097142458,'2012-09-13 13:30:20','http://www.google.com/url?url=www.armoniesaporidelfriuli.it',1),
	(1006,1,888,1,1244984722,'2012-09-14 22:31:28','',1),
	(1007,1,889,1,3097142458,'2012-09-15 03:51:32','http://www.google.com/url?url=www.armoniesaporidelfriuli.it',1),
	(1008,1,890,1,3097142458,'2012-09-15 03:51:39','http://www.google.com/url?url=www.armoniesaporidelfriuli.it',1),
	(1009,1,891,1,3097142458,'2012-09-15 03:51:42','http://www.google.com/url?url=www.armoniesaporidelfriuli.it',1),
	(1010,1,892,59,3097142458,'2012-09-15 03:51:45','http://www.google.com/url?url=www.armoniesaporidelfriuli.it',1),
	(1011,1,893,3,3097142458,'2012-09-15 03:51:57','http://www.google.com/url?url=www.armoniesaporidelfriuli.it',1),
	(1012,1,894,3,3097142458,'2012-09-15 03:52:16','http://www.google.com/url?url=www.armoniesaporidelfriuli.it',1),
	(1013,1,895,1,1822679170,'2012-09-15 13:38:19','http://www.google.com/url?url=www.armoniesaporidelfriuli.it',1),
	(1014,1,896,1,1822679170,'2012-09-15 13:38:24','http://www.google.com/url?url=www.armoniesaporidelfriuli.it',1),
	(1015,1,897,1,1822679170,'2012-09-15 13:38:27','http://www.google.com/url?url=www.armoniesaporidelfriuli.it',1),
	(1016,1,898,59,1822679170,'2012-09-15 13:38:30','http://www.google.com/url?url=www.armoniesaporidelfriuli.it',1),
	(1017,1,899,3,1822679170,'2012-09-15 13:38:42','http://www.google.com/url?url=www.armoniesaporidelfriuli.it',1),
	(1018,1,900,3,1822679170,'2012-09-15 13:38:58','http://www.google.com/url?url=www.armoniesaporidelfriuli.it',1),
	(1019,1,901,44,2637656266,'2012-09-15 14:40:54','',1),
	(1020,1,902,1,2292779530,'2012-09-16 05:45:47','',1),
	(1021,1,903,43,1504364900,'2012-09-16 08:57:35','',1),
	(1022,1,904,1,3097142458,'2012-09-16 11:38:29','http://www.google.com/url?url=www.armoniesaporidelfriuli.it',1),
	(1023,1,905,1,3097142458,'2012-09-16 11:38:37','http://www.google.com/url?url=www.armoniesaporidelfriuli.it',1),
	(1024,1,906,1,3097142458,'2012-09-16 11:38:40','http://www.google.com/url?url=www.armoniesaporidelfriuli.it',1),
	(1025,1,907,59,3097142458,'2012-09-16 11:38:44','http://www.google.com/url?url=www.armoniesaporidelfriuli.it',1),
	(1026,1,908,3,3097142458,'2012-09-16 11:38:57','http://www.google.com/url?url=www.armoniesaporidelfriuli.it',1),
	(1027,1,909,3,3097142458,'2012-09-16 11:39:15','http://www.google.com/url?url=www.armoniesaporidelfriuli.it',1),
	(1028,1,910,1,3097142458,'2012-09-17 11:36:20','http://www.google.com/url?url=www.armoniesaporidelfriuli.it',1),
	(1029,1,911,1,3097142458,'2012-09-17 11:36:27','http://www.google.com/url?url=www.armoniesaporidelfriuli.it',1),
	(1030,1,912,1,3097142458,'2012-09-17 11:36:30','http://www.google.com/url?url=www.armoniesaporidelfriuli.it',1),
	(1031,1,913,59,3097142458,'2012-09-17 11:36:33','http://www.google.com/url?url=www.armoniesaporidelfriuli.it',1),
	(1032,1,914,3,3097142458,'2012-09-17 11:36:46','http://www.google.com/url?url=www.armoniesaporidelfriuli.it',1),
	(1033,1,915,3,3097142458,'2012-09-17 11:37:02','http://www.google.com/url?url=www.armoniesaporidelfriuli.it',1),
	(1034,1,916,48,2637716964,'2012-09-18 00:50:31','',1),
	(1035,1,917,1,1094176801,'2012-09-18 03:53:00','',1),
	(1036,1,918,1,3097150554,'2012-09-18 11:39:57','http://www.google.com/url?url=www.armoniesaporidelfriuli.it',1),
	(1037,1,919,1,3097150554,'2012-09-18 11:40:07','http://www.google.com/url?url=www.armoniesaporidelfriuli.it',1),
	(1038,1,920,1,3097150554,'2012-09-18 11:40:11','http://www.google.com/url?url=www.armoniesaporidelfriuli.it',1),
	(1039,1,921,59,3097150554,'2012-09-18 11:40:15','http://www.google.com/url?url=www.armoniesaporidelfriuli.it',1),
	(1040,1,922,3,3097150554,'2012-09-18 11:40:29','http://www.google.com/url?url=www.armoniesaporidelfriuli.it',1),
	(1041,1,923,3,3097150554,'2012-09-18 11:40:47','http://www.google.com/url?url=www.armoniesaporidelfriuli.it',1),
	(1042,1,924,1,3097150554,'2012-09-19 11:33:18','http://www.google.com/url?url=www.armoniesaporidelfriuli.it',1),
	(1043,1,925,1,3097150554,'2012-09-19 11:33:26','http://www.google.com/url?url=www.armoniesaporidelfriuli.it',1),
	(1044,1,926,1,3097150554,'2012-09-19 11:33:30','http://www.google.com/url?url=www.armoniesaporidelfriuli.it',1),
	(1045,1,927,59,3097150554,'2012-09-19 11:33:33','http://www.google.com/url?url=www.armoniesaporidelfriuli.it',1),
	(1046,1,928,3,3097150554,'2012-09-19 11:33:46','http://www.google.com/url?url=www.armoniesaporidelfriuli.it',1),
	(1047,1,929,3,3097150554,'2012-09-19 11:34:03','http://www.google.com/url?url=www.armoniesaporidelfriuli.it',1),
	(1048,1,930,1,1822679170,'2012-09-20 11:39:31','http://www.google.com/url?url=www.armoniesaporidelfriuli.it',1),
	(1049,1,931,1,1822679170,'2012-09-20 11:39:36','http://www.google.com/url?url=www.armoniesaporidelfriuli.it',1),
	(1050,1,932,1,1822679170,'2012-09-20 11:39:39','http://www.google.com/url?url=www.armoniesaporidelfriuli.it',1),
	(1051,1,933,59,1822679170,'2012-09-20 11:39:42','http://www.google.com/url?url=www.armoniesaporidelfriuli.it',1),
	(1052,1,934,3,1822679170,'2012-09-20 11:39:55','http://www.google.com/url?url=www.armoniesaporidelfriuli.it',1),
	(1053,1,935,3,1822679170,'2012-09-20 11:40:12','http://www.google.com/url?url=www.armoniesaporidelfriuli.it',1),
	(1054,1,936,1,3097142458,'2012-09-21 11:39:37','http://www.google.com/url?url=www.armoniesaporidelfriuli.it',1),
	(1055,1,937,1,3097142458,'2012-09-21 11:39:44','http://www.google.com/url?url=www.armoniesaporidelfriuli.it',1),
	(1056,1,938,1,3097142458,'2012-09-21 11:39:47','http://www.google.com/url?url=www.armoniesaporidelfriuli.it',1),
	(1057,1,939,59,3097142458,'2012-09-21 11:39:50','http://www.google.com/url?url=www.armoniesaporidelfriuli.it',1),
	(1058,1,940,3,3097142458,'2012-09-21 11:40:04','http://www.google.com/url?url=www.armoniesaporidelfriuli.it',1),
	(1059,1,941,3,3097142458,'2012-09-21 11:40:25','http://www.google.com/url?url=www.armoniesaporidelfriuli.it',1),
	(1060,1,942,59,1094176980,'2012-09-21 20:07:00','',1),
	(1061,1,943,1,1822679170,'2012-09-22 11:34:27','http://www.google.com/url?url=www.armoniesaporidelfriuli.it',1),
	(1062,1,944,1,1822679170,'2012-09-22 11:34:35','http://www.google.com/url?url=www.armoniesaporidelfriuli.it',1),
	(1063,1,945,1,1822679170,'2012-09-22 11:34:39','http://www.google.com/url?url=www.armoniesaporidelfriuli.it',1),
	(1064,1,946,59,1822679170,'2012-09-22 11:34:42','http://www.google.com/url?url=www.armoniesaporidelfriuli.it',1),
	(1065,1,947,3,1822679170,'2012-09-22 11:34:55','http://www.google.com/url?url=www.armoniesaporidelfriuli.it',1),
	(1066,1,948,3,1822679170,'2012-09-22 11:35:13','http://www.google.com/url?url=www.armoniesaporidelfriuli.it',1),
	(1067,1,949,59,46173008,'2012-09-22 13:15:24','http://www.google.it/url?sa=t&rct=j&q=&esrc=s&source=web&cd=5&ved=0CDoQFjAE&url=http%3A%2F%2Fwww.armoniesaporidelfriuli.it%2Fevent%2F&ei=u51dUOmEO6zQ4QTcyIDgAg&usg=AFQjCNHUepYjMOCrOCeXUEaywhKdMCi0lw&sig2=ll5reLcWcyH1UGP8Te-gEQ',1),
	(1068,1,950,1,2917940186,'2012-09-23 11:46:11','http://www.google.com/url?url=www.armoniesaporidelfriuli.it',1),
	(1069,1,951,1,2917940186,'2012-09-23 11:46:19','http://www.google.com/url?url=www.armoniesaporidelfriuli.it',1),
	(1070,1,952,1,2917940186,'2012-09-23 11:46:24','http://www.google.com/url?url=www.armoniesaporidelfriuli.it',1),
	(1071,1,953,59,2917940186,'2012-09-23 11:46:28','http://www.google.com/url?url=www.armoniesaporidelfriuli.it',1),
	(1072,1,954,3,2917940186,'2012-09-23 11:46:42','http://www.google.com/url?url=www.armoniesaporidelfriuli.it',1),
	(1073,1,955,3,2917940186,'2012-09-23 11:47:03','http://www.google.com/url?url=www.armoniesaporidelfriuli.it',1),
	(1074,1,956,1,1427730032,'2012-09-23 23:09:42','',1),
	(1075,1,957,1,3633385918,'2012-09-24 02:10:04','http://whois.domaintools.com/armoniesaporidelfriuli.it',1),
	(1076,1,958,1,3633385102,'2012-09-24 02:13:32','http://whois.domaintools.com/armoniesaporidelfriuli.com',1),
	(1077,1,959,1,1822679170,'2012-09-24 11:30:23','http://www.google.com/url?url=www.armoniesaporidelfriuli.it',1),
	(1078,1,960,1,1822679170,'2012-09-24 11:30:29','http://www.google.com/url?url=www.armoniesaporidelfriuli.it',1),
	(1079,1,961,1,1822679170,'2012-09-24 11:30:32','http://www.google.com/url?url=www.armoniesaporidelfriuli.it',1),
	(1080,1,962,59,1822679170,'2012-09-24 11:30:35','http://www.google.com/url?url=www.armoniesaporidelfriuli.it',1),
	(1081,1,963,3,1822679170,'2012-09-24 11:30:48','http://www.google.com/url?url=www.armoniesaporidelfriuli.it',1),
	(1082,1,964,3,1822679170,'2012-09-24 11:31:07','http://www.google.com/url?url=www.armoniesaporidelfriuli.it',1),
	(1083,1,965,53,1094177474,'2012-09-24 22:35:41','',1),
	(1084,1,966,1,3097150554,'2012-09-25 11:30:20','http://www.google.com/url?url=www.armoniesaporidelfriuli.it',1),
	(1085,1,967,1,3097150554,'2012-09-25 11:30:28','http://www.google.com/url?url=www.armoniesaporidelfriuli.it',1),
	(1086,1,968,1,3097150554,'2012-09-25 11:30:33','http://www.google.com/url?url=www.armoniesaporidelfriuli.it',1),
	(1087,1,969,59,3097150554,'2012-09-25 11:30:38','http://www.google.com/url?url=www.armoniesaporidelfriuli.it',1),
	(1088,1,970,3,3097150554,'2012-09-25 11:30:52','http://www.google.com/url?url=www.armoniesaporidelfriuli.it',1),
	(1089,1,971,3,3097150554,'2012-09-25 11:31:11','http://www.google.com/url?url=www.armoniesaporidelfriuli.it',1),
	(1090,1,972,1,3163188826,'2012-09-25 15:11:39','',1),
	(1091,1,973,1,1822679170,'2012-09-26 11:44:17','http://www.google.com/url?url=www.armoniesaporidelfriuli.it',1),
	(1092,1,974,1,1822679170,'2012-09-26 11:44:24','http://www.google.com/url?url=www.armoniesaporidelfriuli.it',1),
	(1093,1,975,1,1822679170,'2012-09-26 11:44:26','http://www.google.com/url?url=www.armoniesaporidelfriuli.it',1),
	(1094,1,976,59,1822679170,'2012-09-26 11:44:30','http://www.google.com/url?url=www.armoniesaporidelfriuli.it',1),
	(1095,1,977,3,1822679170,'2012-09-26 11:44:45','http://www.google.com/url?url=www.armoniesaporidelfriuli.it',1),
	(1096,1,978,3,1822679170,'2012-09-26 11:45:03','http://www.google.com/url?url=www.armoniesaporidelfriuli.it',1),
	(1097,1,979,1,3097142458,'2012-09-27 11:37:45','http://www.google.com/url?url=www.armoniesaporidelfriuli.it',1),
	(1098,1,980,1,3097142458,'2012-09-27 11:37:52','http://www.google.com/url?url=www.armoniesaporidelfriuli.it',1),
	(1099,1,981,1,3097142458,'2012-09-27 11:37:54','http://www.google.com/url?url=www.armoniesaporidelfriuli.it',1),
	(1100,1,982,59,3097142458,'2012-09-27 11:37:57','http://www.google.com/url?url=www.armoniesaporidelfriuli.it',1),
	(1101,1,983,3,3097142458,'2012-09-27 11:38:09','http://www.google.com/url?url=www.armoniesaporidelfriuli.it',1),
	(1102,1,984,3,3097142458,'2012-09-27 11:38:29','http://www.google.com/url?url=www.armoniesaporidelfriuli.it',1),
	(1103,1,985,1,2953408460,'2012-09-28 06:39:56','',1),
	(1104,1,986,1,1138015386,'2012-09-28 11:36:43','http://www.google.com/url?url=www.armoniesaporidelfriuli.it',1),
	(1105,1,987,1,1138015386,'2012-09-28 11:36:55','http://www.google.com/url?url=www.armoniesaporidelfriuli.it',1),
	(1106,1,988,1,1138015386,'2012-09-28 11:36:59','http://www.google.com/url?url=www.armoniesaporidelfriuli.it',1),
	(1107,1,989,59,1138015386,'2012-09-28 11:37:04','http://www.google.com/url?url=www.armoniesaporidelfriuli.it',1),
	(1108,1,990,3,1138015386,'2012-09-28 11:37:20','http://www.google.com/url?url=www.armoniesaporidelfriuli.it',1),
	(1109,1,991,3,1138015386,'2012-09-28 11:37:39','http://www.google.com/url?url=www.armoniesaporidelfriuli.it',1),
	(1110,1,992,47,1461211150,'2012-09-28 14:47:23','http://www.google.it/url?sa=t&rct=j&q=&esrc=s&frm=1&source=web&cd=35&ved=0CL4CEBYwIg&url=http%3A%2F%2Fwww.armoniesaporidelfriuli.it%2Fen%2F17-san-daniele-del-friuli-la-strada-dei-castelli-e-del-prosciutto.html&ei=BZxlUIWwJYjWtAbz6YCAAw&usg=AFQjCNGwMFgQ1y4',1),
	(1111,1,993,42,1461211150,'2012-09-28 14:47:28','http://www.google.it/url?sa=t&rct=j&q=&esrc=s&frm=1&source=web&cd=36&ved=0CMUCEBYwIw&url=http%3A%2F%2Fwww.armoniesaporidelfriuli.it%2Fit%2F11-sauris-incanto-dei-sapori.html&ei=BZxlUIWwJYjWtAbz6YCAAw&usg=AFQjCNE2zSPOp-deJz2pBHZFCnWuIE4vGw&sig2=kBM9mvnhqDjH',1),
	(1112,1,994,1,1822679170,'2012-09-29 11:35:52','http://www.google.com/url?url=www.armoniesaporidelfriuli.it',1),
	(1113,1,995,1,1822679170,'2012-09-29 11:35:58','http://www.google.com/url?url=www.armoniesaporidelfriuli.it',1),
	(1114,1,996,1,1822679170,'2012-09-29 11:36:02','http://www.google.com/url?url=www.armoniesaporidelfriuli.it',1),
	(1115,1,997,59,1822679170,'2012-09-29 11:36:05','http://www.google.com/url?url=www.armoniesaporidelfriuli.it',1),
	(1116,1,998,3,1822679170,'2012-09-29 11:36:19','http://www.google.com/url?url=www.armoniesaporidelfriuli.it',1),
	(1117,1,999,3,1822679170,'2012-09-29 11:36:36','http://www.google.com/url?url=www.armoniesaporidelfriuli.it',1),
	(1118,1,1000,1,1244984722,'2012-09-29 13:11:40','',1),
	(1119,1,1001,1,2292779530,'2012-09-30 01:48:12','',1),
	(1120,1,1002,1,3097150554,'2012-09-30 11:39:14','http://www.google.com/url?url=www.armoniesaporidelfriuli.it',1),
	(1121,1,1003,1,3097150554,'2012-09-30 11:39:24','http://www.google.com/url?url=www.armoniesaporidelfriuli.it',1),
	(1122,1,1004,1,3097150554,'2012-09-30 11:39:28','http://www.google.com/url?url=www.armoniesaporidelfriuli.it',1),
	(1123,1,1005,59,3097150554,'2012-09-30 11:39:32','http://www.google.com/url?url=www.armoniesaporidelfriuli.it',1),
	(1124,1,1006,3,3097150554,'2012-09-30 11:39:45','http://www.google.com/url?url=www.armoniesaporidelfriuli.it',1),
	(1125,1,1007,3,3097150554,'2012-09-30 11:40:03','http://www.google.com/url?url=www.armoniesaporidelfriuli.it',1),
	(1126,1,1008,1,1822679170,'2012-10-01 11:30:25','http://www.google.com/url?url=www.armoniesaporidelfriuli.it',1),
	(1127,1,1009,1,1822679170,'2012-10-01 11:30:31','http://www.google.com/url?url=www.armoniesaporidelfriuli.it',1),
	(1128,1,1010,1,1822679170,'2012-10-01 11:30:33','http://www.google.com/url?url=www.armoniesaporidelfriuli.it',1),
	(1129,1,1011,59,1822679170,'2012-10-01 11:30:36','http://www.google.com/url?url=www.armoniesaporidelfriuli.it',1),
	(1130,1,1012,3,1822679170,'2012-10-01 11:30:49','http://www.google.com/url?url=www.armoniesaporidelfriuli.it',1),
	(1131,1,1013,3,1822679170,'2012-10-01 11:31:06','http://www.google.com/url?url=www.armoniesaporidelfriuli.it',1),
	(1132,1,1014,1,1822679170,'2012-10-02 11:36:23','http://www.google.com/url?url=www.armoniesaporidelfriuli.it',1),
	(1133,1,1015,1,1822679170,'2012-10-02 11:36:38','http://www.google.com/url?url=www.armoniesaporidelfriuli.it',1),
	(1134,1,1016,1,1822679170,'2012-10-02 11:36:41','http://www.google.com/url?url=www.armoniesaporidelfriuli.it',1),
	(1135,1,1017,59,1822679170,'2012-10-02 11:36:44','http://www.google.com/url?url=www.armoniesaporidelfriuli.it',1),
	(1136,1,1018,3,1822679170,'2012-10-02 11:37:00','http://www.google.com/url?url=www.armoniesaporidelfriuli.it',1),
	(1137,1,1019,3,1822679170,'2012-10-02 11:37:24','http://www.google.com/url?url=www.armoniesaporidelfriuli.it',1),
	(1138,1,1020,1,840019510,'2012-10-03 06:01:20','',1),
	(1139,1,1021,1,3097142458,'2012-10-03 11:38:28','http://www.google.com/url?url=www.armoniesaporidelfriuli.it',1),
	(1140,1,1022,1,3097142458,'2012-10-03 11:38:36','http://www.google.com/url?url=www.armoniesaporidelfriuli.it',1),
	(1141,1,1023,1,3097142458,'2012-10-03 11:38:40','http://www.google.com/url?url=www.armoniesaporidelfriuli.it',1),
	(1142,1,1024,59,3097142458,'2012-10-03 11:38:44','http://www.google.com/url?url=www.armoniesaporidelfriuli.it',1),
	(1143,1,1025,3,3097142458,'2012-10-03 11:38:58','http://www.google.com/url?url=www.armoniesaporidelfriuli.it',1),
	(1144,1,1026,3,3097142458,'2012-10-03 11:39:15','http://www.google.com/url?url=www.armoniesaporidelfriuli.it',1),
	(1145,1,1027,1,1842258891,'2012-10-04 00:57:17','http://www.google.com',1),
	(1146,1,1028,1,3097150554,'2012-10-04 11:30:45','http://www.google.com/url?url=www.armoniesaporidelfriuli.it',1),
	(1147,1,1029,1,3097150554,'2012-10-04 11:30:54','http://www.google.com/url?url=www.armoniesaporidelfriuli.it',1),
	(1148,1,1030,1,3097150554,'2012-10-04 11:30:58','http://www.google.com/url?url=www.armoniesaporidelfriuli.it',1),
	(1149,1,1031,59,3097150554,'2012-10-04 11:31:01','http://www.google.com/url?url=www.armoniesaporidelfriuli.it',1),
	(1150,1,1032,3,3097150554,'2012-10-04 11:31:15','http://www.google.com/url?url=www.armoniesaporidelfriuli.it',1),
	(1151,1,1033,3,3097150554,'2012-10-04 11:31:35','http://www.google.com/url?url=www.armoniesaporidelfriuli.it',1),
	(1152,1,1034,59,3097150554,'2012-10-04 11:33:07','http://www.google.com/url?url=www.armoniesaporidelfriuli.it',1),
	(1153,1,1035,3,3097150554,'2012-10-04 11:33:42','http://www.google.com/url?url=www.armoniesaporidelfriuli.it',1),
	(1154,1,1036,59,3097150554,'2012-10-04 11:34:51','http://www.google.com/url?url=www.armoniesaporidelfriuli.it',1),
	(1155,1,1037,59,3097150554,'2012-10-04 11:39:14','http://www.google.com/url?url=www.armoniesaporidelfriuli.it',1),
	(1156,1,1038,1,2953408460,'2012-10-05 00:27:33','',1),
	(1157,1,1039,1,3097150554,'2012-10-05 11:33:55','http://www.google.com/url?url=www.armoniesaporidelfriuli.it',1),
	(1158,1,1040,1,3097150554,'2012-10-05 11:34:03','http://www.google.com/url?url=www.armoniesaporidelfriuli.it',1),
	(1159,1,1041,1,3097150554,'2012-10-05 11:34:07','http://www.google.com/url?url=www.armoniesaporidelfriuli.it',1),
	(1160,1,1042,59,3097150554,'2012-10-05 11:34:11','http://www.google.com/url?url=www.armoniesaporidelfriuli.it',1),
	(1161,1,1043,3,3097150554,'2012-10-05 11:34:25','http://www.google.com/url?url=www.armoniesaporidelfriuli.it',1),
	(1162,1,1044,3,3097150554,'2012-10-05 11:34:45','http://www.google.com/url?url=www.armoniesaporidelfriuli.it',1),
	(1163,1,1045,13,779581605,'2012-10-06 05:03:35','',1),
	(1164,1,1046,13,779581605,'2012-10-06 10:04:26','',1),
	(1165,1,1047,1,1822679170,'2012-10-06 15:25:48','http://www.google.com/url?url=www.armoniesaporidelfriuli.it',1),
	(1166,1,1048,1,1822679170,'2012-10-06 15:25:54','http://www.google.com/url?url=www.armoniesaporidelfriuli.it',1),
	(1167,1,1049,1,1822679170,'2012-10-06 15:25:57','http://www.google.com/url?url=www.armoniesaporidelfriuli.it',1),
	(1168,1,1050,59,1822679170,'2012-10-06 15:26:00','http://www.google.com/url?url=www.armoniesaporidelfriuli.it',1),
	(1169,1,1051,3,1822679170,'2012-10-06 15:26:12','http://www.google.com/url?url=www.armoniesaporidelfriuli.it',1),
	(1170,1,1052,3,1822679170,'2012-10-06 15:26:30','http://www.google.com/url?url=www.armoniesaporidelfriuli.it',1),
	(1171,1,1053,1,3097142458,'2012-10-07 11:37:17','http://www.google.com/url?url=www.armoniesaporidelfriuli.it',1),
	(1172,1,1054,1,3097142458,'2012-10-07 11:37:25','http://www.google.com/url?url=www.armoniesaporidelfriuli.it',1),
	(1173,1,1055,1,3097142458,'2012-10-07 11:37:29','http://www.google.com/url?url=www.armoniesaporidelfriuli.it',1),
	(1174,1,1056,59,3097142458,'2012-10-07 11:37:32','http://www.google.com/url?url=www.armoniesaporidelfriuli.it',1),
	(1175,1,1057,3,3097142458,'2012-10-07 11:37:48','http://www.google.com/url?url=www.armoniesaporidelfriuli.it',1),
	(1176,1,1058,3,3097142458,'2012-10-07 11:38:10','http://www.google.com/url?url=www.armoniesaporidelfriuli.it',1),
	(1177,1,1059,13,779581605,'2012-10-08 01:34:45','',1),
	(1178,1,1060,1,3097150554,'2012-10-08 11:37:54','http://www.google.com/url?url=www.armoniesaporidelfriuli.it',1),
	(1179,1,1061,1,3097150554,'2012-10-08 11:38:02','http://www.google.com/url?url=www.armoniesaporidelfriuli.it',1),
	(1180,1,1062,1,3097150554,'2012-10-08 11:38:05','http://www.google.com/url?url=www.armoniesaporidelfriuli.it',1),
	(1181,1,1063,59,3097150554,'2012-10-08 11:38:08','http://www.google.com/url?url=www.armoniesaporidelfriuli.it',1),
	(1182,1,1064,3,3097150554,'2012-10-08 11:38:21','http://www.google.com/url?url=www.armoniesaporidelfriuli.it',1),
	(1183,1,1065,3,3097150554,'2012-10-08 11:38:39','http://www.google.com/url?url=www.armoniesaporidelfriuli.it',1),
	(1184,1,1066,1,1089911594,'2012-10-08 15:00:25','http://whois.domaintools.com/armoniesaporidelfriuli.com',1),
	(1185,1,1067,1,1089909282,'2012-10-08 15:11:31','http://whois.domaintools.com/armoniesaporidelfriuli.it',1),
	(1186,1,1068,1,1138015386,'2012-10-09 11:38:37','http://www.google.com/url?url=www.armoniesaporidelfriuli.it',1),
	(1187,1,1069,1,1138015386,'2012-10-09 11:38:52','http://www.google.com/url?url=www.armoniesaporidelfriuli.it',1),
	(1188,1,1070,1,1138015386,'2012-10-09 11:38:58','http://www.google.com/url?url=www.armoniesaporidelfriuli.it',1),
	(1189,1,1071,59,1138015386,'2012-10-09 11:39:02','http://www.google.com/url?url=www.armoniesaporidelfriuli.it',1),
	(1190,1,1072,3,1138015386,'2012-10-09 11:39:22','http://www.google.com/url?url=www.armoniesaporidelfriuli.it',1),
	(1191,1,1073,3,1138015386,'2012-10-09 11:39:50','http://www.google.com/url?url=www.armoniesaporidelfriuli.it',1),
	(1192,1,1074,1,1625521189,'2012-10-10 05:17:15','',1),
	(1193,1,1075,1,3097142458,'2012-10-10 11:40:13','http://www.google.com/url?url=www.armoniesaporidelfriuli.it',1),
	(1194,1,1076,1,3097142458,'2012-10-10 11:40:21','http://www.google.com/url?url=www.armoniesaporidelfriuli.it',1),
	(1195,1,1077,1,3097142458,'2012-10-10 11:40:25','http://www.google.com/url?url=www.armoniesaporidelfriuli.it',1),
	(1196,1,1078,59,3097142458,'2012-10-10 11:40:29','http://www.google.com/url?url=www.armoniesaporidelfriuli.it',1),
	(1197,1,1079,3,3097142458,'2012-10-10 11:40:44','http://www.google.com/url?url=www.armoniesaporidelfriuli.it',1),
	(1198,1,1080,3,3097142458,'2012-10-10 11:41:10','http://www.google.com/url?url=www.armoniesaporidelfriuli.it',1),
	(1199,1,1081,1,3097142458,'2012-10-11 11:38:58','http://www.google.com/url?url=www.armoniesaporidelfriuli.it',1),
	(1200,1,1082,1,3097142458,'2012-10-11 11:39:09','http://www.google.com/url?url=www.armoniesaporidelfriuli.it',1),
	(1201,1,1083,1,3097142458,'2012-10-11 11:39:13','http://www.google.com/url?url=www.armoniesaporidelfriuli.it',1),
	(1202,1,1084,59,3097142458,'2012-10-11 11:39:17','http://www.google.com/url?url=www.armoniesaporidelfriuli.it',1),
	(1203,1,1085,3,3097142458,'2012-10-11 11:39:31','http://www.google.com/url?url=www.armoniesaporidelfriuli.it',1),
	(1204,1,1086,3,3097142458,'2012-10-11 11:39:53','http://www.google.com/url?url=www.armoniesaporidelfriuli.it',1),
	(1205,1,1087,3,1478817281,'2012-10-11 17:48:45','http://www.google.it/url?sa=t&rct=j&q=armonie%20e%20sapori%20del%20friuli.it&source=web&cd=5&ved=0CDoQFjAE&url=http%3A%2F%2Fwww.armoniesaporidelfriuli.it%2Fit%2Fcontent%2F4-chi-siamo&ei=Sup2UJOnCo_XsgbilYHoBg&usg=AFQjCNGIKz7yoG2dS9umhuAf22u7kXHvYQ',1),
	(1206,1,1088,1,1822679170,'2012-10-12 11:33:44','http://www.google.com/url?url=www.armoniesaporidelfriuli.it',1),
	(1207,1,1089,1,1822679170,'2012-10-12 11:33:50','http://www.google.com/url?url=www.armoniesaporidelfriuli.it',1),
	(1208,1,1090,1,1822679170,'2012-10-12 11:33:53','http://www.google.com/url?url=www.armoniesaporidelfriuli.it',1),
	(1209,1,1091,59,1822679170,'2012-10-12 11:33:56','http://www.google.com/url?url=www.armoniesaporidelfriuli.it',1),
	(1210,1,1092,3,1822679170,'2012-10-12 11:34:11','http://www.google.com/url?url=www.armoniesaporidelfriuli.it',1),
	(1211,1,1093,3,1822679170,'2012-10-12 11:34:30','http://www.google.com/url?url=www.armoniesaporidelfriuli.it',1),
	(1212,1,1094,1,1822679170,'2012-10-13 11:31:24','http://www.google.com/url?url=www.armoniesaporidelfriuli.it',1),
	(1213,1,1095,1,1822679170,'2012-10-13 11:31:30','http://www.google.com/url?url=www.armoniesaporidelfriuli.it',1),
	(1214,1,1096,1,1822679170,'2012-10-13 11:31:33','http://www.google.com/url?url=www.armoniesaporidelfriuli.it',1),
	(1215,1,1097,59,1822679170,'2012-10-13 11:31:36','http://www.google.com/url?url=www.armoniesaporidelfriuli.it',1),
	(1216,1,1098,3,1822679170,'2012-10-13 11:31:51','http://www.google.com/url?url=www.armoniesaporidelfriuli.it',1),
	(1217,1,1099,3,1822679170,'2012-10-13 11:32:11','http://www.google.com/url?url=www.armoniesaporidelfriuli.it',1),
	(1218,1,1100,59,2637631823,'2012-10-14 10:08:28','',1),
	(1219,1,1101,1,3097142458,'2012-10-14 11:30:29','http://www.google.com/url?url=www.armoniesaporidelfriuli.it',1),
	(1220,1,1102,1,3097142458,'2012-10-14 11:30:38','http://www.google.com/url?url=www.armoniesaporidelfriuli.it',1),
	(1221,1,1103,1,3097142458,'2012-10-14 11:30:42','http://www.google.com/url?url=www.armoniesaporidelfriuli.it',1),
	(1222,1,1104,59,3097142458,'2012-10-14 11:30:46','http://www.google.com/url?url=www.armoniesaporidelfriuli.it',1),
	(1223,1,1105,3,3097142458,'2012-10-14 11:31:00','http://www.google.com/url?url=www.armoniesaporidelfriuli.it',1),
	(1224,1,1106,3,3097142458,'2012-10-14 11:31:20','http://www.google.com/url?url=www.armoniesaporidelfriuli.it',1),
	(1225,1,1107,1,1842260066,'2012-10-14 12:21:55','http://www.google.com',1),
	(1226,1,1108,1,136057086,'2012-10-15 00:36:58','',1),
	(1227,1,1109,1,1138015386,'2012-10-15 11:34:58','http://www.google.com/url?url=www.armoniesaporidelfriuli.it',1),
	(1228,1,1110,1,1138015386,'2012-10-15 11:35:14','http://www.google.com/url?url=www.armoniesaporidelfriuli.it',1),
	(1229,1,1111,1,1138015386,'2012-10-15 11:35:22','http://www.google.com/url?url=www.armoniesaporidelfriuli.it',1),
	(1230,1,1112,59,1138015386,'2012-10-15 11:35:28','http://www.google.com/url?url=www.armoniesaporidelfriuli.it',1),
	(1231,1,1113,3,1138015386,'2012-10-15 11:35:47','http://www.google.com/url?url=www.armoniesaporidelfriuli.it',1),
	(1232,1,1114,3,1138015386,'2012-10-15 11:36:12','http://www.google.com/url?url=www.armoniesaporidelfriuli.it',1),
	(1233,1,1115,1,3097142458,'2012-10-16 11:30:24','http://www.google.com/url?url=www.armoniesaporidelfriuli.it',1),
	(1234,1,1116,1,3097142458,'2012-10-16 11:30:34','http://www.google.com/url?url=www.armoniesaporidelfriuli.it',1),
	(1235,1,1117,1,3097142458,'2012-10-16 11:30:38','http://www.google.com/url?url=www.armoniesaporidelfriuli.it',1),
	(1236,1,1118,59,3097142458,'2012-10-16 11:30:43','http://www.google.com/url?url=www.armoniesaporidelfriuli.it',1),
	(1237,1,1119,3,3097142458,'2012-10-16 11:31:02','http://www.google.com/url?url=www.armoniesaporidelfriuli.it',1),
	(1238,1,1120,3,3097142458,'2012-10-16 11:31:32','http://www.google.com/url?url=www.armoniesaporidelfriuli.it',1),
	(1239,1,1121,1,2917940186,'2012-10-17 11:30:54','http://www.google.com/url?url=www.armoniesaporidelfriuli.it',1),
	(1240,1,1122,1,2917940186,'2012-10-17 11:31:08','http://www.google.com/url?url=www.armoniesaporidelfriuli.it',1),
	(1241,1,1123,1,2917940186,'2012-10-17 11:31:14','http://www.google.com/url?url=www.armoniesaporidelfriuli.it',1),
	(1242,1,1124,59,2917940186,'2012-10-17 11:31:20','http://www.google.com/url?url=www.armoniesaporidelfriuli.it',1),
	(1243,1,1125,3,2917940186,'2012-10-17 11:31:38','http://www.google.com/url?url=www.armoniesaporidelfriuli.it',1),
	(1244,1,1126,3,2917940186,'2012-10-17 11:32:04','http://www.google.com/url?url=www.armoniesaporidelfriuli.it',1),
	(1245,1,1127,1,1138015386,'2012-10-18 11:30:52','http://www.google.com/url?url=www.armoniesaporidelfriuli.it',1),
	(1246,1,1128,1,1138015386,'2012-10-18 11:31:08','http://www.google.com/url?url=www.armoniesaporidelfriuli.it',1),
	(1247,1,1129,1,1138015386,'2012-10-18 11:31:13','http://www.google.com/url?url=www.armoniesaporidelfriuli.it',1),
	(1248,1,1130,59,1138015386,'2012-10-18 11:31:18','http://www.google.com/url?url=www.armoniesaporidelfriuli.it',1),
	(1249,1,1131,3,1138015386,'2012-10-18 11:31:39','http://www.google.com/url?url=www.armoniesaporidelfriuli.it',1),
	(1250,1,1132,3,1138015386,'2012-10-18 11:32:09','http://www.google.com/url?url=www.armoniesaporidelfriuli.it',1),
	(1251,1,1133,51,2637716951,'2012-10-18 22:08:20','',1),
	(1252,1,1134,1,3097150554,'2012-10-19 11:35:13','http://www.google.com/url?url=www.armoniesaporidelfriuli.it',1),
	(1253,1,1135,1,3097150554,'2012-10-19 11:35:23','http://www.google.com/url?url=www.armoniesaporidelfriuli.it',1),
	(1254,1,1136,1,3097150554,'2012-10-19 11:35:27','http://www.google.com/url?url=www.armoniesaporidelfriuli.it',1),
	(1255,1,1137,59,3097150554,'2012-10-19 11:35:31','http://www.google.com/url?url=www.armoniesaporidelfriuli.it',1),
	(1256,1,1138,3,3097150554,'2012-10-19 11:35:47','http://www.google.com/url?url=www.armoniesaporidelfriuli.it',1),
	(1257,1,1139,3,3097150554,'2012-10-19 11:36:10','http://www.google.com/url?url=www.armoniesaporidelfriuli.it',1),
	(1258,1,1140,58,1017728375,'2012-10-20 03:17:13','',1),
	(1259,1,1141,1,3097150554,'2012-10-20 11:39:01','http://www.google.com/url?url=www.armoniesaporidelfriuli.it',1),
	(1260,1,1142,1,3097150554,'2012-10-20 11:39:09','http://www.google.com/url?url=www.armoniesaporidelfriuli.it',1),
	(1261,1,1143,1,3097150554,'2012-10-20 11:39:13','http://www.google.com/url?url=www.armoniesaporidelfriuli.it',1),
	(1262,1,1144,59,3097150554,'2012-10-20 11:39:17','http://www.google.com/url?url=www.armoniesaporidelfriuli.it',1),
	(1263,1,1145,3,3097150554,'2012-10-20 11:39:33','http://www.google.com/url?url=www.armoniesaporidelfriuli.it',1),
	(1264,1,1146,3,3097150554,'2012-10-20 11:39:53','http://www.google.com/url?url=www.armoniesaporidelfriuli.it',1),
	(1265,1,1147,1,1089906060,'2012-10-20 20:32:59','http://whois.domaintools.com/armoniesaporidelfriuli.com',1),
	(1266,1,1148,1,1089906070,'2012-10-20 20:34:07','http://whois.domaintools.com/armoniesaporidelfriuli.it',1),
	(1267,1,1149,38,1093955401,'2012-10-21 10:29:31','',1),
	(1268,1,1150,1,1822679170,'2012-10-21 11:33:22','http://www.google.com/url?url=www.armoniesaporidelfriuli.it',1),
	(1269,1,1151,1,1822679170,'2012-10-21 11:33:29','http://www.google.com/url?url=www.armoniesaporidelfriuli.it',1),
	(1270,1,1152,1,1822679170,'2012-10-21 11:33:32','http://www.google.com/url?url=www.armoniesaporidelfriuli.it',1),
	(1271,1,1153,59,1822679170,'2012-10-21 11:33:36','http://www.google.com/url?url=www.armoniesaporidelfriuli.it',1),
	(1272,1,1154,3,1822679170,'2012-10-21 11:33:49','http://www.google.com/url?url=www.armoniesaporidelfriuli.it',1),
	(1273,1,1155,3,1822679170,'2012-10-21 11:34:07','http://www.google.com/url?url=www.armoniesaporidelfriuli.it',1),
	(1274,1,1156,1,3097150554,'2012-10-22 11:31:36','http://www.google.com/url?url=www.armoniesaporidelfriuli.it',1),
	(1275,1,1157,1,3097150554,'2012-10-22 11:31:46','http://www.google.com/url?url=www.armoniesaporidelfriuli.it',1),
	(1276,1,1158,1,3097150554,'2012-10-22 11:31:51','http://www.google.com/url?url=www.armoniesaporidelfriuli.it',1),
	(1277,1,1159,59,3097150554,'2012-10-22 11:31:56','http://www.google.com/url?url=www.armoniesaporidelfriuli.it',1),
	(1278,1,1160,3,3097150554,'2012-10-22 11:32:12','http://www.google.com/url?url=www.armoniesaporidelfriuli.it',1),
	(1279,1,1161,3,3097150554,'2012-10-22 11:32:32','http://www.google.com/url?url=www.armoniesaporidelfriuli.it',1),
	(1280,1,1162,1,2637631559,'2012-10-22 15:53:44','',1),
	(1281,1,1163,1,2637631559,'2012-10-22 16:55:06','',1),
	(1282,1,1164,1,1822679170,'2012-10-23 11:35:26','http://www.google.com/url?url=www.armoniesaporidelfriuli.it',1),
	(1283,1,1165,1,1822679170,'2012-10-23 11:35:34','http://www.google.com/url?url=www.armoniesaporidelfriuli.it',1),
	(1284,1,1166,1,1822679170,'2012-10-23 11:35:48','http://www.google.com/url?url=www.armoniesaporidelfriuli.it',1),
	(1285,1,1167,59,1822679170,'2012-10-23 11:35:54','http://www.google.com/url?url=www.armoniesaporidelfriuli.it',1),
	(1286,1,1168,3,1822679170,'2012-10-23 11:36:21','http://www.google.com/url?url=www.armoniesaporidelfriuli.it',1),
	(1287,1,1169,3,1822679170,'2012-10-23 11:36:48','http://www.google.com/url?url=www.armoniesaporidelfriuli.it',1),
	(1288,1,1170,1,1822679170,'2012-10-24 11:33:20','http://www.google.com/url?url=www.armoniesaporidelfriuli.it',1),
	(1289,1,1171,1,1822679170,'2012-10-24 11:33:27','http://www.google.com/url?url=www.armoniesaporidelfriuli.it',1),
	(1290,1,1172,1,1822679170,'2012-10-24 11:33:31','http://www.google.com/url?url=www.armoniesaporidelfriuli.it',1),
	(1291,1,1173,59,1822679170,'2012-10-24 11:33:35','http://www.google.com/url?url=www.armoniesaporidelfriuli.it',1),
	(1292,1,1174,3,1822679170,'2012-10-24 11:33:51','http://www.google.com/url?url=www.armoniesaporidelfriuli.it',1),
	(1293,1,1175,3,1822679170,'2012-10-24 11:34:15','http://www.google.com/url?url=www.armoniesaporidelfriuli.it',1),
	(1294,1,1176,1,2637716948,'2012-10-24 16:33:27','',1),
	(1295,1,1177,1,3097142458,'2012-10-25 11:38:08','http://www.google.com/url?url=www.armoniesaporidelfriuli.it',1),
	(1296,1,1178,1,3097142458,'2012-10-25 11:38:16','http://www.google.com/url?url=www.armoniesaporidelfriuli.it',1),
	(1297,1,1179,1,3097142458,'2012-10-25 11:38:20','http://www.google.com/url?url=www.armoniesaporidelfriuli.it',1),
	(1298,1,1180,59,3097142458,'2012-10-25 11:38:24','http://www.google.com/url?url=www.armoniesaporidelfriuli.it',1),
	(1299,1,1181,3,3097142458,'2012-10-25 11:38:38','http://www.google.com/url?url=www.armoniesaporidelfriuli.it',1),
	(1300,1,1182,3,3097142458,'2012-10-25 11:39:02','http://www.google.com/url?url=www.armoniesaporidelfriuli.it',1),
	(1301,1,1183,1,1822679170,'2012-10-26 11:39:06','http://www.google.com/url?url=www.armoniesaporidelfriuli.it',1),
	(1302,1,1184,1,1822679170,'2012-10-26 11:39:16','http://www.google.com/url?url=www.armoniesaporidelfriuli.it',1),
	(1303,1,1185,1,1822679170,'2012-10-26 11:39:20','http://www.google.com/url?url=www.armoniesaporidelfriuli.it',1),
	(1304,1,1186,59,1822679170,'2012-10-26 11:39:24','http://www.google.com/url?url=www.armoniesaporidelfriuli.it',1),
	(1305,1,1187,3,1822679170,'2012-10-26 11:39:48','http://www.google.com/url?url=www.armoniesaporidelfriuli.it',1),
	(1306,1,1188,3,1822679170,'2012-10-26 11:40:18','http://www.google.com/url?url=www.armoniesaporidelfriuli.it',1),
	(1307,1,1189,1,3097150554,'2012-10-27 11:35:07','http://www.google.com/url?url=www.armoniesaporidelfriuli.it',1),
	(1308,1,1190,1,3097150554,'2012-10-27 11:35:16','http://www.google.com/url?url=www.armoniesaporidelfriuli.it',1),
	(1309,1,1191,1,3097150554,'2012-10-27 11:35:21','http://www.google.com/url?url=www.armoniesaporidelfriuli.it',1),
	(1310,1,1192,59,3097150554,'2012-10-27 11:35:24','http://www.google.com/url?url=www.armoniesaporidelfriuli.it',1),
	(1311,1,1193,3,3097150554,'2012-10-27 11:35:37','http://www.google.com/url?url=www.armoniesaporidelfriuli.it',1),
	(1312,1,1194,3,3097150554,'2012-10-27 11:35:53','http://www.google.com/url?url=www.armoniesaporidelfriuli.it',1),
	(1313,1,1195,42,2637751628,'2012-10-28 03:06:30','',1),
	(1314,1,1196,1,1842258887,'2012-10-28 04:22:20','http://www.google.com',1),
	(1315,1,1197,1,2917940186,'2012-10-28 10:39:33','http://www.google.com/url?url=www.armoniesaporidelfriuli.it',1),
	(1316,1,1198,1,2917940186,'2012-10-28 10:39:39','http://www.google.com/url?url=www.armoniesaporidelfriuli.it',1),
	(1317,1,1199,1,2917940186,'2012-10-28 10:39:43','http://www.google.com/url?url=www.armoniesaporidelfriuli.it',1),
	(1318,1,1200,59,2917940186,'2012-10-28 10:39:46','http://www.google.com/url?url=www.armoniesaporidelfriuli.it',1),
	(1319,1,1201,3,2917940186,'2012-10-28 10:39:58','http://www.google.com/url?url=www.armoniesaporidelfriuli.it',1),
	(1320,1,1202,3,2917940186,'2012-10-28 10:40:18','http://www.google.com/url?url=www.armoniesaporidelfriuli.it',1),
	(1321,1,1203,1,1536614208,'2012-10-28 10:54:54','',1),
	(1322,1,1204,1,1536614208,'2012-10-28 10:54:58','',1),
	(1323,1,1205,1,1822679170,'2012-10-29 10:31:05','http://www.google.com/url?url=www.armoniesaporidelfriuli.it',1),
	(1324,1,1206,1,1822679170,'2012-10-29 10:31:12','http://www.google.com/url?url=www.armoniesaporidelfriuli.it',1),
	(1325,1,1207,1,1822679170,'2012-10-29 10:31:14','http://www.google.com/url?url=www.armoniesaporidelfriuli.it',1),
	(1326,1,1208,59,1822679170,'2012-10-29 10:31:17','http://www.google.com/url?url=www.armoniesaporidelfriuli.it',1),
	(1327,1,1209,3,1822679170,'2012-10-29 10:31:29','http://www.google.com/url?url=www.armoniesaporidelfriuli.it',1),
	(1328,1,1210,3,1822679170,'2012-10-29 10:31:48','http://www.google.com/url?url=www.armoniesaporidelfriuli.it',1),
	(1329,1,1211,1,1138015386,'2012-10-30 10:38:49','http://www.google.com/url?url=www.armoniesaporidelfriuli.it',1),
	(1330,1,1212,1,1138015386,'2012-10-30 10:39:02','http://www.google.com/url?url=www.armoniesaporidelfriuli.it',1),
	(1331,1,1213,1,1138015386,'2012-10-30 10:39:09','http://www.google.com/url?url=www.armoniesaporidelfriuli.it',1),
	(1332,1,1214,59,1138015386,'2012-10-30 10:39:16','http://www.google.com/url?url=www.armoniesaporidelfriuli.it',1),
	(1333,1,1215,3,1138015386,'2012-10-30 10:39:29','http://www.google.com/url?url=www.armoniesaporidelfriuli.it',1),
	(1334,1,1216,3,1138015386,'2012-10-30 10:39:47','http://www.google.com/url?url=www.armoniesaporidelfriuli.it',1),
	(1335,1,1217,38,2637636066,'2012-10-31 04:12:46','',1),
	(1336,1,1218,38,1094176920,'2012-10-31 06:04:08','',1),
	(1337,1,1219,1,2917940186,'2012-10-31 10:39:26','http://www.google.com/url?url=www.armoniesaporidelfriuli.it',1),
	(1338,1,1220,1,2917940186,'2012-10-31 10:39:35','http://www.google.com/url?url=www.armoniesaporidelfriuli.it',1),
	(1339,1,1221,1,2917940186,'2012-10-31 10:39:39','http://www.google.com/url?url=www.armoniesaporidelfriuli.it',1),
	(1340,1,1222,59,2917940186,'2012-10-31 10:39:44','http://www.google.com/url?url=www.armoniesaporidelfriuli.it',1),
	(1341,1,1223,3,2917940186,'2012-10-31 10:39:56','http://www.google.com/url?url=www.armoniesaporidelfriuli.it',1),
	(1342,1,1224,3,2917940186,'2012-10-31 10:40:15','http://www.google.com/url?url=www.armoniesaporidelfriuli.it',1),
	(1343,1,1225,1,2917940186,'2012-11-01 10:33:22','http://www.google.com/url?url=www.armoniesaporidelfriuli.it',1),
	(1344,1,1226,1,2917940186,'2012-11-01 10:33:31','http://www.google.com/url?url=www.armoniesaporidelfriuli.it',1),
	(1345,1,1227,1,2917940186,'2012-11-01 10:33:36','http://www.google.com/url?url=www.armoniesaporidelfriuli.it',1),
	(1346,1,1228,59,2917940186,'2012-11-01 10:33:40','http://www.google.com/url?url=www.armoniesaporidelfriuli.it',1),
	(1347,1,1229,3,2917940186,'2012-11-01 10:33:57','http://www.google.com/url?url=www.armoniesaporidelfriuli.it',1),
	(1348,1,1230,3,2917940186,'2012-11-01 10:34:19','http://www.google.com/url?url=www.armoniesaporidelfriuli.it',1),
	(1349,1,1231,1,1089906130,'2012-11-02 09:15:44','http://whois.domaintools.com/armoniesaporidelfriuli.com',1),
	(1350,1,1232,1,1089905086,'2012-11-02 09:51:07','http://whois.domaintools.com/armoniesaporidelfriuli.it',1),
	(1351,1,1233,1,3097150554,'2012-11-02 10:35:23','http://www.google.com/url?url=www.armoniesaporidelfriuli.it',1),
	(1352,1,1234,1,3097150554,'2012-11-02 10:35:33','http://www.google.com/url?url=www.armoniesaporidelfriuli.it',1),
	(1353,1,1235,1,3097150554,'2012-11-02 10:35:37','http://www.google.com/url?url=www.armoniesaporidelfriuli.it',1),
	(1354,1,1236,59,3097150554,'2012-11-02 10:35:40','http://www.google.com/url?url=www.armoniesaporidelfriuli.it',1),
	(1355,1,1237,3,3097150554,'2012-11-02 10:35:54','http://www.google.com/url?url=www.armoniesaporidelfriuli.it',1),
	(1356,1,1238,3,3097150554,'2012-11-02 10:36:13','http://www.google.com/url?url=www.armoniesaporidelfriuli.it',1),
	(1357,1,1239,13,1587087982,'2012-11-03 10:06:23','',1),
	(1358,1,1240,1,1822679170,'2012-11-03 10:33:47','http://www.google.com/url?url=www.armoniesaporidelfriuli.it',1),
	(1359,1,1241,1,1822679170,'2012-11-03 10:33:53','http://www.google.com/url?url=www.armoniesaporidelfriuli.it',1),
	(1360,1,1242,1,1822679170,'2012-11-03 10:33:56','http://www.google.com/url?url=www.armoniesaporidelfriuli.it',1),
	(1361,1,1243,59,1822679170,'2012-11-03 10:33:59','http://www.google.com/url?url=www.armoniesaporidelfriuli.it',1),
	(1362,1,1244,3,1822679170,'2012-11-03 10:34:14','http://www.google.com/url?url=www.armoniesaporidelfriuli.it',1),
	(1363,1,1245,3,1822679170,'2012-11-03 10:34:32','http://www.google.com/url?url=www.armoniesaporidelfriuli.it',1),
	(1364,1,1246,59,1822679170,'2012-11-03 10:35:58','http://www.google.com/url?url=www.armoniesaporidelfriuli.it',1),
	(1365,1,1247,3,1822679170,'2012-11-03 10:36:34','http://www.google.com/url?url=www.armoniesaporidelfriuli.it',1),
	(1366,1,1248,59,1822679170,'2012-11-03 10:37:38','http://www.google.com/url?url=www.armoniesaporidelfriuli.it',1),
	(1367,1,1249,58,1822679170,'2012-11-03 10:40:56','http://www.google.com/url?url=www.armoniesaporidelfriuli.it',1),
	(1368,1,1250,59,1822679170,'2012-11-03 10:41:32','http://www.google.com/url?url=www.armoniesaporidelfriuli.it',1),
	(1369,1,1251,13,1587087982,'2012-11-03 14:05:52','',1),
	(1370,1,1252,1,1822679170,'2012-11-04 11:32:01','http://www.google.com/url?url=www.armoniesaporidelfriuli.it',1),
	(1371,1,1253,1,1822679170,'2012-11-04 11:32:07','http://www.google.com/url?url=www.armoniesaporidelfriuli.it',1),
	(1372,1,1254,1,1822679170,'2012-11-04 11:32:10','http://www.google.com/url?url=www.armoniesaporidelfriuli.it',1),
	(1373,1,1255,59,1822679170,'2012-11-04 11:32:13','http://www.google.com/url?url=www.armoniesaporidelfriuli.it',1),
	(1374,1,1256,3,1822679170,'2012-11-04 11:32:25','http://www.google.com/url?url=www.armoniesaporidelfriuli.it',1),
	(1375,1,1257,3,1822679170,'2012-11-04 11:32:43','http://www.google.com/url?url=www.armoniesaporidelfriuli.it',1),
	(1376,1,1258,13,779514785,'2012-11-04 17:27:58','',1),
	(1377,1,1259,1,1138015386,'2012-11-05 11:32:48','http://www.google.com/url?url=www.armoniesaporidelfriuli.it',1),
	(1378,1,1260,1,1138015386,'2012-11-05 11:33:03','http://www.google.com/url?url=www.armoniesaporidelfriuli.it',1),
	(1379,1,1261,1,1138015386,'2012-11-05 11:33:11','http://www.google.com/url?url=www.armoniesaporidelfriuli.it',1),
	(1380,1,1262,59,1138015386,'2012-11-05 11:33:16','http://www.google.com/url?url=www.armoniesaporidelfriuli.it',1),
	(1381,1,1263,3,1138015386,'2012-11-05 11:33:31','http://www.google.com/url?url=www.armoniesaporidelfriuli.it',1),
	(1382,1,1264,3,1138015386,'2012-11-05 11:33:52','http://www.google.com/url?url=www.armoniesaporidelfriuli.it',1),
	(1383,1,1265,1,1822679170,'2012-11-06 11:30:43','http://www.google.com/url?url=www.armoniesaporidelfriuli.it',1),
	(1384,1,1266,1,1822679170,'2012-11-06 11:30:50','http://www.google.com/url?url=www.armoniesaporidelfriuli.it',1),
	(1385,1,1267,1,1822679170,'2012-11-06 11:30:54','http://www.google.com/url?url=www.armoniesaporidelfriuli.it',1),
	(1386,1,1268,59,1822679170,'2012-11-06 11:30:58','http://www.google.com/url?url=www.armoniesaporidelfriuli.it',1),
	(1387,1,1269,3,1822679170,'2012-11-06 11:31:13','http://www.google.com/url?url=www.armoniesaporidelfriuli.it',1),
	(1388,1,1270,3,1822679170,'2012-11-06 11:31:33','http://www.google.com/url?url=www.armoniesaporidelfriuli.it',1),
	(1389,1,1271,1,787644401,'2012-11-06 11:56:51','http://yandex.ru/yandsearch?text=incanto+di+sapori+di+montagna&lr=213',1),
	(1390,1,1272,1,3097142458,'2012-11-07 11:30:27','http://www.google.com/url?url=www.armoniesaporidelfriuli.it',1),
	(1391,1,1273,1,3097142458,'2012-11-07 11:30:34','http://www.google.com/url?url=www.armoniesaporidelfriuli.it',1),
	(1392,1,1274,1,3097142458,'2012-11-07 11:30:38','http://www.google.com/url?url=www.armoniesaporidelfriuli.it',1),
	(1393,1,1275,59,3097142458,'2012-11-07 11:30:41','http://www.google.com/url?url=www.armoniesaporidelfriuli.it',1),
	(1394,1,1276,3,3097142458,'2012-11-07 11:30:57','http://www.google.com/url?url=www.armoniesaporidelfriuli.it',1),
	(1395,1,1277,3,3097142458,'2012-11-07 11:31:23','http://www.google.com/url?url=www.armoniesaporidelfriuli.it',1),
	(1396,1,1278,48,1094177406,'2012-11-07 12:47:59','',1),
	(1397,1,1279,1,787644401,'2012-11-07 13:09:44','http://yandex.ru/yandsearch?text=incanto+di+sapori+di+montagna&lr=213',1),
	(1398,1,1280,9,2989208686,'2012-11-07 19:21:15','',1),
	(1399,1,1281,1,1822679170,'2012-11-08 11:38:17','http://www.google.com/url?url=www.armoniesaporidelfriuli.it',1),
	(1400,1,1282,1,1822679170,'2012-11-08 11:38:24','http://www.google.com/url?url=www.armoniesaporidelfriuli.it',1),
	(1401,1,1283,1,1822679170,'2012-11-08 11:38:27','http://www.google.com/url?url=www.armoniesaporidelfriuli.it',1),
	(1402,1,1284,59,1822679170,'2012-11-08 11:38:30','http://www.google.com/url?url=www.armoniesaporidelfriuli.it',1),
	(1403,1,1285,3,1822679170,'2012-11-08 11:38:43','http://www.google.com/url?url=www.armoniesaporidelfriuli.it',1),
	(1404,1,1286,3,1822679170,'2012-11-08 11:39:01','http://www.google.com/url?url=www.armoniesaporidelfriuli.it',1),
	(1405,1,1287,1,787644401,'2012-11-08 13:49:48','http://yandex.ru/yandsearch?text=incanto+di+sapori+di+montagna&lr=213',1),
	(1406,1,1288,1,1822679170,'2012-11-09 11:31:14','http://www.google.com/url?url=www.armoniesaporidelfriuli.it',1),
	(1407,1,1289,1,1822679170,'2012-11-09 11:31:20','http://www.google.com/url?url=www.armoniesaporidelfriuli.it',1),
	(1408,1,1290,1,1822679170,'2012-11-09 11:31:23','http://www.google.com/url?url=www.armoniesaporidelfriuli.it',1),
	(1409,1,1291,59,1822679170,'2012-11-09 11:31:26','http://www.google.com/url?url=www.armoniesaporidelfriuli.it',1),
	(1410,1,1292,3,1822679170,'2012-11-09 11:31:39','http://www.google.com/url?url=www.armoniesaporidelfriuli.it',1),
	(1411,1,1293,3,1822679170,'2012-11-09 11:31:57','http://www.google.com/url?url=www.armoniesaporidelfriuli.it',1),
	(1412,1,1294,1,1842263599,'2012-11-09 12:18:51','http://www.google.com',1),
	(1413,1,1295,1,1583656196,'2012-11-10 08:12:12','',1),
	(1414,1,1296,1,1583656196,'2012-11-10 08:12:16','',1),
	(1415,1,1297,1,2917940186,'2012-11-10 11:34:22','http://www.google.com/url?url=www.armoniesaporidelfriuli.it',1),
	(1416,1,1298,1,2917940186,'2012-11-10 11:34:31','http://www.google.com/url?url=www.armoniesaporidelfriuli.it',1),
	(1417,1,1299,1,2917940186,'2012-11-10 11:34:36','http://www.google.com/url?url=www.armoniesaporidelfriuli.it',1),
	(1418,1,1300,59,2917940186,'2012-11-10 11:34:41','http://www.google.com/url?url=www.armoniesaporidelfriuli.it',1),
	(1419,1,1301,3,2917940186,'2012-11-10 11:34:58','http://www.google.com/url?url=www.armoniesaporidelfriuli.it',1),
	(1420,1,1302,3,2917940186,'2012-11-10 11:35:18','http://www.google.com/url?url=www.armoniesaporidelfriuli.it',1),
	(1421,1,1303,1,1583656196,'2012-11-11 08:13:21','',1),
	(1422,1,1304,1,1583656196,'2012-11-11 08:13:25','',1),
	(1423,1,1305,1,1822679170,'2012-11-11 11:32:04','http://www.google.com/url?url=www.armoniesaporidelfriuli.it',1),
	(1424,1,1306,1,1822679170,'2012-11-11 11:32:11','http://www.google.com/url?url=www.armoniesaporidelfriuli.it',1),
	(1425,1,1307,1,1822679170,'2012-11-11 11:32:14','http://www.google.com/url?url=www.armoniesaporidelfriuli.it',1),
	(1426,1,1308,59,1822679170,'2012-11-11 11:32:18','http://www.google.com/url?url=www.armoniesaporidelfriuli.it',1),
	(1427,1,1309,3,1822679170,'2012-11-11 11:32:31','http://www.google.com/url?url=www.armoniesaporidelfriuli.it',1),
	(1428,1,1310,3,1822679170,'2012-11-11 11:32:50','http://www.google.com/url?url=www.armoniesaporidelfriuli.it',1),
	(1429,1,1311,1,1583656196,'2012-11-12 08:10:05','',1),
	(1430,1,1312,1,1583656196,'2012-11-12 08:10:09','',1),
	(1431,1,1313,1,2917940186,'2012-11-12 11:34:21','http://www.google.com/url?url=www.armoniesaporidelfriuli.it',1),
	(1432,1,1314,1,2917940186,'2012-11-12 11:34:30','http://www.google.com/url?url=www.armoniesaporidelfriuli.it',1),
	(1433,1,1315,1,2917940186,'2012-11-12 11:34:35','http://www.google.com/url?url=www.armoniesaporidelfriuli.it',1),
	(1434,1,1316,59,2917940186,'2012-11-12 11:34:39','http://www.google.com/url?url=www.armoniesaporidelfriuli.it',1),
	(1435,1,1317,3,2917940186,'2012-11-12 11:34:54','http://www.google.com/url?url=www.armoniesaporidelfriuli.it',1),
	(1436,1,1318,3,2917940186,'2012-11-12 11:35:12','http://www.google.com/url?url=www.armoniesaporidelfriuli.it',1),
	(1437,1,1319,13,3331301469,'2012-11-12 21:02:40','',1),
	(1438,1,1320,13,1094461235,'2012-11-13 08:10:16','',1),
	(1439,1,1321,13,1094461235,'2012-11-13 08:10:20','',1),
	(1440,1,1322,1,1583656196,'2012-11-13 08:20:59','',1),
	(1441,1,1323,1,1583656196,'2012-11-13 08:21:05','',1),
	(1442,1,1324,1,3097150554,'2012-11-13 11:39:59','http://www.google.com/url?url=www.armoniesaporidelfriuli.it',1),
	(1443,1,1325,1,3097150554,'2012-11-13 11:40:09','http://www.google.com/url?url=www.armoniesaporidelfriuli.it',1),
	(1444,1,1326,1,3097150554,'2012-11-13 11:40:13','http://www.google.com/url?url=www.armoniesaporidelfriuli.it',1),
	(1445,1,1327,59,3097150554,'2012-11-13 11:40:17','http://www.google.com/url?url=www.armoniesaporidelfriuli.it',1),
	(1446,1,1328,3,3097150554,'2012-11-13 11:40:32','http://www.google.com/url?url=www.armoniesaporidelfriuli.it',1),
	(1447,1,1329,3,3097150554,'2012-11-13 11:40:52','http://www.google.com/url?url=www.armoniesaporidelfriuli.it',1),
	(1448,1,1330,1,1583656196,'2012-11-14 08:22:41','',1),
	(1449,1,1331,1,1583656196,'2012-11-14 08:22:44','',1),
	(1450,1,1332,1,3097150554,'2012-11-14 11:36:03','http://www.google.com/url?url=www.armoniesaporidelfriuli.it',1),
	(1451,1,1333,1,3097150554,'2012-11-14 11:36:13','http://www.google.com/url?url=www.armoniesaporidelfriuli.it',1),
	(1452,1,1334,1,3097150554,'2012-11-14 11:36:17','http://www.google.com/url?url=www.armoniesaporidelfriuli.it',1),
	(1453,1,1335,59,3097150554,'2012-11-14 11:36:21','http://www.google.com/url?url=www.armoniesaporidelfriuli.it',1),
	(1454,1,1336,3,3097150554,'2012-11-14 11:36:34','http://www.google.com/url?url=www.armoniesaporidelfriuli.it',1),
	(1455,1,1337,3,3097150554,'2012-11-14 11:36:52','http://www.google.com/url?url=www.armoniesaporidelfriuli.it',1),
	(1456,1,1338,1,3633382698,'2012-11-15 03:11:19','http://whois.domaintools.com/armoniesaporidelfriuli.it',1),
	(1457,1,1339,1,1089909282,'2012-11-15 03:11:40','http://whois.domaintools.com/armoniesaporidelfriuli.com',1),
	(1458,1,1340,1,1583656196,'2012-11-15 08:17:16','',1),
	(1459,1,1341,1,1583656196,'2012-11-15 08:17:19','',1),
	(1460,1,1342,1,3097142458,'2012-11-15 11:31:24','http://www.google.com/url?url=www.armoniesaporidelfriuli.it',1),
	(1461,1,1343,1,3097142458,'2012-11-15 11:32:40','http://www.google.com/url?url=www.armoniesaporidelfriuli.it',1),
	(1462,1,1344,1,3097142458,'2012-11-15 11:32:44','http://www.google.com/url?url=www.armoniesaporidelfriuli.it',1),
	(1463,1,1345,59,3097142458,'2012-11-15 11:32:47','http://www.google.com/url?url=www.armoniesaporidelfriuli.it',1),
	(1464,1,1346,3,3097142458,'2012-11-15 11:33:04','http://www.google.com/url?url=www.armoniesaporidelfriuli.it',1),
	(1465,1,1347,3,3097142458,'2012-11-15 11:33:24','http://www.google.com/url?url=www.armoniesaporidelfriuli.it',1),
	(1466,1,1348,1,1583656196,'2012-11-16 08:17:09','',1),
	(1467,1,1349,1,1583656196,'2012-11-16 08:17:12','',1),
	(1468,1,1350,1,1822679170,'2012-11-16 11:40:55','http://www.google.com/url?url=www.armoniesaporidelfriuli.it',1),
	(1469,1,1351,1,1822679170,'2012-11-16 11:41:01','http://www.google.com/url?url=www.armoniesaporidelfriuli.it',1),
	(1470,1,1352,1,1822679170,'2012-11-16 11:41:05','http://www.google.com/url?url=www.armoniesaporidelfriuli.it',1),
	(1471,1,1353,59,1822679170,'2012-11-16 11:41:07','http://www.google.com/url?url=www.armoniesaporidelfriuli.it',1),
	(1472,1,1354,3,1822679170,'2012-11-16 11:41:19','http://www.google.com/url?url=www.armoniesaporidelfriuli.it',1),
	(1473,1,1355,3,1822679170,'2012-11-16 11:41:37','http://www.google.com/url?url=www.armoniesaporidelfriuli.it',1),
	(1474,1,1356,1,1583656196,'2012-11-17 08:12:32','',1),
	(1475,1,1357,1,1583656196,'2012-11-17 08:12:35','',1),
	(1476,1,1358,1,2917940186,'2012-11-17 12:15:17','http://www.google.com/url?url=www.armoniesaporidelfriuli.it',1),
	(1477,1,1359,1,2917940186,'2012-11-17 12:15:25','http://www.google.com/url?url=www.armoniesaporidelfriuli.it',1),
	(1478,1,1360,1,2917940186,'2012-11-17 12:15:28','http://www.google.com/url?url=www.armoniesaporidelfriuli.it',1),
	(1479,1,1361,59,2917940186,'2012-11-17 12:15:31','http://www.google.com/url?url=www.armoniesaporidelfriuli.it',1),
	(1480,1,1362,3,2917940186,'2012-11-17 12:15:44','http://www.google.com/url?url=www.armoniesaporidelfriuli.it',1),
	(1481,1,1363,3,2917940186,'2012-11-17 12:16:05','http://www.google.com/url?url=www.armoniesaporidelfriuli.it',1),
	(1482,1,1364,1,1583656196,'2012-11-18 08:11:41','',1),
	(1483,1,1365,1,1583656196,'2012-11-18 08:11:45','',1),
	(1484,1,1366,1,2917940186,'2012-11-18 11:30:25','http://www.google.com/url?url=www.armoniesaporidelfriuli.it',1),
	(1485,1,1367,1,2917940186,'2012-11-18 11:30:34','http://www.google.com/url?url=www.armoniesaporidelfriuli.it',1),
	(1486,1,1368,1,2917940186,'2012-11-18 11:30:39','http://www.google.com/url?url=www.armoniesaporidelfriuli.it',1),
	(1487,1,1369,59,2917940186,'2012-11-18 11:30:43','http://www.google.com/url?url=www.armoniesaporidelfriuli.it',1),
	(1488,1,1370,3,2917940186,'2012-11-18 11:30:58','http://www.google.com/url?url=www.armoniesaporidelfriuli.it',1),
	(1489,1,1371,3,2917940186,'2012-11-18 11:31:18','http://www.google.com/url?url=www.armoniesaporidelfriuli.it',1),
	(1490,1,1372,13,3331305459,'2012-11-18 11:56:32','',1),
	(1491,1,1373,1,1333237399,'2012-11-18 19:34:36','http://armoniesaporidelfriuli.com',1),
	(1492,1,1374,13,3323216356,'2012-11-18 20:00:54','',1),
	(1493,1,1375,1,1583656196,'2012-11-19 08:08:47','',1),
	(1494,1,1376,1,1583656196,'2012-11-19 08:08:50','',1),
	(1495,1,1377,1,2917940186,'2012-11-19 11:38:06','http://www.google.com/url?url=www.armoniesaporidelfriuli.it',1),
	(1496,1,1378,1,2917940186,'2012-11-19 11:38:13','http://www.google.com/url?url=www.armoniesaporidelfriuli.it',1),
	(1497,1,1379,1,2917940186,'2012-11-19 11:38:16','http://www.google.com/url?url=www.armoniesaporidelfriuli.it',1),
	(1498,1,1380,59,2917940186,'2012-11-19 11:38:19','http://www.google.com/url?url=www.armoniesaporidelfriuli.it',1),
	(1499,1,1381,3,2917940186,'2012-11-19 11:38:31','http://www.google.com/url?url=www.armoniesaporidelfriuli.it',1),
	(1500,1,1382,3,2917940186,'2012-11-19 11:38:54','http://www.google.com/url?url=www.armoniesaporidelfriuli.it',1),
	(1501,1,1383,13,3323216356,'2012-11-19 20:16:00','',1),
	(1502,1,1384,1,1842258884,'2012-11-19 21:11:42','http://www.google.com',1),
	(1503,1,1385,1,1583656196,'2012-11-20 08:14:11','',1),
	(1504,1,1386,1,1583656196,'2012-11-20 08:14:15','',1),
	(1505,1,1387,1,1822679170,'2012-11-20 11:39:40','http://www.google.com/url?url=www.armoniesaporidelfriuli.it',1),
	(1506,1,1388,1,1822679170,'2012-11-20 11:39:46','http://www.google.com/url?url=www.armoniesaporidelfriuli.it',1),
	(1507,1,1389,1,1822679170,'2012-11-20 11:39:49','http://www.google.com/url?url=www.armoniesaporidelfriuli.it',1),
	(1508,1,1390,59,1822679170,'2012-11-20 11:39:52','http://www.google.com/url?url=www.armoniesaporidelfriuli.it',1),
	(1509,1,1391,3,1822679170,'2012-11-20 11:40:06','http://www.google.com/url?url=www.armoniesaporidelfriuli.it',1),
	(1510,1,1392,3,1822679170,'2012-11-20 11:40:24','http://www.google.com/url?url=www.armoniesaporidelfriuli.it',1),
	(1511,1,1393,1,3470873427,'2012-11-21 06:53:30','',1),
	(1512,1,1394,1,1583656196,'2012-11-21 08:23:18','',1),
	(1513,1,1395,1,1583656196,'2012-11-21 08:23:21','',1),
	(1514,1,1396,13,3331305459,'2012-11-21 10:42:25','',1),
	(1515,1,1397,13,3331305459,'2012-11-21 10:42:28','',1),
	(1516,1,1398,1,3097142458,'2012-11-21 11:31:31','http://www.google.com/url?url=www.armoniesaporidelfriuli.it',1),
	(1517,1,1399,1,3097142458,'2012-11-21 11:31:38','http://www.google.com/url?url=www.armoniesaporidelfriuli.it',1),
	(1518,1,1400,1,3097142458,'2012-11-21 11:31:40','http://www.google.com/url?url=www.armoniesaporidelfriuli.it',1),
	(1519,1,1401,59,3097142458,'2012-11-21 11:31:43','http://www.google.com/url?url=www.armoniesaporidelfriuli.it',1),
	(1520,1,1402,3,3097142458,'2012-11-21 11:31:58','http://www.google.com/url?url=www.armoniesaporidelfriuli.it',1),
	(1521,1,1403,3,3097142458,'2012-11-21 11:32:17','http://www.google.com/url?url=www.armoniesaporidelfriuli.it',1),
	(1522,1,1404,1,2953408460,'2012-11-21 23:37:07','',1),
	(1523,1,1405,1,1583656196,'2012-11-22 08:36:47','',1),
	(1524,1,1406,1,1583656196,'2012-11-22 08:36:51','',1),
	(1525,1,1407,1,3097150554,'2012-11-22 11:34:51','http://www.google.com/url?url=www.armoniesaporidelfriuli.it',1),
	(1526,1,1408,1,3097150554,'2012-11-22 11:35:14','http://www.google.com/url?url=www.armoniesaporidelfriuli.it',1),
	(1527,1,1409,1,3097150554,'2012-11-22 11:35:18','http://www.google.com/url?url=www.armoniesaporidelfriuli.it',1),
	(1528,1,1410,59,3097150554,'2012-11-22 11:35:22','http://www.google.com/url?url=www.armoniesaporidelfriuli.it',1),
	(1529,1,1411,3,3097150554,'2012-11-22 11:35:38','http://www.google.com/url?url=www.armoniesaporidelfriuli.it',1),
	(1530,1,1412,3,3097150554,'2012-11-22 11:36:03','http://www.google.com/url?url=www.armoniesaporidelfriuli.it',1),
	(1531,1,1413,13,3323216356,'2012-11-23 00:16:40','',1),
	(1532,1,1414,1,1138015386,'2012-11-23 11:34:10','http://www.google.com/url?url=www.armoniesaporidelfriuli.it',1),
	(1533,1,1415,1,1138015386,'2012-11-23 11:34:24','http://www.google.com/url?url=www.armoniesaporidelfriuli.it',1),
	(1534,1,1416,1,1138015386,'2012-11-23 11:34:30','http://www.google.com/url?url=www.armoniesaporidelfriuli.it',1),
	(1535,1,1417,59,1138015386,'2012-11-23 11:34:35','http://www.google.com/url?url=www.armoniesaporidelfriuli.it',1),
	(1536,1,1418,3,1138015386,'2012-11-23 11:34:50','http://www.google.com/url?url=www.armoniesaporidelfriuli.it',1),
	(1537,1,1419,3,1138015386,'2012-11-23 11:35:12','http://www.google.com/url?url=www.armoniesaporidelfriuli.it',1),
	(1538,1,1420,1,1583656196,'2012-11-24 08:04:42','',1),
	(1539,1,1421,1,1583656196,'2012-11-24 08:04:46','',1),
	(1540,1,1422,1,3097142458,'2012-11-24 11:39:50','http://www.google.com/url?url=www.armoniesaporidelfriuli.it',1),
	(1541,1,1423,1,3097142458,'2012-11-24 11:40:11','http://www.google.com/url?url=www.armoniesaporidelfriuli.it',1),
	(1542,1,1424,1,3097142458,'2012-11-24 11:40:15','http://www.google.com/url?url=www.armoniesaporidelfriuli.it',1),
	(1543,1,1425,59,3097142458,'2012-11-24 11:40:18','http://www.google.com/url?url=www.armoniesaporidelfriuli.it',1),
	(1544,1,1426,3,3097142458,'2012-11-24 11:40:31','http://www.google.com/url?url=www.armoniesaporidelfriuli.it',1),
	(1545,1,1427,3,3097142458,'2012-11-24 11:40:55','http://www.google.com/url?url=www.armoniesaporidelfriuli.it',1),
	(1546,1,1428,1,1583656196,'2012-11-25 09:49:47','',1),
	(1547,1,1429,1,1583656196,'2012-11-25 09:49:50','',1),
	(1548,1,1430,1,3097150554,'2012-11-25 11:40:07','http://www.google.com/url?url=www.armoniesaporidelfriuli.it',1),
	(1549,1,1431,1,3097150554,'2012-11-25 11:40:17','http://www.google.com/url?url=www.armoniesaporidelfriuli.it',1),
	(1550,1,1432,1,3097150554,'2012-11-25 11:40:21','http://www.google.com/url?url=www.armoniesaporidelfriuli.it',1),
	(1551,1,1433,59,3097150554,'2012-11-25 11:40:25','http://www.google.com/url?url=www.armoniesaporidelfriuli.it',1),
	(1552,1,1434,3,3097150554,'2012-11-25 11:40:38','http://www.google.com/url?url=www.armoniesaporidelfriuli.it',1),
	(1553,1,1435,3,3097150554,'2012-11-25 11:40:55','http://www.google.com/url?url=www.armoniesaporidelfriuli.it',1),
	(1554,1,1436,1,3633385918,'2012-11-25 12:26:07','http://whois.domaintools.com/armoniesaporidelfriuli.com',1),
	(1555,1,1437,1,1089911594,'2012-11-25 12:31:13','http://whois.domaintools.com/armoniesaporidelfriuli.it',1),
	(1556,1,1438,13,3323216357,'2012-11-26 04:15:15','',1),
	(1557,1,1439,1,1583656196,'2012-11-26 09:52:28','',1),
	(1558,1,1440,1,1583656196,'2012-11-26 09:52:32','',1),
	(1559,1,1441,1,2917940186,'2012-11-26 11:35:38','http://www.google.com/url?url=www.armoniesaporidelfriuli.it',1),
	(1560,1,1442,1,2917940186,'2012-11-26 11:35:46','http://www.google.com/url?url=www.armoniesaporidelfriuli.it',1),
	(1561,1,1443,1,2917940186,'2012-11-26 11:35:50','http://www.google.com/url?url=www.armoniesaporidelfriuli.it',1),
	(1562,1,1444,59,2917940186,'2012-11-26 11:35:53','http://www.google.com/url?url=www.armoniesaporidelfriuli.it',1),
	(1563,1,1445,3,2917940186,'2012-11-26 11:36:06','http://www.google.com/url?url=www.armoniesaporidelfriuli.it',1),
	(1564,1,1446,3,2917940186,'2012-11-26 11:36:28','http://www.google.com/url?url=www.armoniesaporidelfriuli.it',1),
	(1565,1,1447,1,1625521189,'2012-11-26 14:07:00','',1),
	(1566,1,1448,59,46145595,'2012-11-26 20:59:47','http://www.google.it/url?sa=t&rct=j&q=&esrc=s&source=web&cd=9&ved=0CFoQFjAI&url=http%3A%2F%2Fwww.armoniesaporidelfriuli.it%2Fevent%2F&ei=6sizUNzTF-v14QT624DwBw&usg=AFQjCNHUepYjMOCrOCeXUEaywhKdMCi0lw',1),
	(1567,1,1449,13,1909736754,'2012-11-27 09:21:42','',1),
	(1568,1,1450,1,1583656196,'2012-11-27 09:54:20','',1),
	(1569,1,1451,1,1583656196,'2012-11-27 09:54:23','',1),
	(1570,1,1452,1,1822679170,'2012-11-27 11:30:46','http://www.google.com/url?url=www.armoniesaporidelfriuli.it',1),
	(1571,1,1453,1,1822679170,'2012-11-27 11:30:52','http://www.google.com/url?url=www.armoniesaporidelfriuli.it',1),
	(1572,1,1454,1,1822679170,'2012-11-27 11:30:55','http://www.google.com/url?url=www.armoniesaporidelfriuli.it',1),
	(1573,1,1455,59,1822679170,'2012-11-27 11:30:58','http://www.google.com/url?url=www.armoniesaporidelfriuli.it',1),
	(1574,1,1456,3,1822679170,'2012-11-27 11:31:11','http://www.google.com/url?url=www.armoniesaporidelfriuli.it',1),
	(1575,1,1457,3,1822679170,'2012-11-27 11:31:29','http://www.google.com/url?url=www.armoniesaporidelfriuli.it',1),
	(1576,1,1458,1,2953408460,'2012-11-27 12:56:33','',1),
	(1577,1,1459,13,3323216357,'2012-11-27 23:10:55','',1),
	(1578,1,1460,1,84511952,'2012-11-28 03:43:09','',1),
	(1579,1,1461,1,1583656196,'2012-11-28 09:57:07','',1),
	(1580,1,1462,1,1583656196,'2012-11-28 09:57:11','',1),
	(1581,1,1463,1,1822679170,'2012-11-28 11:37:19','http://www.google.com/url?url=www.armoniesaporidelfriuli.it',1),
	(1582,1,1464,1,1822679170,'2012-11-28 11:37:24','http://www.google.com/url?url=www.armoniesaporidelfriuli.it',1),
	(1583,1,1465,1,1822679170,'2012-11-28 11:37:27','http://www.google.com/url?url=www.armoniesaporidelfriuli.it',1),
	(1584,1,1466,59,1822679170,'2012-11-28 11:37:30','http://www.google.com/url?url=www.armoniesaporidelfriuli.it',1),
	(1585,1,1467,3,1822679170,'2012-11-28 11:37:42','http://www.google.com/url?url=www.armoniesaporidelfriuli.it',1),
	(1586,1,1468,3,1822679170,'2012-11-28 11:38:00','http://www.google.com/url?url=www.armoniesaporidelfriuli.it',1),
	(1587,1,1469,13,3323216357,'2012-11-28 12:17:09','',1),
	(1588,1,1470,37,3164164514,'2012-11-28 17:34:27','http://www.google.com/url?sa=t&rct=j&q=&esrc=s&source=web&cd=9&ved=0CG0QFjAI&url=http%3A%2F%2Fwww.armoniesaporidelfriuli.it%2Fde%2F5-arte-e-cultura&ei=_Ty2UN6nHsSo4gTy7IGgAw&usg=AFQjCNFM6UnUZm4Cpl3NnFRYIG-FGQSWMQ',1),
	(1589,1,1471,13,3323216357,'2012-11-29 03:06:53','',1),
	(1590,1,1472,1,3097142458,'2012-11-29 11:30:29','http://www.google.com/url?url=www.armoniesaporidelfriuli.it',1),
	(1591,1,1473,1,3097142458,'2012-11-29 11:30:38','http://www.google.com/url?url=www.armoniesaporidelfriuli.it',1),
	(1592,1,1474,1,3097142458,'2012-11-29 11:30:43','http://www.google.com/url?url=www.armoniesaporidelfriuli.it',1),
	(1593,1,1475,59,3097142458,'2012-11-29 11:30:47','http://www.google.com/url?url=www.armoniesaporidelfriuli.it',1),
	(1594,1,1476,3,3097142458,'2012-11-29 11:31:02','http://www.google.com/url?url=www.armoniesaporidelfriuli.it',1),
	(1595,1,1477,3,3097142458,'2012-11-29 11:31:24','http://www.google.com/url?url=www.armoniesaporidelfriuli.it',1),
	(1596,1,1478,38,1249710812,'2012-11-29 12:55:34','http://www.google.com/search',1),
	(1597,1,1479,1,1249710749,'2012-11-29 12:55:48','http://www.google.com/search',1),
	(1598,1,1480,1,3627530924,'2012-11-29 21:43:54','',1),
	(1599,1,1481,13,3331301106,'2012-11-30 10:54:41','',1),
	(1600,1,1482,1,1822679170,'2012-11-30 11:35:07','http://www.google.com/url?url=www.armoniesaporidelfriuli.it',1),
	(1601,1,1483,1,1822679170,'2012-11-30 11:35:14','http://www.google.com/url?url=www.armoniesaporidelfriuli.it',1),
	(1602,1,1484,1,1822679170,'2012-11-30 11:35:17','http://www.google.com/url?url=www.armoniesaporidelfriuli.it',1),
	(1603,1,1485,59,1822679170,'2012-11-30 11:35:21','http://www.google.com/url?url=www.armoniesaporidelfriuli.it',1),
	(1604,1,1486,3,1822679170,'2012-11-30 11:35:36','http://www.google.com/url?url=www.armoniesaporidelfriuli.it',1),
	(1605,1,1487,3,1822679170,'2012-11-30 11:35:59','http://www.google.com/url?url=www.armoniesaporidelfriuli.it',1),
	(1606,1,1488,1,1842263452,'2012-12-01 00:27:16','http://www.google.com',1),
	(1607,1,1489,13,3323216357,'2012-12-01 05:22:18','',1),
	(1608,1,1490,1,1822679170,'2012-12-01 11:34:08','http://www.google.com/url?url=www.armoniesaporidelfriuli.it',1),
	(1609,1,1491,1,1822679170,'2012-12-01 11:34:16','http://www.google.com/url?url=www.armoniesaporidelfriuli.it',1),
	(1610,1,1492,1,1822679170,'2012-12-01 11:34:20','http://www.google.com/url?url=www.armoniesaporidelfriuli.it',1),
	(1611,1,1493,59,1822679170,'2012-12-01 11:34:23','http://www.google.com/url?url=www.armoniesaporidelfriuli.it',1),
	(1612,1,1494,3,1822679170,'2012-12-01 11:34:39','http://www.google.com/url?url=www.armoniesaporidelfriuli.it',1),
	(1613,1,1495,3,1822679170,'2012-12-01 11:34:57','http://www.google.com/url?url=www.armoniesaporidelfriuli.it',1),
	(1614,1,1496,13,2966703790,'2012-12-01 17:09:54','',1),
	(1615,1,1497,1,3097142458,'2012-12-02 11:37:23','http://www.google.com/url?url=www.armoniesaporidelfriuli.it',1),
	(1616,1,1498,1,3097142458,'2012-12-02 11:37:31','http://www.google.com/url?url=www.armoniesaporidelfriuli.it',1),
	(1617,1,1499,1,3097142458,'2012-12-02 11:37:36','http://www.google.com/url?url=www.armoniesaporidelfriuli.it',1),
	(1618,1,1500,59,3097142458,'2012-12-02 11:37:39','http://www.google.com/url?url=www.armoniesaporidelfriuli.it',1),
	(1619,1,1501,3,3097142458,'2012-12-02 11:37:54','http://www.google.com/url?url=www.armoniesaporidelfriuli.it',1),
	(1620,1,1502,3,3097142458,'2012-12-02 11:38:12','http://www.google.com/url?url=www.armoniesaporidelfriuli.it',1),
	(1621,1,1503,1,1822679170,'2012-12-03 11:31:52','http://www.google.com/url?url=www.armoniesaporidelfriuli.it',1),
	(1622,1,1504,1,1822679170,'2012-12-03 11:31:59','http://www.google.com/url?url=www.armoniesaporidelfriuli.it',1),
	(1623,1,1505,1,1822679170,'2012-12-03 11:32:03','http://www.google.com/url?url=www.armoniesaporidelfriuli.it',1),
	(1624,1,1506,59,1822679170,'2012-12-03 11:32:06','http://www.google.com/url?url=www.armoniesaporidelfriuli.it',1),
	(1625,1,1507,3,1822679170,'2012-12-03 11:32:20','http://www.google.com/url?url=www.armoniesaporidelfriuli.it',1),
	(1626,1,1508,3,1822679170,'2012-12-03 11:32:39','http://www.google.com/url?url=www.armoniesaporidelfriuli.it',1),
	(1627,1,1509,59,1822679170,'2012-12-03 11:34:13','http://www.google.com/url?url=www.armoniesaporidelfriuli.it',1),
	(1628,1,1510,3,1822679170,'2012-12-03 11:34:49','http://www.google.com/url?url=www.armoniesaporidelfriuli.it',1),
	(1629,1,1511,59,1822679170,'2012-12-03 11:35:50','http://www.google.com/url?url=www.armoniesaporidelfriuli.it',1),
	(1630,1,1512,1,1583656196,'2012-12-03 11:36:25','',1),
	(1631,1,1513,1,1583656196,'2012-12-03 11:36:30','',1),
	(1632,1,1514,58,1822679170,'2012-12-03 11:39:07','http://www.google.com/url?url=www.armoniesaporidelfriuli.it',1),
	(1633,1,1515,59,1822679170,'2012-12-03 11:39:49','http://www.google.com/url?url=www.armoniesaporidelfriuli.it',1),
	(1634,1,1516,13,3331301106,'2012-12-04 06:01:44','',1),
	(1635,1,1517,1,1822679170,'2012-12-04 11:35:55','http://www.google.com/url?url=www.armoniesaporidelfriuli.it',1),
	(1636,1,1518,1,1822679170,'2012-12-04 11:36:50','http://www.google.com/url?url=www.armoniesaporidelfriuli.it',1),
	(1637,1,1519,1,1822679170,'2012-12-04 11:37:01','http://www.google.com/url?url=www.armoniesaporidelfriuli.it',1),
	(1638,1,1520,59,1822679170,'2012-12-04 11:37:18','http://www.google.com/url?url=www.armoniesaporidelfriuli.it',1),
	(1639,1,1521,3,1822679170,'2012-12-04 11:38:28','http://www.google.com/url?url=www.armoniesaporidelfriuli.it',1),
	(1640,1,1522,3,1822679170,'2012-12-04 11:40:03','http://www.google.com/url?url=www.armoniesaporidelfriuli.it',1),
	(1641,1,1523,1,1542483201,'2012-12-05 11:19:58','',1),
	(1642,1,1524,1,1542483201,'2012-12-05 11:20:02','',1),
	(1643,1,1525,1,1822679170,'2012-12-05 11:37:38','http://www.google.com/url?url=www.armoniesaporidelfriuli.it',1),
	(1644,1,1526,1,1822679170,'2012-12-05 11:37:45','http://www.google.com/url?url=www.armoniesaporidelfriuli.it',1),
	(1645,1,1527,1,1822679170,'2012-12-05 11:37:48','http://www.google.com/url?url=www.armoniesaporidelfriuli.it',1),
	(1646,1,1528,59,1822679170,'2012-12-05 11:37:50','http://www.google.com/url?url=www.armoniesaporidelfriuli.it',1),
	(1647,1,1529,3,1822679170,'2012-12-05 11:38:05','http://www.google.com/url?url=www.armoniesaporidelfriuli.it',1),
	(1648,1,1530,3,1822679170,'2012-12-05 11:38:23','http://www.google.com/url?url=www.armoniesaporidelfriuli.it',1),
	(1649,1,1531,1,1249710821,'2012-12-06 11:16:20','http://www.google.com/search',1),
	(1650,1,1532,1,1542483201,'2012-12-06 12:06:52','',1),
	(1651,1,1533,1,1542483201,'2012-12-06 12:06:55','',1),
	(1652,1,1534,1,1822679170,'2012-12-06 12:11:30','http://www.google.com/url?url=www.armoniesaporidelfriuli.it',1),
	(1653,1,1535,1,1822679170,'2012-12-06 12:11:35','http://www.google.com/url?url=www.armoniesaporidelfriuli.it',1),
	(1654,1,1536,1,1822679170,'2012-12-06 12:11:38','http://www.google.com/url?url=www.armoniesaporidelfriuli.it',1),
	(1655,1,1537,59,1822679170,'2012-12-06 12:11:42','http://www.google.com/url?url=www.armoniesaporidelfriuli.it',1),
	(1656,1,1538,3,1822679170,'2012-12-06 12:11:55','http://www.google.com/url?url=www.armoniesaporidelfriuli.it',1),
	(1657,1,1539,3,1822679170,'2012-12-06 12:12:13','http://www.google.com/url?url=www.armoniesaporidelfriuli.it',1),
	(1658,1,1540,1,1089906070,'2012-12-06 13:56:16','http://whois.domaintools.com/armoniesaporidelfriuli.it',1),
	(1659,1,1541,1,1089906060,'2012-12-06 14:06:30','http://whois.domaintools.com/armoniesaporidelfriuli.com',1),
	(1660,1,1542,1,1542483322,'2012-12-07 05:16:01','',1),
	(1661,1,1543,1,1542483286,'2012-12-07 05:16:05','',1),
	(1662,1,1544,1,3097150554,'2012-12-07 11:34:47','http://www.google.com/url?url=www.armoniesaporidelfriuli.it',1),
	(1663,1,1545,1,3097150554,'2012-12-07 11:34:56','http://www.google.com/url?url=www.armoniesaporidelfriuli.it',1),
	(1664,1,1546,1,3097150554,'2012-12-07 11:35:00','http://www.google.com/url?url=www.armoniesaporidelfriuli.it',1),
	(1665,1,1547,59,3097150554,'2012-12-07 11:35:04','http://www.google.com/url?url=www.armoniesaporidelfriuli.it',1),
	(1666,1,1548,3,3097150554,'2012-12-07 11:35:18','http://www.google.com/url?url=www.armoniesaporidelfriuli.it',1),
	(1667,1,1549,3,3097150554,'2012-12-07 11:35:37','http://www.google.com/url?url=www.armoniesaporidelfriuli.it',1),
	(1668,1,1550,43,1249710813,'2012-12-07 18:41:08','http://www.google.com/search',1),
	(1669,1,1551,1,2917940186,'2012-12-08 11:40:16','http://www.google.com/url?url=www.armoniesaporidelfriuli.it',1),
	(1670,1,1552,1,2917940186,'2012-12-08 11:40:23','http://www.google.com/url?url=www.armoniesaporidelfriuli.it',1),
	(1671,1,1553,1,2917940186,'2012-12-08 11:40:28','http://www.google.com/url?url=www.armoniesaporidelfriuli.it',1),
	(1672,1,1554,59,2917940186,'2012-12-08 11:40:32','http://www.google.com/url?url=www.armoniesaporidelfriuli.it',1),
	(1673,1,1555,3,2917940186,'2012-12-08 11:40:46','http://www.google.com/url?url=www.armoniesaporidelfriuli.it',1),
	(1674,1,1556,3,2917940186,'2012-12-08 11:41:05','http://www.google.com/url?url=www.armoniesaporidelfriuli.it',1),
	(1675,1,1557,1,1542483286,'2012-12-09 11:23:07','',1),
	(1676,1,1558,1,1542483307,'2012-12-09 11:23:10','',1),
	(1677,1,1559,1,2917940186,'2012-12-09 11:38:32','http://www.google.com/url?url=www.armoniesaporidelfriuli.it',1),
	(1678,1,1560,1,2917940186,'2012-12-09 11:38:39','http://www.google.com/url?url=www.armoniesaporidelfriuli.it',1),
	(1679,1,1561,1,2917940186,'2012-12-09 11:38:42','http://www.google.com/url?url=www.armoniesaporidelfriuli.it',1),
	(1680,1,1562,59,2917940186,'2012-12-09 11:38:45','http://www.google.com/url?url=www.armoniesaporidelfriuli.it',1),
	(1681,1,1563,3,2917940186,'2012-12-09 11:38:57','http://www.google.com/url?url=www.armoniesaporidelfriuli.it',1),
	(1682,1,1564,3,2917940186,'2012-12-09 11:39:15','http://www.google.com/url?url=www.armoniesaporidelfriuli.it',1),
	(1683,1,1565,1,1138015386,'2012-12-10 11:37:48','http://www.google.com/url?url=www.armoniesaporidelfriuli.it',1),
	(1684,1,1566,1,1138015386,'2012-12-10 11:37:57','http://www.google.com/url?url=www.armoniesaporidelfriuli.it',1),
	(1685,1,1567,1,1138015386,'2012-12-10 11:38:01','http://www.google.com/url?url=www.armoniesaporidelfriuli.it',1),
	(1686,1,1568,59,1138015386,'2012-12-10 11:38:05','http://www.google.com/url?url=www.armoniesaporidelfriuli.it',1),
	(1687,1,1569,3,1138015386,'2012-12-10 11:38:22','http://www.google.com/url?url=www.armoniesaporidelfriuli.it',1),
	(1688,1,1570,3,1138015386,'2012-12-10 11:38:40','http://www.google.com/url?url=www.armoniesaporidelfriuli.it',1),
	(1689,1,1571,13,1909737203,'2012-12-10 12:23:00','',1),
	(1690,1,1572,1,3228714765,'2012-12-11 03:39:26','',1),
	(1691,1,1573,1,1542483317,'2012-12-11 07:50:34','',1),
	(1692,1,1574,1,1542483282,'2012-12-11 07:50:37','',1),
	(1693,1,1575,1,1822679170,'2012-12-11 11:40:24','http://www.google.com/url?url=www.armoniesaporidelfriuli.it',1),
	(1694,1,1576,1,1822679170,'2012-12-11 11:40:31','http://www.google.com/url?url=www.armoniesaporidelfriuli.it',1),
	(1695,1,1577,1,1822679170,'2012-12-11 11:40:35','http://www.google.com/url?url=www.armoniesaporidelfriuli.it',1),
	(1696,1,1578,59,1822679170,'2012-12-11 11:40:38','http://www.google.com/url?url=www.armoniesaporidelfriuli.it',1),
	(1697,1,1579,3,1822679170,'2012-12-11 11:40:52','http://www.google.com/url?url=www.armoniesaporidelfriuli.it',1),
	(1698,1,1580,3,1822679170,'2012-12-11 11:41:20','http://www.google.com/url?url=www.armoniesaporidelfriuli.it',1),
	(1699,1,1581,42,1249710805,'2012-12-12 00:22:25','http://www.google.com/search',1),
	(1700,1,1582,1,1822679170,'2012-12-12 11:34:54','http://www.google.com/url?url=www.armoniesaporidelfriuli.it',1),
	(1701,1,1583,1,1822679170,'2012-12-12 11:35:00','http://www.google.com/url?url=www.armoniesaporidelfriuli.it',1),
	(1702,1,1584,1,1822679170,'2012-12-12 11:35:04','http://www.google.com/url?url=www.armoniesaporidelfriuli.it',1),
	(1703,1,1585,59,1822679170,'2012-12-12 11:35:07','http://www.google.com/url?url=www.armoniesaporidelfriuli.it',1),
	(1704,1,1586,3,1822679170,'2012-12-12 11:35:20','http://www.google.com/url?url=www.armoniesaporidelfriuli.it',1),
	(1705,1,1587,3,1822679170,'2012-12-12 11:35:39','http://www.google.com/url?url=www.armoniesaporidelfriuli.it',1),
	(1706,1,1588,1,1125638500,'2012-12-13 00:05:57','',1),
	(1707,1,1589,1,1138015386,'2012-12-13 11:36:26','http://www.google.com/url?url=www.armoniesaporidelfriuli.it',1),
	(1708,1,1590,1,1138015386,'2012-12-13 11:36:39','http://www.google.com/url?url=www.armoniesaporidelfriuli.it',1),
	(1709,1,1591,1,1138015386,'2012-12-13 11:36:45','http://www.google.com/url?url=www.armoniesaporidelfriuli.it',1),
	(1710,1,1592,59,1138015386,'2012-12-13 11:36:50','http://www.google.com/url?url=www.armoniesaporidelfriuli.it',1),
	(1711,1,1593,3,1138015386,'2012-12-13 11:37:05','http://www.google.com/url?url=www.armoniesaporidelfriuli.it',1),
	(1712,1,1594,3,1138015386,'2012-12-13 11:37:23','http://www.google.com/url?url=www.armoniesaporidelfriuli.it',1),
	(1713,1,1595,1,1542483326,'2012-12-13 11:57:52','',1),
	(1714,1,1596,1,1542483288,'2012-12-13 11:57:55','',1),
	(1715,1,1597,1,840051175,'2012-12-13 12:40:44','',1),
	(1716,1,1598,42,1094179363,'2012-12-13 15:12:08','',1),
	(1717,1,16,1,48911237,'2012-12-13 18:22:38','',1),
	(1718,1,16,42,48911237,'2012-12-13 18:32:12','',1),
	(1719,1,1601,9,48911237,'2012-12-13 18:33:02','',1),
	(1720,1,16,1,48911237,'2012-12-13 19:12:40','',1),
	(1721,1,16,62,48911237,'2012-12-13 23:23:56','',1),
	(1722,1,16,1,48911237,'2012-12-14 00:07:10','',1),
	(1723,1,1603,3,40952369,'2012-12-14 10:43:28','',1),
	(1724,1,1604,1,1822679170,'2012-12-14 11:30:56','http://www.google.com/url?url=www.armoniesaporidelfriuli.it',1),
	(1725,1,1605,1,1822679170,'2012-12-14 11:31:02','http://www.google.com/url?url=www.armoniesaporidelfriuli.it',1),
	(1726,1,1606,1,1822679170,'2012-12-14 11:31:04','http://www.google.com/url?url=www.armoniesaporidelfriuli.it',1),
	(1727,1,1607,59,1822679170,'2012-12-14 11:31:05','http://www.google.com/url?url=www.armoniesaporidelfriuli.it',1),
	(1728,1,1608,3,1822679170,'2012-12-14 11:31:11','http://www.google.com/url?url=www.armoniesaporidelfriuli.it',1),
	(1729,1,1609,3,1822679170,'2012-12-14 11:31:19','http://www.google.com/url?url=www.armoniesaporidelfriuli.it',1),
	(1730,1,1611,45,1249710750,'2012-12-14 12:15:12','http://www.google.com/search',1),
	(1731,1,1610,45,1249710750,'2012-12-14 12:15:12','http://www.google.com/search',1),
	(1732,1,1612,52,1611167435,'2012-12-14 14:06:34','',1),
	(1733,1,1613,1,1478817281,'2012-12-14 14:43:10','',1),
	(1734,1,1614,1,1478817281,'2012-12-14 14:43:40','',1),
	(1735,1,1615,1,1588027744,'2012-12-14 15:07:27','',1),
	(1736,1,1614,42,1478817281,'2012-12-14 17:09:36','',1),
	(1737,1,1617,1,1842263427,'2012-12-14 18:31:58','http://www.google.com',1),
	(1738,1,1618,13,3275626966,'2012-12-14 23:05:31','',1),
	(1739,1,1615,42,48911237,'2012-12-15 02:01:36','',1),
	(1740,1,1619,42,2214402191,'2012-12-15 02:42:15','',1),
	(1741,1,1620,1,1822679170,'2012-12-15 11:38:11','http://www.google.com/url?url=www.armoniesaporidelfriuli.it',1),
	(1742,1,1621,1,1822679170,'2012-12-15 11:38:15','http://www.google.com/url?url=www.armoniesaporidelfriuli.it',1),
	(1743,1,1622,1,1822679170,'2012-12-15 11:38:17','http://www.google.com/url?url=www.armoniesaporidelfriuli.it',1),
	(1744,1,1623,59,1822679170,'2012-12-15 11:38:18','http://www.google.com/url?url=www.armoniesaporidelfriuli.it',1),
	(1745,1,1624,3,1822679170,'2012-12-15 11:38:24','http://www.google.com/url?url=www.armoniesaporidelfriuli.it',1),
	(1746,1,1625,3,1822679170,'2012-12-15 11:38:32','http://www.google.com/url?url=www.armoniesaporidelfriuli.it',1),
	(1747,1,1626,1,1542483271,'2012-12-15 13:50:16','',1),
	(1748,1,1627,1,1542483319,'2012-12-15 13:50:18','',1),
	(1749,1,1628,1,1822679170,'2012-12-16 11:31:04','http://www.google.com/url?url=www.armoniesaporidelfriuli.it',1),
	(1750,1,1629,1,1822679170,'2012-12-16 11:31:07','http://www.google.com/url?url=www.armoniesaporidelfriuli.it',1),
	(1751,1,1630,1,1822679170,'2012-12-16 11:31:09','http://www.google.com/url?url=www.armoniesaporidelfriuli.it',1),
	(1752,1,1631,59,1822679170,'2012-12-16 11:31:10','http://www.google.com/url?url=www.armoniesaporidelfriuli.it',1),
	(1753,1,1632,3,1822679170,'2012-12-16 11:31:15','http://www.google.com/url?url=www.armoniesaporidelfriuli.it',1),
	(1754,1,1633,3,1822679170,'2012-12-16 11:31:22','http://www.google.com/url?url=www.armoniesaporidelfriuli.it',1),
	(1755,1,1634,1,3438061863,'2012-12-17 07:03:48','',1),
	(1756,1,1635,3,1349804657,'2012-12-17 10:28:36','',1),
	(1757,1,1636,1,3097142458,'2012-12-17 11:36:33','http://www.google.com/url?url=www.armoniesaporidelfriuli.it',1),
	(1758,1,1637,1,3097142458,'2012-12-17 11:36:39','http://www.google.com/url?url=www.armoniesaporidelfriuli.it',1),
	(1759,1,1638,1,3097142458,'2012-12-17 11:36:41','http://www.google.com/url?url=www.armoniesaporidelfriuli.it',1),
	(1760,1,1639,59,3097142458,'2012-12-17 11:36:43','http://www.google.com/url?url=www.armoniesaporidelfriuli.it',1),
	(1761,1,1640,3,3097142458,'2012-12-17 11:36:49','http://www.google.com/url?url=www.armoniesaporidelfriuli.it',1),
	(1762,1,1641,3,3097142458,'2012-12-17 11:36:55','http://www.google.com/url?url=www.armoniesaporidelfriuli.it',1),
	(1763,1,1642,1,1542483321,'2012-12-17 14:08:57','',1),
	(1764,1,1643,1,1542483286,'2012-12-17 14:08:58','',1),
	(1765,1,16,1,48911237,'2012-12-17 20:06:21','',1),
	(1766,1,1644,13,1540294813,'2012-12-17 23:02:21','',1),
	(1767,1,1645,13,1540294813,'2012-12-17 23:02:24','',1),
	(1768,1,1646,1,3097150554,'2012-12-18 11:30:35','http://www.google.com/url?url=www.armoniesaporidelfriuli.it',1),
	(1769,1,1647,1,3097150554,'2012-12-18 11:30:43','http://www.google.com/url?url=www.armoniesaporidelfriuli.it',1),
	(1770,1,1648,1,3097150554,'2012-12-18 11:30:47','http://www.google.com/url?url=www.armoniesaporidelfriuli.it',1),
	(1771,1,1649,59,3097150554,'2012-12-18 11:30:51','http://www.google.com/url?url=www.armoniesaporidelfriuli.it',1),
	(1772,1,1650,3,3097150554,'2012-12-18 11:30:59','http://www.google.com/url?url=www.armoniesaporidelfriuli.it',1),
	(1773,1,1651,3,3097150554,'2012-12-18 11:31:10','http://www.google.com/url?url=www.armoniesaporidelfriuli.it',1),
	(1774,1,1652,1,3097142458,'2012-12-19 11:37:31','http://www.google.com/url?url=www.armoniesaporidelfriuli.it',1),
	(1775,1,16,1,48911237,'2012-12-19 11:37:31','',1),
	(1776,1,1653,1,3097142458,'2012-12-19 11:37:39','http://www.google.com/url?url=www.armoniesaporidelfriuli.it',1),
	(1777,1,1654,1,3097142458,'2012-12-19 11:37:40','http://www.google.com/url?url=www.armoniesaporidelfriuli.it',1),
	(1778,1,1655,59,3097142458,'2012-12-19 11:37:42','http://www.google.com/url?url=www.armoniesaporidelfriuli.it',1),
	(1779,1,1656,3,3097142458,'2012-12-19 11:37:48','http://www.google.com/url?url=www.armoniesaporidelfriuli.it',1),
	(1780,1,1657,3,3097142458,'2012-12-19 11:37:57','http://www.google.com/url?url=www.armoniesaporidelfriuli.it',1),
	(1781,1,16,1,48911237,'2012-12-19 16:43:36','',1),
	(1782,1,1658,1,84503494,'2012-12-19 16:58:45','',1),
	(1783,1,16,1,48911237,'2012-12-19 17:34:47','',1),
	(1784,1,1659,1,2917940186,'2012-12-20 11:39:53','http://www.google.com/url?url=www.armoniesaporidelfriuli.it',1),
	(1785,1,1660,1,2917940186,'2012-12-20 11:40:00','http://www.google.com/url?url=www.armoniesaporidelfriuli.it',1),
	(1786,1,1661,1,2917940186,'2012-12-20 11:40:03','http://www.google.com/url?url=www.armoniesaporidelfriuli.it',1),
	(1787,1,1662,59,2917940186,'2012-12-20 11:40:06','http://www.google.com/url?url=www.armoniesaporidelfriuli.it',1),
	(1788,1,1663,3,2917940186,'2012-12-20 11:40:13','http://www.google.com/url?url=www.armoniesaporidelfriuli.it',1),
	(1789,1,1664,3,2917940186,'2012-12-20 11:40:25','http://www.google.com/url?url=www.armoniesaporidelfriuli.it',1),
	(1790,1,1665,1,1542483283,'2012-12-21 10:41:46','',1),
	(1791,1,1666,1,1542483308,'2012-12-21 10:41:48','',1),
	(1792,1,1667,1,3097142458,'2012-12-21 11:34:55','http://www.google.com/url?url=www.armoniesaporidelfriuli.it',1),
	(1793,1,1668,1,3097142458,'2012-12-21 11:35:04','http://www.google.com/url?url=www.armoniesaporidelfriuli.it',1),
	(1794,1,1669,1,3097142458,'2012-12-21 11:35:07','http://www.google.com/url?url=www.armoniesaporidelfriuli.it',1),
	(1795,1,1670,59,3097142458,'2012-12-21 11:35:10','http://www.google.com/url?url=www.armoniesaporidelfriuli.it',1),
	(1796,1,1671,3,3097142458,'2012-12-21 11:35:17','http://www.google.com/url?url=www.armoniesaporidelfriuli.it',1),
	(1797,1,1672,3,3097142458,'2012-12-21 11:35:29','http://www.google.com/url?url=www.armoniesaporidelfriuli.it',1),
	(1798,1,1673,44,1327255892,'2012-12-21 19:27:33','http://www.google.it/url?sa=t&rct=j&q=vecchie%20osterie%20min%20friuli%20venezia%20giulia&source=web&cd=1&ved=0CC0QFjAA&url=http%3A%2F%2Fwww.armoniesaporidelfriuli.it%2Fen%2F16-udine-delle-antiche-osterie-del-tiepolo.html&ei=lqnUUM3pIM_Bswaz6oDoBQ&usg=AFQ',1),
	(1799,1,1674,1,3097150554,'2012-12-22 11:30:34','http://www.google.com/url?url=www.armoniesaporidelfriuli.it',1),
	(1800,1,1675,1,3097150554,'2012-12-22 11:30:44','http://www.google.com/url?url=www.armoniesaporidelfriuli.it',1),
	(1801,1,1676,1,3097150554,'2012-12-22 11:30:49','http://www.google.com/url?url=www.armoniesaporidelfriuli.it',1),
	(1802,1,1677,59,3097150554,'2012-12-22 11:30:53','http://www.google.com/url?url=www.armoniesaporidelfriuli.it',1),
	(1803,1,1678,3,3097150554,'2012-12-22 11:31:03','http://www.google.com/url?url=www.armoniesaporidelfriuli.it',1),
	(1804,1,1679,3,3097150554,'2012-12-22 11:31:11','http://www.google.com/url?url=www.armoniesaporidelfriuli.it',1),
	(1805,1,1680,1,1822679170,'2012-12-23 11:30:39','http://www.google.com/url?url=www.armoniesaporidelfriuli.it',1),
	(1806,1,1681,1,1822679170,'2012-12-23 11:30:45','http://www.google.com/url?url=www.armoniesaporidelfriuli.it',1),
	(1807,1,1682,1,1822679170,'2012-12-23 11:30:47','http://www.google.com/url?url=www.armoniesaporidelfriuli.it',1),
	(1808,1,1683,59,1822679170,'2012-12-23 11:30:49','http://www.google.com/url?url=www.armoniesaporidelfriuli.it',1),
	(1809,1,1684,3,1822679170,'2012-12-23 11:30:54','http://www.google.com/url?url=www.armoniesaporidelfriuli.it',1),
	(1810,1,1685,3,1822679170,'2012-12-23 11:31:04','http://www.google.com/url?url=www.armoniesaporidelfriuli.it',1),
	(1811,1,1686,1,1542483288,'2012-12-23 11:33:01','',1),
	(1812,1,1687,1,1542483302,'2012-12-23 11:33:03','',1),
	(1813,1,1688,1,1089911594,'2012-12-23 13:55:32','http://whois.domaintools.com/armoniesaporidelfriuli.it',1),
	(1814,1,1689,1,3633385918,'2012-12-23 14:06:44','http://whois.domaintools.com/armoniesaporidelfriuli.com',1),
	(1815,1,1690,1,1427741199,'2012-12-23 17:25:22','',1),
	(1816,1,1691,44,46155510,'2012-12-24 00:25:13','http://www.google.it/url?sa=t&rct=j&q=antiche%20osterie%20a%20udine&source=web&cd=9&sqi=2&ved=0CHYQFjAI&url=http%3A%2F%2Fwww.armoniesaporidelfriuli.it%2Fen%2F16-udine-delle-antiche-osterie-del-tiepolo.html&ei=FJLXUM_ILeeJ4ATl6YCQAQ&usg=AFQjCNFAhS3M_A6I4hC',1),
	(1817,1,1692,13,1540294813,'2012-12-24 04:11:26','',1),
	(1818,1,1693,1,3097150554,'2012-12-24 11:40:55','http://www.google.com/url?url=www.armoniesaporidelfriuli.it',1),
	(1819,1,1694,1,3097150554,'2012-12-24 11:41:04','http://www.google.com/url?url=www.armoniesaporidelfriuli.it',1),
	(1820,1,1695,1,3097150554,'2012-12-24 11:41:08','http://www.google.com/url?url=www.armoniesaporidelfriuli.it',1),
	(1821,1,1696,59,3097150554,'2012-12-24 11:41:12','http://www.google.com/url?url=www.armoniesaporidelfriuli.it',1),
	(1822,1,1697,3,3097150554,'2012-12-24 11:41:20','http://www.google.com/url?url=www.armoniesaporidelfriuli.it',1),
	(1823,1,1698,3,3097150554,'2012-12-24 11:41:29','http://www.google.com/url?url=www.armoniesaporidelfriuli.it',1),
	(1824,1,1699,1,1822679170,'2012-12-25 11:30:20','http://www.google.com/url?url=www.armoniesaporidelfriuli.it',1),
	(1825,1,1700,1,1822679170,'2012-12-25 11:30:24','http://www.google.com/url?url=www.armoniesaporidelfriuli.it',1),
	(1826,1,1701,1,1822679170,'2012-12-25 11:30:26','http://www.google.com/url?url=www.armoniesaporidelfriuli.it',1),
	(1827,1,1702,59,1822679170,'2012-12-25 11:30:28','http://www.google.com/url?url=www.armoniesaporidelfriuli.it',1),
	(1828,1,1703,3,1822679170,'2012-12-25 11:30:35','http://www.google.com/url?url=www.armoniesaporidelfriuli.it',1),
	(1829,1,1704,3,1822679170,'2012-12-25 11:30:42','http://www.google.com/url?url=www.armoniesaporidelfriuli.it',1),
	(1830,1,1705,1,1542483306,'2012-12-25 13:24:01','',1),
	(1831,1,1706,1,1542483313,'2012-12-25 13:24:03','',1),
	(1832,1,1707,13,1540294813,'2012-12-26 04:27:42','',1),
	(1833,1,1708,1,84503494,'2012-12-26 10:22:35','',1),
	(1834,1,1709,1,1822679170,'2012-12-26 11:30:43','http://www.google.com/url?url=www.armoniesaporidelfriuli.it',1),
	(1835,1,1710,1,1822679170,'2012-12-26 11:30:47','http://www.google.com/url?url=www.armoniesaporidelfriuli.it',1),
	(1836,1,1711,1,1822679170,'2012-12-26 11:30:49','http://www.google.com/url?url=www.armoniesaporidelfriuli.it',1),
	(1837,1,1712,59,1822679170,'2012-12-26 11:30:51','http://www.google.com/url?url=www.armoniesaporidelfriuli.it',1),
	(1838,1,1713,3,1822679170,'2012-12-26 11:30:58','http://www.google.com/url?url=www.armoniesaporidelfriuli.it',1),
	(1839,1,1714,3,1822679170,'2012-12-26 11:31:08','http://www.google.com/url?url=www.armoniesaporidelfriuli.it',1),
	(1840,1,1715,1,1542483299,'2012-12-27 07:09:41','',1),
	(1841,1,1716,1,1542483326,'2012-12-27 07:09:43','',1),
	(1842,1,1717,1,1822679170,'2012-12-27 11:35:48','http://www.google.com/url?url=www.armoniesaporidelfriuli.it',1),
	(1843,1,1718,1,1822679170,'2012-12-27 11:35:53','http://www.google.com/url?url=www.armoniesaporidelfriuli.it',1),
	(1844,1,1719,1,1822679170,'2012-12-27 11:35:55','http://www.google.com/url?url=www.armoniesaporidelfriuli.it',1),
	(1845,1,1720,59,1822679170,'2012-12-27 11:35:57','http://www.google.com/url?url=www.armoniesaporidelfriuli.it',1),
	(1846,1,1721,3,1822679170,'2012-12-27 11:36:03','http://www.google.com/url?url=www.armoniesaporidelfriuli.it',1),
	(1847,1,1722,3,1822679170,'2012-12-27 11:36:11','http://www.google.com/url?url=www.armoniesaporidelfriuli.it',1),
	(1848,1,1723,1,1427730053,'2012-12-27 20:15:58','',1),
	(1849,1,1724,13,1540294813,'2012-12-28 07:11:49','',1),
	(1850,1,1725,1,1822679170,'2012-12-28 11:34:21','http://www.google.com/url?url=www.armoniesaporidelfriuli.it',1),
	(1851,1,1726,1,1822679170,'2012-12-28 11:34:26','http://www.google.com/url?url=www.armoniesaporidelfriuli.it',1),
	(1852,1,1727,1,1822679170,'2012-12-28 11:34:28','http://www.google.com/url?url=www.armoniesaporidelfriuli.it',1),
	(1853,1,1728,59,1822679170,'2012-12-28 11:34:31','http://www.google.com/url?url=www.armoniesaporidelfriuli.it',1),
	(1854,1,1729,3,1822679170,'2012-12-28 11:34:38','http://www.google.com/url?url=www.armoniesaporidelfriuli.it',1),
	(1855,1,1730,3,1822679170,'2012-12-28 11:34:45','http://www.google.com/url?url=www.armoniesaporidelfriuli.it',1),
	(1856,1,1731,13,1540294813,'2012-12-28 19:40:40','',1),
	(1857,1,1732,1,1542483275,'2012-12-29 09:56:02','',1),
	(1858,1,1733,1,1542483270,'2012-12-29 09:56:05','',1),
	(1859,1,1734,1,1822679170,'2012-12-29 11:30:56','http://www.google.com/url?url=www.armoniesaporidelfriuli.it',1),
	(1860,1,1735,1,1822679170,'2012-12-29 11:31:01','http://www.google.com/url?url=www.armoniesaporidelfriuli.it',1),
	(1861,1,1736,1,1822679170,'2012-12-29 11:31:05','http://www.google.com/url?url=www.armoniesaporidelfriuli.it',1),
	(1862,1,1737,59,1822679170,'2012-12-29 11:31:07','http://www.google.com/url?url=www.armoniesaporidelfriuli.it',1),
	(1863,1,1738,3,1822679170,'2012-12-29 11:31:14','http://www.google.com/url?url=www.armoniesaporidelfriuli.it',1),
	(1864,1,1739,3,1822679170,'2012-12-29 11:31:24','http://www.google.com/url?url=www.armoniesaporidelfriuli.it',1),
	(1865,1,1740,13,1540294813,'2012-12-29 18:23:58','',1),
	(1866,1,1741,1,3097150554,'2012-12-30 11:38:18','http://www.google.com/url?url=www.armoniesaporidelfriuli.it',1),
	(1867,1,1742,1,3097150554,'2012-12-30 11:38:26','http://www.google.com/url?url=www.armoniesaporidelfriuli.it',1),
	(1868,1,1743,1,3097150554,'2012-12-30 11:38:29','http://www.google.com/url?url=www.armoniesaporidelfriuli.it',1),
	(1869,1,1744,59,3097150554,'2012-12-30 11:38:32','http://www.google.com/url?url=www.armoniesaporidelfriuli.it',1),
	(1870,1,1745,3,3097150554,'2012-12-30 11:38:39','http://www.google.com/url?url=www.armoniesaporidelfriuli.it',1),
	(1871,1,1746,3,3097150554,'2012-12-30 11:38:48','http://www.google.com/url?url=www.armoniesaporidelfriuli.it',1),
	(1872,1,1747,42,1249710416,'2012-12-30 11:48:59','http://www.google.com/search',1),
	(1873,1,1748,13,1540294813,'2012-12-30 21:40:20','',1),
	(1874,1,1749,1,1542483323,'2012-12-31 10:32:30','',1),
	(1875,1,1750,1,1542483283,'2012-12-31 10:32:32','',1),
	(1876,1,1751,1,1822679170,'2012-12-31 11:35:47','http://www.google.com/url?url=www.armoniesaporidelfriuli.it',1),
	(1877,1,1752,1,1822679170,'2012-12-31 11:35:53','http://www.google.com/url?url=www.armoniesaporidelfriuli.it',1),
	(1878,1,1753,1,1822679170,'2012-12-31 11:35:56','http://www.google.com/url?url=www.armoniesaporidelfriuli.it',1),
	(1879,1,1754,59,1822679170,'2012-12-31 11:35:58','http://www.google.com/url?url=www.armoniesaporidelfriuli.it',1),
	(1880,1,1755,3,1822679170,'2012-12-31 11:36:05','http://www.google.com/url?url=www.armoniesaporidelfriuli.it',1),
	(1881,1,1756,3,1822679170,'2012-12-31 11:36:12','http://www.google.com/url?url=www.armoniesaporidelfriuli.it',1),
	(1882,1,1757,13,1540294813,'2012-12-31 17:54:16','',1),
	(1883,1,1758,1,3097142458,'2013-01-01 11:36:30','http://www.google.com/url?url=www.armoniesaporidelfriuli.it',1),
	(1884,1,1759,1,3097142458,'2013-01-01 11:36:35','http://www.google.com/url?url=www.armoniesaporidelfriuli.it',1),
	(1885,1,1760,1,3097142458,'2013-01-01 11:36:37','http://www.google.com/url?url=www.armoniesaporidelfriuli.it',1),
	(1886,1,1761,59,3097142458,'2013-01-01 11:36:38','http://www.google.com/url?url=www.armoniesaporidelfriuli.it',1),
	(1887,1,1762,3,3097142458,'2013-01-01 11:36:43','http://www.google.com/url?url=www.armoniesaporidelfriuli.it',1),
	(1888,1,1763,3,3097142458,'2013-01-01 11:36:51','http://www.google.com/url?url=www.armoniesaporidelfriuli.it',1),
	(1889,1,1764,1,1559360894,'2013-01-02 08:44:52','',1),
	(1890,1,1765,1,1822679170,'2013-01-02 11:40:03','http://www.google.com/url?url=www.armoniesaporidelfriuli.it',1),
	(1891,1,1766,1,1822679170,'2013-01-02 11:40:07','http://www.google.com/url?url=www.armoniesaporidelfriuli.it',1),
	(1892,1,1767,1,1822679170,'2013-01-02 11:40:09','http://www.google.com/url?url=www.armoniesaporidelfriuli.it',1),
	(1893,1,1768,59,1822679170,'2013-01-02 11:40:11','http://www.google.com/url?url=www.armoniesaporidelfriuli.it',1),
	(1894,1,1769,3,1822679170,'2013-01-02 11:40:17','http://www.google.com/url?url=www.armoniesaporidelfriuli.it',1),
	(1895,1,1770,3,1822679170,'2013-01-02 11:40:24','http://www.google.com/url?url=www.armoniesaporidelfriuli.it',1),
	(1896,1,1771,59,1822679170,'2013-01-02 11:41:05','http://www.google.com/url?url=www.armoniesaporidelfriuli.it',1),
	(1897,1,1772,3,1822679170,'2013-01-02 11:41:18','http://www.google.com/url?url=www.armoniesaporidelfriuli.it',1),
	(1898,1,1773,59,1822679170,'2013-01-02 11:41:41','http://www.google.com/url?url=www.armoniesaporidelfriuli.it',1),
	(1899,1,1774,58,1822679170,'2013-01-02 11:42:51','http://www.google.com/url?url=www.armoniesaporidelfriuli.it',1),
	(1900,1,1775,59,1822679170,'2013-01-02 11:43:22','http://www.google.com/url?url=www.armoniesaporidelfriuli.it',1),
	(1901,1,1776,1,1542483290,'2013-01-02 13:49:13','',1),
	(1902,1,1777,1,1542483307,'2013-01-02 13:49:15','',1),
	(1903,1,1778,1,3097150554,'2013-01-03 11:33:45','http://www.google.com/url?url=www.armoniesaporidelfriuli.it',1),
	(1904,1,1779,1,3097150554,'2013-01-03 11:33:52','http://www.google.com/url?url=www.armoniesaporidelfriuli.it',1),
	(1905,1,1780,1,3097150554,'2013-01-03 11:33:56','http://www.google.com/url?url=www.armoniesaporidelfriuli.it',1),
	(1906,1,1781,59,3097150554,'2013-01-03 11:33:59','http://www.google.com/url?url=www.armoniesaporidelfriuli.it',1),
	(1907,1,1782,3,3097150554,'2013-01-03 11:34:08','http://www.google.com/url?url=www.armoniesaporidelfriuli.it',1),
	(1908,1,1783,3,3097150554,'2013-01-03 11:34:20','http://www.google.com/url?url=www.armoniesaporidelfriuli.it',1),
	(1909,1,1784,13,3633807907,'2013-01-04 01:20:31','',1),
	(1910,1,1785,1,1344540183,'2013-01-04 10:33:24','http://armoniesaporidelfriuli.com',1),
	(1911,1,1786,52,1344540183,'2013-01-04 10:33:27','',1),
	(1912,1,1787,1,1542483318,'2013-01-04 10:36:34','',1),
	(1913,1,1788,1,1542483323,'2013-01-04 10:36:36','',1),
	(1914,1,1789,1,2917940186,'2013-01-04 11:37:11','http://www.google.com/url?url=www.armoniesaporidelfriuli.it',1),
	(1915,1,1790,1,2917940186,'2013-01-04 11:37:19','http://www.google.com/url?url=www.armoniesaporidelfriuli.it',1),
	(1916,1,1791,1,2917940186,'2013-01-04 11:37:23','http://www.google.com/url?url=www.armoniesaporidelfriuli.it',1),
	(1917,1,1792,59,2917940186,'2013-01-04 11:37:26','http://www.google.com/url?url=www.armoniesaporidelfriuli.it',1),
	(1918,1,1793,3,2917940186,'2013-01-04 11:37:34','http://www.google.com/url?url=www.armoniesaporidelfriuli.it',1),
	(1919,1,1794,3,2917940186,'2013-01-04 11:37:42','http://www.google.com/url?url=www.armoniesaporidelfriuli.it',1),
	(1920,1,1795,1,1089906060,'2013-01-04 14:02:36','http://whois.domaintools.com/armoniesaporidelfriuli.com',1),
	(1921,1,1796,1,1089906070,'2013-01-04 14:04:50','http://whois.domaintools.com/armoniesaporidelfriuli.it',1),
	(1922,1,1797,1,2015583910,'2013-01-04 19:26:08','',1),
	(1923,1,1798,1,1822679170,'2013-01-05 11:39:06','http://www.google.com/url?url=www.armoniesaporidelfriuli.it',1),
	(1924,1,1799,1,1822679170,'2013-01-05 11:39:13','http://www.google.com/url?url=www.armoniesaporidelfriuli.it',1),
	(1925,1,1800,1,1822679170,'2013-01-05 11:39:17','http://www.google.com/url?url=www.armoniesaporidelfriuli.it',1),
	(1926,1,1801,59,1822679170,'2013-01-05 11:39:19','http://www.google.com/url?url=www.armoniesaporidelfriuli.it',1),
	(1927,1,1802,3,1822679170,'2013-01-05 11:39:28','http://www.google.com/url?url=www.armoniesaporidelfriuli.it',1),
	(1928,1,1803,3,1822679170,'2013-01-05 11:39:36','http://www.google.com/url?url=www.armoniesaporidelfriuli.it',1),
	(1929,1,1804,3,1379015380,'2013-01-05 22:04:31','',1),
	(1930,1,1805,1,3351074711,'2013-01-05 22:36:52','',1),
	(1931,1,1806,13,1540294813,'2013-01-06 01:32:30','',1),
	(1932,1,1807,1,1542483275,'2013-01-06 11:35:09','',1),
	(1933,1,1808,1,1542483279,'2013-01-06 11:35:11','',1),
	(1934,1,1809,1,2917940186,'2013-01-06 11:37:18','http://www.google.com/url?url=www.armoniesaporidelfriuli.it',1),
	(1935,1,1810,1,2917940186,'2013-01-06 11:37:24','http://www.google.com/url?url=www.armoniesaporidelfriuli.it',1),
	(1936,1,1811,1,2917940186,'2013-01-06 11:37:27','http://www.google.com/url?url=www.armoniesaporidelfriuli.it',1),
	(1937,1,1812,59,2917940186,'2013-01-06 11:37:31','http://www.google.com/url?url=www.armoniesaporidelfriuli.it',1),
	(1938,1,1813,3,2917940186,'2013-01-06 11:37:38','http://www.google.com/url?url=www.armoniesaporidelfriuli.it',1),
	(1939,1,1814,3,2917940186,'2013-01-06 11:37:47','http://www.google.com/url?url=www.armoniesaporidelfriuli.it',1),
	(1940,1,1815,1,1427730032,'2013-01-06 14:05:00','',1),
	(1941,1,1816,58,2954880127,'2013-01-06 22:21:33','',1),
	(1942,1,1817,1,2917940186,'2013-01-07 11:33:58','http://www.google.com/url?url=www.armoniesaporidelfriuli.it',1),
	(1943,1,1818,1,2917940186,'2013-01-07 11:34:04','http://www.google.com/url?url=www.armoniesaporidelfriuli.it',1),
	(1944,1,1819,1,2917940186,'2013-01-07 11:34:06','http://www.google.com/url?url=www.armoniesaporidelfriuli.it',1),
	(1945,1,1820,59,2917940186,'2013-01-07 11:34:08','http://www.google.com/url?url=www.armoniesaporidelfriuli.it',1),
	(1946,1,1821,3,2917940186,'2013-01-07 11:34:13','http://www.google.com/url?url=www.armoniesaporidelfriuli.it',1),
	(1947,1,1822,3,2917940186,'2013-01-07 11:34:20','http://www.google.com/url?url=www.armoniesaporidelfriuli.it',1),
	(1948,1,1823,1,48911237,'2013-01-07 16:21:52','',1),
	(1949,1,1824,1,2953408460,'2013-01-08 07:41:41','',1),
	(1950,1,1825,1,3097142458,'2013-01-08 11:38:10','http://www.google.com/url?url=www.armoniesaporidelfriuli.it',1),
	(1951,1,1826,1,3097142458,'2013-01-08 11:38:16','http://www.google.com/url?url=www.armoniesaporidelfriuli.it',1),
	(1952,1,1827,1,3097142458,'2013-01-08 11:38:19','http://www.google.com/url?url=www.armoniesaporidelfriuli.it',1),
	(1953,1,1828,59,3097142458,'2013-01-08 11:38:23','http://www.google.com/url?url=www.armoniesaporidelfriuli.it',1),
	(1954,1,1829,3,3097142458,'2013-01-08 11:38:31','http://www.google.com/url?url=www.armoniesaporidelfriuli.it',1),
	(1955,1,1830,3,3097142458,'2013-01-08 11:38:39','http://www.google.com/url?url=www.armoniesaporidelfriuli.it',1),
	(1956,1,1831,1,1542483284,'2013-01-08 13:41:24','',1),
	(1957,1,1832,1,1542483280,'2013-01-08 13:41:27','',1),
	(1958,1,1833,13,1540294813,'2013-01-09 06:51:00','',1),
	(1959,1,1834,1,3097150554,'2013-01-09 11:39:25','http://www.google.com/url?url=www.armoniesaporidelfriuli.it',1),
	(1960,1,1835,1,3097150554,'2013-01-09 11:39:32','http://www.google.com/url?url=www.armoniesaporidelfriuli.it',1),
	(1961,1,1836,1,3097150554,'2013-01-09 11:39:34','http://www.google.com/url?url=www.armoniesaporidelfriuli.it',1),
	(1962,1,1837,59,3097150554,'2013-01-09 11:39:37','http://www.google.com/url?url=www.armoniesaporidelfriuli.it',1),
	(1963,1,1838,3,3097150554,'2013-01-09 11:39:44','http://www.google.com/url?url=www.armoniesaporidelfriuli.it',1),
	(1964,1,1839,3,3097150554,'2013-01-09 11:39:55','http://www.google.com/url?url=www.armoniesaporidelfriuli.it',1),
	(1965,1,1840,1,1842260070,'2013-01-10 03:22:55','http://www.google.com',1),
	(1966,1,1841,30,1208623473,'2013-01-10 07:22:59','',1),
	(1967,1,1842,52,1208623473,'2013-01-10 07:23:01','',1),
	(1968,1,1843,52,1208623473,'2013-01-10 07:23:03','',1),
	(1969,1,1844,1,3097150554,'2013-01-10 11:33:37','http://www.google.com/url?url=www.armoniesaporidelfriuli.it',1),
	(1970,1,1845,1,3097150554,'2013-01-10 11:33:46','http://www.google.com/url?url=www.armoniesaporidelfriuli.it',1),
	(1971,1,1846,1,3097150554,'2013-01-10 11:33:49','http://www.google.com/url?url=www.armoniesaporidelfriuli.it',1),
	(1972,1,1847,59,3097150554,'2013-01-10 11:33:53','http://www.google.com/url?url=www.armoniesaporidelfriuli.it',1),
	(1973,1,1848,3,3097150554,'2013-01-10 11:34:01','http://www.google.com/url?url=www.armoniesaporidelfriuli.it',1),
	(1974,1,1849,3,3097150554,'2013-01-10 11:34:10','http://www.google.com/url?url=www.armoniesaporidelfriuli.it',1),
	(1975,1,1850,1,1578623300,'2013-01-10 14:12:07','',1),
	(1976,1,1851,1,3584989802,'2013-01-10 16:02:19','http://www.google.com',1),
	(1977,1,1852,13,1540294813,'2013-01-11 00:46:00','',1),
	(1978,1,1853,1,3097150554,'2013-01-11 11:38:59','http://www.google.com/url?url=www.armoniesaporidelfriuli.it',1),
	(1979,1,1854,1,3097150554,'2013-01-11 11:39:09','http://www.google.com/url?url=www.armoniesaporidelfriuli.it',1),
	(1980,1,1855,1,3097150554,'2013-01-11 11:39:13','http://www.google.com/url?url=www.armoniesaporidelfriuli.it',1),
	(1981,1,1856,59,3097150554,'2013-01-11 11:39:16','http://www.google.com/url?url=www.armoniesaporidelfriuli.it',1),
	(1982,1,1857,3,3097150554,'2013-01-11 11:39:25','http://www.google.com/url?url=www.armoniesaporidelfriuli.it',1),
	(1983,1,1858,3,3097150554,'2013-01-11 11:39:39','http://www.google.com/url?url=www.armoniesaporidelfriuli.it',1),
	(1984,1,1859,1,1542483312,'2013-01-11 11:54:57','',1),
	(1985,1,1860,1,1542483279,'2013-01-11 11:54:59','',1),
	(1986,1,1861,1,2988543546,'2013-01-11 20:25:58','',1),
	(1987,1,1862,42,2995364245,'2013-01-12 02:56:15','',1),
	(1988,1,1863,13,3275626966,'2013-01-12 10:42:40','',1),
	(1989,1,1864,1,3097142458,'2013-01-12 11:38:44','http://www.google.com/url?url=www.armoniesaporidelfriuli.it',1),
	(1990,1,1865,1,3097142458,'2013-01-12 11:38:54','http://www.google.com/url?url=www.armoniesaporidelfriuli.it',1),
	(1991,1,1866,1,3097142458,'2013-01-12 11:38:59','http://www.google.com/url?url=www.armoniesaporidelfriuli.it',1),
	(1992,1,1867,59,3097142458,'2013-01-12 11:39:02','http://www.google.com/url?url=www.armoniesaporidelfriuli.it',1),
	(1993,1,1868,3,3097142458,'2013-01-12 11:39:14','http://www.google.com/url?url=www.armoniesaporidelfriuli.it',1),
	(1994,1,1869,3,3097142458,'2013-01-12 11:39:26','http://www.google.com/url?url=www.armoniesaporidelfriuli.it',1),
	(1995,1,1870,13,3275626966,'2013-01-12 13:33:20','',1),
	(1996,1,1871,13,1540294813,'2013-01-12 22:02:38','',1),
	(1997,1,1872,13,3275626966,'2013-01-12 22:15:33','',1),
	(1998,1,1873,13,3275626966,'2013-01-13 00:26:13','',1),
	(1999,1,1874,13,3275626966,'2013-01-13 02:44:38','',1),
	(2000,1,1875,13,3275626966,'2013-01-13 04:59:08','',1),
	(2001,1,1876,13,3275626966,'2013-01-13 07:11:15','',1),
	(2002,1,1877,1,1542483314,'2013-01-13 09:16:19','',1),
	(2003,1,1878,1,1542483289,'2013-01-13 09:16:21','',1),
	(2004,1,1879,13,3275626966,'2013-01-13 09:24:19','',1),
	(2005,1,1880,1,3097142458,'2013-01-13 11:39:36','http://www.google.com/url?url=www.armoniesaporidelfriuli.it',1),
	(2006,1,1881,1,3097142458,'2013-01-13 11:39:40','http://www.google.com/url?url=www.armoniesaporidelfriuli.it',1),
	(2007,1,1882,1,3097142458,'2013-01-13 11:39:42','http://www.google.com/url?url=www.armoniesaporidelfriuli.it',1),
	(2008,1,1883,59,3097142458,'2013-01-13 11:39:44','http://www.google.com/url?url=www.armoniesaporidelfriuli.it',1),
	(2009,1,1884,3,3097142458,'2013-01-13 11:39:50','http://www.google.com/url?url=www.armoniesaporidelfriuli.it',1),
	(2010,1,1885,3,3097142458,'2013-01-13 11:40:00','http://www.google.com/url?url=www.armoniesaporidelfriuli.it',1),
	(2011,1,1886,13,3275626966,'2013-01-13 11:53:19','',1),
	(2012,1,1887,13,3275626966,'2013-01-13 14:11:39','',1),
	(2013,1,1888,13,3275626966,'2013-01-13 16:29:37','',1),
	(2014,1,1889,13,3275626966,'2013-01-13 18:48:01','',1),
	(2015,1,1890,1,3097150554,'2013-01-14 11:36:02','http://www.google.com/url?url=www.armoniesaporidelfriuli.it',1),
	(2016,1,1891,1,3097150554,'2013-01-14 11:36:12','http://www.google.com/url?url=www.armoniesaporidelfriuli.it',1),
	(2017,1,1892,1,3097150554,'2013-01-14 11:36:15','http://www.google.com/url?url=www.armoniesaporidelfriuli.it',1),
	(2018,1,1893,59,3097150554,'2013-01-14 11:36:18','http://www.google.com/url?url=www.armoniesaporidelfriuli.it',1),
	(2019,1,1894,3,3097150554,'2013-01-14 11:36:26','http://www.google.com/url?url=www.armoniesaporidelfriuli.it',1),
	(2020,1,1895,3,3097150554,'2013-01-14 11:36:40','http://www.google.com/url?url=www.armoniesaporidelfriuli.it',1),
	(2021,1,1896,1,532992707,'2013-01-14 16:15:33','http://www.google.it/search?q=armoniesaporidelfriuli.it&hl=it&gbv=2&gs_l=heirloom-hp.1.1.0l10.261953.264390.0.267203.8.7.0.1.1.0.187.937.0j7.7.0...0.0...1c.1.M3SPcZMLtSU&oq=armoniesaporidelfriuli.it',1),
	(2022,1,1897,13,1540294813,'2013-01-14 22:36:27','',1),
	(2023,1,1898,1,2988461393,'2013-01-15 00:40:54','',1),
	(2024,1,1899,1,1542483305,'2013-01-15 08:34:41','',1),
	(2025,1,1900,1,1542483293,'2013-01-15 08:34:43','',1),
	(2026,1,1901,42,1094177887,'2013-01-15 09:30:47','',1),
	(2027,1,1902,42,2214402805,'2013-01-15 10:53:35','',1),
	(2028,1,1903,1,1478817281,'2013-01-15 11:35:18','http://it.bing.com/search?q=armonie+e+sapori+del+friuli&qs=n&form=QBLH&filt=all&pq=armonie+e+sapori+del+friuli&sc=0-15&sp=-1&sk=',1),
	(2029,1,1904,1,2917940186,'2013-01-15 11:40:04','http://www.google.com/url?url=www.armoniesaporidelfriuli.it',1),
	(2030,1,1905,1,2917940186,'2013-01-15 11:40:12','http://www.google.com/url?url=www.armoniesaporidelfriuli.it',1),
	(2031,1,1906,1,2917940186,'2013-01-15 11:40:15','http://www.google.com/url?url=www.armoniesaporidelfriuli.it',1),
	(2032,1,1907,59,2917940186,'2013-01-15 11:40:17','http://www.google.com/url?url=www.armoniesaporidelfriuli.it',1),
	(2033,1,1908,3,2917940186,'2013-01-15 11:40:25','http://www.google.com/url?url=www.armoniesaporidelfriuli.it',1),
	(2034,1,1909,3,2917940186,'2013-01-15 11:40:32','http://www.google.com/url?url=www.armoniesaporidelfriuli.it',1),
	(2035,1,16,138,48911237,'2013-01-17 11:43:47','',1),
	(2036,1,16,138,48911237,'2013-01-17 12:18:52','',1),
	(2037,1,16,138,48911237,'2013-01-17 12:43:30','',1),
	(2038,1,16,138,48911237,'2013-01-17 12:49:38','',1),
	(2039,1,1912,138,48911237,'2013-01-17 13:03:00','',1),
	(2040,1,1913,141,48911237,'2013-01-17 13:09:09','',1),
	(2041,1,16,138,48911237,'2013-01-17 13:20:13','',1),
	(2042,1,16,138,48911237,'2013-01-17 13:20:24','',1),
	(2043,1,1914,138,48911237,'2013-01-17 13:21:54','',1),
	(2044,1,16,138,48911237,'2013-01-17 15:21:42','',1),
	(2045,1,16,138,48911237,'2013-01-17 15:57:33','',1),
	(2046,1,16,138,48911237,'2013-01-17 16:02:56','',1),
	(2047,1,16,138,48911237,'2013-01-17 16:09:38','',1),
	(2048,1,1916,141,48911237,'2013-01-17 16:21:15','',1),
	(2049,1,16,141,48911237,'2013-01-17 16:23:25','',1),
	(2050,1,16,141,48911237,'2013-01-17 16:27:12','',1),
	(2051,1,16,141,48911237,'2013-01-17 16:31:21','',1),
	(2052,1,1920,141,48911237,'2013-01-17 16:33:41','',1),
	(2053,1,1921,139,48911237,'2013-01-17 17:54:58','',1),
	(2054,1,1922,138,532992707,'2013-01-18 11:57:43','http://it.bing.com/search?q=armonie+e+sapori+del+friuli&qs=n&form=QBLH&filt=all&pq=armonie+e+sapori+del+friuli&sc=0-15&sp=-1&sk=',1),
	(2055,1,1914,138,48911237,'2013-01-18 12:03:30','',1),
	(2056,1,1923,138,48911237,'2013-01-18 12:04:07','',1),
	(2057,1,1924,138,2214402127,'2013-01-20 20:02:35','',1),
	(2058,1,1925,138,3584989802,'2013-01-20 21:41:07','',1),
	(2059,1,1926,139,776549038,'2013-01-22 10:14:44','http://yandex.ru/yandsearch?text=Friuli+Tipico+Provincia&lr=213',1),
	(2060,1,1921,138,48911237,'2013-01-22 17:55:45','',1),
	(2061,1,1927,139,776549038,'2013-01-22 18:49:41','http://yandex.ru/yandsearch?text=Friuli+Tipico+Provincia&lr=213',1),
	(2062,1,1921,139,48911237,'2013-01-22 20:37:43','',1),
	(2063,1,1921,139,48911237,'2013-01-22 23:06:36','',1),
	(2064,1,1921,139,48911237,'2013-01-22 23:06:36','',1),
	(2065,1,1921,139,48911237,'2013-01-22 23:06:36','',1),
	(2066,1,1921,139,48911237,'2013-01-22 23:06:36','',1),
	(2067,1,1921,139,48911237,'2013-01-22 23:06:36','',1),
	(2068,1,1921,139,48911237,'2013-01-22 23:06:36','',1),
	(2069,1,1921,139,48911237,'2013-01-22 23:49:28','',1),
	(2070,1,1921,139,48911237,'2013-01-22 23:49:28','',1),
	(2071,1,1921,139,48911237,'2013-01-22 23:49:28','',1),
	(2072,1,1921,139,48911237,'2013-01-22 23:49:28','',1),
	(2073,1,1921,139,48911237,'2013-01-22 23:49:28','',1),
	(2074,1,1921,139,48911237,'2013-01-22 23:49:28','',1),
	(2075,1,1928,149,1123635609,'2013-01-26 18:23:00','http://www.google.com/search',1),
	(2076,1,1929,138,3584989802,'2013-01-27 11:27:21','',1),
	(2077,1,1930,138,1089905930,'2013-01-27 22:42:23','http://whois.domaintools.com/armoniesaporidelfriuli.com',1),
	(2078,1,1931,138,3633385102,'2013-01-27 22:53:26','http://whois.domaintools.com/armoniesaporidelfriuli.it',1),
	(2079,1,1932,164,1249710807,'2013-01-30 18:53:59','http://www.google.com/search',1),
	(2080,1,1933,154,1249710742,'2013-02-01 20:57:45','http://www.google.com/search',1),
	(2081,1,1934,138,2521186519,'2013-02-04 10:10:38','',1),
	(2082,1,1921,138,48911237,'2013-02-05 12:10:59','',1),
	(2083,1,1921,138,48911237,'2013-02-05 15:48:19','',1),
	(2084,1,1921,138,48911237,'2013-02-05 17:04:35','',1),
	(2085,1,1935,138,2953408460,'2013-02-06 01:14:34','',1),
	(2086,1,1921,138,48911237,'2013-02-06 19:08:19','',1),
	(2087,1,1936,138,1089905930,'2013-02-07 18:07:25','http://whois.domaintools.com/armoniesaporidelfriuli.it',1),
	(2088,1,1937,138,1089905970,'2013-02-07 18:11:13','http://whois.domaintools.com/armoniesaporidelfriuli.com',1),
	(2089,1,1938,149,1123635609,'2013-02-07 18:39:40','http://www.google.com/search',1),
	(2090,1,1939,138,1244984722,'2013-02-09 02:33:54','',1),
	(2091,1,1940,138,92765623,'2013-02-12 12:43:38','',1),
	(2092,1,1941,138,92765623,'2013-02-12 12:43:42','',1),
	(2093,1,1942,138,2953408460,'2013-02-13 13:19:24','',1),
	(2094,1,1943,149,1123635609,'2013-02-16 16:08:28','http://www.google.com/search',1),
	(2095,1,1944,139,3633904394,'2013-02-17 02:46:04','',1),
	(2096,1,1945,138,1399285874,'2013-02-17 11:21:37','',1),
	(2097,1,1946,138,1089906130,'2013-02-18 07:25:42','http://whois.domaintools.com/armoniesaporidelfriuli.it',1),
	(2098,1,1947,138,1089906120,'2013-02-18 07:52:08','http://whois.domaintools.com/armoniesaporidelfriuli.com',1),
	(2099,1,1948,138,786802581,'2013-02-18 08:38:23','',1),
	(2100,1,1949,138,1334817774,'2013-02-18 17:23:22','',1),
	(2101,1,1950,139,3587105935,'2013-02-18 19:32:50','http://ARMONIESAPORIDELFRIULI.COM/phpmyadmin/scripts/setup.php',1),
	(2102,1,1951,138,2953408460,'2013-02-19 22:19:42','',1),
	(2103,1,1921,138,48911237,'2013-02-20 11:23:36','',1),
	(2104,1,1952,138,1796608733,'2013-02-23 12:00:56','',1),
	(2105,1,1945,138,1543286144,'2013-02-23 16:46:22','',1),
	(2106,1,1953,138,529849358,'2013-02-23 23:32:11','http://mawords.com/armoniesaporidelfriuli.com',1),
	(2107,1,1954,138,1625521189,'2013-02-25 16:42:38','',1),
	(2108,1,1955,138,92765620,'2013-02-26 07:13:47','',1),
	(2109,1,1956,138,92765620,'2013-02-26 07:13:49','',1),
	(2110,1,1957,145,92765620,'2013-02-26 07:13:58','',1),
	(2111,1,1958,154,92765620,'2013-02-26 07:14:01','',1),
	(2112,1,1959,138,1886334738,'2013-02-27 07:08:26','',1),
	(2113,1,1960,138,1123635609,'2013-02-28 20:13:44','http://www.google.com/search',1),
	(2114,1,1961,138,1123635609,'2013-02-28 20:13:49','http://www.google.com/search',1),
	(2115,1,1962,138,1089904926,'2013-03-01 06:27:23','http://whois.domaintools.com/armoniesaporidelfriuli.it',1),
	(2116,1,1963,138,3633384286,'2013-03-01 06:41:19','http://whois.domaintools.com/armoniesaporidelfriuli.com',1),
	(2117,1,1964,147,532546793,'2013-03-02 19:47:52','http://www.google.it/url?sa=t&rct=j&q=armonie%20e%20sapori%20del%20friuli&source=web&cd=10&ved=0CFoQFjAJ&url=http%3A%2F%2Fwww.armoniesaporidelfriuli.it%2Fit%2F15-gorizia-emozioni-sapori-della-mitteleuropa.html&ei=H0kyUefWKM_EsgbJiIDQCQ&usg=AFQjCNE50aTkjlY',1),
	(2118,1,1965,138,387378147,'2013-03-07 11:24:40','',1),
	(2119,1,1966,138,1796586974,'2013-03-07 14:15:43','',1),
	(2120,1,1967,149,1579568313,'2013-03-10 09:46:49','http://www.google.it/url?sa=i&rct=j&q=&esrc=s&source=images&cd=&docid=ZEtxU2KpnRrrqM&tbnid=cJLjTjR2j1wp9M:&ved=0CAMQjhw&url=http%3A%2F%2Fwww.armoniesaporidelfriuli.it%2Fit%2F11-sauris-incanto-dei-sapori.html&ei=ZEg8UbbdDYy2PbzRgZgP&bvm=bv.43287494,d.Yms&p',1),
	(2121,1,1968,153,1836131483,'2013-03-10 11:58:22','http://www.google.it/imgres?q=borgo+friuli&um=1&hl=it&biw=1280&bih=614&tbm=isch&tbnid=0dF8BbJqh-aZWM:&imgrefurl=http://www.armoniesaporidelfriuli.it/en/14-relax-benessere-nell-antico-borgo.html&docid=gEIKK69uTcppzM&imgurl=http://www.armoniesaporidelfriuli',1),
	(2122,1,1969,138,48911237,'2013-03-12 00:41:42','',1),
	(2123,1,1970,138,1089906120,'2013-03-12 03:36:35','http://whois.domaintools.com/armoniesaporidelfriuli.it',1),
	(2124,1,1971,138,1089906110,'2013-03-12 03:43:17','http://whois.domaintools.com/armoniesaporidelfriuli.com',1),
	(2125,1,1972,138,2953408460,'2013-03-12 12:38:59','',1),
	(2126,1,1973,154,1572372505,'2013-03-12 13:59:42','http://www.google.de/url?sa=t&rct=j&q=weekend+di+charme&source=web&cd=3&ved=0CEUQFjAC&url=http%3A%2F%2Fwww.armoniesaporidelfriuli.it%2Fde%2F12-weekend-di-charme-nel-sandanielese.html&ei=piY_UbExhMU94euB-Ao&usg=AFQjCNFVkPgAIRUjXz8Vuu1AKWTjnLyHTw',1),
	(2127,1,1974,154,2521214158,'2013-03-12 14:16:18','',1),
	(2128,1,1969,138,48911237,'2013-03-15 21:59:51','',1),
	(2129,1,1975,149,1123635609,'2013-03-16 17:50:03','http://www.google.com/search',1),
	(2130,1,1976,153,1123635609,'2013-03-17 10:06:25','http://www.google.com/search',1),
	(2131,1,1977,153,1459805738,'2013-03-17 18:21:54','http://www.google.it/imgres?q=antico+benessere&hl=it&sa=X&biw=1024&bih=545&tbm=isch&tbnid=0dF8BbJqh-aZWM:&imgrefurl=http://www.armoniesaporidelfriuli.it/it/14-relax-benessere-nell-antico-borgo.html&docid=2P-tRq8xjLJXOM&imgurl=http://www.armoniesaporidelfr',1),
	(2132,1,1978,149,1123633838,'2013-03-18 13:26:39','',1),
	(2133,1,1979,138,92765623,'2013-03-19 22:19:33','',1),
	(2134,1,1980,146,92765623,'2013-03-19 22:19:36','',1),
	(2135,1,1981,148,100159717,'2013-03-20 12:39:56','',1),
	(2136,1,1982,138,1478817281,'2013-03-21 12:10:09','http://www.google.it/url?sa=t&rct=j&q=armoniesaporidelfriuli.it&source=web&cd=1&sqi=2&ved=0CC8QFjAA&url=http%3A%2F%2Farmoniesaporidelfriuli.it%2F&ei=f-pKUbe6Muje7AbywYGwDQ&usg=AFQjCNFkwfHz2lA-IVpU8I_uWmkF0r6W1w&bvm=bv.44158598,d.ZWU',1),
	(2137,1,1983,149,1123633838,'2013-03-21 22:47:03','',1),
	(2138,1,1984,138,1089905930,'2013-03-23 06:43:35','http://whois.domaintools.com/armoniesaporidelfriuli.it',1),
	(2139,1,1985,138,1089905970,'2013-03-23 06:50:15','http://whois.domaintools.com/armoniesaporidelfriuli.com',1),
	(2140,1,1986,138,1478817281,'2013-03-23 11:15:42','',1),
	(2141,1,1987,138,786802581,'2013-03-23 19:27:37','',1),
	(2142,1,1988,145,3164980124,'2013-03-23 21:18:40','',1),
	(2143,1,1989,149,1123633838,'2013-03-24 17:53:29','',1),
	(2144,1,1990,149,1123633838,'2013-03-26 21:00:52','',1),
	(2145,1,1991,138,2905865528,'2013-03-28 13:30:21','',1),
	(2146,1,1992,149,1123633420,'2013-03-28 21:03:22','',1),
	(2147,1,1993,139,1534675204,'2013-03-28 21:34:28','',1),
	(2148,1,1986,138,1478817281,'2013-03-29 10:14:33','',1),
	(2149,1,1986,138,1478817281,'2013-03-29 17:04:15','',1),
	(2150,1,1994,149,1094178088,'2013-03-31 12:27:52','',1),
	(2151,1,1995,149,1123633838,'2013-03-31 17:54:58','',1),
	(2152,1,1996,163,1459964365,'2013-04-01 10:52:13','http://www.google.it/url?sa=t&rct=j&q=&esrc=s&source=web&cd=6&ved=0CF4QFjAF&url=http%3A%2F%2Fwww.armoniesaporidelfriuli.it%2Fen%2F16-udine-delle-antiche-osterie-del-tiepolo.html&ei=q0pZUcTPBK6M7Abi9oEI&usg=AFQjCNFAhS3M_A6I4hCPT_afDov90ZdHYA&sig2=SrWl7XzW8',1),
	(2153,1,1997,149,1094177866,'2013-04-02 16:14:10','',1),
	(2154,1,1998,147,1327907332,'2013-04-03 08:46:49','http://www.google.it/url?sa=t&rct=j&q=sapori%20ed%20emozioni%20gorizia&source=web&cd=2&ved=0CDQQFjAB&url=http%3A%2F%2Fwww.armoniesaporidelfriuli.it%2Fen%2F15-gorizia-emozioni-sapori-della-mitteleuropa.html&ei=S9BbUcjaBKiN4gSproCQDw&usg=AFQjCNEYuz2y205Lb0p',1),
	(2155,1,1999,147,1327907332,'2013-04-03 08:47:49','http://www.google.it/url?sa=t&rct=j&q=sapori%20ed%20emozioni%20gorizia&source=web&cd=1&ved=0CC8QFjAA&url=http%3A%2F%2Fwww.armoniesaporidelfriuli.it%2Fit%2F15-gorizia-emozioni-sapori-della-mitteleuropa.html&ei=htBbUdeNFqSk4ATCi4D4Bw&usg=AFQjCNE50aTkjlYy9hc',1),
	(2156,1,2000,149,1123633838,'2013-04-04 11:08:10','',1),
	(2157,1,2001,138,3633385102,'2013-04-04 11:34:55','http://whois.domaintools.com/armoniesaporidelfriuli.com',1),
	(2158,1,2002,138,3633385918,'2013-04-04 11:43:31','http://whois.domaintools.com/armoniesaporidelfriuli.it',1),
	(2159,1,2003,153,1123633418,'2013-04-04 22:06:46','',1),
	(2160,1,2005,153,1123633838,'2013-04-06 13:18:30','',1),
	(2161,1,2006,139,48911237,'2013-04-06 15:11:44','',1),
	(2162,1,2007,149,1123634192,'2013-04-07 04:38:58','',1),
	(2163,1,2008,153,1123634192,'2013-04-07 17:12:53','',1),
	(2164,1,2009,138,1161837244,'2013-04-08 05:08:17','',1),
	(2165,1,2010,138,1478817281,'2013-04-08 12:23:02','http://it.bing.com/search?q=armoniesaporidelfriuli&qs=n&form=QBRE&filt=all&pq=armoniesaporidelfriuli&sc=0-23&sp=-1&sk=',1),
	(2166,1,1986,138,1478817281,'2013-04-08 15:02:37','',1),
	(2167,1,1986,138,1478817281,'2013-04-08 18:14:51','',1),
	(2168,1,2006,138,48911237,'2013-04-08 19:12:26','',1),
	(2169,1,2011,153,1123634192,'2013-04-08 21:14:42','',1),
	(2170,1,2012,149,1123633838,'2013-04-09 10:13:58','',1),
	(2171,1,2013,138,2953408460,'2013-04-09 10:15:25','',1),
	(2172,1,2014,153,1123633838,'2013-04-09 13:33:28','',1),
	(2173,1,1986,138,1478817281,'2013-04-09 15:30:20','',1),
	(2174,1,2015,138,1478817281,'2013-04-09 18:48:53','',1),
	(2175,1,2016,153,1123633838,'2013-04-10 19:17:18','',1),
	(2176,1,2017,152,1123633838,'2013-04-11 00:49:08','',1),
	(2177,1,2018,149,1123633838,'2013-04-11 21:12:33','',1),
	(2178,1,2019,149,1123634006,'2013-04-12 00:10:40','',1),
	(2179,1,2020,138,1625521190,'2013-04-12 08:35:18','',1),
	(2180,1,1986,138,1478817281,'2013-04-12 10:48:59','',1),
	(2181,1,2015,138,1478817281,'2013-04-12 11:03:49','',1),
	(2182,1,2021,153,1123633838,'2013-04-12 11:26:00','',1),
	(2183,1,1986,139,1478817281,'2013-04-12 15:30:23','',1),
	(2184,1,1986,138,1478817281,'2013-04-12 16:55:34','',1),
	(2185,1,1986,138,1478817281,'2013-04-12 18:40:48','',1),
	(2186,1,2022,152,1123633838,'2013-04-13 07:53:22','',1),
	(2187,1,2023,138,48911237,'2013-04-13 15:08:10','',1),
	(2188,1,2024,149,1123633838,'2013-04-14 11:47:47','',1),
	(2189,1,2025,138,1110939899,'2013-04-14 13:35:29','',1),
	(2190,1,2026,149,1123633838,'2013-04-15 06:45:45','',1),
	(2191,1,2027,138,1478817281,'2013-04-15 10:55:31','http://it.bing.com/search?q=armoniesaporidelfriuli&qs=n&form=QBLH&filt=all&pq=armoniesaporidelfriuli&sc=0-9&sp=-1&sk=',1),
	(2192,1,2028,138,1089906090,'2013-04-15 17:23:01','http://whois.domaintools.com/armoniesaporidelfriuli.com',1),
	(2193,1,2029,138,1089906100,'2013-04-15 17:23:12','http://whois.domaintools.com/armoniesaporidelfriuli.it',1),
	(2194,1,2030,138,1094178812,'2013-04-15 20:01:27','',1),
	(2195,1,2023,138,48911237,'2013-04-16 00:56:59','',1),
	(2196,1,2023,138,48911237,'2013-04-16 01:38:50','',1),
	(2197,1,2031,153,1123633838,'2013-04-16 13:47:40','',1),
	(2198,1,2032,138,1478817281,'2013-04-16 16:31:28','http://www.google.it/url?sa=t&rct=j&q=&esrc=s&source=web&cd=6&sqi=2&ved=0CEoQFjAF&url=http%3A%2F%2Fwww.armoniesaporidelfriuli.it%2Fen%2F&ei=umBtUdXzNIWPOLaKgPAN&usg=AFQjCNGlZTplHcZ0qgY-2WpF0VbLhJ8YZw&sig2=xLK2KnawOxPsnp3V04u_DQ&bvm=bv.45175338,d.ZWU',1),
	(2199,1,2033,139,3339975108,'2013-04-16 16:33:36','',1),
	(2200,1,2034,138,3240865803,'2013-04-16 16:33:37','http://www.google.it/url?sa=t&rct=j&q=armonie+e+sapori&source=web&cd=23&ved=0CDsQFjACOBQ&url=http%3A%2F%2Fwww.armoniesaporidelfriuli.it%2Fen%2F&ei=H2FtUbauCYiH4gTi1oGgBA&usg=AFQjCNGlZTplHcZ0qgY-2WpF0VbLhJ8YZw',1),
	(2201,1,2035,139,3339975108,'2013-04-16 16:34:29','',1),
	(2202,1,2036,176,3339975108,'2013-04-16 16:34:50','',1),
	(2203,1,2037,176,3339975108,'2013-04-16 16:35:16','',1),
	(2204,1,2038,190,3339975108,'2013-04-16 16:35:28','',1),
	(2205,1,2039,144,3339975108,'2013-04-16 16:36:24','',1),
	(2206,1,2040,164,3339975108,'2013-04-16 16:36:44','',1),
	(2207,1,2041,169,3339975108,'2013-04-16 16:37:53','',1),
	(2208,1,2042,139,3339975108,'2013-04-16 16:38:18','',1),
	(2209,1,2043,139,3339975108,'2013-04-16 16:38:34','',1),
	(2210,1,2044,138,3339975108,'2013-04-16 16:38:45','',1),
	(2211,1,2045,156,3339975108,'2013-04-16 16:39:05','',1),
	(2212,1,2046,152,3339975108,'2013-04-16 16:48:08','',1),
	(2213,1,2047,146,3339975108,'2013-04-16 16:48:46','',1),
	(2214,1,2048,153,3339975108,'2013-04-16 16:49:05','',1),
	(2215,1,2049,139,3339975108,'2013-04-16 16:50:57','',1),
	(2216,1,2050,184,3339975108,'2013-04-16 16:52:25','',1),
	(2217,1,2051,149,3339975108,'2013-04-16 16:54:47','',1),
	(2218,1,2052,139,3339975108,'2013-04-16 16:56:40','',1),
	(2219,1,2053,139,3339975108,'2013-04-16 16:57:53','',1),
	(2220,1,2054,139,3339975108,'2013-04-16 16:58:04','',1),
	(2221,1,2055,139,3339975108,'2013-04-16 16:58:12','',1),
	(2222,1,2056,192,3339975108,'2013-04-16 17:00:02','',1),
	(2223,1,2034,140,3240865803,'2013-04-16 17:04:55','',1),
	(2224,1,2057,152,1123633838,'2013-04-17 22:21:39','',1),
	(2225,1,2058,149,1123633838,'2013-04-18 14:58:01','',1),
	(2226,1,2034,146,3240865803,'2013-04-18 15:57:17','',1),
	(2227,1,2059,139,3339975108,'2013-04-18 15:58:40','',1),
	(2228,1,2060,185,3339975108,'2013-04-18 16:02:23','',1),
	(2229,1,2061,186,3339975108,'2013-04-18 16:03:35','',1),
	(2230,1,2062,165,3339975108,'2013-04-18 16:04:06','',1),
	(2231,1,2063,154,3339975108,'2013-04-18 16:04:30','',1),
	(2232,1,2064,147,3339975108,'2013-04-18 16:05:00','',1),
	(2233,1,2065,138,2915832578,'2013-04-18 18:00:32','http://armoniesaporidelfriuli.com',1),
	(2234,1,2066,149,1123633838,'2013-04-19 19:40:32','',1),
	(2235,1,2067,146,2954825246,'2013-04-20 03:22:28','',1),
	(2236,1,2068,149,2954825246,'2013-04-20 03:22:32','',1),
	(2237,1,2069,138,786802581,'2013-04-20 04:52:36','',1),
	(2238,1,2070,153,1123633838,'2013-04-20 10:11:00','',1),
	(2239,1,2071,138,2214402123,'2013-04-20 16:43:53','',1),
	(2240,1,2073,138,778662527,'2013-04-21 02:17:09','',1),
	(2241,1,2072,138,778662527,'2013-04-21 02:17:09','',1),
	(2242,1,2074,156,778662527,'2013-04-21 02:17:11','',1),
	(2243,1,2075,152,1123633838,'2013-04-21 07:18:57','',1),
	(2244,1,2076,153,1123633838,'2013-04-22 02:31:55','',1),
	(2245,1,2077,149,1123633838,'2013-04-22 05:32:06','',1),
	(2246,1,2078,138,3164980124,'2013-04-22 15:02:35','',1),
	(2247,1,2079,153,1123633838,'2013-04-23 06:49:47','',1),
	(2248,1,2080,153,3339975108,'2013-04-23 12:42:56','',1),
	(2249,1,2081,194,631218114,'2013-04-24 08:54:29','https://www.google.it/',1),
	(2250,1,2023,138,48911237,'2013-04-24 11:35:44','',1),
	(2251,1,2082,148,463064593,'2013-04-24 14:29:17','',1),
	(2252,1,2083,139,463064593,'2013-04-24 14:29:22','',1),
	(2253,1,2084,139,463065072,'2013-04-24 14:31:53','',1),
	(2254,1,2085,138,48911237,'2013-04-24 19:23:19','https://www.google.it/',1),
	(2255,1,2086,149,1123633838,'2013-04-24 19:44:07','',1),
	(2256,1,2023,138,48911237,'2013-04-24 19:56:58','',1),
	(2257,1,2087,149,1123633838,'2013-04-25 03:53:22','',1),
	(2258,1,1986,138,1478817281,'2013-04-26 12:40:59','',1),
	(2259,1,2088,138,1054542055,'2013-04-26 16:33:10','',1),
	(2260,1,2089,149,1123633838,'2013-04-27 07:27:46','',1),
	(2261,1,2090,138,1207868423,'2013-04-27 14:14:38','',1),
	(2262,1,2023,138,48911237,'2013-04-27 15:47:41','',1),
	(2263,1,2091,138,1089905930,'2013-04-27 17:50:53','http://whois.domaintools.com/armoniesaporidelfriuli.com',1),
	(2264,1,2092,138,3633385102,'2013-04-27 17:52:43','http://whois.domaintools.com/armoniesaporidelfriuli.it',1),
	(2265,1,2093,153,1123635609,'2013-04-27 19:08:16','http://www.google.com/search',1),
	(2266,1,2094,152,1123633838,'2013-04-28 06:57:31','',1),
	(2267,1,2095,159,1460191235,'2013-04-28 17:03:35','http://www.google.it/url?sa=t&rct=j&q=&esrc=s&source=web&cd=4&ved=0CD4QFjAD&url=http%3A%2F%2Fwww.armoniesaporidelfriuli.it%2Fit%2F18-tra-suggestioni-medievali-arte-musiva.html&ei=Ojp9UYzvGdHwtQbbl4GADw&usg=AFQjCNGyCX6zUdRf1lwC7gbIIgmPadLS6A&bvm=bv.4564579',1),
	(2268,1,2096,149,1123633418,'2013-04-29 09:49:01','',1),
	(2269,1,2015,138,1478817281,'2013-04-29 11:55:35','',1),
	(2270,1,2023,138,48911237,'2013-04-30 02:47:42','',1),
	(2271,1,2023,138,48911237,'2013-04-30 02:47:42','',1),
	(2272,1,2097,149,1123633418,'2013-04-30 03:59:16','',1),
	(2273,1,2098,138,1541875763,'2013-04-30 06:37:28','',1),
	(2274,1,2015,138,1478817281,'2013-04-30 16:34:56','',1),
	(2275,1,2023,138,48911237,'2013-04-30 21:21:21','',1),
	(2276,1,2099,145,1123635609,'2013-04-30 23:56:01','http://www.google.com/search',1),
	(2277,1,2100,179,1478770556,'2013-05-01 18:45:52','http://www.google.it/url?sa=t&rct=j&q=&esrc=s&source=web&cd=13&ved=0CHIQFjAM&url=http%3A%2F%2Fwww.armoniesaporidelfriuli.it%2Fit%2Fenogastronomia%2F37-andar-per-frasche-osterie-e-cantine-nelle-terre-di-mezzo.html&ei=a0aBUZD1GImm4gTxuYHIBw&usg=AFQjCNEVk5Fd',1),
	(2278,1,2101,179,2521194879,'2013-05-01 18:46:30','',1),
	(2279,1,2102,169,2521194876,'2013-05-01 18:47:27','',1),
	(2280,1,2103,179,2521189154,'2013-05-01 18:47:40','',1),
	(2281,1,2104,169,2521189148,'2013-05-01 18:48:13','',1),
	(2282,1,2105,149,1123635609,'2013-05-01 21:08:03','http://www.google.com/search',1),
	(2283,1,2106,139,1541875765,'2013-05-02 08:01:13','',1),
	(2284,1,2023,138,48911237,'2013-05-02 17:57:16','',1),
	(2285,1,2107,138,644093304,'2013-05-03 00:55:58','',1),
	(2286,1,2108,138,644093304,'2013-05-03 00:55:59','',1),
	(2287,1,2109,153,1123633418,'2013-05-03 05:17:38','',1),
	(2288,1,2015,138,1478817281,'2013-05-03 11:10:26','',1),
	(2289,1,2110,138,3427033477,'2013-05-03 16:30:22','',1),
	(2290,1,2111,138,48911237,'2013-05-03 16:51:11','',1),
	(2291,1,2112,149,1123635609,'2013-05-03 18:33:49','http://www.google.com/search',1),
	(2292,1,2113,138,3494953621,'2013-05-03 19:25:09','',1),
	(2293,1,2114,138,3494953631,'2013-05-03 20:35:21','',1),
	(2294,1,2115,153,1123633418,'2013-05-04 11:04:15','',1),
	(2295,1,2116,138,3494953645,'2013-05-04 11:59:30','',1),
	(2296,1,2015,138,1478817281,'2013-05-04 12:12:32','',1),
	(2297,1,2117,138,3494953631,'2013-05-04 13:40:55','',1),
	(2298,1,2118,153,1587803761,'2013-05-04 19:28:22','https://www.google.it/',1),
	(2299,1,2119,139,1587803761,'2013-05-04 19:28:27','',1),
	(2300,1,2120,152,1123633838,'2013-05-05 05:19:54','',1),
	(2301,1,2111,138,48911237,'2013-05-05 14:27:28','',1),
	(2302,1,2111,138,48911237,'2013-05-05 23:46:28','',1),
	(2303,1,2121,138,2916524615,'2013-05-06 10:02:34','http://www.wsdtools.com/ranking/armoniesaporidelfriuli.com',1),
	(2304,1,2122,138,2916524615,'2013-05-06 10:02:38','http://www.wsdtools.com/ranking/armoniesaporidelfriuli.com',1),
	(2305,1,2015,138,1478817281,'2013-05-06 11:04:18','',1),
	(2306,1,2123,153,1123633838,'2013-05-06 11:27:29','',1),
	(2307,1,2015,138,1478817281,'2013-05-06 15:32:11','',1),
	(2308,1,2124,153,1427270596,'2013-05-06 17:25:46','https://www.google.it/',1),
	(2309,1,2125,149,1123633838,'2013-05-07 02:39:59','',1),
	(2310,1,2126,138,3025665882,'2013-05-08 15:45:39','http://www.urlopener.com/index.php',1),
	(2311,1,2111,138,48911237,'2013-05-09 00:41:17','',1),
	(2312,1,2127,138,1089904926,'2013-05-09 11:38:48','http://whois.domaintools.com/armoniesaporidelfriuli.it',1),
	(2313,1,2128,138,3633384286,'2013-05-09 11:54:02','http://whois.domaintools.com/armoniesaporidelfriuli.com',1),
	(2314,1,2129,153,1424595709,'2013-05-10 17:51:38','http://www.google.it/url?sa=t&rct=j&q=relax%20in%20friuli&source=web&cd=12&ved=0CEIQFjABOAo&url=http%3A%2F%2Fwww.armoniesaporidelfriuli.it%2Findex.php%3Fcontroller%3Dproduct%26id_product%3D14&ei=gheNUZmnG6G24ATbtoC4DA&usg=AFQjCNHm263c9QAvpwHurD9w9utor4Ygh',1),
	(2315,1,2130,153,1123633838,'2013-05-11 06:14:07','',1),
	(2316,1,2131,138,786802581,'2013-05-11 09:09:30','',1),
	(2317,1,2111,138,48911237,'2013-05-11 11:14:52','',1),
	(2318,1,2111,138,48911237,'2013-05-11 16:59:28','',1),
	(2319,1,2132,149,1123633838,'2013-05-12 03:30:45','',1),
	(2320,1,2133,153,1123633838,'2013-05-13 03:09:18','',1),
	(2321,1,1986,138,1478817281,'2013-05-13 10:17:49','',1),
	(2322,1,2134,138,1327053670,'2013-05-13 20:33:16','http://www.google.it/url?sa=t&rct=j&q=armonie%20e%20sapori%20del%20friuli&source=web&cd=6&ved=0CDoQFjAF&url=http%3A%2F%2Fwww.armoniesaporidelfriuli.it%2Fen%2F&ei=4jGRUdi2C8nMtAaMnIGgDA&usg=AFQjCNGlZTplHcZ0qgY-2WpF0VbLhJ8YZw&sig2=qUbbdSq0Yye0-6tys0Cwug&bvm',1),
	(2323,1,2135,138,644043455,'2013-05-14 01:00:20','',1),
	(2324,1,2136,176,644043455,'2013-05-14 03:07:04','',1),
	(2325,1,2137,169,644043455,'2013-05-14 03:08:00','',1),
	(2326,1,2138,139,644043455,'2013-05-14 03:47:15','',1),
	(2327,1,2139,153,1123633838,'2013-05-14 04:17:46','',1),
	(2328,1,2141,169,644043455,'2013-05-14 05:52:55','',1),
	(2329,1,2140,169,644043455,'2013-05-14 05:52:55','',1),
	(2330,1,2142,169,644043455,'2013-05-14 05:53:27','',1),
	(2331,1,2143,139,644043455,'2013-05-14 05:53:27','',1),
	(2332,1,2144,146,644043455,'2013-05-14 05:54:40','',1),
	(2333,1,2145,139,644043455,'2013-05-14 05:55:41','',1),
	(2334,1,2146,169,644043455,'2013-05-14 06:12:55','',1),
	(2335,1,2147,139,644043455,'2013-05-14 06:20:58','',1),
	(2336,1,2148,139,644043455,'2013-05-14 06:29:24','',1),
	(2337,1,2149,139,644043455,'2013-05-14 06:37:22','',1),
	(2338,1,2150,165,644043455,'2013-05-14 07:56:53','',1),
	(2339,1,2151,169,644043455,'2013-05-14 07:57:27','',1),
	(2340,1,2152,169,644043455,'2013-05-14 07:57:30','',1),
	(2341,1,2153,139,644043455,'2013-05-14 07:57:38','',1),
	(2342,1,2154,139,644043455,'2013-05-14 07:57:47','',1),
	(2343,1,2155,169,644043455,'2013-05-14 07:57:50','',1),
	(2344,1,2156,169,644043455,'2013-05-14 08:01:55','',1),
	(2345,1,2157,145,644043455,'2013-05-14 08:10:37','',1),
	(2346,1,2158,169,644043455,'2013-05-14 08:19:16','',1),
	(2347,1,2159,139,644043455,'2013-05-14 08:27:05','',1),
	(2348,1,2160,139,644043455,'2013-05-14 08:36:15','',1),
	(2349,1,2161,169,644043455,'2013-05-14 08:43:50','',1),
	(2350,1,2162,139,644043455,'2013-05-14 08:52:21','',1),
	(2351,1,2163,139,644043455,'2013-05-14 09:03:27','',1),
	(2352,1,2164,139,1478817281,'2013-05-14 09:37:05','',1),
	(2353,1,2015,138,1478817281,'2013-05-14 09:48:41','',1),
	(2354,1,2165,159,644043455,'2013-05-14 10:37:11','',1),
	(2355,1,2166,181,644043455,'2013-05-14 10:37:17','',1),
	(2356,1,2167,138,644043455,'2013-05-14 10:37:36','',1),
	(2357,1,2168,146,644043455,'2013-05-14 10:37:36','',1),
	(2358,1,2169,156,644043455,'2013-05-14 10:38:15','',1),
	(2359,1,2170,169,644043455,'2013-05-14 10:38:15','',1),
	(2360,1,2171,169,644043455,'2013-05-14 10:38:28','',1),
	(2361,1,2172,169,644043455,'2013-05-14 10:38:28','',1),
	(2362,1,2173,138,644043455,'2013-05-14 10:39:16','',1),
	(2363,1,2174,149,644043455,'2013-05-14 10:44:54','',1),
	(2364,1,2175,139,644043455,'2013-05-14 10:49:18','',1),
	(2365,1,2176,169,644043455,'2013-05-14 10:52:40','',1),
	(2366,1,2177,139,644043455,'2013-05-14 10:56:21','',1),
	(2367,1,2178,139,644043455,'2013-05-14 11:00:22','',1),
	(2368,1,2179,139,644043455,'2013-05-14 11:05:34','',1),
	(2369,1,2180,145,644043455,'2013-05-14 11:11:27','',1),
	(2370,1,2181,164,644043455,'2013-05-14 11:17:18','',1),
	(2371,1,2182,139,644043455,'2013-05-14 11:24:29','',1),
	(2372,1,2183,169,644043455,'2013-05-14 11:30:46','',1),
	(2373,1,2184,139,644043455,'2013-05-14 11:37:39','',1),
	(2374,1,2185,138,387237205,'2013-05-14 11:43:20','',1),
	(2375,1,2186,169,644043455,'2013-05-14 11:44:21','',1),
	(2376,1,2187,152,1123633838,'2013-05-15 02:53:35','',1),
	(2377,1,2188,159,644043455,'2013-05-15 20:51:22','',1),
	(2378,1,2189,181,644043455,'2013-05-15 20:51:22','',1),
	(2379,1,2190,138,644043455,'2013-05-15 20:52:00','',1),
	(2380,1,2191,146,644043455,'2013-05-15 20:52:22','',1),
	(2381,1,2192,156,644043455,'2013-05-15 20:52:30','',1),
	(2382,1,2193,169,644043455,'2013-05-15 20:53:11','',1),
	(2383,1,2194,169,644043455,'2013-05-15 20:53:21','',1),
	(2384,1,2195,169,644043455,'2013-05-15 20:53:25','',1),
	(2385,1,2196,138,644043455,'2013-05-15 20:54:29','',1),
	(2386,1,2197,149,644043455,'2013-05-15 21:07:32','',1),
	(2387,1,2198,139,644043455,'2013-05-15 21:19:28','',1),
	(2388,1,2199,169,644043455,'2013-05-15 21:27:33','',1),
	(2389,1,2200,139,644043455,'2013-05-15 21:39:31','',1),
	(2390,1,2201,139,644043455,'2013-05-15 21:57:13','',1),
	(2391,1,2202,139,644043455,'2013-05-16 00:11:39','',1),
	(2392,1,2203,139,644043455,'2013-05-16 00:11:46','',1),
	(2393,1,2204,169,644043455,'2013-05-16 00:11:47','',1),
	(2394,1,2205,139,644043455,'2013-05-16 00:11:51','',1),
	(2395,1,2206,184,644043455,'2013-05-16 00:11:52','',1),
	(2396,1,2207,139,644043455,'2013-05-16 00:11:57','',1),
	(2397,1,2208,139,644043455,'2013-05-16 00:11:57','',1),
	(2398,1,2209,169,644043455,'2013-05-16 00:12:24','',1),
	(2399,1,2210,139,644043455,'2013-05-16 00:12:43','',1),
	(2400,1,2211,169,644043455,'2013-05-16 00:13:12','',1),
	(2401,1,2212,169,644043455,'2013-05-16 00:13:35','',1),
	(2402,1,2213,156,644043455,'2013-05-16 00:14:06','',1),
	(2403,1,2214,139,644043455,'2013-05-16 00:14:42','',1),
	(2404,1,2215,139,644043455,'2013-05-16 00:15:04','',1),
	(2405,1,2216,169,644043455,'2013-05-16 00:15:34','',1),
	(2406,1,2217,164,644043455,'2013-05-16 00:16:29','',1),
	(2407,1,2218,169,644043455,'2013-05-16 00:17:05','',1),
	(2408,1,2219,139,644043455,'2013-05-16 00:17:22','',1),
	(2409,1,2220,139,644043455,'2013-05-16 00:18:12','',1),
	(2410,1,2221,169,644043455,'2013-05-16 00:19:03','',1),
	(2411,1,2222,139,644043455,'2013-05-16 00:19:47','',1),
	(2412,1,2223,139,644043455,'2013-05-16 00:20:08','',1),
	(2413,1,2224,139,644043455,'2013-05-16 00:20:40','',1),
	(2414,1,2225,139,644043455,'2013-05-16 00:21:21','',1),
	(2415,1,2226,169,644043455,'2013-05-16 00:21:59','',1),
	(2416,1,2227,169,644043455,'2013-05-16 00:22:51','',1),
	(2417,1,2228,139,644043455,'2013-05-16 00:23:11','',1),
	(2418,1,2229,169,644043455,'2013-05-16 00:23:51','',1),
	(2419,1,2230,139,644043455,'2013-05-16 00:24:08','',1),
	(2420,1,2231,139,644043455,'2013-05-16 00:24:46','',1),
	(2421,1,2232,165,644043455,'2013-05-16 00:25:09','',1),
	(2422,1,2233,139,644043455,'2013-05-16 00:25:37','',1),
	(2423,1,2234,192,644043455,'2013-05-16 00:25:49','',1),
	(2424,1,2235,139,644043455,'2013-05-16 00:26:05','',1),
	(2425,1,2236,139,644043455,'2013-05-16 00:26:27','',1),
	(2426,1,2237,152,644043455,'2013-05-16 00:26:50','',1),
	(2427,1,2238,139,644043455,'2013-05-16 00:27:27','',1),
	(2428,1,2239,139,644043455,'2013-05-16 00:27:34','',1),
	(2429,1,2240,140,644043455,'2013-05-16 00:28:11','',1),
	(2430,1,2241,139,644043455,'2013-05-16 00:28:36','',1),
	(2431,1,2242,139,644043455,'2013-05-16 00:29:08','',1),
	(2432,1,2243,140,644043455,'2013-05-16 00:29:25','',1),
	(2433,1,2244,169,644043455,'2013-05-16 00:29:38','',1),
	(2434,1,2245,139,644043455,'2013-05-16 00:29:57','',1),
	(2435,1,2246,169,644043455,'2013-05-16 00:30:05','',1),
	(2436,1,2247,139,644043455,'2013-05-16 00:30:36','',1),
	(2437,1,2248,139,644043455,'2013-05-16 00:30:43','',1),
	(2438,1,2249,145,644043455,'2013-05-16 00:31:01','',1),
	(2439,1,2250,139,644043455,'2013-05-16 00:31:21','',1),
	(2440,1,2251,139,644043455,'2013-05-16 00:31:52','',1),
	(2441,1,2252,144,644043455,'2013-05-16 00:31:58','',1),
	(2442,1,2253,152,644043455,'2013-05-16 00:32:12','',1),
	(2443,1,2254,139,644043455,'2013-05-16 00:32:28','',1),
	(2444,1,2255,139,644043455,'2013-05-16 00:33:07','',1),
	(2445,1,2256,139,644043455,'2013-05-16 00:33:21','',1),
	(2446,1,2257,169,644043455,'2013-05-16 00:33:43','',1),
	(2447,1,2258,169,644043455,'2013-05-16 00:34:04','',1),
	(2448,1,2259,139,644043455,'2013-05-16 00:34:07','',1),
	(2449,1,2260,139,644043455,'2013-05-16 00:34:40','',1),
	(2450,1,2261,203,644043455,'2013-05-16 00:34:52','',1),
	(2451,1,2262,169,644043455,'2013-05-16 00:35:10','',1),
	(2452,1,2263,139,644043455,'2013-05-16 00:35:30','',1),
	(2453,1,2264,139,644043455,'2013-05-16 00:35:39','',1),
	(2454,1,2265,139,644043455,'2013-05-16 00:35:56','',1),
	(2455,1,2266,139,644043455,'2013-05-16 00:36:10','',1),
	(2456,1,2267,139,644043455,'2013-05-16 00:36:32','',1),
	(2457,1,2268,139,644043455,'2013-05-16 00:36:58','',1),
	(2458,1,2269,169,644043455,'2013-05-16 00:37:10','',1),
	(2459,1,2270,139,644043455,'2013-05-16 00:37:20','',1),
	(2460,1,2271,139,644043455,'2013-05-16 00:37:28','',1),
	(2461,1,2272,176,644043455,'2013-05-16 00:37:50','',1),
	(2462,1,2273,139,644043455,'2013-05-16 00:38:07','',1),
	(2463,1,2274,169,644043455,'2013-05-16 00:38:21','',1),
	(2464,1,2275,169,644043455,'2013-05-16 00:38:28','',1),
	(2465,1,2276,139,644043455,'2013-05-16 00:38:36','',1),
	(2466,1,2277,144,644043455,'2013-05-16 00:38:50','',1),
	(2467,1,2278,139,644043455,'2013-05-16 00:39:05','',1),
	(2468,1,2279,139,644043455,'2013-05-16 00:39:25','',1),
	(2469,1,2280,169,644043455,'2013-05-16 00:39:27','',1),
	(2470,1,2281,145,644043455,'2013-05-16 00:40:09','',1),
	(2471,1,2282,139,644043455,'2013-05-16 00:40:26','',1),
	(2472,1,2283,169,644043455,'2013-05-16 00:40:43','',1),
	(2473,1,2284,139,644043455,'2013-05-16 00:40:48','',1),
	(2474,1,2285,139,644043455,'2013-05-16 00:41:05','',1),
	(2475,1,2286,146,644043455,'2013-05-16 00:41:28','',1),
	(2476,1,2287,139,644043455,'2013-05-16 00:41:31','',1),
	(2477,1,2288,169,644043455,'2013-05-16 00:41:36','',1),
